[INFO] cloning repository https://github.com/lvim-tech/ward
[INFO] running `Command { std: "git" "-c" "credential.helper=" "-c" "credential.helper=/workspace/cargo-home/bin/git-credential-null" "clone" "--bare" "https://github.com/lvim-tech/ward" "/workspace/cache/git-repos/https%3A%2F%2Fgithub.com%2Flvim-tech%2Fward", kill_on_drop: false }`
[INFO] [stderr] Cloning into bare repository '/workspace/cache/git-repos/https%3A%2F%2Fgithub.com%2Flvim-tech%2Fward'...
[INFO] running `Command { std: "git" "rev-parse" "HEAD", kill_on_drop: false }`
[INFO] [stdout] 183805aece94593d7fc4034051364f41bf1fddf4
[INFO] testing lvim-tech/ward against 1.100.0-beta.1+cargoflags=--release for beta-release-1.100-2
[INFO] running `Command { std: "git" "clone" "/workspace/cache/git-repos/https%3A%2F%2Fgithub.com%2Flvim-tech%2Fward" "/workspace/builds/worker-4-tc2/source", kill_on_drop: false }`
[INFO] [stderr] Cloning into '/workspace/builds/worker-4-tc2/source'...
[INFO] [stderr] done.
[INFO] started tweaking git repo https://github.com/lvim-tech/ward
[INFO] finished tweaking git repo https://github.com/lvim-tech/ward
[INFO] tweaked toml for git repo https://github.com/lvim-tech/ward written to /workspace/builds/worker-4-tc2/source/Cargo.toml
[INFO] validating manifest of git repo https://github.com/lvim-tech/ward on toolchain 1.100.0-beta.1
[INFO] running `Command { std: CARGO_HOME="/workspace/cargo-home" RUSTUP_HOME="/workspace/rustup-home" "/workspace/cargo-home/bin/cargo" "+1.100.0-beta.1" "metadata" "--manifest-path" "Cargo.toml" "--no-deps", kill_on_drop: false }`
[INFO] crate git repo https://github.com/lvim-tech/ward already has a lockfile, it will not be regenerated
[INFO] running `Command { std: CARGO_HOME="/workspace/cargo-home" RUSTUP_HOME="/workspace/rustup-home" "/workspace/cargo-home/bin/cargo" "+1.100.0-beta.1" "fetch" "--manifest-path" "Cargo.toml", kill_on_drop: false }`
[INFO] running `Command { std: "docker" "create" "-v" "/var/lib/crater-agent-workspace/builds/worker-4-tc2/source:/opt/rustwide/workdir:ro,Z" "-v" "/var/lib/crater-agent-workspace/builds/worker-4-tc2/target:/opt/rustwide/target:rw,Z" "-v" "/var/lib/crater-agent-workspace/cargo-home:/opt/rustwide/cargo-home:ro,Z" "-v" "/var/lib/crater-agent-workspace/rustup-home:/opt/rustwide/rustup-home:ro,Z" "-m" "1610612736" "--network" "none" "ghcr.io/rust-lang/crates-build-env/linux@sha256:77db811e55d90add9212f6832c23229e3de5f1c1f9905e8cb07319ea15df73ac" "sleep" "infinity", kill_on_drop: false }`
[INFO] [stdout] b69c0a041be6a2a006acbe2def2dc594d5d0408ae66d33f947c601fb0f273256
[INFO] running `Command { std: "docker" "start" "b69c0a041be6a2a006acbe2def2dc594d5d0408ae66d33f947c601fb0f273256", kill_on_drop: false }`
[INFO] running `Command { std: "docker" "inspect" "b69c0a041be6a2a006acbe2def2dc594d5d0408ae66d33f947c601fb0f273256", kill_on_drop: false }`
[INFO] running `Command { std: "docker" "exec" "-e" "SOURCE_DIR=/opt/rustwide/workdir" "-e" "CARGO_HOME=/opt/rustwide/cargo-home" "-e" "RUSTUP_HOME=/opt/rustwide/rustup-home" "-e" "CARGO_TARGET_DIR=/opt/rustwide/target" "-w" "/opt/rustwide/workdir" "--user" "0:0" "b69c0a041be6a2a006acbe2def2dc594d5d0408ae66d33f947c601fb0f273256" "/opt/rustwide/cargo-home/bin/cargo" "+1.100.0-beta.1" "metadata" "--no-deps" "--format-version=1", kill_on_drop: false }`
[INFO] running `Command { std: "docker" "inspect" "b69c0a041be6a2a006acbe2def2dc594d5d0408ae66d33f947c601fb0f273256", kill_on_drop: false }`
[INFO] running `Command { std: "docker" "exec" "-e" "SOURCE_DIR=/opt/rustwide/workdir" "-e" "CARGO_HOME=/opt/rustwide/cargo-home" "-e" "RUSTUP_HOME=/opt/rustwide/rustup-home" "-e" "CARGO_TARGET_DIR=/opt/rustwide/target" "-e" "CARGO_INCREMENTAL=0" "-e" "RUST_BACKTRACE=full" "-e" "RUSTFLAGS=--cap-lints=warn" "-e" "RUSTDOCFLAGS=--cap-lints=warn" "-w" "/opt/rustwide/workdir" "--user" "0:0" "b69c0a041be6a2a006acbe2def2dc594d5d0408ae66d33f947c601fb0f273256" "/opt/rustwide/cargo-home/bin/cargo" "+1.100.0-beta.1" "build" "--frozen" "--message-format=json" "--release", kill_on_drop: false }`
[INFO] [stderr]    Compiling cfg-if v1.0.4
[INFO] [stderr]    Compiling pkg-config v0.3.33
[INFO] [stderr]    Compiling bitflags v2.13.1
[INFO] [stderr]    Compiling rustix v1.1.4
[INFO] [stderr]    Compiling proc-macro2 v1.0.107
[INFO] [stderr]    Compiling once_cell v1.21.4
[INFO] [stderr]    Compiling quote v1.0.47
[INFO] [stderr]    Compiling linux-raw-sys v0.12.1
[INFO] [stderr]    Compiling unicode-ident v1.0.24
[INFO] [stderr]    Compiling log v0.4.33
[INFO] [stderr]    Compiling find-msvc-tools v0.1.10
[INFO] [stderr]    Compiling shlex v2.0.1
[INFO] [stderr]    Compiling memchr v2.8.3
[INFO] [stderr]    Compiling smallvec v1.15.2
[INFO] [stderr]    Compiling scoped-tls v1.0.1
[INFO] [stderr]    Compiling downcast-rs v1.2.1
[INFO] [stderr]    Compiling libloading v0.8.9
[INFO] [stderr]    Compiling libc v0.2.189
[INFO] [stderr]    Compiling wayland-client v0.31.15
[INFO] [stderr]    Compiling libm v0.2.16
[INFO] [stderr]    Compiling thiserror v1.0.69
[INFO] [stderr]    Compiling rustix v0.38.44
[INFO] [stderr]    Compiling linux-raw-sys v0.4.15
[INFO] [stderr]    Compiling slab v0.4.12
[INFO] [stderr]    Compiling dlib v0.5.3
[INFO] [stderr]    Compiling cc v1.4.2
[INFO] [stderr]    Compiling bytemuck v1.25.2
[INFO] [stderr]    Compiling xcursor v0.3.11
[INFO] [stderr]    Compiling getrandom v0.3.4
[INFO] [stderr]    Compiling smithay-client-toolkit v0.19.2
[INFO] [stderr]    Compiling strict-num v0.1.1
[INFO] [stderr]    Compiling xkeysym v0.2.1
[INFO] [stderr]    Compiling version_check v0.9.5
[INFO] [stderr]    Compiling tracing-core v0.1.36
[INFO] [stderr]    Compiling pin-project-lite v0.2.17
[INFO] [stderr]    Compiling as-raw-xcb-connection v1.0.1
[INFO] [stderr]    Compiling wayland-sys v0.31.11
[INFO] [stderr]    Compiling cursor-icon v1.2.0
[INFO] [stderr]    Compiling zerocopy v0.8.56
[INFO] [stderr]    Compiling arrayref v0.3.9
[INFO] [stderr]    Compiling tiny-skia-path v0.11.4
[INFO] [stderr]    Compiling x11-dl v2.21.0
[INFO] [stderr]    Compiling tiny-xlib v0.2.5
[INFO] [stderr]    Compiling ahash v0.8.12
[INFO] [stderr]    Compiling tracing v0.1.44
[INFO] [stderr]    Compiling arrayvec v0.7.8
[INFO] [stderr]    Compiling ab_glyph_rasterizer v0.1.10
[INFO] [stderr]    Compiling cfg_aliases v0.2.2
[INFO] [stderr]    Compiling x11rb-protocol v0.13.2
[INFO] [stderr]    Compiling winit v0.30.13
[INFO] [stderr]    Compiling foldhash v0.1.5
[INFO] [stderr]    Compiling equivalent v1.0.2
[INFO] [stderr]    Compiling raw-window-handle v0.6.2
[INFO] [stderr]    Compiling quick-xml v0.41.0
[INFO] [stderr]    Compiling allocator-api2 v0.2.21
[INFO] [stderr]    Compiling ctor v0.10.1
[INFO] [stderr]    Compiling hashbrown v0.15.5
[INFO] [stderr]    Compiling xkbcommon-dl v0.4.2
[INFO] [stderr]    Compiling dpi v0.1.2
[INFO] [stderr]    Compiling syn v2.0.119
[INFO] [stderr]    Compiling percent-encoding v2.3.2
[INFO] [stderr]    Compiling smol_str v0.2.2
[INFO] [stderr]    Compiling tiny-skia v0.11.4
[INFO] [stderr]    Compiling fastrand v2.5.0
[INFO] [stderr]    Compiling wayland-backend v0.3.16
[INFO] [stderr]    Compiling memmap2 v0.9.11
[INFO] [stderr]    Compiling core_maths v0.1.1
[INFO] [stderr]    Compiling wayland-scanner v0.31.11
[INFO] [stderr]    Compiling ttf-parser v0.25.1
[INFO] [stderr]    Compiling thiserror-impl v1.0.69
[INFO] [stderr]    Compiling owned_ttf_parser v0.25.1
[INFO] [stderr]    Compiling fontdue v0.9.4
[INFO] [stderr]    Compiling ab_glyph v0.2.32
[INFO] [stderr]    Compiling polling v3.11.0
[INFO] [stderr]    Compiling gethostname v1.1.0
[INFO] [stderr]    Compiling calloop v0.13.0
[INFO] [stderr]    Compiling wayland-csd-frame v0.3.0
[INFO] [stderr]    Compiling wayland-protocols v0.32.13
[INFO] [stderr]    Compiling wayland-cursor v0.31.14
[INFO] [stderr]    Compiling calloop-wayland-source v0.3.0
[INFO] [stderr]    Compiling x11rb v0.13.2
[INFO] [stderr]    Compiling softbuffer v0.4.8
[INFO] [stderr]    Compiling wayland-protocols-wlr v0.3.12
[INFO] [stderr]    Compiling wayland-protocols-plasma v0.3.12
[INFO] [stderr]    Compiling sctk-adwaita v0.10.1
[INFO] [stderr]    Compiling ward v0.1.0 (/opt/rustwide/workdir)
[INFO] [stderr]     Finished `release` profile [optimized] target(s) in 1m 36s
[INFO] running `Command { std: "docker" "inspect" "b69c0a041be6a2a006acbe2def2dc594d5d0408ae66d33f947c601fb0f273256", kill_on_drop: false }`
[INFO] running `Command { std: "docker" "exec" "-e" "SOURCE_DIR=/opt/rustwide/workdir" "-e" "CARGO_HOME=/opt/rustwide/cargo-home" "-e" "RUSTUP_HOME=/opt/rustwide/rustup-home" "-e" "CARGO_TARGET_DIR=/opt/rustwide/target" "-e" "CARGO_INCREMENTAL=0" "-e" "RUST_BACKTRACE=full" "-e" "RUSTFLAGS=--cap-lints=warn" "-e" "RUSTDOCFLAGS=--cap-lints=warn" "-w" "/opt/rustwide/workdir" "--user" "0:0" "b69c0a041be6a2a006acbe2def2dc594d5d0408ae66d33f947c601fb0f273256" "/opt/rustwide/cargo-home/bin/cargo" "+1.100.0-beta.1" "test" "--frozen" "--no-run" "--message-format=json" "--release", kill_on_drop: false }`
[INFO] [stderr]    Compiling cfg-if v1.0.4
[INFO] [stderr]    Compiling bitflags v2.13.1
[INFO] [stderr]    Compiling linux-raw-sys v0.12.1
[INFO] [stderr]    Compiling once_cell v1.21.4
[INFO] [stderr]    Compiling log v0.4.33
[INFO] [stderr]    Compiling scoped-tls v1.0.1
[INFO] [stderr]    Compiling downcast-rs v1.2.1
[INFO] [stderr]    Compiling smallvec v1.15.2
[INFO] [stderr]    Compiling libc v0.2.189
[INFO] [stderr]    Compiling libm v0.2.16
[INFO] [stderr]    Compiling libloading v0.8.9
[INFO] [stderr]    Compiling linux-raw-sys v0.4.15
[INFO] [stderr]    Compiling thiserror v1.0.69
[INFO] [stderr]    Compiling slab v0.4.12
[INFO] [stderr]    Compiling bytemuck v1.25.2
[INFO] [stderr]    Compiling xcursor v0.3.11
[INFO] [stderr]    Compiling pin-project-lite v0.2.17
[INFO] [stderr]    Compiling strict-num v0.1.1
[INFO] [stderr]    Compiling xkeysym v0.2.1
[INFO] [stderr]    Compiling as-raw-xcb-connection v1.0.1
[INFO] [stderr]    Compiling cursor-icon v1.2.0
[INFO] [stderr]    Compiling arrayref v0.3.9
[INFO] [stderr]    Compiling tracing-core v0.1.36
[INFO] [stderr]    Compiling dlib v0.5.3
[INFO] [stderr]    Compiling arrayvec v0.7.8
[INFO] [stderr]    Compiling ab_glyph_rasterizer v0.1.10
[INFO] [stderr]    Compiling x11rb-protocol v0.13.2
[INFO] [stderr]    Compiling zerocopy v0.8.56
[INFO] [stderr]    Compiling foldhash v0.1.5
[INFO] [stderr]    Compiling wayland-sys v0.31.11
[INFO] [stderr]    Compiling ctor v0.10.1
[INFO] [stderr]    Compiling equivalent v1.0.2
[INFO] [stderr]    Compiling tiny-skia-path v0.11.4
[INFO] [stderr]    Compiling allocator-api2 v0.2.21
[INFO] [stderr]    Compiling raw-window-handle v0.6.2
[INFO] [stderr]    Compiling dpi v0.1.2
[INFO] [stderr]    Compiling fastrand v2.5.0
[INFO] [stderr]    Compiling percent-encoding v2.3.2
[INFO] [stderr]    Compiling smol_str v0.2.2
[INFO] [stderr]    Compiling rustix v0.38.44
[INFO] [stderr]    Compiling tiny-skia v0.11.4
[INFO] [stderr]    Compiling tracing v0.1.44
[INFO] [stderr]    Compiling xkbcommon-dl v0.4.2
[INFO] [stderr]    Compiling hashbrown v0.15.5
[INFO] [stderr]    Compiling tiny-xlib v0.2.5
[INFO] [stderr]    Compiling core_maths v0.1.1
[INFO] [stderr]    Compiling ttf-parser v0.25.1
[INFO] [stderr]    Compiling rustix v1.1.4
[INFO] [stderr]    Compiling memmap2 v0.9.11
[INFO] [stderr]    Compiling getrandom v0.3.4
[INFO] [stderr]    Compiling x11-dl v2.21.0
[INFO] [stderr]    Compiling owned_ttf_parser v0.25.1
[INFO] [stderr]    Compiling fontdue v0.9.4
[INFO] [stderr]    Compiling ab_glyph v0.2.32
[INFO] [stderr]    Compiling ahash v0.8.12
[INFO] [stderr]    Compiling wayland-backend v0.3.16
[INFO] [stderr]    Compiling polling v3.11.0
[INFO] [stderr]    Compiling gethostname v1.1.0
[INFO] [stderr]    Compiling calloop v0.13.0
[INFO] [stderr]    Compiling wayland-client v0.31.15
[INFO] [stderr]    Compiling wayland-csd-frame v0.3.0
[INFO] [stderr]    Compiling wayland-protocols v0.32.13
[INFO] [stderr]    Compiling wayland-cursor v0.31.14
[INFO] [stderr]    Compiling calloop-wayland-source v0.3.0
[INFO] [stderr]    Compiling x11rb v0.13.2
[INFO] [stderr]    Compiling softbuffer v0.4.8
[INFO] [stderr]    Compiling wayland-protocols-wlr v0.3.12
[INFO] [stderr]    Compiling wayland-protocols-plasma v0.3.12
[INFO] [stderr]    Compiling smithay-client-toolkit v0.19.2
[INFO] [stderr]    Compiling sctk-adwaita v0.10.1
[INFO] [stderr]    Compiling winit v0.30.13
[INFO] [stderr]    Compiling ward v0.1.0 (/opt/rustwide/workdir)
[INFO] [stderr]     Finished `release` profile [optimized] target(s) in 1m 18s
[INFO] running `Command { std: "docker" "inspect" "b69c0a041be6a2a006acbe2def2dc594d5d0408ae66d33f947c601fb0f273256", kill_on_drop: false }`
[INFO] running `Command { std: "docker" "exec" "-e" "SOURCE_DIR=/opt/rustwide/workdir" "-e" "CARGO_HOME=/opt/rustwide/cargo-home" "-e" "RUSTUP_HOME=/opt/rustwide/rustup-home" "-e" "CARGO_TARGET_DIR=/opt/rustwide/target" "-e" "CARGO_INCREMENTAL=0" "-e" "RUST_BACKTRACE=full" "-e" "RUSTFLAGS=--cap-lints=warn" "-e" "RUSTDOCFLAGS=--cap-lints=warn" "-w" "/opt/rustwide/workdir" "--user" "0:0" "b69c0a041be6a2a006acbe2def2dc594d5d0408ae66d33f947c601fb0f273256" "/opt/rustwide/cargo-home/bin/cargo" "+1.100.0-beta.1" "test" "--frozen" "--release", kill_on_drop: false }`
[INFO] [stderr]     Finished `release` profile [optimized] target(s) in 0.27s
[INFO] [stderr]      Running unittests src/lib.rs (/opt/rustwide/target/release/build/ward/e4f5c844c867d994/out/ward-e4f5c844c867d994)
[INFO] [stdout] 
[INFO] [stdout] running 34 tests
[INFO] [stdout] test assuan::tests::decodes_the_escapes_the_protocol_defines ... ok
[INFO] [stdout] test assuan::tests::encode_and_decode_round_trip ... ok
[INFO] [stdout] test install::tests::appends_when_there_was_no_line ... ok
[INFO] [stdout] test install::tests::replaces_the_line_and_touches_nothing_else ... ok
[INFO] [stdout] test secret::tests::a_passphrase_agrees_only_with_itself ... ok
[INFO] [stdout] test install::tests::a_duplicate_is_commented_out_rather_than_left_to_win ... ok
[INFO] [stdout] test secret::tests::backspace_on_empty_is_harmless ... ok
[INFO] [stdout] test assuan::tests::the_longest_passphrase_survives_being_split_across_d_lines ... ok
[INFO] [stdout] test server::tests::a_multibyte_space_does_not_split_a_character_in_half ... ok
[INFO] [stdout] test server::tests::putenv_without_a_value_unsets ... ok
[INFO] [stdout] test server::tests::reset_forgets_the_prompt_but_not_the_connection ... ok
[INFO] [stdout] test server::tests::splits_a_command_from_its_argument ... ok
[INFO] [stdout] test server::tests::putenv_carries_the_clients_session ... ok
[INFO] [stdout] test assuan::tests::escapes_only_what_must_be_escaped ... ok
[INFO] [stdout] test install::tests::leaves_a_commented_line_as_a_comment ... ok
[INFO] [stdout] test theme::tests::a_trailing_comment_does_not_eat_the_value ... ok
[INFO] [stdout] test server::tests::client_environment_beats_our_own ... ok
[INFO] [stdout] test theme::tests::a_whole_line_comment_is_still_a_comment ... ok
[INFO] [stdout] test theme::tests::loads_the_hash_form_the_file_documents ... ok
[INFO] [stdout] test secret::tests::clear_leaves_zeros_behind ... ok
[INFO] [stdout] test ui::tty::tests::escape_sequences_from_the_agent_are_never_drawn_as_escapes ... ok
[INFO] [stdout] test secret::tests::lengths_differing_by_a_multiple_of_256_still_disagree ... ok
[INFO] [stdout] test secret::tests::counts_characters_not_bytes ... ok
[INFO] [stdout] test secret::tests::refuses_to_grow_past_capacity ... ok
[INFO] [stdout] test secret::tests::backspace_removes_a_whole_character ... ok
[INFO] [stdout] test ui::tty::tests::sanitize_keeps_the_text_and_the_line_breaks ... ok
[INFO] [stdout] test ui::tty::tests::wraps_without_splitting_characters ... ok
[INFO] [stdout] test assuan::tests::keeps_a_malformed_escape_rather_than_dropping_it ... ok
[INFO] [stdout] test theme::tests::unknown_keys_leave_the_rest_alone ... ok
[INFO] [stdout] test theme::tests::an_absent_theme_is_not_a_failure ... ok
[INFO] [stdout] test theme::tests::parses_colours_with_or_without_a_hash ... ok
[INFO] [stdout] test assuan::tests::decodes_multibyte_utf8_split_across_escapes ... ok
[INFO] [stderr]      Running unittests src/main.rs (/opt/rustwide/target/release/build/ward/61a1e41a07f2490b/out/ward-61a1e41a07f2490b)
[INFO] [stdout] test install::tests::works_on_an_empty_file ... ok
[INFO] [stdout] test ui::tty::tests::keeps_explicit_line_breaks ... ok
[INFO] [stdout] 
[INFO] [stdout] test result: ok. 34 passed; 0 failed; 0 ignored; 0 measured; 0 filtered out; finished in 0.14s
[INFO] [stdout] 
[INFO] [stdout] 
[INFO] [stdout] running 0 tests
[INFO] [stdout] 
[INFO] [stdout] test result: ok. 0 passed; 0 failed; 0 ignored; 0 measured; 0 filtered out; finished in 0.00s
[INFO] [stdout] 
[INFO] [stderr]      Running tests/pty.rs (/opt/rustwide/target/release/build/ward/93201615b20e9ca7/out/pty-93201615b20e9ca7)
[INFO] [stdout] 
[INFO] [stdout] running 16 tests
[INFO] [stdout] test ctrl_u_clears_the_entry ... FAILED
[INFO] [stdout] test a_repeated_entry_must_match_and_is_announced ... FAILED
[INFO] [stdout] test a_second_getpin_on_the_same_connection_is_answered_too ... FAILED
[INFO] [stdout] test the_terminal_can_be_named_on_the_command_line ... FAILED
[INFO] [stdout] test an_arrow_key_is_not_a_refusal ... FAILED
[INFO] [stdout] test an_escape_sequence_in_a_description_is_not_executed_by_the_terminal ... FAILED
[INFO] [stdout] test a_line_longer_than_the_protocol_allows_ends_the_conversation ... FAILED
[INFO] [stdout] test a_one_button_confirmation_answers_the_same_key_the_same_way_as_the_window ... FAILED
[INFO] [stdout] test escape_still_cancels_a_confirmation ... FAILED
[INFO] [stdout] test an_empty_entry_is_an_answer_not_an_error ... FAILED
[INFO] [stdout] test a_cyrillic_passphrase_survives_the_round_trip ... FAILED
[INFO] [stdout] test the_terminal_is_given_back_exactly_as_it_was ... FAILED
[INFO] [stdout] test escape_cancels_and_says_so_distinctly ... FAILED
[INFO] [stdout] test an_arrow_key_is_not_a_refusal_in_confirm_either ... FAILED
[INFO] [stdout] test with_no_display_and_no_terminal_it_refuses_loudly ... FAILED
[INFO] [stdout] test backspace_removes_a_whole_cyrillic_character ... FAILED
[INFO] [stdout] 
[INFO] [stdout] failures:
[INFO] [stdout] 
[INFO] [stdout] ---- ctrl_u_clears_the_entry stdout ----
[INFO] [stdout] 
[INFO] [stdout] thread 'ctrl_u_clears_the_entry' (1998) panicked at tests/pty.rs:71:10:
[INFO] [stdout] ward did not start: Os { code: 2, kind: NotFound, message: "No such file or directory" }
[INFO] [stdout] stack backtrace:
[INFO] [stdout]    0:     0x5a642385a447 - <unknown>
[INFO] [stdout]    1:     0x5a6423843c24 - <unknown>
[INFO] [stdout]    2:     0x5a6423859a0b - <unknown>
[INFO] [stdout]    3:     0x5a6423859609 - <unknown>
[INFO] [stdout]    4:     0x5a642385928a - <unknown>
[INFO] [stdout]    5:     0x5a6423858dbb - <unknown>
[INFO] [stdout]    6:     0x5a642387eb81 - <unknown>
[INFO] [stdout]    7:     0x5a642387eb39 - <unknown>
[INFO] [stdout]    8:     0x5a642387f02c - <unknown>
[INFO] [stdout]    9:     0x5a6423843abb - <unknown>
[INFO] [stdout]   10:     0x5a6423846901 - <unknown>
[INFO] [stdout]   11:     0x5a642383d7b4 - <unknown>
[INFO] [stdout]   12:     0x5a642384009f - <unknown>
[INFO] [stdout]   13:     0x5a642389649b - <unknown>
[INFO] [stdout]   14:     0x5a6423892335 - <unknown>
[INFO] [stdout]   15:     0x5a6423891bec - <unknown>
[INFO] [stdout]   16:     0x5a64238b042c - <unknown>
[INFO] [stdout]   17:     0x5a64238804e8 - <unknown>
[INFO] [stdout]   18:     0x71b3d2aa1dfa - <unknown>
[INFO] [stdout]   19:     0x71b3d2b353d4 - clone
[INFO] [stdout]   20:                0x0 - <unknown>
[INFO] [stdout] 
[INFO] [stdout] ---- a_repeated_entry_must_match_and_is_announced stdout ----
[INFO] [stdout] 
[INFO] [stdout] thread 'a_repeated_entry_must_match_and_is_announced' (1991) panicked at tests/pty.rs:71:10:
[INFO] [stdout] ward did not start: Os { code: 2, kind: NotFound, message: "No such file or directory" }
[INFO] [stdout] stack backtrace:
[INFO] [stdout]    0:     0x5a642385a447 - <unknown>
[INFO] [stdout]    1:     0x5a6423843c24 - <unknown>
[INFO] [stdout]    2:     0x5a6423859a0b - <unknown>
[INFO] [stdout]    3:     0x5a6423859609 - <unknown>
[INFO] [stdout]    4:     0x5a642385928a - <unknown>
[INFO] [stdout]    5:     0x5a6423858dbb - <unknown>
[INFO] [stdout]    6:     0x5a642387eb81 - <unknown>
[INFO] [stdout]    7:     0x5a642387eb39 - <unknown>
[INFO] [stdout]    8:     0x5a642387f02c - <unknown>
[INFO] [stdout]    9:     0x5a6423843abb - <unknown>
[INFO] [stdout]   10:     0x5a6423846901 - <unknown>
[INFO] [stdout]   11:     0x5a642383d7b4 - <unknown>
[INFO] [stdout]   12:     0x5a642384045f - <unknown>
[INFO] [stdout]   13:     0x5a642389649b - <unknown>
[INFO] [stdout]   14:     0x5a6423892335 - <unknown>
[INFO] [stdout]   15:     0x5a6423891bec - <unknown>
[INFO] [stdout]   16:     0x5a64238b042c - <unknown>
[INFO] [stdout]   17:     0x5a64238804e8 - <unknown>
[INFO] [stdout]   18:     0x71b3d2aa1dfa - <unknown>
[INFO] [stdout]   19:     0x71b3d2b353d4 - clone
[INFO] [stdout]   20:                0x0 - <unknown>
[INFO] [stdout] 
[INFO] [stdout] ---- a_second_getpin_on_the_same_connection_is_answered_too stdout ----
[INFO] [stdout] 
[INFO] [stdout] thread 'a_second_getpin_on_the_same_connection_is_answered_too' (1992) panicked at tests/pty.rs:110:10:
[INFO] [stdout] ward did not start: Os { code: 2, kind: NotFound, message: "No such file or directory" }
[INFO] [stdout] stack backtrace:
[INFO] [stdout]    0:     0x5a642385a447 - <unknown>
[INFO] [stdout]    1:     0x5a6423843c24 - <unknown>
[INFO] [stdout]    2:     0x5a6423859a0b - <unknown>
[INFO] [stdout]    3:     0x5a6423859609 - <unknown>
[INFO] [stdout]    4:     0x5a642385928a - <unknown>
[INFO] [stdout]    5:     0x5a6423858dbb - <unknown>
[INFO] [stdout]    6:     0x5a642387eb81 - <unknown>
[INFO] [stdout]    7:     0x5a642387eb39 - <unknown>
[INFO] [stdout]    8:     0x5a642387f02c - <unknown>
[INFO] [stdout]    9:     0x5a6423843abb - <unknown>
[INFO] [stdout]   10:     0x5a6423846901 - <unknown>
[INFO] [stdout]   11:     0x5a642383f05d - <unknown>
[INFO] [stdout]   12:     0x5a6423841782 - <unknown>
[INFO] [stdout]   13:     0x5a642389649b - <unknown>
[INFO] [stdout]   14:     0x5a6423892335 - <unknown>
[INFO] [stdout]   15:     0x5a6423891bec - <unknown>
[INFO] [stdout]   16:     0x5a64238b042c - <unknown>
[INFO] [stdout]   17:     0x5a64238804e8 - <unknown>
[INFO] [stdout]   18:     0x71b3d2aa1dfa - <unknown>
[INFO] [stdout]   19:     0x71b3d2b353d4 - clone
[INFO] [stdout]   20:                0x0 - <unknown>
[INFO] [stdout] 
[INFO] [stdout] ---- the_terminal_can_be_named_on_the_command_line stdout ----
[INFO] [stdout] 
[INFO] [stdout] thread 'the_terminal_can_be_named_on_the_command_line' (2001) panicked at tests/pty.rs:110:10:
[INFO] [stdout] ward did not start: Os { code: 2, kind: NotFound, message: "No such file or directory" }
[INFO] [stdout] stack backtrace:
[INFO] [stdout]    0:     0x5a642385a447 - <unknown>
[INFO] [stdout]    1:     0x5a6423843c24 - <unknown>
[INFO] [stdout]    2:     0x5a6423859a0b - <unknown>
[INFO] [stdout]    3:     0x5a6423859609 - <unknown>
[INFO] [stdout]    4:     0x5a642385928a - <unknown>
[INFO] [stdout]    5:     0x5a6423858dbb - <unknown>
[INFO] [stdout]    6:     0x5a642387eb81 - <unknown>
[INFO] [stdout]    7:     0x5a642387eb39 - <unknown>
[INFO] [stdout]    8:     0x5a642387f02c - <unknown>
[INFO] [stdout]    9:     0x5a6423843abb - <unknown>
[INFO] [stdout]   10:     0x5a6423846901 - <unknown>
[INFO] [stdout]   11:     0x5a642383f05d - <unknown>
[INFO] [stdout]   12:     0x5a6423840f2a - <unknown>
[INFO] [stdout]   13:     0x5a642389649b - <unknown>
[INFO] [stdout]   14:     0x5a6423892335 - <unknown>
[INFO] [stdout]   15:     0x5a6423891bec - <unknown>
[INFO] [stdout]   16:     0x5a64238b042c - <unknown>
[INFO] [stdout]   17:     0x5a64238804e8 - <unknown>
[INFO] [stdout]   18:     0x71b3d2aa1dfa - <unknown>
[INFO] [stdout]   19:     0x71b3d2b353d4 - clone
[INFO] [stdout]   20:                0x0 - <unknown>
[INFO] [stdout] 
[INFO] [stdout] ---- an_arrow_key_is_not_a_refusal stdout ----
[INFO] [stdout] 
[INFO] [stdout] thread 'an_arrow_key_is_not_a_refusal' (1993) panicked at tests/pty.rs:71:10:
[INFO] [stdout] ward did not start: Os { code: 2, kind: NotFound, message: "No such file or directory" }
[INFO] [stdout] stack backtrace:
[INFO] [stdout]    0:     0x5a642385a447 - <unknown>
[INFO] [stdout]    1:     0x5a6423843c24 - <unknown>
[INFO] [stdout]    2:     0x5a6423859a0b - <unknown>
[INFO] [stdout]    3:     0x5a6423859609 - <unknown>
[INFO] [stdout]    4:     0x5a642385928a - <unknown>
[INFO] [stdout]    5:     0x5a6423858dbb - <unknown>
[INFO] [stdout]    6:     0x5a642387eb81 - <unknown>
[INFO] [stdout]    7:     0x5a642387eb39 - <unknown>
[INFO] [stdout]    8:     0x5a642387f02c - <unknown>
[INFO] [stdout]    9:     0x5a6423843abb - <unknown>
[INFO] [stdout]   10:     0x5a6423846901 - <unknown>
[INFO] [stdout]   11:     0x5a642383d7b4 - <unknown>
[INFO] [stdout]   12:     0x5a642384014f - <unknown>
[INFO] [stdout]   13:     0x5a642389649b - <unknown>
[INFO] [stdout]   14:     0x5a6423892335 - <unknown>
[INFO] [stdout]   15:     0x5a6423891bec - <unknown>
[INFO] [stdout]   16:     0x5a64238b042c - <unknown>
[INFO] [stdout]   17:     0x5a64238804e8 - <unknown>
[INFO] [stdout]   18:     0x71b3d2aa1dfa - <unknown>
[INFO] [stdout]   19:     0x71b3d2b353d4 - clone
[INFO] [stdout]   20:                0x0 - <unknown>
[INFO] [stdout] 
[INFO] [stdout] ---- an_escape_sequence_in_a_description_is_not_executed_by_the_terminal stdout ----
[INFO] [stdout] 
[INFO] [stdout] thread 'an_escape_sequence_in_a_description_is_not_executed_by_the_terminal' (1996) panicked at tests/pty.rs:152:10:
[INFO] [stdout] ward did not start: Os { code: 2, kind: NotFound, message: "No such file or directory" }
[INFO] [stdout] stack backtrace:
[INFO] [stdout]    0:     0x5a642385a447 - <unknown>
[INFO] [stdout]    1:     0x5a6423843c24 - <unknown>
[INFO] [stdout]    2:     0x5a6423859a0b - <unknown>
[INFO] [stdout]    3:     0x5a6423859609 - <unknown>
[INFO] [stdout]    4:     0x5a642385928a - <unknown>
[INFO] [stdout]    5:     0x5a6423858dbb - <unknown>
[INFO] [stdout]    6:     0x5a642387eb81 - <unknown>
[INFO] [stdout]    7:     0x5a642387eb39 - <unknown>
[INFO] [stdout]    8:     0x5a642387f02c - <unknown>
[INFO] [stdout]    9:     0x5a6423843abb - <unknown>
[INFO] [stdout]   10:     0x5a6423846901 - <unknown>
[INFO] [stdout]   11:     0x5a64238421ce - <unknown>
[INFO] [stdout]   12:     0x5a642389649b - <unknown>
[INFO] [stdout]   13:     0x5a6423892335 - <unknown>
[INFO] [stdout]   14:     0x5a6423891bec - <unknown>
[INFO] [stdout]   15:     0x5a64238b042c - <unknown>
[INFO] [stdout]   16:     0x5a64238804e8 - <unknown>
[INFO] [stdout]   17:     0x71b3d2aa1dfa - <unknown>
[INFO] [stdout]   18:     0x71b3d2b353d4 - clone
[INFO] [stdout]   19:                0x0 - <unknown>
[INFO] [stdout] 
[INFO] [stdout] ---- a_line_longer_than_the_protocol_allows_ends_the_conversation stdout ----
[INFO] [stdout] 
[INFO] [stdout] thread 'a_line_longer_than_the_protocol_allows_ends_the_conversation' (1989) panicked at tests/pty.rs:263:10:
[INFO] [stdout] called `Result::unwrap()` on an `Err` value: Os { code: 2, kind: NotFound, message: "No such file or directory" }
[INFO] [stdout] stack backtrace:
[INFO] [stdout]    0:     0x5a642385a447 - <unknown>
[INFO] [stdout]    1:     0x5a6423843c24 - <unknown>
[INFO] [stdout]    2:     0x5a6423859a0b - <unknown>
[INFO] [stdout]    3:     0x5a6423859609 - <unknown>
[INFO] [stdout]    4:     0x5a642385928a - <unknown>
[INFO] [stdout]    5:     0x5a6423858dbb - <unknown>
[INFO] [stdout]    6:     0x5a642387eb81 - <unknown>
[INFO] [stdout]    7:     0x5a642387eb39 - <unknown>
[INFO] [stdout]    8:     0x5a642387f02c - <unknown>
[INFO] [stdout]    9:     0x5a6423843abb - <unknown>
[INFO] [stdout]   10:     0x5a6423846901 - <unknown>
[INFO] [stdout]   11:     0x5a6423841b0f - <unknown>
[INFO] [stdout]   12:     0x5a642389649b - <unknown>
[INFO] [stdout]   13:     0x5a6423892335 - <unknown>
[INFO] [stdout]   14:     0x5a6423891bec - <unknown>
[INFO] [stdout]   15:     0x5a64238b042c - <unknown>
[INFO] [stdout]   16:     0x5a64238804e8 - <unknown>
[INFO] [stdout]   17:     0x71b3d2aa1dfa - <unknown>
[INFO] [stdout]   18:     0x71b3d2b353d4 - clone
[INFO] [stdout]   19:                0x0 - <unknown>
[INFO] [stdout] 
[INFO] [stdout] ---- a_one_button_confirmation_answers_the_same_key_the_same_way_as_the_window stdout ----
[INFO] [stdout] 
[INFO] [stdout] thread 'a_one_button_confirmation_answers_the_same_key_the_same_way_as_the_window' (1990) panicked at tests/pty.rs:110:10:
[INFO] [stdout] ward did not start: Os { code: 2, kind: NotFound, message: "No such file or directory" }
[INFO] [stdout] stack backtrace:
[INFO] [stdout]    0:     0x5a642385a447 - <unknown>
[INFO] [stdout]    1:     0x5a6423843c24 - <unknown>
[INFO] [stdout]    2:     0x5a6423859a0b - <unknown>
[INFO] [stdout]    3:     0x5a6423859609 - <unknown>
[INFO] [stdout]    4:     0x5a642385928a - <unknown>
[INFO] [stdout]    5:     0x5a6423858dbb - <unknown>
[INFO] [stdout]    6:     0x5a642387eb81 - <unknown>
[INFO] [stdout]    7:     0x5a642387eb39 - <unknown>
[INFO] [stdout]    8:     0x5a642387f02c - <unknown>
[INFO] [stdout]    9:     0x5a6423843abb - <unknown>
[INFO] [stdout]   10:     0x5a6423846901 - <unknown>
[INFO] [stdout]   11:     0x5a642383f05d - <unknown>
[INFO] [stdout]   12:     0x5a64238423cf - <unknown>
[INFO] [stdout]   13:     0x5a642389649b - <unknown>
[INFO] [stdout]   14:     0x5a6423892335 - <unknown>
[INFO] [stdout]   15:     0x5a6423891bec - <unknown>
[INFO] [stdout]   16:     0x5a64238b042c - <unknown>
[INFO] [stdout]   17:     0x5a64238804e8 - <unknown>
[INFO] [stdout]   18:     0x71b3d2aa1dfa - <unknown>
[INFO] [stdout]   19:     0x71b3d2b353d4 - clone
[INFO] [stdout]   20:                0x0 - <unknown>
[INFO] [stdout] 
[INFO] [stdout] ---- escape_still_cancels_a_confirmation stdout ----
[INFO] [stdout] 
[INFO] [stdout] thread 'escape_still_cancels_a_confirmation' (2000) panicked at tests/pty.rs:110:10:
[INFO] [stdout] ward did not start: Os { code: 2, kind: NotFound, message: "No such file or directory" }
[INFO] [stdout] stack backtrace:
[INFO] [stdout]    0:     0x5a642385a447 - <unknown>
[INFO] [stdout]    1:     0x5a6423843c24 - <unknown>
[INFO] [stdout]    2:     0x5a6423859a0b - <unknown>
[INFO] [stdout]    3:     0x5a6423859609 - <unknown>
[INFO] [stdout]    4:     0x5a642385928a - <unknown>
[INFO] [stdout]    5:     0x5a6423858dbb - <unknown>
[INFO] [stdout]    6:     0x5a642387eb81 - <unknown>
[INFO] [stdout]    7:     0x5a642387eb39 - <unknown>
[INFO] [stdout]    8:     0x5a642387f02c - <unknown>
[INFO] [stdout]    9:     0x5a6423843abb - <unknown>
[INFO] [stdout]   10:     0x5a6423846901 - <unknown>
[INFO] [stdout]   11:     0x5a642383f05d - <unknown>
[INFO] [stdout]   12:     0x5a642384020e - <unknown>
[INFO] [stdout]   13:     0x5a642389649b - <unknown>
[INFO] [stdout]   14:     0x5a6423892335 - <unknown>
[INFO] [stdout]   15:     0x5a6423891bec - <unknown>
[INFO] [stdout]   16:     0x5a64238b042c - <unknown>
[INFO] [stdout]   17:     0x5a64238804e8 - <unknown>
[INFO] [stdout]   18:     0x71b3d2aa1dfa - <unknown>
[INFO] [stdout]   19:     0x71b3d2b353d4 - clone
[INFO] [stdout]   20:                0x0 - <unknown>
[INFO] [stdout] 
[INFO] [stdout] ---- an_empty_entry_is_an_answer_not_an_error stdout ----
[INFO] [stdout] 
[INFO] [stdout] thread 'an_empty_entry_is_an_answer_not_an_error' (1995) panicked at tests/pty.rs:71:10:
[INFO] [stdout] ward did not start: Os { code: 2, kind: NotFound, message: "No such file or directory" }
[INFO] [stdout] stack backtrace:
[INFO] [stdout]    0:     0x5a642385a447 - <unknown>
[INFO] [stdout]    1:     0x5a6423843c24 - <unknown>
[INFO] [stdout]    2:     0x5a6423859a0b - <unknown>
[INFO] [stdout]    3:     0x5a6423859609 - <unknown>
[INFO] [stdout]    4:     0x5a642385928a - <unknown>
[INFO] [stdout]    5:     0x5a6423858dbb - <unknown>
[INFO] [stdout]    6:     0x5a642387eb81 - <unknown>
[INFO] [stdout]    7:     0x5a642387eb39 - <unknown>
[INFO] [stdout]    8:     0x5a642387f02c - <unknown>
[INFO] [stdout]    9:     0x5a6423843abb - <unknown>
[INFO] [stdout]   10:     0x5a6423846901 - <unknown>
[INFO] [stdout]   11:     0x5a642383d7b4 - <unknown>
[INFO] [stdout]   12:     0x5a642384036e - <unknown>
[INFO] [stdout]   13:     0x5a642389649b - <unknown>
[INFO] [stdout]   14:     0x5a6423892335 - <unknown>
[INFO] [stdout]   15:     0x5a6423891bec - <unknown>
[INFO] [stdout]   16:     0x5a64238b042c - <unknown>
[INFO] [stdout]   17:     0x5a64238804e8 - <unknown>
[INFO] [stdout]   18:     0x71b3d2aa1dfa - <unknown>
[INFO] [stdout]   19:     0x71b3d2b353d4 - clone
[INFO] [stdout]   20:                0x0 - <unknown>
[INFO] [stdout] 
[INFO] [stdout] ---- a_cyrillic_passphrase_survives_the_round_trip stdout ----
[INFO] [stdout] 
[INFO] [stdout] thread 'a_cyrillic_passphrase_survives_the_round_trip' (1988) panicked at tests/pty.rs:71:10:
[INFO] [stdout] ward did not start: Os { code: 2, kind: NotFound, message: "No such file or directory" }
[INFO] [stdout] stack backtrace:
[INFO] [stdout]    0:     0x5a642385a447 - <unknown>
[INFO] [stdout]    1:     0x5a6423843c24 - <unknown>
[INFO] [stdout]    2:     0x5a6423859a0b - <unknown>
[INFO] [stdout]    3:     0x5a6423859609 - <unknown>
[INFO] [stdout]    4:     0x5a642385928a - <unknown>
[INFO] [stdout]    5:     0x5a6423858dbb - <unknown>
[INFO] [stdout]    6:     0x5a642387eb81 - <unknown>
[INFO] [stdout]    7:     0x5a642387eb39 - <unknown>
[INFO] [stdout]    8:     0x5a642387f02c - <unknown>
[INFO] [stdout]    9:     0x5a6423843abb - <unknown>
[INFO] [stdout]   10:     0x5a6423846901 - <unknown>
[INFO] [stdout]   11:     0x5a642383d7b4 - <unknown>
[INFO] [stdout]   12:     0x5a6423840e0b - <unknown>
[INFO] [stdout]   13:     0x5a642389649b - <unknown>
[INFO] [stdout]   14:     0x5a6423892335 - <unknown>
[INFO] [stdout]   15:     0x5a6423891bec - <unknown>
[INFO] [stdout]   16:     0x5a64238b042c - <unknown>
[INFO] [stdout]   17:     0x5a64238804e8 - <unknown>
[INFO] [stdout]   18:     0x71b3d2aa1dfa - <unknown>
[INFO] [stdout]   19:     0x71b3d2b353d4 - clone
[INFO] [stdout]   20:                0x0 - <unknown>
[INFO] [stdout] 
[INFO] [stdout] ---- the_terminal_is_given_back_exactly_as_it_was stdout ----
[INFO] [stdout] 
[INFO] [stdout] thread 'the_terminal_is_given_back_exactly_as_it_was' (2002) panicked at tests/pty.rs:414:14:
[INFO] [stdout] called `Result::unwrap()` on an `Err` value: Os { code: 2, kind: NotFound, message: "No such file or directory" }
[INFO] [stdout] stack backtrace:
[INFO] [stdout]    0:     0x5a642385a447 - <unknown>
[INFO] [stdout]    1:     0x5a6423843c24 - <unknown>
[INFO] [stdout]    2:     0x5a6423859a0b - <unknown>
[INFO] [stdout]    3:     0x5a6423859609 - <unknown>
[INFO] [stdout]    4:     0x5a642385928a - <unknown>
[INFO] [stdout]    5:     0x5a6423858dbb - <unknown>
[INFO] [stdout]    6:     0x5a642387eb81 - <unknown>
[INFO] [stdout]    7:     0x5a642387eb39 - <unknown>
[INFO] [stdout]    8:     0x5a642387f02c - <unknown>
[INFO] [stdout]    9:     0x5a6423843abb - <unknown>
[INFO] [stdout]   10:     0x5a6423846901 - <unknown>
[INFO] [stdout]   11:     0x5a6423840b58 - <unknown>
[INFO] [stdout]   12:     0x5a642389649b - <unknown>
[INFO] [stdout]   13:     0x5a6423892335 - <unknown>
[INFO] [stdout]   14:     0x5a6423891bec - <unknown>
[INFO] [stdout]   15:     0x5a64238b042c - <unknown>
[INFO] [stdout]   16:     0x5a64238804e8 - <unknown>
[INFO] [stdout]   17:     0x71b3d2aa1dfa - <unknown>
[INFO] [stdout]   18:     0x71b3d2b353d4 - clone
[INFO] [stdout]   19:                0x0 - <unknown>
[INFO] [stdout] 
[INFO] [stdout] ---- escape_cancels_and_says_so_distinctly stdout ----
[INFO] [stdout] 
[INFO] [stdout] thread 'escape_cancels_and_says_so_distinctly' (1999) panicked at tests/pty.rs:71:10:
[INFO] [stdout] ward did not start: Os { code: 2, kind: NotFound, message: "No such file or directory" }
[INFO] [stdout] stack backtrace:
[INFO] [stdout]    0:     0x5a642385a447 - <unknown>
[INFO] [stdout]    1:     0x5a6423843c24 - <unknown>
[INFO] [stdout]    2:     0x5a6423859a0b - <unknown>
[INFO] [stdout]    3:     0x5a6423859609 - <unknown>
[INFO] [stdout]    4:     0x5a642385928a - <unknown>
[INFO] [stdout]    5:     0x5a6423858dbb - <unknown>
[INFO] [stdout]    6:     0x5a642387eb81 - <unknown>
[INFO] [stdout]    7:     0x5a642387eb39 - <unknown>
[INFO] [stdout]    8:     0x5a642387f02c - <unknown>
[INFO] [stdout]    9:     0x5a6423843abb - <unknown>
[INFO] [stdout]   10:     0x5a6423846901 - <unknown>
[INFO] [stdout]   11:     0x5a642383d7b4 - <unknown>
[INFO] [stdout]   12:     0x5a64238402be - <unknown>
[INFO] [stdout]   13:     0x5a642389649b - <unknown>
[INFO] [stdout]   14:     0x5a6423892335 - <unknown>
[INFO] [stdout]   15:     0x5a6423891bec - <unknown>
[INFO] [stdout]   16:     0x5a64238b042c - <unknown>
[INFO] [stdout]   17:     0x5a64238804e8 - <unknown>
[INFO] [stdout]   18:     0x71b3d2aa1dfa - <unknown>
[INFO] [stdout]   19:     0x71b3d2b353d4 - clone
[INFO] [stdout]   20:                0x0 - <unknown>
[INFO] [stdout] 
[INFO] [stdout] ---- an_arrow_key_is_not_a_refusal_in_confirm_either stdout ----
[INFO] [stdout] 
[INFO] [stdout] thread 'an_arrow_key_is_not_a_refusal_in_confirm_either' (1994) panicked at tests/pty.rs:110:10:
[INFO] [stdout] ward did not start: Os { code: 2, kind: NotFound, message: "No such file or directory" }
[INFO] [stdout] stack backtrace:
[INFO] [stdout]    0:     0x5a642385a447 - <unknown>
[INFO] [stdout]    1:     0x5a6423843c24 - <unknown>
[INFO] [stdout]    2:     0x5a6423859a0b - <unknown>
[INFO] [stdout]    3:     0x5a6423859609 - <unknown>
[INFO] [stdout]    4:     0x5a642385928a - <unknown>
[INFO] [stdout]    5:     0x5a6423858dbb - <unknown>
[INFO] [stdout]    6:     0x5a642387eb81 - <unknown>
[INFO] [stdout]    7:     0x5a642387eb39 - <unknown>
[INFO] [stdout]    8:     0x5a642387f02c - <unknown>
[INFO] [stdout]    9:     0x5a6423843abb - <unknown>
[INFO] [stdout]   10:     0x5a6423846901 - <unknown>
[INFO] [stdout]   11:     0x5a642383f05d - <unknown>
[INFO] [stdout]   12:     0x5a6423840feb - <unknown>
[INFO] [stdout]   13:     0x5a642389649b - <unknown>
[INFO] [stdout]   14:     0x5a6423892335 - <unknown>
[INFO] [stdout]   15:     0x5a6423891bec - <unknown>
[INFO] [stdout]   16:     0x5a64238b042c - <unknown>
[INFO] [stdout]   17:     0x5a64238804e8 - <unknown>
[INFO] [stdout]   18:     0x71b3d2aa1dfa - <unknown>
[INFO] [stdout]   19:     0x71b3d2b353d4 - clone
[INFO] [stdout]   20:                0x0 - <unknown>
[INFO] [stdout] 
[INFO] [stdout] ---- with_no_display_and_no_terminal_it_refuses_loudly stdout ----
[INFO] [stdout] 
[INFO] [stdout] thread 'with_no_display_and_no_terminal_it_refuses_loudly' (2003) panicked at tests/pty.rs:447:10:
[INFO] [stdout] called `Result::unwrap()` on an `Err` value: Os { code: 2, kind: NotFound, message: "No such file or directory" }
[INFO] [stdout] stack backtrace:
[INFO] [stdout]    0:     0x5a642385a447 - <unknown>
[INFO] [stdout]    1:     0x5a6423843c24 - <unknown>
[INFO] [stdout]    2:     0x5a6423859a0b - <unknown>
[INFO] [stdout]    3:     0x5a6423859609 - <unknown>
[INFO] [stdout]    4:     0x5a642385928a - <unknown>
[INFO] [stdout]    5:     0x5a6423858dbb - <unknown>
[INFO] [stdout]    6:     0x5a642387eb81 - <unknown>
[INFO] [stdout]    7:     0x5a642387eb39 - <unknown>
[INFO] [stdout]    8:     0x5a642387f02c - <unknown>
[INFO] [stdout]    9:     0x5a6423843abb - <unknown>
[INFO] [stdout]   10:     0x5a6423846901 - <unknown>
[INFO] [stdout]   11:     0x5a6423841541 - <unknown>
[INFO] [stdout]   12:     0x5a642389649b - <unknown>
[INFO] [stdout]   13:     0x5a6423892335 - <unknown>
[INFO] [stdout]   14:     0x5a6423891bec - <unknown>
[INFO] [stdout]   15:     0x5a64238b042c - <unknown>
[INFO] [stdout]   16:     0x5a64238804e8 - <unknown>
[INFO] [stdout]   17:     0x71b3d2aa1dfa - <unknown>
[INFO] [stdout]   18:     0x71b3d2b353d4 - clone
[INFO] [stdout]   19:                0x0 - <unknown>
[INFO] [stdout] 
[INFO] [stdout] ---- backspace_removes_a_whole_cyrillic_character stdout ----
[INFO] [stdout] 
[INFO] [stdout] thread 'backspace_removes_a_whole_cyrillic_character' (1997) panicked at tests/pty.rs:71:10:
[INFO] [stdout] ward did not start: Os { code: 2, kind: NotFound, message: "No such file or directory" }
[INFO] [stdout] stack backtrace:
[INFO] [stdout]    0:     0x5a642385a447 - <unknown>
[INFO] [stdout]    1:     0x5a6423843c24 - <unknown>
[INFO] [stdout]    2:     0x5a6423859a0b - <unknown>
[INFO] [stdout]    3:     0x5a6423859609 - <unknown>
[INFO] [stdout]    4:     0x5a642385928a - <unknown>
[INFO] [stdout]    5:     0x5a6423858dbb - <unknown>
[INFO] [stdout]    6:     0x5a642387eb81 - <unknown>
[INFO] [stdout]    7:     0x5a642387eb39 - <unknown>
[INFO] [stdout]    8:     0x5a642387f02c - <unknown>
[INFO] [stdout]    9:     0x5a6423843abb - <unknown>
[INFO] [stdout]   10:     0x5a6423846901 - <unknown>
[INFO] [stdout]   11:     0x5a642383d7b4 - <unknown>
[INFO] [stdout]   12:     0x5a6423840572 - <unknown>
[INFO] [stdout]   13:     0x5a642389649b - <unknown>
[INFO] [stdout]   14:     0x5a6423892335 - <unknown>
[INFO] [stdout]   15:     0x5a6423891bec - <unknown>
[INFO] [stdout]   16:     0x5a64238b042c - <unknown>
[INFO] [stdout]   17:     0x5a64238804e8 - <unknown>
[INFO] [stdout]   18:     0x71b3d2aa1dfa - <unknown>
[INFO] [stdout]   19:     0x71b3d2b353d4 - clone
[INFO] [stdout]   20:                0x0 - <unknown>
[INFO] [stdout] 
[INFO] [stdout] 
[INFO] [stdout] failures:
[INFO] [stdout]     a_cyrillic_passphrase_survives_the_round_trip
[INFO] [stdout]     a_line_longer_than_the_protocol_allows_ends_the_conversation
[INFO] [stdout]     a_one_button_confirmation_answers_the_same_key_the_same_way_as_the_window
[INFO] [stdout]     a_repeated_entry_must_match_and_is_announced
[INFO] [stdout]     a_second_getpin_on_the_same_connection_is_answered_too
[INFO] [stdout]     an_arrow_key_is_not_a_refusal
[INFO] [stdout]     an_arrow_key_is_not_a_refusal_in_confirm_either
[INFO] [stdout]     an_empty_entry_is_an_answer_not_an_error
[INFO] [stdout]     an_escape_sequence_in_a_description_is_not_executed_by_the_terminal
[INFO] [stdout]     backspace_removes_a_whole_cyrillic_character
[INFO] [stdout]     ctrl_u_clears_the_entry
[INFO] [stdout]     escape_cancels_and_says_so_distinctly
[INFO] [stdout]     escape_still_cancels_a_confirmation
[INFO] [stdout]     the_terminal_can_be_named_on_the_command_line
[INFO] [stdout]     the_terminal_is_given_back_exactly_as_it_was
[INFO] [stdout]     with_no_display_and_no_terminal_it_refuses_loudly
[INFO] [stdout] 
[INFO] [stdout] test result: FAILED. 0 passed; 16 failed; 0 ignored; 0 measured; 0 filtered out; finished in 0.02s
[INFO] [stdout] 
[INFO] [stderr] error: test failed, to rerun pass `--test pty`
[INFO] running `Command { std: "docker" "inspect" "b69c0a041be6a2a006acbe2def2dc594d5d0408ae66d33f947c601fb0f273256", kill_on_drop: false }`
[INFO] running `Command { std: "docker" "rm" "-f" "b69c0a041be6a2a006acbe2def2dc594d5d0408ae66d33f947c601fb0f273256", kill_on_drop: false }`
[INFO] [stdout] b69c0a041be6a2a006acbe2def2dc594d5d0408ae66d33f947c601fb0f273256
