[INFO] cloning repository https://github.com/luizribeiro/jevrs
[INFO] running `Command { std: "git" "-c" "credential.helper=" "-c" "credential.helper=/workspace/cargo-home/bin/git-credential-null" "clone" "--bare" "https://github.com/luizribeiro/jevrs" "/workspace/cache/git-repos/https%3A%2F%2Fgithub.com%2Fluizribeiro%2Fjevrs", kill_on_drop: false }`
[INFO] [stderr] Cloning into bare repository '/workspace/cache/git-repos/https%3A%2F%2Fgithub.com%2Fluizribeiro%2Fjevrs'...
[INFO] running `Command { std: "git" "rev-parse" "HEAD", kill_on_drop: false }`
[INFO] [stdout] f5e5acc500937d16aba6ced99d338bc4ee56ec3b
[INFO] testing luizribeiro/jevrs against 1.100.0-beta.1+cargoflags=--release for beta-release-1.100-2
[INFO] running `Command { std: "git" "clone" "/workspace/cache/git-repos/https%3A%2F%2Fgithub.com%2Fluizribeiro%2Fjevrs" "/workspace/builds/worker-6-tc2/source", kill_on_drop: false }`
[INFO] [stderr] Cloning into '/workspace/builds/worker-6-tc2/source'...
[INFO] [stderr] done.
[INFO] removed /workspace/builds/worker-6-tc2/source/.cargo/config.toml
[INFO] started tweaking git repo https://github.com/luizribeiro/jevrs
[INFO] finished tweaking git repo https://github.com/luizribeiro/jevrs
[INFO] tweaked toml for git repo https://github.com/luizribeiro/jevrs written to /workspace/builds/worker-6-tc2/source/Cargo.toml
[INFO] validating manifest of git repo https://github.com/luizribeiro/jevrs on toolchain 1.100.0-beta.1
[INFO] running `Command { std: CARGO_HOME="/workspace/cargo-home" RUSTUP_HOME="/workspace/rustup-home" "/workspace/cargo-home/bin/cargo" "+1.100.0-beta.1" "metadata" "--manifest-path" "Cargo.toml" "--no-deps", kill_on_drop: false }`
[INFO] crate git repo https://github.com/luizribeiro/jevrs already has a lockfile, it will not be regenerated
[INFO] running `Command { std: CARGO_HOME="/workspace/cargo-home" RUSTUP_HOME="/workspace/rustup-home" "/workspace/cargo-home/bin/cargo" "+1.100.0-beta.1" "fetch" "--manifest-path" "Cargo.toml", kill_on_drop: false }`
[INFO] running `Command { std: "docker" "create" "-v" "/var/lib/crater-agent-workspace/builds/worker-6-tc2/source:/opt/rustwide/workdir:ro,Z" "-v" "/var/lib/crater-agent-workspace/builds/worker-6-tc2/target:/opt/rustwide/target:rw,Z" "-v" "/var/lib/crater-agent-workspace/cargo-home:/opt/rustwide/cargo-home:ro,Z" "-v" "/var/lib/crater-agent-workspace/rustup-home:/opt/rustwide/rustup-home:ro,Z" "-m" "1610612736" "--network" "none" "ghcr.io/rust-lang/crates-build-env/linux@sha256:77db811e55d90add9212f6832c23229e3de5f1c1f9905e8cb07319ea15df73ac" "sleep" "infinity", kill_on_drop: false }`
[INFO] [stdout] a4595a454dd39c0b6fc033c7f0867dd8f6ce036b2d0c48bcebf2df2d3c481f1b
[INFO] running `Command { std: "docker" "start" "a4595a454dd39c0b6fc033c7f0867dd8f6ce036b2d0c48bcebf2df2d3c481f1b", kill_on_drop: false }`
[INFO] running `Command { std: "docker" "inspect" "a4595a454dd39c0b6fc033c7f0867dd8f6ce036b2d0c48bcebf2df2d3c481f1b", kill_on_drop: false }`
[INFO] running `Command { std: "docker" "exec" "-e" "SOURCE_DIR=/opt/rustwide/workdir" "-e" "CARGO_HOME=/opt/rustwide/cargo-home" "-e" "RUSTUP_HOME=/opt/rustwide/rustup-home" "-e" "CARGO_TARGET_DIR=/opt/rustwide/target" "-w" "/opt/rustwide/workdir" "--user" "0:0" "a4595a454dd39c0b6fc033c7f0867dd8f6ce036b2d0c48bcebf2df2d3c481f1b" "/opt/rustwide/cargo-home/bin/cargo" "+1.100.0-beta.1" "metadata" "--no-deps" "--format-version=1", kill_on_drop: false }`
[INFO] running `Command { std: "docker" "inspect" "a4595a454dd39c0b6fc033c7f0867dd8f6ce036b2d0c48bcebf2df2d3c481f1b", kill_on_drop: false }`
[INFO] running `Command { std: "docker" "exec" "-e" "SOURCE_DIR=/opt/rustwide/workdir" "-e" "CARGO_HOME=/opt/rustwide/cargo-home" "-e" "RUSTUP_HOME=/opt/rustwide/rustup-home" "-e" "CARGO_TARGET_DIR=/opt/rustwide/target" "-e" "CARGO_INCREMENTAL=0" "-e" "RUST_BACKTRACE=full" "-e" "RUSTFLAGS=--cap-lints=warn" "-e" "RUSTDOCFLAGS=--cap-lints=warn" "-w" "/opt/rustwide/workdir" "--user" "0:0" "a4595a454dd39c0b6fc033c7f0867dd8f6ce036b2d0c48bcebf2df2d3c481f1b" "/opt/rustwide/cargo-home/bin/cargo" "+1.100.0-beta.1" "build" "--frozen" "--message-format=json" "--release", kill_on_drop: false }`
[INFO] [stderr]    Compiling unicode-ident v1.0.26
[INFO] [stderr]    Compiling find-msvc-tools v0.1.13
[INFO] [stderr]    Compiling futures-core v0.3.34
[INFO] [stderr]    Compiling fs_extra v1.3.0
[INFO] [stderr]    Compiling dunce v1.0.5
[INFO] [stderr]    Compiling smallvec v1.16.1
[INFO] [stderr]    Compiling aws-lc-rs v1.18.1
[INFO] [stderr]    Compiling litemap v0.8.3
[INFO] [stderr]    Compiling writeable v0.6.4
[INFO] [stderr]    Compiling icu_normalizer_data v2.3.0
[INFO] [stderr]    Compiling icu_properties_data v2.3.0
[INFO] [stderr]    Compiling mio v1.2.3
[INFO] [stderr]    Compiling futures-task v0.3.34
[INFO] [stderr]    Compiling futures-sink v0.3.34
[INFO] [stderr]    Compiling indexmap v2.14.2
[INFO] [stderr]    Compiling tracing v0.1.44
[INFO] [stderr]    Compiling proc-macro2 v1.0.107
[INFO] [stderr]    Compiling rustls v0.23.45
[INFO] [stderr]    Compiling serde_core v1.0.229
[INFO] [stderr]    Compiling futures-util v0.3.34
[INFO] [stderr]    Compiling futures-channel v0.3.34
[INFO] [stderr]    Compiling subtle v2.6.1
[INFO] [stderr]    Compiling ipnet v2.12.2
[INFO] [stderr]    Compiling serde_json v1.0.151
[INFO] [stderr]    Compiling cc v1.4.7
[INFO] [stderr]    Compiling serde v1.0.229
[INFO] [stderr]    Compiling thiserror v2.0.20
[INFO] [stderr]    Compiling encoding_rs v0.8.41
[INFO] [stderr]    Compiling sync_wrapper v1.0.2
[INFO] [stderr]    Compiling form_urlencoded v1.2.2
[INFO] [stderr]    Compiling memchr v2.8.3
[INFO] [stderr]    Compiling openssl-probe v0.2.1
[INFO] [stderr]    Compiling http-body-util v0.1.5
[INFO] [stderr]    Compiling rustls-native-certs v0.8.4
[INFO] [stderr]    Compiling multiversion_no_op v1.0.0
[INFO] [stderr]    Compiling simdutf8 v0.1.5
[INFO] [stderr]    Compiling core_detect v1.0.0
[INFO] [stderr]    Compiling bitflags v2.13.2
[INFO] [stderr]    Compiling log v0.4.34
[INFO] [stderr]    Compiling cfg-if v1.0.5
[INFO] [stderr]    Compiling base64 v0.23.1
[INFO] [stderr]    Compiling wasip3-example v0.1.1 (/opt/rustwide/workdir/examples/wasip3)
[INFO] [stderr]    Compiling wasip2-example v0.1.1 (/opt/rustwide/workdir/examples/wasip2)
[INFO] [stderr]    Compiling quote v1.0.47
[INFO] [stderr]    Compiling syn v3.0.6
[INFO] [stderr]    Compiling syn v2.0.119
[INFO] [stderr]    Compiling cmake v0.1.58
[INFO] [stderr]    Compiling aws-lc-sys v0.45.0
[INFO] [stderr]    Compiling jevrs-derive v0.1.1 (/opt/rustwide/workdir/crates/jevrs-derive)
[INFO] [stderr]    Compiling synstructure v0.14.0
[INFO] [stderr]    Compiling zerofrom-derive v0.1.8
[INFO] [stderr]    Compiling yoke-derive v0.8.3
[INFO] [stderr]    Compiling zerovec-derive v0.11.6
[INFO] [stderr]    Compiling displaydoc v0.2.7
[INFO] [stderr]    Compiling tokio-macros v2.7.2
[INFO] [stderr]    Compiling thiserror-impl v2.0.20
[INFO] [stderr]    Compiling multiversion-macros v0.9.0
[INFO] [stderr]    Compiling serde_derive v1.0.229
[INFO] [stderr]    Compiling tokio v1.53.1
[INFO] [stderr]    Compiling zerofrom v0.1.8
[INFO] [stderr]    Compiling yoke v0.8.3
[INFO] [stderr]    Compiling multiversion v0.9.0
[INFO] [stderr]    Compiling zerotrie v0.2.5
[INFO] [stderr]    Compiling zerovec v0.11.8
[INFO] [stderr]    Compiling tinystr v0.8.4
[INFO] [stderr]    Compiling potential_utf v0.1.6
[INFO] [stderr]    Compiling icu_collections v2.3.0
[INFO] [stderr]    Compiling icu_locale_core v2.3.0
[INFO] [stderr]    Compiling icu_provider v2.3.1
[INFO] [stderr]    Compiling icu_properties v2.3.0
[INFO] [stderr]    Compiling icu_normalizer v2.3.0
[INFO] [stderr]    Compiling jevrs-core v0.1.1 (/opt/rustwide/workdir/crates/jevrs-core)
[INFO] [stderr]    Compiling idna_adapter v1.2.2
[INFO] [stderr]    Compiling idna v1.1.0
[INFO] [stderr]    Compiling url v2.5.8
[INFO] [stderr]    Compiling tokio-util v0.7.19
[INFO] [stderr]    Compiling tower v0.5.3
[INFO] [stderr]    Compiling tower-http v0.6.11
[INFO] [stderr]    Compiling h2 v0.4.19
[INFO] [stderr]    Compiling hyper v1.11.1
[INFO] [stderr]    Compiling hyper-util v0.1.20
[INFO] [stderr]    Compiling xtask v0.1.1 (/opt/rustwide/workdir/xtask)
[INFO] [stderr]    Compiling rustls-webpki v0.103.15
[INFO] [stderr]    Compiling tokio-rustls v0.26.5
[INFO] [stderr]    Compiling rustls-platform-verifier v0.7.0
[INFO] [stderr]    Compiling hyper-rustls v0.27.9
[INFO] [stderr]    Compiling reqwest v0.13.5
[INFO] [stderr]    Compiling jevrs v0.1.1 (/opt/rustwide/workdir/crates/jevrs)
[INFO] [stderr]    Compiling native-dynamic v0.1.1 (/opt/rustwide/workdir/examples/native-dynamic)
[INFO] [stderr]    Compiling native-derive v0.1.1 (/opt/rustwide/workdir/examples/native-derive)
[INFO] [stderr]     Finished `release` profile [optimized] target(s) in 2m 14s
[INFO] running `Command { std: "docker" "inspect" "a4595a454dd39c0b6fc033c7f0867dd8f6ce036b2d0c48bcebf2df2d3c481f1b", kill_on_drop: false }`
[INFO] running `Command { std: "docker" "exec" "-e" "SOURCE_DIR=/opt/rustwide/workdir" "-e" "CARGO_HOME=/opt/rustwide/cargo-home" "-e" "RUSTUP_HOME=/opt/rustwide/rustup-home" "-e" "CARGO_TARGET_DIR=/opt/rustwide/target" "-e" "CARGO_INCREMENTAL=0" "-e" "RUST_BACKTRACE=full" "-e" "RUSTFLAGS=--cap-lints=warn" "-e" "RUSTDOCFLAGS=--cap-lints=warn" "-w" "/opt/rustwide/workdir" "--user" "0:0" "a4595a454dd39c0b6fc033c7f0867dd8f6ce036b2d0c48bcebf2df2d3c481f1b" "/opt/rustwide/cargo-home/bin/cargo" "+1.100.0-beta.1" "test" "--frozen" "--no-run" "--message-format=json" "--release", kill_on_drop: false }`
[INFO] [stderr]    Compiling serde_json v1.0.151
[INFO] [stderr]    Compiling memchr v2.8.3
[INFO] [stderr]    Compiling serde v1.0.229
[INFO] [stderr]    Compiling tokio v1.53.1
[INFO] [stderr]    Compiling target-tuple v1.0.2
[INFO] [stderr]    Compiling serde_core v1.0.229
[INFO] [stderr]    Compiling zmij v1.0.23
[INFO] [stderr]    Compiling proc-macro2 v1.0.107
[INFO] [stderr]    Compiling unicode-ident v1.0.26
[INFO] [stderr]    Compiling itoa v1.0.18
[INFO] [stderr]    Compiling winnow v1.0.4
[INFO] [stderr]    Compiling toml_datetime v1.1.1+spec-1.1.0
[INFO] [stderr]    Compiling serde_spanned v1.1.1
[INFO] [stderr]    Compiling quote v1.0.47
[INFO] [stderr]    Compiling toml_writer v1.1.2+spec-1.1.0
[INFO] [stderr]    Compiling thiserror v2.0.20
[INFO] [stderr]    Compiling glob v0.3.4
[INFO] [stderr]    Compiling termcolor v1.4.1
[INFO] [stderr]    Compiling bytes v1.12.1
[INFO] [stderr]    Compiling wasip3-example v0.1.1 (/opt/rustwide/workdir/examples/wasip3)
[INFO] [stderr]    Compiling wasip2-example v0.1.1 (/opt/rustwide/workdir/examples/wasip2)
[INFO] [stderr]    Compiling toml_parser v1.1.3+spec-1.1.0
[INFO] [stderr]    Compiling http v1.5.0
[INFO] [stderr]    Compiling toml v1.1.6+spec-1.1.0
[INFO] [stderr]    Compiling syn v2.0.119
[INFO] [stderr]    Compiling jevrs-core v0.1.1 (/opt/rustwide/workdir/crates/jevrs-core)
[INFO] [stderr]    Compiling trybuild v1.0.121
[INFO] [stderr]    Compiling jevrs v0.1.1 (/opt/rustwide/workdir/crates/jevrs)
[INFO] [stderr]    Compiling tokio-util v0.7.19
[INFO] [stderr]    Compiling tokio-rustls v0.26.5
[INFO] [stderr]    Compiling tower v0.5.3
[INFO] [stderr]    Compiling jevrs-derive v0.1.1 (/opt/rustwide/workdir/crates/jevrs-derive)
[INFO] [stderr]    Compiling tower-http v0.6.11
[INFO] [stderr]    Compiling h2 v0.4.19
[INFO] [stderr]    Compiling hyper v1.11.1
[INFO] [stderr]    Compiling hyper-util v0.1.20
[INFO] [stderr]    Compiling hyper-rustls v0.27.9
[INFO] [stderr]    Compiling reqwest v0.13.5
[INFO] [stderr]    Compiling xtask v0.1.1 (/opt/rustwide/workdir/xtask)
[INFO] [stderr]    Compiling native-dynamic v0.1.1 (/opt/rustwide/workdir/examples/native-dynamic)
[INFO] [stderr]    Compiling native-derive v0.1.1 (/opt/rustwide/workdir/examples/native-derive)
[INFO] [stderr]     Finished `release` profile [optimized] target(s) in 1m 30s
[INFO] running `Command { std: "docker" "inspect" "a4595a454dd39c0b6fc033c7f0867dd8f6ce036b2d0c48bcebf2df2d3c481f1b", kill_on_drop: false }`
[INFO] running `Command { std: "docker" "exec" "-e" "SOURCE_DIR=/opt/rustwide/workdir" "-e" "CARGO_HOME=/opt/rustwide/cargo-home" "-e" "RUSTUP_HOME=/opt/rustwide/rustup-home" "-e" "CARGO_TARGET_DIR=/opt/rustwide/target" "-e" "CARGO_INCREMENTAL=0" "-e" "RUST_BACKTRACE=full" "-e" "RUSTFLAGS=--cap-lints=warn" "-e" "RUSTDOCFLAGS=--cap-lints=warn" "-w" "/opt/rustwide/workdir" "--user" "0:0" "a4595a454dd39c0b6fc033c7f0867dd8f6ce036b2d0c48bcebf2df2d3c481f1b" "/opt/rustwide/cargo-home/bin/cargo" "+1.100.0-beta.1" "test" "--frozen" "--release", kill_on_drop: false }`
[INFO] [stderr]     Finished `release` profile [optimized] target(s) in 0.22s
[INFO] [stderr]      Running unittests src/lib.rs (/opt/rustwide/target/release/build/jevrs/d1117b9b2ce807d5/out/jevrs-d1117b9b2ce807d5)
[INFO] [stdout] 
[INFO] [stdout] running 16 tests
[INFO] [stdout] test wasi_common::tests::maps_repeated_binary_headers ... ok
[INFO] [stdout] test wasi_common::tests::splits_port_path_prefix_and_query ... ok
[INFO] [stdout] test wasi_common::tests::splits_default_api_url ... ok
[INFO] [stdout] test retry::tests::exponential_sequence_without_jitter ... ok
[INFO] [stdout] test wasi_common::tests::rejects_url_without_authority ... ok
[INFO] [stdout] test retry::tests::exponential_delay_is_capped ... ok
[INFO] [stdout] test wasi_common::tests::rejects_unsupported_scheme ... ok
[INFO] [stdout] test retry::tests::retry_after_takes_precedence_is_capped_and_is_not_jittered ... ok
[INFO] [stdout] test reqwest::tests::response_conversion_preserves_status_version_headers_and_body ... ok
[INFO] [stdout] test retry::tests::jitter_draws_vary_within_the_unjittered_delay ... ok
[INFO] [stdout] test reqwest::tests::request_conversion_preserves_method_url_headers_and_body ... ok
[INFO] [stdout] test wasi_common::tests::maps_standard_and_extension_methods ... ok
[INFO] [stdout] test wasi_common::tests::splits_http_url ... ok
[INFO] [stdout] test wasi_common::tests::rejects_relative_url ... ok
[INFO] [stdout] test reqwest::tests::request_builder_errors_are_not_retryable ... ok
[INFO] [stdout] test reqwest::tests::connect_errors_are_retryable ... ok
[INFO] [stdout] 
[INFO] [stdout] test result: ok. 16 passed; 0 failed; 0 ignored; 0 measured; 0 filtered out; finished in 0.09s
[INFO] [stdout] 
[INFO] [stdout] 
[INFO] [stderr]      Running tests/live.rs (/opt/rustwide/target/release/build/jevrs/555cd43c460f79c4/out/live-555cd43c460f79c4)
[INFO] [stdout] running 5 tests
[INFO] [stdout] test bad_key_is_auth ... ignored, calls the live Jev API
[INFO] [stdout] test missing_key_is_auth ... ignored, calls the live Jev API
[INFO] [stdout] test models_include_latest ... ignored, calls the live Jev API
[INFO] [stdout] test triage_happy_path ... ignored, calls the live Jev API
[INFO] [stdout] test unknown_model_is_bad_request ... ignored, calls the live Jev API
[INFO] [stdout] 
[INFO] [stdout] test result: ok. 0 passed; 0 failed; 5 ignored; 0 measured; 0 filtered out; finished in 0.00s
[INFO] [stdout] 
[INFO] [stderr]      Running unittests src/lib.rs (/opt/rustwide/target/release/build/jevrs-core/d0d0f5781e918fab/out/jevrs_core-d0d0f5781e918fab)
[INFO] [stdout] 
[INFO] [stdout] running 75 tests
[INFO] [stdout] test builder::tests::noul_omits_or_emits_criteria_as_requested ... ok
[INFO] [stdout] test builder::tests::state_accepts_string_object_and_array ... ok
[INFO] [stdout] test builder::tests::dynamic_questions_accept_owned_and_prevalidated_criteria ... ok
[INFO] [stdout] test builder::tests::handles_are_copy_and_debug_without_marker_bounds ... ok
[INFO] [stdout] test builder::tests::empty_batches_are_rejected_at_encode_time ... ok
[INFO] [stdout] test builder::tests::duplicate_ids_are_rejected_without_adding_an_entry ... ok
[INFO] [stdout] test error::tests::classifies_400_empty_choice ... ok
[INFO] [stdout] test builder::tests::dynamic_questions_encode_their_criteria ... ok
[INFO] [stdout] test builder::tests::structured_instructions_encode_verbatim ... ok
[INFO] [stdout] test builder::tests::triage_request_matches_the_spec ... ok
[INFO] [stdout] test error::tests::classifies_400_empty_noul ... ok
[INFO] [stdout] test builder::tests::dynamic_questions_report_invalid_criteria_without_adding_entries ... ok
[INFO] [stdout] test error::tests::classifies_401_invalid_key ... ok
[INFO] [stdout] test error::tests::classifies_400_too_many_score_levels ... ok
[INFO] [stdout] test error::tests::classifies_403_missing_key ... ok
[INFO] [stdout] test error::tests::classifies_422_empty_questions ... ok
[INFO] [stdout] test error::tests::classifies_404_string ... ok
[INFO] [stdout] test builder::tests::builders_have_distinct_batch_ids ... ok
[INFO] [stdout] test error::tests::classifies_400_too_many_choices ... ok
[INFO] [stdout] test error::tests::classifies_529_with_an_empty_body ... ok
[INFO] [stdout] test error::tests::classifies_400_object ... ok
[INFO] [stdout] test error::tests::non_utf8_body_is_preserved_lossily ... ok
[INFO] [stdout] test options::tests::array_map_iterates_in_key_order ... ok
[INFO] [stdout] test options::tests::dynamic_levels_accept_borrowed_and_owned_strings ... ok
[INFO] [stdout] test options::tests::dynamic_levels_validate_bounds_and_expose_accessors ... ok
[INFO] [stdout] test options::tests::dynamic_options_accept_borrowed_and_owned_strings ... ok
[INFO] [stdout] test error::tests::preserves_valid_json_with_an_unknown_shape ... ok
[INFO] [stdout] test options::tests::dynamic_options_reject_every_invalid_shape ... ok
[INFO] [stdout] test error::tests::config_error_identifies_the_invalid_setting ... ok
[INFO] [stdout] test probability::tests::accepts_both_bounds ... ok
[INFO] [stdout] test error::tests::classifies_422_empty_score_criteria ... ok
[INFO] [stdout] test error::tests::classifies_429_with_retry_after ... ok
[INFO] [stdout] test error::tests::classifies_500_with_a_non_json_body ... ok
[INFO] [stdout] test error::tests::classifies_422_missing_model ... ok
[INFO] [stdout] test error::tests::joins_multiple_pydantic_entries ... ok
[INFO] [stdout] test options::tests::array_map_indexes_mutates_and_unwraps ... ok
[INFO] [stdout] test probability::tests::deserialization_errors_name_the_invalid_value ... ok
[INFO] [stdout] test options::tests::dynamic_options_accept_255_entries_and_expose_accessors ... ok
[INFO] [stdout] test probability::tests::rejects_values_outside_bounds_and_nan ... ok
[INFO] [stdout] test question::tests::dynamic_score_rounds_clamps_and_uses_first_argmax ... ok
[INFO] [stdout] test question::tests::static_score_rounds_clamps_and_uses_first_argmax ... ok
[INFO] [stdout] test response::tests::choice_probabilities_report_a_missing_key ... ok
[INFO] [stdout] test response::tests::answers_debug_reports_metadata_and_slot_count ... ok
[INFO] [stdout] test options::tests::option_lookups_round_trip_and_reject_unknown_keys ... ok
[INFO] [stdout] test response::tests::extra_answer_names_the_unknown_question ... ok
[INFO] [stdout] test response::tests::recorded_request_and_response_work_end_to_end ... ok
[INFO] [stdout] test options::tests::level_lookups_round_trip_and_reject_unknown_indexes ... ok
[INFO] [stdout] test response::tests::out_of_range_probability_is_rejected ... ok
[INFO] [stdout] test response::tests::recorded_response_parses ... ok
[INFO] [stdout] test response::tests::choice_probabilities_report_an_extra_key ... ok
[INFO] [stdout] test response::tests::choices_report_an_unknown_selected_key ... ok
[INFO] [stdout] test response::tests::every_question_kind_decodes_its_happy_path ... ok
[INFO] [stdout] test probability::tests::serializes_as_a_number_and_round_trips ... ok
[INFO] [stdout] test response::tests::malformed_json_is_a_json_error ... ok
[INFO] [stdout] test response::tests::mismatched_answer_types_name_the_expected_and_actual_types ... ok
[INFO] [stdout] test question::tests::yes_threshold_is_inclusive ... ok
[INFO] [stdout] test response::tests::score_legends_report_a_missing_key ... ok
[INFO] [stdout] test response::tests::score_legends_report_an_extra_key ... ok
[INFO] [stdout] test response::tests::scores_report_values_outside_the_scale ... ok
[INFO] [stdout] test response::tests::static_score_legends_report_mismatched_text ... ok
[INFO] [stdout] test types::tests::array_instructions_encode_verbatim ... ok
[INFO] [stdout] test response::tests::score_probabilities_report_a_missing_key ... ok
[INFO] [stdout] test response::tests::score_probabilities_report_an_extra_key ... ok
[INFO] [stdout] test types::tests::concrete_model_round_trips ... ok
[INFO] [stdout] test types::tests::recorded_usage_round_trips ... ok
[INFO] [stdout] test types::tests::string_instructions_encode_verbatim ... ok
[INFO] [stdout] test response::tests::static_triage_response_decodes_through_typed_handles ... ok
[INFO] [stdout] test response::tests::unknown_answer_type_uses_the_catch_all ... ok
[INFO] [stdout] test types::tests::model_channels_use_wire_names ... ok
[INFO] [stdout] test response::tests::answers_are_send_and_sync ... ok
[INFO] [stdout] test response::tests::dynamic_triage_response_decodes_through_typed_handles ... ok
[INFO] [stdout] test response::tests::handle_from_another_batch_panics - should panic ... ok
[INFO] [stdout] test response::tests::missing_answer_names_the_question ... ok
[INFO] [stdout] test builder::tests::choice_criteria_keep_option_order_on_the_wire ... ok
[INFO] [stdout] test types::tests::object_instructions_encode_verbatim ... ok
[INFO] [stdout] 
[INFO] [stdout] test result: ok. 75 passed; 0 failed; 0 ignored; 0 measured; 0 filtered out; finished in 0.09s
[INFO] [stdout] 
[INFO] [stderr]      Running tests/fixtures.rs (/opt/rustwide/target/release/build/jevrs-core/b3e0f0629cd0743d/out/fixtures-b3e0f0629cd0743d)
[INFO] [stdout] 
[INFO] [stdout] running 1 test
[INFO] [stdout] test every_recorded_fixture_exercises_the_codec ... ok
[INFO] [stdout] 
[INFO] [stdout] test result: ok. 1 passed; 0 failed; 0 ignored; 0 measured; 0 filtered out; finished in 0.00s
[INFO] [stdout] 
[INFO] [stderr]      Running tests/question_set.rs (/opt/rustwide/target/release/build/jevrs-core/02b99f5a67789a2c/out/question_set-02b99f5a67789a2c)
[INFO] [stdout] 
[INFO] [stdout] running 1 test
[INFO] [stdout] test handwritten_question_set_decodes_recorded_triage_response ... ok
[INFO] [stdout] 
[INFO] [stdout] test result: ok. 1 passed; 0 failed; 0 ignored; 0 measured; 0 filtered out; finished in 0.00s
[INFO] [stdout] 
[INFO] [stderr]      Running unittests src/lib.rs (/opt/rustwide/target/release/build/jevrs-derive/189851a681b1b677/out/jevrs_derive-189851a681b1b677)
[INFO] [stdout] 
[INFO] [stdout] running 1 test
[INFO] [stdout] test options::tests::converts_variant_names_to_snake_case ... ok
[INFO] [stdout] 
[INFO] [stdout] test result: ok. 1 passed; 0 failed; 0 ignored; 0 measured; 0 filtered out; finished in 0.00s
[INFO] [stdout] 
[INFO] [stderr]      Running tests/compile_fail.rs (/opt/rustwide/target/release/build/jevrs-derive/ea3113ce64fe87ef/out/compile_fail-ea3113ce64fe87ef)
[INFO] [stdout] 
[INFO] [stdout] running 3 tests
[INFO] [stderr] warning: unused workspace dependency `http`
[INFO] [stderr]   --> Cargo.toml:77:25
[INFO] [stderr]    |
[INFO] [stderr] 77 | [workspace.dependencies.http]
[INFO] [stderr]    |                         ^^^^
[INFO] [stderr]    |
[INFO] [stderr]    = note: `cargo::unused_workspace_dependencies` is set to `warn` by default
[INFO] [stderr] help: consider removing the workspace dependency `http`
[INFO] [stderr] warning: unused workspace dependency `reqwest`
[INFO] [stderr]   --> Cargo.toml:81:25
[INFO] [stderr]    |
[INFO] [stderr] 81 | [workspace.dependencies.reqwest]
[INFO] [stderr]    |                         ^^^^^^^
[INFO] [stderr]    |
[INFO] [stderr] help: consider removing the workspace dependency `reqwest`
[INFO] [stderr] warning: unused workspace dependency `serde`
[INFO] [stderr]   --> Cargo.toml:86:25
[INFO] [stderr]    |
[INFO] [stderr] 86 | [workspace.dependencies.serde]
[INFO] [stderr]    |                         ^^^^^
[INFO] [stderr]    |
[INFO] [stderr] help: consider removing the workspace dependency `serde`
[INFO] [stderr] warning: unused workspace dependency `thiserror`
[INFO] [stderr]   --> Cargo.toml:96:25
[INFO] [stderr]    |
[INFO] [stderr] 96 | [workspace.dependencies.thiserror]
[INFO] [stderr]    |                         ^^^^^^^^^
[INFO] [stderr]    |
[INFO] [stderr] help: consider removing the workspace dependency `thiserror`
[INFO] [stderr] warning: unused workspace dependency `tokio`
[INFO] [stderr]    --> Cargo.toml:100:25
[INFO] [stderr]     |
[INFO] [stderr] 100 | [workspace.dependencies.tokio]
[INFO] [stderr]     |                         ^^^^^
[INFO] [stderr]     |
[INFO] [stderr] help: consider removing the workspace dependency `tokio`
[INFO] [stderr] warning: workspace (manifest) generated 5 warnings
[INFO] [stderr]    Compiling proc-macro2 v1.0.107
[INFO] [stderr]    Compiling quote v1.0.47
[INFO] [stderr]    Compiling unicode-ident v1.0.26
[INFO] [stderr]    Compiling serde_core v1.0.229
[INFO] [stderr]    Compiling zmij v1.0.23
[INFO] [stderr]    Compiling serde v1.0.229
[INFO] [stderr]     Checking itoa v1.0.18
[INFO] [stderr]    Compiling serde_json v1.0.151
[INFO] [stderr]    Compiling thiserror v2.0.20
[INFO] [stderr]     Checking memchr v2.8.3
[INFO] [stderr]     Checking bytes v1.12.1
[INFO] [stderr]     Checking http v1.5.0
[INFO] [stderr]     Checking syn v2.0.119
[INFO] [stderr]    Compiling syn v3.0.6
[INFO] [stderr]    Compiling thiserror-impl v2.0.20
[INFO] [stderr]    Compiling serde_derive v1.0.229
[INFO] [stderr]    Compiling jevrs-derive v0.1.1 (/opt/rustwide/workdir/crates/jevrs-derive)
[INFO] [stderr]     Checking jevrs-core v0.1.1 (/opt/rustwide/workdir/crates/jevrs-core)
[INFO] [stderr]     Checking jevrs v0.1.1 (/opt/rustwide/workdir/crates/jevrs)
[INFO] [stderr]     Checking jevrs-derive-tests v0.0.0 (/opt/rustwide/target/tests/trybuild/jevrs-derive)
[INFO] [stderr]     Finished `dev` profile [unoptimized + debuginfo] target(s) in 12.53s
[INFO] [stderr] 
[INFO] [stderr] 
[INFO] [stderr] test tests/ui/questions/criteria_on_choice.rs ... ok
[INFO] [stderr] test tests/ui/questions/duplicate_id.rs ... ok
[INFO] [stderr] test tests/ui/questions/missing_attribute.rs ... ok
[INFO] [stderr] test tests/ui/questions/no_fields.rs ... ok
[INFO] [stderr] test tests/ui/questions/no_without_yes.rs ... ok
[INFO] [stderr] test tests/ui/questions/non_struct.rs ... ok
[INFO] [stderr] test tests/ui/questions/tuple_struct.rs ... ok
[INFO] [stderr] test tests/ui/questions/two_kinds.rs ... ok
[INFO] [stderr] test tests/ui/questions/unknown_attribute.rs ... ok
[INFO] [stderr] test tests/ui/questions/yes_without_no.rs ... ok
[INFO] [stderr] 
[INFO] [stderr] 
[INFO] [stdout] test questions_errors_are_actionable ... ok
[INFO] [stderr] warning: unused workspace dependency `http`
[INFO] [stderr]   --> Cargo.toml:53:25
[INFO] [stderr]    |
[INFO] [stderr] 53 | [workspace.dependencies.http]
[INFO] [stderr]    |                         ^^^^
[INFO] [stderr]    |
[INFO] [stderr]    = note: `cargo::unused_workspace_dependencies` is set to `warn` by default
[INFO] [stderr] help: consider removing the workspace dependency `http`
[INFO] [stderr] warning: unused workspace dependency `reqwest`
[INFO] [stderr]   --> Cargo.toml:57:25
[INFO] [stderr]    |
[INFO] [stderr] 57 | [workspace.dependencies.reqwest]
[INFO] [stderr]    |                         ^^^^^^^
[INFO] [stderr]    |
[INFO] [stderr] help: consider removing the workspace dependency `reqwest`
[INFO] [stderr] warning: unused workspace dependency `serde`
[INFO] [stderr]   --> Cargo.toml:62:25
[INFO] [stderr]    |
[INFO] [stderr] 62 | [workspace.dependencies.serde]
[INFO] [stderr]    |                         ^^^^^
[INFO] [stderr]    |
[INFO] [stderr] help: consider removing the workspace dependency `serde`
[INFO] [stderr] warning: unused workspace dependency `thiserror`
[INFO] [stderr]   --> Cargo.toml:72:25
[INFO] [stderr]    |
[INFO] [stderr] 72 | [workspace.dependencies.thiserror]
[INFO] [stderr]    |                         ^^^^^^^^^
[INFO] [stderr]    |
[INFO] [stderr] help: consider removing the workspace dependency `thiserror`
[INFO] [stderr] warning: unused workspace dependency `tokio`
[INFO] [stderr]   --> Cargo.toml:76:25
[INFO] [stderr]    |
[INFO] [stderr] 76 | [workspace.dependencies.tokio]
[INFO] [stderr]    |                         ^^^^^
[INFO] [stderr]    |
[INFO] [stderr] help: consider removing the workspace dependency `tokio`
[INFO] [stderr] warning: workspace (manifest) generated 5 warnings
[INFO] [stderr]     Checking jevrs-derive-tests v0.0.0 (/opt/rustwide/target/tests/trybuild/jevrs-derive)
[INFO] [stderr]     Finished `dev` profile [unoptimized + debuginfo] target(s) in 0.08s
[INFO] [stderr] 
[INFO] [stderr] 
[INFO] [stderr] test tests/ui/levels/eleven_levels.rs ... mismatch
[INFO] [stderr] 
[INFO] [stderr] EXPECTED:
[INFO] [stderr] ┈┈┈┈┈┈┈┈┈┈┈┈┈┈┈┈┈┈┈┈┈┈┈┈┈┈┈┈┈┈┈┈┈┈┈┈┈┈┈┈┈┈┈┈┈┈┈┈┈┈┈┈┈┈┈┈┈┈┈┈
[INFO] [stderr] error: `Levels` supports at most 10 variants; `TooMany` has 11
[INFO] [stderr]   --> tests/ui/levels/eleven_levels.rs:6:14
[INFO] [stderr]    |
[INFO] [stderr]  6 |         enum TooMany {
[INFO] [stderr]    |              ^^^^^^^
[INFO] [stderr] ...
[INFO] [stderr] 12 | eleven_levels!(L0, L1, L2, L3, L4, L5, L6, L7, L8, L9, L10);
[INFO] [stderr]    | ----------------------------------------------------------- in this macro invocation
[INFO] [stderr]    |
[INFO] [stderr]    = note: this error originates in the macro `eleven_levels` (in Nightly builds, run with -Z macro-backtrace for more info)
[INFO] [stderr] ┈┈┈┈┈┈┈┈┈┈┈┈┈┈┈┈┈┈┈┈┈┈┈┈┈┈┈┈┈┈┈┈┈┈┈┈┈┈┈┈┈┈┈┈┈┈┈┈┈┈┈┈┈┈┈┈┈┈┈┈
[INFO] [stderr] 
[INFO] [stderr] ACTUAL OUTPUT:
[INFO] [stderr] ┈┈┈┈┈┈┈┈┈┈┈┈┈┈┈┈┈┈┈┈┈┈┈┈┈┈┈┈┈┈┈┈┈┈┈┈┈┈┈┈┈┈┈┈┈┈┈┈┈┈┈┈┈┈┈┈┈┈┈┈
[INFO] [stderr] error: `Levels` supports at most 10 variants; `TooMany` has 11
[INFO] [stderr]   --> tests/ui/levels/eleven_levels.rs:6:14
[INFO] [stderr]    |
[INFO] [stderr]  3 | macro_rules! eleven_levels {
[INFO] [stderr] ...
[INFO] [stderr]  6 |         enum TooMany {
[INFO] [stderr]    |              ^^^^^^^
[INFO] [stderr] ...
[INFO] [stderr] 12 | eleven_levels!(L0, L1, L2, L3, L4, L5, L6, L7, L8, L9, L10);
[INFO] [stderr]    | ----------------------------------------------------------- in this macro invocation
[INFO] [stderr] ┈┈┈┈┈┈┈┈┈┈┈┈┈┈┈┈┈┈┈┈┈┈┈┈┈┈┈┈┈┈┈┈┈┈┈┈┈┈┈┈┈┈┈┈┈┈┈┈┈┈┈┈┈┈┈┈┈┈┈┈
[INFO] [stderr] note: If the actual output is the correct output you can bless it by rerunning
[INFO] [stderr]       your test with the environment variable TRYBUILD=overwrite
[INFO] [stderr] 
[INFO] [stderr] test tests/ui/levels/key.rs ... ok
[INFO] [stderr] test tests/ui/levels/missing_description.rs ... ok
[INFO] [stderr] test tests/ui/levels/one_level.rs ... ok
[INFO] [stderr] 
[INFO] [stderr] 
[INFO] [stdout] test levels_errors_are_actionable ... FAILED
[INFO] [stderr] warning: unused workspace dependency `http`
[INFO] [stderr]   --> Cargo.toml:65:25
[INFO] [stderr]    |
[INFO] [stderr] 65 | [workspace.dependencies.http]
[INFO] [stderr]    |                         ^^^^
[INFO] [stderr]    |
[INFO] [stderr]    = note: `cargo::unused_workspace_dependencies` is set to `warn` by default
[INFO] [stderr] help: consider removing the workspace dependency `http`
[INFO] [stderr] warning: unused workspace dependency `reqwest`
[INFO] [stderr]   --> Cargo.toml:69:25
[INFO] [stderr]    |
[INFO] [stderr] 69 | [workspace.dependencies.reqwest]
[INFO] [stderr]    |                         ^^^^^^^
[INFO] [stderr]    |
[INFO] [stderr] help: consider removing the workspace dependency `reqwest`
[INFO] [stderr] warning: unused workspace dependency `serde`
[INFO] [stderr]   --> Cargo.toml:74:25
[INFO] [stderr]    |
[INFO] [stderr] 74 | [workspace.dependencies.serde]
[INFO] [stderr]    |                         ^^^^^
[INFO] [stderr]    |
[INFO] [stderr] help: consider removing the workspace dependency `serde`
[INFO] [stderr] warning: unused workspace dependency `thiserror`
[INFO] [stderr]   --> Cargo.toml:84:25
[INFO] [stderr]    |
[INFO] [stderr] 84 | [workspace.dependencies.thiserror]
[INFO] [stderr]    |                         ^^^^^^^^^
[INFO] [stderr]    |
[INFO] [stderr] help: consider removing the workspace dependency `thiserror`
[INFO] [stderr] warning: unused workspace dependency `tokio`
[INFO] [stderr]   --> Cargo.toml:88:25
[INFO] [stderr]    |
[INFO] [stderr] 88 | [workspace.dependencies.tokio]
[INFO] [stderr]    |                         ^^^^^
[INFO] [stderr]    |
[INFO] [stderr] help: consider removing the workspace dependency `tokio`
[INFO] [stderr] warning: workspace (manifest) generated 5 warnings
[INFO] [stderr]     Checking jevrs-derive-tests v0.0.0 (/opt/rustwide/target/tests/trybuild/jevrs-derive)
[INFO] [stderr]     Finished `dev` profile [unoptimized + debuginfo] target(s) in 0.08s
[INFO] [stderr] 
[INFO] [stderr] 
[INFO] [stderr] test tests/ui/options/duplicate_key.rs ... ok
[INFO] [stderr] test tests/ui/options/empty_key.rs ... ok
[INFO] [stdout] test options_errors_are_actionable ... FAILED
[INFO] [stderr] test tests/ui/options/no_variants.rs ... ok
[INFO] [stdout] 
[INFO] [stderr] test tests/ui/options/non_enum.rs ... ok
[INFO] [stdout] failures:
[INFO] [stderr] test tests/ui/options/non_unit.rs ... ok
[INFO] [stdout] 
[INFO] [stderr] test tests/ui/options/too_many.rs ... mismatch
[INFO] [stdout] ---- levels_errors_are_actionable stdout ----
[INFO] [stderr] 
[INFO] [stdout] 
[INFO] [stderr] EXPECTED:
[INFO] [stdout] thread 'levels_errors_are_actionable' (4731) panicked at /opt/rustwide/cargo-home/registry/src/index.crates.io-1949cf8c6b5b557f/trybuild-1.0.121/src/run.rs:103:13:
[INFO] [stderr] ┈┈┈┈┈┈┈┈┈┈┈┈┈┈┈┈┈┈┈┈┈┈┈┈┈┈┈┈┈┈┈┈┈┈┈┈┈┈┈┈┈┈┈┈┈┈┈┈┈┈┈┈┈┈┈┈┈┈┈┈
[INFO] [stdout] 1 of 4 tests failed
[INFO] [stderr] error: `Options` supports at most 255 variants; `TooMany` has 256
[INFO] [stdout] stack backtrace:
[INFO] [stderr]   --> tests/ui/options/too_many.rs:6:14
[INFO] [stdout]    0:     0x60fb8dc7f141 - <<std[617be2ca0a6fd877]::sys::backtrace::BacktraceLock>::print::DisplayBacktrace as core[a373ad73a504971]::fmt::Display>::fmt
[INFO] [stderr]    |
[INFO] [stdout]    1:     0x60fb8dc9542a - core[a373ad73a504971]::fmt::write
[INFO] [stderr]  6 |           enum TooMany {
[INFO] [stdout]    2:     0x60fb8dc8398c - <alloc[2e1b2a31b91974c5]::vec::Vec<u8> as core[a373ad73a504971]::io::write::Write>::write_fmt
[INFO] [stderr]    |                ^^^^^^^
[INFO] [stdout]    3:     0x60fb8dc585a6 - std[617be2ca0a6fd877]::panicking::default_hook::{closure#0}
[INFO] [stderr] ...
[INFO] [stdout]    4:     0x60fb8dc766e9 - std[617be2ca0a6fd877]::panicking::default_hook
[INFO] [stderr] 12 | / too_many_options!(
[INFO] [stdout]    5:     0x60fb8dc0fcf0 - test[aada8e7e76ba119b]::test_main_inner::{closure#0}
[INFO] [stderr] 13 | |     V000, V001, V002, V003, V004, V005, V006, V007, V008, V009,
[INFO] [stdout]    6:     0x60fb8dc768a2 - std[617be2ca0a6fd877]::panicking::panic_with_hook
[INFO] [stderr] 14 | |     V010, V011, V012, V013, V014, V015, V016, V017, V018, V019,
[INFO] [stdout]    7:     0x60fb8dc58652 - std[617be2ca0a6fd877]::panicking::panic_handler::{closure#0}
[INFO] [stderr] 15 | |     V020, V021, V022, V023, V024, V025, V026, V027, V028, V029,
[INFO] [stdout]    8:     0x60fb8dc50ea9 - std[617be2ca0a6fd877]::sys::backtrace::__rust_end_short_backtrace::<std[617be2ca0a6fd877]::panicking::panic_handler::{closure#0}, !>
[INFO] [stderr] ...  |
[INFO] [stdout]    9:     0x60fb8dc5925d - __rustc[ea4f61d10b84890b]::rust_begin_unwind
[INFO] [stderr] 38 | |     V250, V251, V252, V253, V254, V255,
[INFO] [stdout]   10:     0x60fb8dc95b9c - core[a373ad73a504971]::panicking::panic_fmt
[INFO] [stderr] 39 | | );
[INFO] [stdout]   11:     0x60fb8db639c8 - <trybuild[a7489726d71f1dac]::Runner>::run
[INFO] [stderr]    | |_- in this macro invocation
[INFO] [stdout]   12:     0x60fb8db66c30 - <trybuild[a7489726d71f1dac]::TestCases as core[a373ad73a504971]::ops::drop::Drop>::drop
[INFO] [stderr]    |
[INFO] [stdout]   13:     0x60fb8db5d1f6 - <compile_fail[ce491e0e41befda5]::levels_errors_are_actionable::{closure#0} as core[a373ad73a504971]::ops::function::FnOnce<()>>::call_once
[INFO] [stderr]    = note: this error originates in the macro `too_many_options` (in Nightly builds, run with -Z macro-backtrace for more info)
[INFO] [stdout]   14:     0x60fb8dc0313b - test[aada8e7e76ba119b]::__rust_begin_short_backtrace::<core[a373ad73a504971]::result::Result<(), alloc[2e1b2a31b91974c5]::string::String>, fn() -> core[a373ad73a504971]::result::Result<(), alloc[2e1b2a31b91974c5]::string::String>>
[INFO] [stderr] ┈┈┈┈┈┈┈┈┈┈┈┈┈┈┈┈┈┈┈┈┈┈┈┈┈┈┈┈┈┈┈┈┈┈┈┈┈┈┈┈┈┈┈┈┈┈┈┈┈┈┈┈┈┈┈┈┈┈┈┈
[INFO] [stdout]   15:     0x60fb8dc10315 - test[aada8e7e76ba119b]::run_test::{closure#0}
[INFO] [stderr] 
[INFO] [stdout]   16:     0x60fb8dc09c04 - std[617be2ca0a6fd877]::sys::backtrace::__rust_begin_short_backtrace::<test[aada8e7e76ba119b]::run_test::{closure#1}, ()>
[INFO] [stderr] ACTUAL OUTPUT:
[INFO] [stdout]   17:     0x60fb8dc133a2 - <std[617be2ca0a6fd877]::thread::lifecycle::spawn_unchecked<test[aada8e7e76ba119b]::run_test::{closure#1}, ()>::{closure#1} as core[a373ad73a504971]::ops::function::FnOnce<()>>::call_once::{shim:vtable#0}
[INFO] [stderr] ┈┈┈┈┈┈┈┈┈┈┈┈┈┈┈┈┈┈┈┈┈┈┈┈┈┈┈┈┈┈┈┈┈┈┈┈┈┈┈┈┈┈┈┈┈┈┈┈┈┈┈┈┈┈┈┈┈┈┈┈
[INFO] [stdout]   18:     0x60fb8dc7e39f - <std[617be2ca0a6fd877]::sys::thread::unix::Thread>::new::thread_start
[INFO] [stderr] error: `Options` supports at most 255 variants; `TooMany` has 256
[INFO] [stdout]   19:     0x76775d253dfa - <unknown>
[INFO] [stderr]   --> tests/ui/options/too_many.rs:6:14
[INFO] [stdout]   20:     0x76775d2e73d4 - clone
[INFO] [stderr]    |
[INFO] [stdout]   21:                0x0 - <unknown>
[INFO] [stderr]  3 |   macro_rules! too_many_options {
[INFO] [stdout] 
[INFO] [stderr] ...
[INFO] [stdout] ---- options_errors_are_actionable stdout ----
[INFO] [stderr]  6 |           enum TooMany {
[INFO] [stdout] 
[INFO] [stderr]    |                ^^^^^^^
[INFO] [stdout] thread 'options_errors_are_actionable' (4732) panicked at /opt/rustwide/cargo-home/registry/src/index.crates.io-1949cf8c6b5b557f/trybuild-1.0.121/src/run.rs:103:13:
[INFO] [stderr] ...
[INFO] [stdout] 1 of 7 tests failed
[INFO] [stderr] 12 | / too_many_options!(
[INFO] [stdout] stack backtrace:
[INFO] [stderr] 13 | |     V000, V001, V002, V003, V004, V005, V006, V007, V008, V009,
[INFO] [stdout]    0:     0x60fb8dc7f141 - <<std[617be2ca0a6fd877]::sys::backtrace::BacktraceLock>::print::DisplayBacktrace as core[a373ad73a504971]::fmt::Display>::fmt
[INFO] [stderr] 14 | |     V010, V011, V012, V013, V014, V015, V016, V017, V018, V019,
[INFO] [stdout]    1:     0x60fb8dc9542a - core[a373ad73a504971]::fmt::write
[INFO] [stderr] 15 | |     V020, V021, V022, V023, V024, V025, V026, V027, V028, V029,
[INFO] [stdout]    2:     0x60fb8dc8398c - <alloc[2e1b2a31b91974c5]::vec::Vec<u8> as core[a373ad73a504971]::io::write::Write>::write_fmt
[INFO] [stderr] ...  |
[INFO] [stdout]    3:     0x60fb8dc585a6 - std[617be2ca0a6fd877]::panicking::default_hook::{closure#0}
[INFO] [stderr] 38 | |     V250, V251, V252, V253, V254, V255,
[INFO] [stdout]    4:     0x60fb8dc766e9 - std[617be2ca0a6fd877]::panicking::default_hook
[INFO] [stderr] 39 | | );
[INFO] [stdout]    5:     0x60fb8dc0fcf0 - test[aada8e7e76ba119b]::test_main_inner::{closure#0}
[INFO] [stderr]    | |_- in this macro invocation
[INFO] [stdout]    6:     0x60fb8dc768a2 - std[617be2ca0a6fd877]::panicking::panic_with_hook
[INFO] [stderr] ┈┈┈┈┈┈┈┈┈┈┈┈┈┈┈┈┈┈┈┈┈┈┈┈┈┈┈┈┈┈┈┈┈┈┈┈┈┈┈┈┈┈┈┈┈┈┈┈┈┈┈┈┈┈┈┈┈┈┈┈
[INFO] [stdout]    7:     0x60fb8dc58652 - std[617be2ca0a6fd877]::panicking::panic_handler::{closure#0}
[INFO] [stderr] note: If the actual output is the correct output you can bless it by rerunning
[INFO] [stdout]    8:     0x60fb8dc50ea9 - std[617be2ca0a6fd877]::sys::backtrace::__rust_end_short_backtrace::<std[617be2ca0a6fd877]::panicking::panic_handler::{closure#0}, !>
[INFO] [stderr]       your test with the environment variable TRYBUILD=overwrite
[INFO] [stdout]    9:     0x60fb8dc5925d - __rustc[ea4f61d10b84890b]::rust_begin_unwind
[INFO] [stderr] 
[INFO] [stdout]   10:     0x60fb8dc95b9c - core[a373ad73a504971]::panicking::panic_fmt
[INFO] [stderr] test tests/ui/options/unknown_attribute.rs ... ok
[INFO] [stdout]   11:     0x60fb8db639c8 - <trybuild[a7489726d71f1dac]::Runner>::run
[INFO] [stderr] 
[INFO] [stdout]   12:     0x60fb8db66c30 - <trybuild[a7489726d71f1dac]::TestCases as core[a373ad73a504971]::ops::drop::Drop>::drop
[INFO] [stderr] 
[INFO] [stdout]   13:     0x60fb8db5d2f6 - <compile_fail[ce491e0e41befda5]::options_errors_are_actionable::{closure#0} as core[a373ad73a504971]::ops::function::FnOnce<()>>::call_once
[INFO] [stdout]   14:     0x60fb8dc0313b - test[aada8e7e76ba119b]::__rust_begin_short_backtrace::<core[a373ad73a504971]::result::Result<(), alloc[2e1b2a31b91974c5]::string::String>, fn() -> core[a373ad73a504971]::result::Result<(), alloc[2e1b2a31b91974c5]::string::String>>
[INFO] [stdout]   15:     0x60fb8dc10315 - test[aada8e7e76ba119b]::run_test::{closure#0}
[INFO] [stdout]   16:     0x60fb8dc09c04 - std[617be2ca0a6fd877]::sys::backtrace::__rust_begin_short_backtrace::<test[aada8e7e76ba119b]::run_test::{closure#1}, ()>
[INFO] [stdout]   17:     0x60fb8dc133a2 - <std[617be2ca0a6fd877]::thread::lifecycle::spawn_unchecked<test[aada8e7e76ba119b]::run_test::{closure#1}, ()>::{closure#1} as core[a373ad73a504971]::ops::function::FnOnce<()>>::call_once::{shim:vtable#0}
[INFO] [stdout]   18:     0x60fb8dc7e39f - <std[617be2ca0a6fd877]::sys::thread::unix::Thread>::new::thread_start
[INFO] [stdout]   19:     0x76775d253dfa - <unknown>
[INFO] [stdout]   20:     0x76775d2e73d4 - clone
[INFO] [stdout]   21:                0x0 - <unknown>
[INFO] [stdout] 
[INFO] [stdout] 
[INFO] [stdout] failures:
[INFO] [stdout]     levels_errors_are_actionable
[INFO] [stdout]     options_errors_are_actionable
[INFO] [stdout] 
[INFO] [stdout] test result: FAILED. 1 passed; 2 failed; 0 ignored; 0 measured; 0 filtered out; finished in 18.11s
[INFO] [stdout] 
[INFO] [stderr] error: test failed, to rerun pass `-p jevrs-derive --test compile_fail`
[INFO] running `Command { std: "docker" "inspect" "a4595a454dd39c0b6fc033c7f0867dd8f6ce036b2d0c48bcebf2df2d3c481f1b", kill_on_drop: false }`
[INFO] running `Command { std: "docker" "rm" "-f" "a4595a454dd39c0b6fc033c7f0867dd8f6ce036b2d0c48bcebf2df2d3c481f1b", kill_on_drop: false }`
[INFO] [stdout] a4595a454dd39c0b6fc033c7f0867dd8f6ce036b2d0c48bcebf2df2d3c481f1b
