[INFO] cloning repository https://github.com/like2foxes/Telem
[INFO] running `Command { std: "git" "-c" "credential.helper=" "-c" "credential.helper=/workspace/cargo-home/bin/git-credential-null" "clone" "--bare" "https://github.com/like2foxes/Telem" "/workspace/cache/git-repos/https%3A%2F%2Fgithub.com%2Flike2foxes%2FTelem", kill_on_drop: false }`
[INFO] [stderr] Cloning into bare repository '/workspace/cache/git-repos/https%3A%2F%2Fgithub.com%2Flike2foxes%2FTelem'...
[INFO] running `Command { std: "git" "rev-parse" "HEAD", kill_on_drop: false }`
[INFO] [stdout] 3235ea1c70e93a59544a3e8db3df72aed78e71f2
[INFO] testing like2foxes/Telem against 1.100.0-beta.1+cargoflags=--release for beta-release-1.100-2
[INFO] running `Command { std: "git" "clone" "/workspace/cache/git-repos/https%3A%2F%2Fgithub.com%2Flike2foxes%2FTelem" "/workspace/builds/worker-2-tc2/source", kill_on_drop: false }`
[INFO] [stderr] Cloning into '/workspace/builds/worker-2-tc2/source'...
[INFO] [stderr] done.
[INFO] started tweaking git repo https://github.com/like2foxes/Telem
[INFO] finished tweaking git repo https://github.com/like2foxes/Telem
[INFO] tweaked toml for git repo https://github.com/like2foxes/Telem written to /workspace/builds/worker-2-tc2/source/Cargo.toml
[INFO] validating manifest of git repo https://github.com/like2foxes/Telem on toolchain 1.100.0-beta.1
[INFO] running `Command { std: CARGO_HOME="/workspace/cargo-home" RUSTUP_HOME="/workspace/rustup-home" "/workspace/cargo-home/bin/cargo" "+1.100.0-beta.1" "metadata" "--manifest-path" "Cargo.toml" "--no-deps", kill_on_drop: false }`
[INFO] crate git repo https://github.com/like2foxes/Telem already has a lockfile, it will not be regenerated
[INFO] running `Command { std: CARGO_HOME="/workspace/cargo-home" RUSTUP_HOME="/workspace/rustup-home" "/workspace/cargo-home/bin/cargo" "+1.100.0-beta.1" "fetch" "--manifest-path" "Cargo.toml", kill_on_drop: false }`
[INFO] [stderr] warning: unused workspace dependency `reqwest`
[INFO] [stderr]   --> Cargo.toml:10:1
[INFO] [stderr]    |
[INFO] [stderr] 10 | reqwest = "0.12"
[INFO] [stderr]    | ^^^^^^^
[INFO] [stderr]    |
[INFO] [stderr]    = note: `cargo::unused_workspace_dependencies` is set to `warn` by default
[INFO] [stderr] help: consider removing the workspace dependency `reqwest`
[INFO] [stderr] warning: workspace (manifest) generated 1 warning
[INFO] running `Command { std: "docker" "create" "-v" "/var/lib/crater-agent-workspace/builds/worker-2-tc2/source:/opt/rustwide/workdir:ro,Z" "-v" "/var/lib/crater-agent-workspace/builds/worker-2-tc2/target:/opt/rustwide/target:rw,Z" "-v" "/var/lib/crater-agent-workspace/cargo-home:/opt/rustwide/cargo-home:ro,Z" "-v" "/var/lib/crater-agent-workspace/rustup-home:/opt/rustwide/rustup-home:ro,Z" "-m" "1610612736" "--network" "none" "ghcr.io/rust-lang/crates-build-env/linux@sha256:77db811e55d90add9212f6832c23229e3de5f1c1f9905e8cb07319ea15df73ac" "sleep" "infinity", kill_on_drop: false }`
[INFO] [stdout] a332d0e8b0cac41f5f54a0a762e8c4112ad2dfc21b2bf714a8c5713312b33dac
[INFO] running `Command { std: "docker" "start" "a332d0e8b0cac41f5f54a0a762e8c4112ad2dfc21b2bf714a8c5713312b33dac", kill_on_drop: false }`
[INFO] running `Command { std: "docker" "inspect" "a332d0e8b0cac41f5f54a0a762e8c4112ad2dfc21b2bf714a8c5713312b33dac", kill_on_drop: false }`
[INFO] running `Command { std: "docker" "exec" "-e" "SOURCE_DIR=/opt/rustwide/workdir" "-e" "CARGO_HOME=/opt/rustwide/cargo-home" "-e" "RUSTUP_HOME=/opt/rustwide/rustup-home" "-e" "CARGO_TARGET_DIR=/opt/rustwide/target" "-w" "/opt/rustwide/workdir" "--user" "0:0" "a332d0e8b0cac41f5f54a0a762e8c4112ad2dfc21b2bf714a8c5713312b33dac" "/opt/rustwide/cargo-home/bin/cargo" "+1.100.0-beta.1" "metadata" "--no-deps" "--format-version=1", kill_on_drop: false }`
[INFO] running `Command { std: "docker" "inspect" "a332d0e8b0cac41f5f54a0a762e8c4112ad2dfc21b2bf714a8c5713312b33dac", kill_on_drop: false }`
[INFO] running `Command { std: "docker" "exec" "-e" "SOURCE_DIR=/opt/rustwide/workdir" "-e" "CARGO_HOME=/opt/rustwide/cargo-home" "-e" "RUSTUP_HOME=/opt/rustwide/rustup-home" "-e" "CARGO_TARGET_DIR=/opt/rustwide/target" "-e" "CARGO_INCREMENTAL=0" "-e" "RUST_BACKTRACE=full" "-e" "RUSTFLAGS=--cap-lints=warn" "-e" "RUSTDOCFLAGS=--cap-lints=warn" "-w" "/opt/rustwide/workdir" "--user" "0:0" "a332d0e8b0cac41f5f54a0a762e8c4112ad2dfc21b2bf714a8c5713312b33dac" "/opt/rustwide/cargo-home/bin/cargo" "+1.100.0-beta.1" "build" "--frozen" "--message-format=json" "--release", kill_on_drop: false }`
[INFO] [stderr] warning: unused workspace dependency `reqwest`
[INFO] [stderr]   --> Cargo.toml:10:1
[INFO] [stderr]    |
[INFO] [stderr] 10 | reqwest = "0.12"
[INFO] [stderr]    | ^^^^^^^
[INFO] [stderr]    |
[INFO] [stderr]    = note: `cargo::unused_workspace_dependencies` is set to `warn` by default
[INFO] [stderr] help: consider removing the workspace dependency `reqwest`
[INFO] [stderr] warning: workspace (manifest) generated 1 warning
[INFO] [stderr]    Compiling serde_core v1.0.229
[INFO] [stderr]    Compiling smallvec v1.15.2
[INFO] [stderr]    Compiling futures-core v0.3.33
[INFO] [stderr]    Compiling serde v1.0.229
[INFO] [stderr]    Compiling syn v3.0.3
[INFO] [stderr]    Compiling mio v1.2.2
[INFO] [stderr]    Compiling utf8parse v0.2.2
[INFO] [stderr]    Compiling anstyle v1.0.14
[INFO] [stderr]    Compiling anstyle-parse v1.0.0
[INFO] [stderr]    Compiling colorchoice v1.0.5
[INFO] [stderr]    Compiling anstyle-query v1.1.5
[INFO] [stderr]    Compiling is_terminal_polyfill v1.70.2
[INFO] [stderr]    Compiling winnow v1.0.4
[INFO] [stderr]    Compiling parking_lot_core v0.9.12
[INFO] [stderr]    Compiling anstream v1.0.0
[INFO] [stderr]    Compiling tracing-core v0.1.36
[INFO] [stderr]    Compiling anyhow v1.0.104
[INFO] [stderr]    Compiling parking_lot v0.12.5
[INFO] [stderr]    Compiling toml_parser v1.1.3+spec-1.1.0
[INFO] [stderr]    Compiling rustversion v1.0.23
[INFO] [stderr]    Compiling log v0.4.33
[INFO] [stderr]    Compiling futures-task v0.3.33
[INFO] [stderr]    Compiling strsim v0.11.1
[INFO] [stderr]    Compiling toml_writer v1.1.2+spec-1.1.0
[INFO] [stderr]    Compiling slab v0.4.12
[INFO] [stderr]    Compiling clap_lex v1.1.0
[INFO] [stderr]    Compiling futures-util v0.3.33
[INFO] [stderr]    Compiling clap_builder v4.6.2
[INFO] [stderr]    Compiling tracing v0.1.44
[INFO] [stderr]    Compiling futures-channel v0.3.33
[INFO] [stderr]    Compiling http-body-util v0.1.4
[INFO] [stderr]    Compiling matchit v0.7.3
[INFO] [stderr]    Compiling serde_spanned v1.1.1
[INFO] [stderr]    Compiling toml_datetime v1.1.1+spec-1.1.0
[INFO] [stderr]    Compiling serde_path_to_error v0.1.20
[INFO] [stderr]    Compiling serde_json v1.0.151
[INFO] [stderr]    Compiling toml v1.1.4+spec-1.1.0
[INFO] [stderr]    Compiling tokio-macros v2.7.2
[INFO] [stderr]    Compiling serde_derive v1.0.229
[INFO] [stderr]    Compiling clap_derive v4.6.4
[INFO] [stderr]    Compiling async-trait v0.1.91
[INFO] [stderr]    Compiling tokio v1.53.1
[INFO] [stderr]    Compiling axum-core v0.4.5
[INFO] [stderr]    Compiling clap v4.6.4
[INFO] [stderr]    Compiling telem-core v0.1.0 (/opt/rustwide/workdir/crates/telem-core)
[INFO] [stderr]    Compiling serde_urlencoded v0.7.1
[INFO] [stdout] warning: field `conifguration` is never read
[INFO] [stdout]   --> crates/telem-core/src/config.rs:40:5
[INFO] [stdout]    |
[INFO] [stdout] 39 | pub struct Config {
[INFO] [stdout]    |            ------ field in this struct
[INFO] [stdout] 40 |     conifguration: Configuration,
[INFO] [stdout]    |     ^^^^^^^^^^^^^
[INFO] [stdout]    |
[INFO] [stdout]    = note: `#[warn(dead_code)]` (part of `#[warn(unused)]`) on by default
[INFO] [stdout] 
[INFO] [stdout] 
[INFO] [stdout] warning: associated function `init` is never used
[INFO] [stdout]   --> crates/telem-core/src/config.rs:44:8
[INFO] [stdout]    |
[INFO] [stdout] 43 | impl Config {
[INFO] [stdout]    | ----------- associated function in this implementation
[INFO] [stdout] 44 |     fn init(_path: PathBuf) -> Result<Self> {
[INFO] [stdout]    |        ^^^^
[INFO] [stdout] 
[INFO] [stdout] 
[INFO] [stderr]    Compiling hyper v1.11.0
[INFO] [stderr]    Compiling telem-cli v0.1.0 (/opt/rustwide/workdir/crates/telem-cli)
[INFO] [stderr]    Compiling tower v0.5.3
[INFO] [stdout] warning: unused import: `ffi::OsStr`
[INFO] [stdout]  --> crates/telem-cli/src/cli.rs:1:29
[INFO] [stdout]   |
[INFO] [stdout] 1 | use std::{env::current_dir, ffi::OsStr, fs, io::Write};
[INFO] [stdout]   |                             ^^^^^^^^^^
[INFO] [stdout]   |
[INFO] [stdout]   = note: `#[warn(unused_imports)]` (part of `#[warn(unused)]`) on by default
[INFO] [stdout] 
[INFO] [stdout] 
[INFO] [stderr]    Compiling tests v0.1.0 (/opt/rustwide/workdir/tests)
[INFO] [stderr]    Compiling hyper-util v0.1.20
[INFO] [stderr]    Compiling axum v0.7.9
[INFO] [stderr]    Compiling telem-server v0.1.0 (/opt/rustwide/workdir/crates/telem-server)
[INFO] [stderr] warning: unused dependency `toml`
[INFO] [stderr]  --> crates/telem-core/Cargo.toml:9:1
[INFO] [stderr]   |
[INFO] [stderr] 9 | toml.workspace = true
[INFO] [stderr]   | ^^^^
[INFO] [stderr]   |
[INFO] [stderr]   = note: `cargo::unused_dependencies` is set to `warn` by default
[INFO] [stderr] help: consider removing the dependency on `toml`
[INFO] [stderr] warning: `telem-core` (manifest) generated 1 warning
[INFO] [stderr] warning: unused dependency `telem-cli`
[INFO] [stderr]  --> tests/Cargo.toml:7:1
[INFO] [stderr]   |
[INFO] [stderr] 7 | telem-cli = { path = "../crates/telem-cli" }
[INFO] [stderr]   | ^^^^^^^^^^^^^^^^^^^^^^^^^^^^^^^^^^^^^^^^^^^^
[INFO] [stderr]   |
[INFO] [stderr]   = note: `cargo::unused_dependencies` is set to `warn` by default
[INFO] [stderr] help: consider removing the dependency on `telem-cli`
[INFO] [stderr] warning: `tests` (manifest) generated 1 warning
[INFO] [stderr]     Finished `release` profile [optimized] target(s) in 1m 27s
[INFO] running `Command { std: "docker" "inspect" "a332d0e8b0cac41f5f54a0a762e8c4112ad2dfc21b2bf714a8c5713312b33dac", kill_on_drop: false }`
[INFO] running `Command { std: "docker" "exec" "-e" "SOURCE_DIR=/opt/rustwide/workdir" "-e" "CARGO_HOME=/opt/rustwide/cargo-home" "-e" "RUSTUP_HOME=/opt/rustwide/rustup-home" "-e" "CARGO_TARGET_DIR=/opt/rustwide/target" "-e" "CARGO_INCREMENTAL=0" "-e" "RUST_BACKTRACE=full" "-e" "RUSTFLAGS=--cap-lints=warn" "-e" "RUSTDOCFLAGS=--cap-lints=warn" "-w" "/opt/rustwide/workdir" "--user" "0:0" "a332d0e8b0cac41f5f54a0a762e8c4112ad2dfc21b2bf714a8c5713312b33dac" "/opt/rustwide/cargo-home/bin/cargo" "+1.100.0-beta.1" "test" "--frozen" "--no-run" "--message-format=json" "--release", kill_on_drop: false }`
[INFO] [stderr] warning: unused workspace dependency `reqwest`
[INFO] [stderr]   --> Cargo.toml:10:1
[INFO] [stderr]    |
[INFO] [stderr] 10 | reqwest = "0.12"
[INFO] [stderr]    | ^^^^^^^
[INFO] [stderr]    |
[INFO] [stderr]    = note: `cargo::unused_workspace_dependencies` is set to `warn` by default
[INFO] [stderr] help: consider removing the workspace dependency `reqwest`
[INFO] [stderr] warning: workspace (manifest) generated 1 warning
[INFO] [stdout] warning: field `conifguration` is never read
[INFO] [stdout]   --> crates/telem-core/src/config.rs:40:5
[INFO] [stdout]    |
[INFO] [stdout] 39 | pub struct Config {
[INFO] [stdout]    |            ------ field in this struct
[INFO] [stdout] 40 |     conifguration: Configuration,
[INFO] [stdout]    |     ^^^^^^^^^^^^^
[INFO] [stdout]    |
[INFO] [stdout]    = note: `#[warn(dead_code)]` (part of `#[warn(unused)]`) on by default
[INFO] [stdout] 
[INFO] [stdout] 
[INFO] [stdout] warning: associated function `init` is never used
[INFO] [stdout]   --> crates/telem-core/src/config.rs:44:8
[INFO] [stdout]    |
[INFO] [stdout] 43 | impl Config {
[INFO] [stdout]    | ----------- associated function in this implementation
[INFO] [stdout] 44 |     fn init(_path: PathBuf) -> Result<Self> {
[INFO] [stdout]    |        ^^^^
[INFO] [stdout] 
[INFO] [stdout] 
[INFO] [stderr]    Compiling aho-corasick v1.1.4
[INFO] [stderr]    Compiling num-traits v0.2.19
[INFO] [stderr]    Compiling regex-syntax v0.8.11
[INFO] [stderr]    Compiling getrandom v0.4.3
[INFO] [stderr]    Compiling predicates-core v1.0.10
[INFO] [stderr]    Compiling rustix v1.1.4
[INFO] [stderr]    Compiling assert_cmd v2.2.2
[INFO] [stdout] warning: unused import: `ffi::OsStr`
[INFO] [stdout]  --> crates/telem-cli/src/cli.rs:1:29
[INFO] [stdout]   |
[INFO] [stdout] 1 | use std::{env::current_dir, ffi::OsStr, fs, io::Write};
[INFO] [stdout]   |                             ^^^^^^^^^^
[INFO] [stdout]   |
[INFO] [stdout]   = note: `#[warn(unused_imports)]` (part of `#[warn(unused)]`) on by default
[INFO] [stdout] 
[INFO] [stdout] 
[INFO] [stderr]    Compiling normalize-line-endings v0.3.0
[INFO] [stderr]    Compiling linux-raw-sys v0.12.1
[INFO] [stderr]    Compiling difflib v0.4.0
[INFO] [stderr]    Compiling bitflags v2.13.1
[INFO] [stderr]    Compiling termtree v0.5.1
[INFO] [stderr]    Compiling predicates-tree v1.0.13
[INFO] [stderr]    Compiling wait-timeout v0.2.1
[INFO] [stderr]    Compiling fastrand v2.5.0
[INFO] [stderr]    Compiling telem-server v0.1.0 (/opt/rustwide/workdir/crates/telem-server)
[INFO] [stderr]    Compiling telem-cli v0.1.0 (/opt/rustwide/workdir/crates/telem-cli)
[INFO] [stderr]    Compiling telem-core v0.1.0 (/opt/rustwide/workdir/crates/telem-core)
[INFO] [stdout] warning: unused import: `ffi::OsStr`
[INFO] [stdout]  --> crates/telem-cli/src/cli.rs:1:29
[INFO] [stdout]   |
[INFO] [stdout] 1 | use std::{env::current_dir, ffi::OsStr, fs, io::Write};
[INFO] [stdout]   |                             ^^^^^^^^^^
[INFO] [stdout]   |
[INFO] [stdout]   = note: `#[warn(unused_imports)]` (part of `#[warn(unused)]`) on by default
[INFO] [stdout] 
[INFO] [stdout] 
[INFO] [stdout] warning: field `conifguration` is never read
[INFO] [stdout]   --> crates/telem-core/src/config.rs:40:5
[INFO] [stdout]    |
[INFO] [stdout] 39 | pub struct Config {
[INFO] [stdout]    |            ------ field in this struct
[INFO] [stdout] 40 |     conifguration: Configuration,
[INFO] [stdout]    |     ^^^^^^^^^^^^^
[INFO] [stdout]    |
[INFO] [stdout]    = note: `#[warn(dead_code)]` (part of `#[warn(unused)]`) on by default
[INFO] [stdout] 
[INFO] [stdout] 
[INFO] [stdout] warning: associated function `init` is never used
[INFO] [stdout]   --> crates/telem-core/src/config.rs:44:8
[INFO] [stdout]    |
[INFO] [stdout] 43 | impl Config {
[INFO] [stdout]    | ----------- associated function in this implementation
[INFO] [stdout] 44 |     fn init(_path: PathBuf) -> Result<Self> {
[INFO] [stdout]    |        ^^^^
[INFO] [stdout] 
[INFO] [stdout] 
[INFO] [stderr]    Compiling float-cmp v0.10.0
[INFO] [stderr]    Compiling regex-automata v0.4.16
[INFO] [stderr]    Compiling tempfile v3.27.0
[INFO] [stderr]    Compiling regex v1.13.1
[INFO] [stderr]    Compiling bstr v1.13.0
[INFO] [stderr]    Compiling predicates v3.1.4
[INFO] [stderr]    Compiling tests v0.1.0 (/opt/rustwide/workdir/tests)
[INFO] [stdout] warning: unused imports: `File` and `io::Read`
[INFO] [stdout]  --> tests/tests/config_test.rs:2:16
[INFO] [stdout]   |
[INFO] [stdout] 2 |     fs::{self, File},
[INFO] [stdout]   |                ^^^^
[INFO] [stdout] 3 |     io::Read,
[INFO] [stdout]   |     ^^^^^^^^
[INFO] [stdout]   |
[INFO] [stdout]   = note: `#[warn(unused_imports)]` (part of `#[warn(unused)]`) on by default
[INFO] [stdout] 
[INFO] [stdout] 
[INFO] [stdout] warning: unused import: `tempfile::TempDir`
[INFO] [stdout]  --> tests/tests/config_test.rs:8:5
[INFO] [stdout]   |
[INFO] [stdout] 8 | use tempfile::TempDir;
[INFO] [stdout]   |     ^^^^^^^^^^^^^^^^^
[INFO] [stdout] 
[INFO] [stdout] 
[INFO] [stderr] warning: unused dependency `toml`
[INFO] [stderr]  --> crates/telem-core/Cargo.toml:9:1
[INFO] [stderr]   |
[INFO] [stderr] 9 | toml.workspace = true
[INFO] [stderr]   | ^^^^
[INFO] [stderr]   |
[INFO] [stderr]   = note: `cargo::unused_dependencies` is set to `warn` by default
[INFO] [stderr] help: consider removing the dependency on `toml`
[INFO] [stderr] warning: `telem-core` (manifest) generated 1 warning
[INFO] [stderr] warning: unused dependency `telem-cli`
[INFO] [stderr]  --> tests/Cargo.toml:7:1
[INFO] [stderr]   |
[INFO] [stderr] 7 | telem-cli = { path = "../crates/telem-cli" }
[INFO] [stderr]   | ^^^^^^^^^^^^^^^^^^^^^^^^^^^^^^^^^^^^^^^^^^^^
[INFO] [stderr]   |
[INFO] [stderr]   = note: `cargo::unused_dependencies` is set to `warn` by default
[INFO] [stderr] help: consider removing the dependency on `telem-cli`
[INFO] [stderr] warning: `tests` (manifest) generated 1 warning
[INFO] [stderr]     Finished `release` profile [optimized] target(s) in 50.07s
[INFO] running `Command { std: "docker" "inspect" "a332d0e8b0cac41f5f54a0a762e8c4112ad2dfc21b2bf714a8c5713312b33dac", kill_on_drop: false }`
[INFO] running `Command { std: "docker" "exec" "-e" "SOURCE_DIR=/opt/rustwide/workdir" "-e" "CARGO_HOME=/opt/rustwide/cargo-home" "-e" "RUSTUP_HOME=/opt/rustwide/rustup-home" "-e" "CARGO_TARGET_DIR=/opt/rustwide/target" "-e" "CARGO_INCREMENTAL=0" "-e" "RUST_BACKTRACE=full" "-e" "RUSTFLAGS=--cap-lints=warn" "-e" "RUSTDOCFLAGS=--cap-lints=warn" "-w" "/opt/rustwide/workdir" "--user" "0:0" "a332d0e8b0cac41f5f54a0a762e8c4112ad2dfc21b2bf714a8c5713312b33dac" "/opt/rustwide/cargo-home/bin/cargo" "+1.100.0-beta.1" "test" "--frozen" "--release", kill_on_drop: false }`
[INFO] [stderr] warning: unused workspace dependency `reqwest`
[INFO] [stderr]   --> Cargo.toml:10:1
[INFO] [stderr]    |
[INFO] [stderr] 10 | reqwest = "0.12"
[INFO] [stderr]    | ^^^^^^^
[INFO] [stderr]    |
[INFO] [stderr]    = note: `cargo::unused_workspace_dependencies` is set to `warn` by default
[INFO] [stderr] help: consider removing the workspace dependency `reqwest`
[INFO] [stderr] warning: workspace (manifest) generated 1 warning
[INFO] [stderr] warning: field `conifguration` is never read
[INFO] [stderr]   --> crates/telem-core/src/config.rs:40:5
[INFO] [stderr]    |
[INFO] [stderr] 39 | pub struct Config {
[INFO] [stderr]    |            ------ field in this struct
[INFO] [stderr] 40 |     conifguration: Configuration,
[INFO] [stderr]    |     ^^^^^^^^^^^^^
[INFO] [stderr]    |
[INFO] [stderr]    = note: `#[warn(dead_code)]` (part of `#[warn(unused)]`) on by default
[INFO] [stderr] 
[INFO] [stderr] warning: associated function `init` is never used
[INFO] [stderr]   --> crates/telem-core/src/config.rs:44:8
[INFO] [stderr]    |
[INFO] [stderr] 43 | impl Config {
[INFO] [stderr]    | ----------- associated function in this implementation
[INFO] [stderr] 44 |     fn init(_path: PathBuf) -> Result<Self> {
[INFO] [stderr]    |        ^^^^
[INFO] [stderr] 
[INFO] [stderr] warning: `telem-core` (lib) generated 2 warnings
[INFO] [stderr] warning: unused import: `ffi::OsStr`
[INFO] [stderr]  --> crates/telem-cli/src/cli.rs:1:29
[INFO] [stderr]   |
[INFO] [stderr] 1 | use std::{env::current_dir, ffi::OsStr, fs, io::Write};
[INFO] [stderr]   |                             ^^^^^^^^^^
[INFO] [stderr]   |
[INFO] [stderr]   = note: `#[warn(unused_imports)]` (part of `#[warn(unused)]`) on by default
[INFO] [stderr] 
[INFO] [stderr] warning: `telem-cli` (lib) generated 1 warning (run `cargo fix --lib -p telem-cli` to apply 1 suggestion)
[INFO] [stderr] warning: unused imports: `File` and `io::Read`
[INFO] [stderr]  --> tests/tests/config_test.rs:2:16
[INFO] [stderr]   |
[INFO] [stderr] 2 |     fs::{self, File},
[INFO] [stderr]   |                ^^^^
[INFO] [stderr] 3 |     io::Read,
[INFO] [stderr]   |     ^^^^^^^^
[INFO] [stderr]   |
[INFO] [stderr]   = note: `#[warn(unused_imports)]` (part of `#[warn(unused)]`) on by default
[INFO] [stderr] 
[INFO] [stderr] warning: unused import: `tempfile::TempDir`
[INFO] [stderr]  --> tests/tests/config_test.rs:8:5
[INFO] [stderr]   |
[INFO] [stderr] 8 | use tempfile::TempDir;
[INFO] [stderr]   |     ^^^^^^^^^^^^^^^^^
[INFO] [stderr] 
[INFO] [stderr] warning: `tests` (test "config_test") generated 2 warnings (run `cargo fix --test "config_test" -p tests` to apply 2 suggestions)
[INFO] [stderr] warning: `telem-cli` (lib test) generated 1 warning (1 duplicate)
[INFO] [stderr] warning: `telem-core` (lib test) generated 2 warnings (2 duplicates)
[INFO] [stderr] warning: unused dependency `toml`
[INFO] [stderr]  --> crates/telem-core/Cargo.toml:9:1
[INFO] [stderr]   |
[INFO] [stderr] 9 | toml.workspace = true
[INFO] [stderr]   | ^^^^
[INFO] [stderr]   |
[INFO] [stderr]   = note: `cargo::unused_dependencies` is set to `warn` by default
[INFO] [stderr] help: consider removing the dependency on `toml`
[INFO] [stderr] warning: `telem-core` (manifest) generated 1 warning
[INFO] [stderr] warning: unused dependency `telem-cli`
[INFO] [stderr]  --> tests/Cargo.toml:7:1
[INFO] [stderr]   |
[INFO] [stderr] 7 | telem-cli = { path = "../crates/telem-cli" }
[INFO] [stderr]   | ^^^^^^^^^^^^^^^^^^^^^^^^^^^^^^^^^^^^^^^^^^^^
[INFO] [stderr]   |
[INFO] [stderr]   = note: `cargo::unused_dependencies` is set to `warn` by default
[INFO] [stderr] help: consider removing the dependency on `telem-cli`
[INFO] [stderr] warning: `tests` (manifest) generated 1 warning
[INFO] [stderr]     Finished `release` profile [optimized] target(s) in 0.20s
[INFO] [stderr]      Running unittests src/lib.rs (/opt/rustwide/target/release/build/telem-cli/2f26fb562e1cddfa/out/telem_cli-2f26fb562e1cddfa)
[INFO] [stdout] 
[INFO] [stdout] running 0 tests
[INFO] [stdout] 
[INFO] [stdout] test result: ok. 0 passed; 0 failed; 0 ignored; 0 measured; 0 filtered out; finished in 0.00s
[INFO] [stdout] 
[INFO] [stderr]      Running unittests src/main.rs (/opt/rustwide/target/release/build/telem-cli/4699efa71150dc6f/out/telem-4699efa71150dc6f)
[INFO] [stdout] 
[INFO] [stdout] running 0 tests
[INFO] [stdout] 
[INFO] [stdout] test result: ok. 0 passed; 0 failed; 0 ignored; 0 measured; 0 filtered out; finished in 0.00s
[INFO] [stdout] 
[INFO] [stderr]      Running unittests src/lib.rs (/opt/rustwide/target/release/build/telem-core/745ddd9a245e55aa/out/telem_core-745ddd9a245e55aa)
[INFO] [stdout] 
[INFO] [stdout] running 0 tests
[INFO] [stdout] 
[INFO] [stdout] test result: ok. 0 passed; 0 failed; 0 ignored; 0 measured; 0 filtered out; finished in 0.00s
[INFO] [stdout] 
[INFO] [stderr]      Running unittests src/main.rs (/opt/rustwide/target/release/build/telem-server/0be6d96da1c6e863/out/telem_server-0be6d96da1c6e863)
[INFO] [stdout] 
[INFO] [stdout] running 0 tests
[INFO] [stdout] 
[INFO] [stdout] test result: ok. 0 passed; 0 failed; 0 ignored; 0 measured; 0 filtered out; finished in 0.00s
[INFO] [stdout] 
[INFO] [stdout] 
[INFO] [stderr]      Running unittests src/lib.rs (/opt/rustwide/target/release/build/tests/5fbbcfb0066e495a/out/tests-5fbbcfb0066e495a)
[INFO] [stdout] running 0 tests
[INFO] [stderr]      Running tests/config_test.rs (/opt/rustwide/target/release/build/tests/dcedd956a2e24ccc/out/config_test-dcedd956a2e24ccc)
[INFO] [stdout] 
[INFO] [stdout] test result: ok. 0 passed; 0 failed; 0 ignored; 0 measured; 0 filtered out; finished in 0.00s
[INFO] [stdout] 
[INFO] [stdout] 
[INFO] [stdout] running 2 tests
[INFO] [stdout] test init_create_default_config_once ... FAILED
[INFO] [stdout] test init_create_file_with_contents ... FAILED
[INFO] [stdout] 
[INFO] [stdout] failures:
[INFO] [stdout] 
[INFO] [stdout] ---- init_create_default_config_once stdout ----
[INFO] [stdout] 
[INFO] [stdout] thread 'init_create_default_config_once' (1561) panicked at /opt/rustwide/cargo-home/registry/src/index.crates.io-1949cf8c6b5b557f/assert_cmd-2.2.2/src/cargo.rs:232:5:
[INFO] [stdout] `CARGO_BIN_EXE_telem` is unset
[INFO] [stdout] help: if this is running within a unit test, move it to an integration test to gain access to `CARGO_BIN_EXE_telem`
[INFO] [stdout] stack backtrace:
[INFO] [stdout]    0:     0x5970ec5be731 - <<std[617be2ca0a6fd877]::sys::backtrace::BacktraceLock>::print::DisplayBacktrace as core[a373ad73a504971]::fmt::Display>::fmt
[INFO] [stdout]    1:     0x5970ec5d52ca - core[a373ad73a504971]::fmt::write
[INFO] [stdout]    2:     0x5970ec5c409c - <alloc[2e1b2a31b91974c5]::vec::Vec<u8> as core[a373ad73a504971]::io::write::Write>::write_fmt
[INFO] [stdout]    3:     0x5970ec5989d6 - std[617be2ca0a6fd877]::panicking::default_hook::{closure#0}
[INFO] [stdout]    4:     0x5970ec5b60b9 - std[617be2ca0a6fd877]::panicking::default_hook
[INFO] [stdout]    5:     0x5970ec5400a0 - test[aada8e7e76ba119b]::test_main_inner::{closure#0}
[INFO] [stdout]    6:     0x5970ec5b6272 - std[617be2ca0a6fd877]::panicking::panic_with_hook
[INFO] [stdout]    7:     0x5970ec598a82 - std[617be2ca0a6fd877]::panicking::panic_handler::{closure#0}
[INFO] [stdout]    8:     0x5970ec591449 - std[617be2ca0a6fd877]::sys::backtrace::__rust_end_short_backtrace::<std[617be2ca0a6fd877]::panicking::panic_handler::{closure#0}, !>
[INFO] [stdout]    9:     0x5970ec59968d - __rustc[ea4f61d10b84890b]::rust_begin_unwind
[INFO] [stdout]   10:     0x5970ec5d5a7c - core[a373ad73a504971]::panicking::panic_fmt
[INFO] [stdout]   11:     0x5970ec57731f - assert_cmd[1785d35fc87050ef]::cargo::missing_cargo_bin
[INFO] [stdout]   12:     0x5970ec5770d3 - assert_cmd[1785d35fc87050ef]::cargo::cargo_bin_str
[INFO] [stdout]   13:     0x5970ec531946 - <assert_cmd[1785d35fc87050ef]::cmd::Command>::cargo_bin::<&str>
[INFO] [stdout]   14:     0x5970ec531138 - <config_test[7161560bb0895720]::init_create_default_config_once::{closure#0} as core[a373ad73a504971]::ops::function::FnOnce<()>>::call_once
[INFO] [stdout]   15:     0x5970ec5334eb - test[aada8e7e76ba119b]::__rust_begin_short_backtrace::<core[a373ad73a504971]::result::Result<(), alloc[2e1b2a31b91974c5]::string::String>, fn() -> core[a373ad73a504971]::result::Result<(), alloc[2e1b2a31b91974c5]::string::String>>
[INFO] [stdout]   16:     0x5970ec5406c5 - test[aada8e7e76ba119b]::run_test::{closure#0}
[INFO] [stdout]   17:     0x5970ec539fb4 - std[617be2ca0a6fd877]::sys::backtrace::__rust_begin_short_backtrace::<test[aada8e7e76ba119b]::run_test::{closure#1}, ()>
[INFO] [stdout]   18:     0x5970ec543752 - <std[617be2ca0a6fd877]::thread::lifecycle::spawn_unchecked<test[aada8e7e76ba119b]::run_test::{closure#1}, ()>::{closure#1} as core[a373ad73a504971]::ops::function::FnOnce<()>>::call_once::{shim:vtable#0}
[INFO] [stdout]   19:     0x5970ec5bdbaf - <std[617be2ca0a6fd877]::sys::thread::unix::Thread>::new::thread_start
[INFO] [stdout]   20:     0x784004cc4dfa - <unknown>
[INFO] [stdout]   21:     0x784004d583d4 - clone
[INFO] [stdout]   22:                0x0 - <unknown>
[INFO] [stdout] 
[INFO] [stdout] ---- init_create_file_with_contents stdout ----
[INFO] [stdout] 
[INFO] [stdout] thread 'init_create_file_with_contents' (1562) panicked at /opt/rustwide/cargo-home/registry/src/index.crates.io-1949cf8c6b5b557f/assert_cmd-2.2.2/src/cargo.rs:232:5:
[INFO] [stdout] `CARGO_BIN_EXE_telem` is unset
[INFO] [stdout] help: if this is running within a unit test, move it to an integration test to gain access to `CARGO_BIN_EXE_telem`
[INFO] [stdout] stack backtrace:
[INFO] [stdout]    0:     0x5970ec5be731 - <<std[617be2ca0a6fd877]::sys::backtrace::BacktraceLock>::print::DisplayBacktrace as core[a373ad73a504971]::fmt::Display>::fmt
[INFO] [stdout]    1:     0x5970ec5d52ca - core[a373ad73a504971]::fmt::write
[INFO] [stdout]    2:     0x5970ec5c409c - <alloc[2e1b2a31b91974c5]::vec::Vec<u8> as core[a373ad73a504971]::io::write::Write>::write_fmt
[INFO] [stdout]    3:     0x5970ec5989d6 - std[617be2ca0a6fd877]::panicking::default_hook::{closure#0}
[INFO] [stdout]    4:     0x5970ec5b60b9 - std[617be2ca0a6fd877]::panicking::default_hook
[INFO] [stdout]    5:     0x5970ec5400a0 - test[aada8e7e76ba119b]::test_main_inner::{closure#0}
[INFO] [stdout]    6:     0x5970ec5b6272 - std[617be2ca0a6fd877]::panicking::panic_with_hook
[INFO] [stdout]    7:     0x5970ec598a82 - std[617be2ca0a6fd877]::panicking::panic_handler::{closure#0}
[INFO] [stdout]    8:     0x5970ec591449 - std[617be2ca0a6fd877]::sys::backtrace::__rust_end_short_backtrace::<std[617be2ca0a6fd877]::panicking::panic_handler::{closure#0}, !>
[INFO] [stdout]    9:     0x5970ec59968d - __rustc[ea4f61d10b84890b]::rust_begin_unwind
[INFO] [stdout]   10:     0x5970ec5d5a7c - core[a373ad73a504971]::panicking::panic_fmt
[INFO] [stdout]   11:     0x5970ec57731f - assert_cmd[1785d35fc87050ef]::cargo::missing_cargo_bin
[INFO] [stdout]   12:     0x5970ec5770d3 - assert_cmd[1785d35fc87050ef]::cargo::cargo_bin_str
[INFO] [stdout]   13:     0x5970ec531946 - <assert_cmd[1785d35fc87050ef]::cmd::Command>::cargo_bin::<&str>
[INFO] [stdout]   14:     0x5970ec5303c5 - <config_test[7161560bb0895720]::init_create_file_with_contents::{closure#0} as core[a373ad73a504971]::ops::function::FnOnce<()>>::call_once
[INFO] [stdout]   15:     0x5970ec5334eb - test[aada8e7e76ba119b]::__rust_begin_short_backtrace::<core[a373ad73a504971]::result::Result<(), alloc[2e1b2a31b91974c5]::string::String>, fn() -> core[a373ad73a504971]::result::Result<(), alloc[2e1b2a31b91974c5]::string::String>>
[INFO] [stdout]   16:     0x5970ec5406c5 - test[aada8e7e76ba119b]::run_test::{closure#0}
[INFO] [stdout]   17:     0x5970ec539fb4 - std[617be2ca0a6fd877]::sys::backtrace::__rust_begin_short_backtrace::<test[aada8e7e76ba119b]::run_test::{closure#1}, ()>
[INFO] [stdout]   18:     0x5970ec543752 - <std[617be2ca0a6fd877]::thread::lifecycle::spawn_unchecked<test[aada8e7e76ba119b]::run_test::{closure#1}, ()>::{closure#1} as core[a373ad73a504971]::ops::function::FnOnce<()>>::call_once::{shim:vtable#0}
[INFO] [stdout]   19:     0x5970ec5bdbaf - <std[617be2ca0a6fd877]::sys::thread::unix::Thread>::new::thread_start
[INFO] [stdout]   20:     0x784004cc4dfa - <unknown>
[INFO] [stdout]   21:     0x784004d583d4 - clone
[INFO] [stdout]   22:                0x0 - <unknown>
[INFO] [stdout] 
[INFO] [stdout] 
[INFO] [stdout] failures:
[INFO] [stdout]     init_create_default_config_once
[INFO] [stdout]     init_create_file_with_contents
[INFO] [stdout] 
[INFO] [stdout] test result: FAILED. 0 passed; 2 failed; 0 ignored; 0 measured; 0 filtered out; finished in 0.01s
[INFO] [stdout] 
[INFO] [stderr] error: test failed, to rerun pass `-p tests --test config_test`
[INFO] running `Command { std: "docker" "inspect" "a332d0e8b0cac41f5f54a0a762e8c4112ad2dfc21b2bf714a8c5713312b33dac", kill_on_drop: false }`
[INFO] running `Command { std: "docker" "rm" "-f" "a332d0e8b0cac41f5f54a0a762e8c4112ad2dfc21b2bf714a8c5713312b33dac", kill_on_drop: false }`
[INFO] [stdout] a332d0e8b0cac41f5f54a0a762e8c4112ad2dfc21b2bf714a8c5713312b33dac
