[INFO] cloning repository https://github.com/lijianqii/rbox
[INFO] running `Command { std: "git" "-c" "credential.helper=" "-c" "credential.helper=/workspace/cargo-home/bin/git-credential-null" "clone" "--bare" "https://github.com/lijianqii/rbox" "/workspace/cache/git-repos/https%3A%2F%2Fgithub.com%2Flijianqii%2Frbox", kill_on_drop: false }`
[INFO] [stderr] Cloning into bare repository '/workspace/cache/git-repos/https%3A%2F%2Fgithub.com%2Flijianqii%2Frbox'...
[INFO] running `Command { std: "git" "rev-parse" "HEAD", kill_on_drop: false }`
[INFO] [stdout] 7542a7deea788616a556e757e569a06cc2c27039
[INFO] testing lijianqii/rbox against 1.100.0-beta.1+cargoflags=--release for beta-release-1.100-2
[INFO] running `Command { std: "git" "clone" "/workspace/cache/git-repos/https%3A%2F%2Fgithub.com%2Flijianqii%2Frbox" "/workspace/builds/worker-5-tc2/source", kill_on_drop: false }`
[INFO] [stderr] Cloning into '/workspace/builds/worker-5-tc2/source'...
[INFO] [stderr] done.
[INFO] removed /workspace/builds/worker-5-tc2/source/.cargo/config.toml
[INFO] started tweaking git repo https://github.com/lijianqii/rbox
[INFO] finished tweaking git repo https://github.com/lijianqii/rbox
[INFO] tweaked toml for git repo https://github.com/lijianqii/rbox written to /workspace/builds/worker-5-tc2/source/Cargo.toml
[INFO] validating manifest of git repo https://github.com/lijianqii/rbox on toolchain 1.100.0-beta.1
[INFO] running `Command { std: CARGO_HOME="/workspace/cargo-home" RUSTUP_HOME="/workspace/rustup-home" "/workspace/cargo-home/bin/cargo" "+1.100.0-beta.1" "metadata" "--manifest-path" "Cargo.toml" "--no-deps", kill_on_drop: false }`
[INFO] crate git repo https://github.com/lijianqii/rbox already has a lockfile, it will not be regenerated
[INFO] running `Command { std: CARGO_HOME="/workspace/cargo-home" RUSTUP_HOME="/workspace/rustup-home" "/workspace/cargo-home/bin/cargo" "+1.100.0-beta.1" "fetch" "--manifest-path" "Cargo.toml", kill_on_drop: false }`
[INFO] running `Command { std: "docker" "create" "-v" "/var/lib/crater-agent-workspace/builds/worker-5-tc2/source:/opt/rustwide/workdir:ro,Z" "-v" "/var/lib/crater-agent-workspace/builds/worker-5-tc2/target:/opt/rustwide/target:rw,Z" "-v" "/var/lib/crater-agent-workspace/cargo-home:/opt/rustwide/cargo-home:ro,Z" "-v" "/var/lib/crater-agent-workspace/rustup-home:/opt/rustwide/rustup-home:ro,Z" "-m" "1610612736" "--network" "none" "ghcr.io/rust-lang/crates-build-env/linux@sha256:77db811e55d90add9212f6832c23229e3de5f1c1f9905e8cb07319ea15df73ac" "sleep" "infinity", kill_on_drop: false }`
[INFO] [stdout] 03b6606f1ae32cdbdc510a999de47dea06a2f62c74e56d64da42e1483c28ca61
[INFO] running `Command { std: "docker" "start" "03b6606f1ae32cdbdc510a999de47dea06a2f62c74e56d64da42e1483c28ca61", kill_on_drop: false }`
[INFO] running `Command { std: "docker" "inspect" "03b6606f1ae32cdbdc510a999de47dea06a2f62c74e56d64da42e1483c28ca61", kill_on_drop: false }`
[INFO] running `Command { std: "docker" "exec" "-e" "SOURCE_DIR=/opt/rustwide/workdir" "-e" "CARGO_HOME=/opt/rustwide/cargo-home" "-e" "RUSTUP_HOME=/opt/rustwide/rustup-home" "-e" "CARGO_TARGET_DIR=/opt/rustwide/target" "-w" "/opt/rustwide/workdir" "--user" "0:0" "03b6606f1ae32cdbdc510a999de47dea06a2f62c74e56d64da42e1483c28ca61" "/opt/rustwide/cargo-home/bin/cargo" "+1.100.0-beta.1" "metadata" "--no-deps" "--format-version=1", kill_on_drop: false }`
[INFO] running `Command { std: "docker" "inspect" "03b6606f1ae32cdbdc510a999de47dea06a2f62c74e56d64da42e1483c28ca61", kill_on_drop: false }`
[INFO] running `Command { std: "docker" "exec" "-e" "SOURCE_DIR=/opt/rustwide/workdir" "-e" "CARGO_HOME=/opt/rustwide/cargo-home" "-e" "RUSTUP_HOME=/opt/rustwide/rustup-home" "-e" "CARGO_TARGET_DIR=/opt/rustwide/target" "-e" "CARGO_INCREMENTAL=0" "-e" "RUST_BACKTRACE=full" "-e" "RUSTFLAGS=--cap-lints=warn" "-e" "RUSTDOCFLAGS=--cap-lints=warn" "-w" "/opt/rustwide/workdir" "--user" "0:0" "03b6606f1ae32cdbdc510a999de47dea06a2f62c74e56d64da42e1483c28ca61" "/opt/rustwide/cargo-home/bin/cargo" "+1.100.0-beta.1" "build" "--frozen" "--message-format=json" "--release", kill_on_drop: false }`
[INFO] [stderr]    Compiling proc-macro2 v1.0.107
[INFO] [stderr]    Compiling unicode-ident v1.0.24
[INFO] [stderr]    Compiling quote v1.0.47
[INFO] [stderr]    Compiling serde_core v1.0.229
[INFO] [stderr]    Compiling serde v1.0.229
[INFO] [stderr]    Compiling hashbrown v0.17.1
[INFO] [stderr]    Compiling equivalent v1.0.2
[INFO] [stderr]    Compiling libc v0.2.189
[INFO] [stderr]    Compiling winnow v0.7.15
[INFO] [stderr]    Compiling toml_write v0.1.2
[INFO] [stderr]    Compiling indexmap v2.14.0
[INFO] [stderr]    Compiling syn v3.0.3
[INFO] [stderr]    Compiling serde_derive v1.0.229
[INFO] [stderr]    Compiling serde_spanned v0.6.9
[INFO] [stderr]    Compiling toml_datetime v0.6.11
[INFO] [stderr]    Compiling toml_edit v0.22.27
[INFO] [stderr]    Compiling toml v0.8.23
[INFO] [stderr]    Compiling rbox v0.1.0 (/opt/rustwide/workdir)
[INFO] [stderr]     Finished `release` profile [optimized] target(s) in 1m 03s
[INFO] running `Command { std: "docker" "inspect" "03b6606f1ae32cdbdc510a999de47dea06a2f62c74e56d64da42e1483c28ca61", kill_on_drop: false }`
[INFO] running `Command { std: "docker" "exec" "-e" "SOURCE_DIR=/opt/rustwide/workdir" "-e" "CARGO_HOME=/opt/rustwide/cargo-home" "-e" "RUSTUP_HOME=/opt/rustwide/rustup-home" "-e" "CARGO_TARGET_DIR=/opt/rustwide/target" "-e" "CARGO_INCREMENTAL=0" "-e" "RUST_BACKTRACE=full" "-e" "RUSTFLAGS=--cap-lints=warn" "-e" "RUSTDOCFLAGS=--cap-lints=warn" "-w" "/opt/rustwide/workdir" "--user" "0:0" "03b6606f1ae32cdbdc510a999de47dea06a2f62c74e56d64da42e1483c28ca61" "/opt/rustwide/cargo-home/bin/cargo" "+1.100.0-beta.1" "test" "--frozen" "--no-run" "--message-format=json" "--release", kill_on_drop: false }`
[INFO] [stderr]    Compiling equivalent v1.0.2
[INFO] [stderr]    Compiling hashbrown v0.17.1
[INFO] [stderr]    Compiling toml_write v0.1.2
[INFO] [stderr]    Compiling winnow v0.7.15
[INFO] [stderr]    Compiling serde_core v1.0.229
[INFO] [stderr]    Compiling libc v0.2.189
[INFO] [stderr]    Compiling indexmap v2.14.0
[INFO] [stderr]    Compiling serde v1.0.229
[INFO] [stderr]    Compiling serde_spanned v0.6.9
[INFO] [stderr]    Compiling toml_datetime v0.6.11
[INFO] [stderr]    Compiling toml_edit v0.22.27
[INFO] [stderr]    Compiling toml v0.8.23
[INFO] [stderr]    Compiling rbox v0.1.0 (/opt/rustwide/workdir)
[INFO] [stdout] warning: unused `test::ExitCode` that must be used
[INFO] [stdout]   --> src/applets/sys/env.rs:85:9
[INFO] [stdout]    |
[INFO] [stdout] 85 |         ENV.run(&args);
[INFO] [stdout]    |         ^^^^^^^^^^^^^^
[INFO] [stdout]    |
[INFO] [stdout]    = note: `#[warn(unused_must_use)]` (part of `#[warn(unused)]`) on by default
[INFO] [stdout] help: use `let _ = ...` to ignore the resulting value
[INFO] [stdout]    |
[INFO] [stdout] 85 |         let _ = ENV.run(&args);
[INFO] [stdout]    |         +++++++
[INFO] [stdout] 
[INFO] [stdout] 
[INFO] [stderr]     Finished `release` profile [optimized] target(s) in 1m 22s
[INFO] running `Command { std: "docker" "inspect" "03b6606f1ae32cdbdc510a999de47dea06a2f62c74e56d64da42e1483c28ca61", kill_on_drop: false }`
[INFO] running `Command { std: "docker" "exec" "-e" "SOURCE_DIR=/opt/rustwide/workdir" "-e" "CARGO_HOME=/opt/rustwide/cargo-home" "-e" "RUSTUP_HOME=/opt/rustwide/rustup-home" "-e" "CARGO_TARGET_DIR=/opt/rustwide/target" "-e" "CARGO_INCREMENTAL=0" "-e" "RUST_BACKTRACE=full" "-e" "RUSTFLAGS=--cap-lints=warn" "-e" "RUSTDOCFLAGS=--cap-lints=warn" "-w" "/opt/rustwide/workdir" "--user" "0:0" "03b6606f1ae32cdbdc510a999de47dea06a2f62c74e56d64da42e1483c28ca61" "/opt/rustwide/cargo-home/bin/cargo" "+1.100.0-beta.1" "test" "--frozen" "--release", kill_on_drop: false }`
[INFO] [stderr] warning: unused `test::ExitCode` that must be used
[INFO] [stderr]   --> src/applets/sys/env.rs:85:9
[INFO] [stderr]    |
[INFO] [stderr] 85 |         ENV.run(&args);
[INFO] [stderr]    |         ^^^^^^^^^^^^^^
[INFO] [stderr]    |
[INFO] [stderr]    = note: `#[warn(unused_must_use)]` (part of `#[warn(unused)]`) on by default
[INFO] [stderr] help: use `let _ = ...` to ignore the resulting value
[INFO] [stderr]    |
[INFO] [stderr] 85 |         let _ = ENV.run(&args);
[INFO] [stderr]    |         +++++++
[INFO] [stderr] 
[INFO] [stderr] warning: `rbox` (bin "rbox" test) generated 1 warning
[INFO] [stderr]     Finished `release` profile [optimized] target(s) in 0.04s
[INFO] [stderr]      Running unittests src/main.rs (/opt/rustwide/target/release/build/rbox/be1899759209c233/out/rbox-be1899759209c233)
[INFO] [stdout] 
[INFO] [stdout] running 912 tests
[INFO] [stdout] test applets::core::init::cgroup::tests::bytes_parsing ... ok
[INFO] [stdout] test applets::core::init::mount::tests::parse_fstab_basic_entries ... ok
[INFO] [stdout] test applets::core::init::mount::tests::parse_fstab_drops_short_lines ... ok
[INFO] [stdout] test applets::core::init::mount::tests::parse_fstab_skips_comments_and_blank_lines ... ok
[INFO] [stdout] test applets::core::init::cgroup::tests::signal_all_skips_self_and_init ... ok
[INFO] [stdout] test applets::core::init::server::tests::cpu_percent_uses_delta_over_interval ... ok
[INFO] [stdout] test applets::core::init::notify::tests::parse_notify_messages ... ok
[INFO] [stdout] test applets::core::init::boot::tests::boot_mode_from_words_matches_exact_words ... ok
[INFO] [stdout] test applets::core::init::mount::tests::mount_line_matches_basic ... ok
[INFO] [stdout] test applets::core::init::mount::tests::mount_line_matches_wrong_type ... ok
[INFO] [stdout] test applets::core::init::server::tests::format_status_single_not_started_unit ... ok
[INFO] [stdout] test applets::core::init::mount::tests::parse_sysctl_conf_basic ... ok
[INFO] [stdout] test applets::core::control::tests::send_request_no_socket ... ok
[INFO] [stdout] test applets::core::init::cgroup::tests::cpu_quota_parsing ... ok
[INFO] [stdout] test applets::core::init::randseed::tests::save_and_load_roundtrip ... ok
[INFO] [stdout] test applets::core::init::server::tests::format_status_target ... ok
[INFO] [stdout] test applets::core::control::tests::send_request_times_out_when_server_silent ... ok
[INFO] [stdout] test applets::core::init::server::tests::format_status_unknown_unit ... ok
[INFO] [stdout] test applets::core::init::cgroup::tests::procs_and_populated_from_cgroup_file ... ok
[INFO] [stdout] test applets::core::init::server::tests::status_renders_service_proc_tree ... ok
[INFO] [stdout] test applets::core::init::server::tests::format_status_merges_running_and_units ... ok
[INFO] [stdout] test applets::core::init::mount::tests::machine_id_generation_and_validation ... ok
[INFO] [stdout] test applets::core::init::server::tests::status_tree_connectors_and_init_line ... ok
[INFO] [stdout] test applets::core::init::server::tests::status_skips_procs_when_root_missing ... ok
[INFO] [stdout] test applets::core::init::server::tests::parse_control_request_status ... ok
[INFO] [stdout] test applets::core::init::server::tests::parse_control_request_new_commands ... ok
[INFO] [stdout] test applets::core::init::server::tests::set_enabled_provided_masks_and_unmasks ... ok
[INFO] [stdout] test applets::core::init::server::tests::parse_control_request_reload ... ok
[INFO] [stderr] rbox W: rbox init: fork.service daemonized without PIDFile and no cgroup2; daemon crash will not trigger Restart=
[INFO] [stdout] test applets::core::init::services::tests::classify_raw_status_kinds ... ok
[INFO] [stderr] rbox I: rbox init: t.service failed 6 times, giving up (StartLimitBurst=5)
[INFO] [stdout] test applets::core::init::server::tests::format_status_single_unit ... ok
[INFO] [stdout] test applets::core::init::server::tests::parse_control_request_service_cmds ... ok
[INFO] [stdout] test applets::core::init::services::tests::exec_attrs_from_unit ... ok
[INFO] [stdout] test applets::core::init::services::tests::failure_reason_is_failure_and_exit_code ... ok
[INFO] [stdout] test applets::core::init::server::tests::format_status_lists_not_started_units ... ok
[INFO] [stdout] test applets::core::init::mount::tests::parse_mount_flags_mapping ... ok
[INFO] [stdout] test applets::core::init::server::tests::format_status_lists_all ... ok
[INFO] [stdout] test applets::core::init::server::tests::status_line_shows_fail_count ... ok
[INFO] [stdout] test applets::core::init::server::tests::parse_control_request_errors ... ok
[INFO] [stdout] test applets::core::init::services::tests::finish_daemonize_reads_pidfile ... ok
[INFO] [stdout] test applets::core::init::services::tests::directory_directives_create_dirs_and_env ... ok
[INFO] [stdout] test applets::core::init::services::tests::is_active_covers_cgroup_tracked_services ... ok
[INFO] [stderr] rbox W: rbox init: a exited with 2 (RestartPreventExitStatus), not restarting
[INFO] [stdout] test applets::core::init::services::tests::kill_scope_mapping ... ok
[INFO] [stdout] test applets::core::init::services::tests::new_notify_instance_has_ready_deadline ... ok
[INFO] [stdout] test applets::core::init::services::tests::notify_ready_deadline_only_for_notify ... ok
[INFO] [stdout] test applets::core::init::services::tests::oneshot_instance_active_with_remain ... ok
[INFO] [stdout] test applets::core::init::services::tests::parse_environment_basic ... ok
[INFO] [stdout] test applets::core::init::services::tests::parse_environment_skips_invalid ... ok
[INFO] [stderr] rbox I: rbox init: rotating log /tmp/rbox_rot_578/test.log (256KB > 256KB)
[INFO] [stdout] test applets::core::init::services::tests::restart_always_restarts_on_success ... ok
[INFO] [stdout] test applets::core::init::services::tests::restart_always_respects_stopped ... ok
[INFO] [stdout] test applets::core::init::services::tests::finish_daemonize_without_pidfile_does_not_track ... ok
[INFO] [stdout] test applets::core::init::services::tests::restart_no_policy_never_restarts ... ok
[INFO] [stdout] test applets::core::init::services::tests::restart_policy_parse_and_label ... ok
[INFO] [stdout] test applets::core::init::services::tests::restart_burst_allows_exact_burst_then_gives_up ... ok
[INFO] [stdout] test applets::core::init::services::tests::restart_policy_restart_matrix ... ok
[INFO] [stdout] test applets::core::init::services::tests::restart_success_clears_count ... ok
[INFO] [stdout] test applets::core::init::services::tests::restart_window_resets_after_interval ... ok
[INFO] [stdout] test applets::core::init::services::tests::restart_steps_exponential_backoff ... ok
[INFO] [stdout] test applets::core::init::services::tests::restart_prevent_exit_status_blocks_restart ... ok
[INFO] [stdout] test applets::core::init::services::tests::rotate_skips_nonexistent ... ok
[INFO] [stdout] test applets::core::init::services::tests::watchdog_usec_injected_into_environment ... ok
[INFO] [stdout] test applets::core::init::shutdown::tests::shutdown_timeout_covers_all_services ... ok
[INFO] [stdout] test applets::core::init::services::tests::status_line_reports_cgroup_tracked_procs ... ok
[INFO] [stdout] test applets::core::init::services::tests::rotate_truncates_large_file ... ok
[INFO] [stdout] test applets::core::init::services::tests::runtime_max_sec_sets_deadline_only_for_running_service ... ok
[INFO] [stdout] test applets::core::init::services::tests::rotate_skips_small_file ... ok
[INFO] [stdout] test applets::core::init::tests::compute_depths_chains ... ok
[INFO] [stdout] test applets::core::init::tests::failed_required_dep_all_ok ... ok
[INFO] [stderr] rbox E: rbox init: n.service did not send READY=1 within 10s, killing
[INFO] [stdout] test applets::core::init::tests::failed_required_dep_detects_failure ... ok
[INFO] [stderr] rbox W: rbox init: w.service watchdog timeout, killing
[INFO] [stdout] test applets::core::init::tests::failed_required_dep_missing_dep_is_not_failure ... ok
[INFO] [stderr] rbox W: rbox init: r.service exceeded RuntimeMaxSec=0s, killing
[INFO] [stderr] rbox I: rbox init: started la (socket activation, pid 667)
[INFO] [stdout] test applets::core::init::services::tests::classify_exit_kinds_from_real_process ... ok
[INFO] [stdout] test applets::core::init::tests::failed_requisite_dep_failed_is_failure ... ok
[INFO] [stdout] test applets::core::init::shutdown::tests::shutdown_timeout_never_zero ... ok
[INFO] [stdout] test applets::core::init::tests::failed_requisite_dep_not_started_is_failure ... ok
[INFO] [stdout] test applets::core::init::tests::compute_depths_converges_when_dep_later_in_order ... ok
[INFO] [stdout] test applets::core::init::tests::deadlines_record_failure_reason ... ok
[INFO] [stdout] test applets::core::init::services::tests::success_exit_status_and_kill_signal ... ok
[INFO] [stdout] test applets::core::init::tests::failed_requisite_dep_started_ok ... ok
[INFO] [stderr] rbox I: rbox init: a failed 2 times, giving up (StartLimitBurst=1)
[INFO] [stderr] rbox E: rbox init: StartLimitAction=poweroff, powering off
[INFO] [stdout] test applets::core::init::tests::compute_depths_siblings_share_depth ... ok
[INFO] [stdout] test applets::core::init::services::tests::socket_activation_sets_listen_pid_and_fds ... ok
[INFO] [stdout] test applets::core::init::triggers::socket_tests::socket_from_unit_requires_listen ... ok
[INFO] [stdout] test applets::core::init::tests::timeout_uses_earliest_restart ... ok
[INFO] [stdout] test applets::core::init::tests::timeout_picks_earliest_across_deadline_kinds ... ok
[INFO] [stdout] test applets::core::init::tests::timeout_uses_watchdog_and_runtime_deadlines ... ok
[INFO] [stdout] test applets::core::init::services::tests::start_limit_action_triggers_system_action ... ok
[INFO] [stdout] test applets::core::init::server::tests::format_status_restart_always ... ok
[INFO] [stdout] test applets::core::init::tests::resolve_root_spec_uuid_lookup ... ok
[INFO] [stdout] test applets::core::init::tests::timeout_infinite_without_timers ... ok
[INFO] [stdout] test applets::core::init::tests::timeout_uses_daemonize_deadline ... ok
[INFO] [stdout] test applets::core::init::triggers::tests::calendar_daily ... ok
[INFO] [stdout] test applets::core::init::triggers::tests::duration_parsing ... ok
[INFO] [stdout] test applets::core::init::triggers::tests::calendar_weekday_and_date_forms ... ok
[INFO] [stdout] test applets::core::init::triggers::socket_tests::socket_from_unit_unix ... ok
[INFO] [stdout] test applets::core::init::triggers::tests::path_exists_triggers_once ... ok
[INFO] [stdout] test applets::core::init::triggers::socket_tests::socket_trigger_limit_disables_after_burst ... ok
[INFO] [stdout] test applets::core::init::tests::resolve_root_spec_plain_device ... ok
[INFO] [stdout] test applets::core::init::units::tests::exec_start_accepts_single_and_multiple ... ok
[INFO] [stdout] test applets::core::init::tests::timeout_uses_notify_ready_deadline ... ok
[INFO] [stdout] test applets::core::init::triggers::tests::timer_from_unit_requires_trigger ... ok
[INFO] [stdout] test applets::core::init::units::tests::is_target_file_uses_filename_suffix ... ok
[INFO] [stdout] test applets::core::init::triggers::tests::timer_randomized_and_inactive_fields ... ok
[INFO] [stdout] test applets::core::init::units::tests::parse_cmdline_quotes ... ok
[INFO] [stdout] test applets::core::init::units::tests::parse_cmdline_single_quotes ... ok
[INFO] [stdout] test applets::core::init::units::tests::load_dir_mask_removes_unit ... ok
[INFO] [stdout] test applets::core::init::units::tests::parse_cmdline_backslash_escape ... ok
[INFO] [stdout] test applets::core::init::units::tests::parse_cmdline_backslash_in_single_quotes_is_literal ... ok
[INFO] [stdout] test applets::core::init::units::tests::parse_cmdline_basic ... ok
[INFO] [stdout] test applets::core::init::units::tests::parse_cmdline_tab_separator ... ok
[INFO] [stdout] test applets::core::init::units::tests::parse_cmdline_ignores_extra_spaces ... ok
[INFO] [stdout] test applets::core::init::units::tests::parse_cmdline_mixed_quotes ... ok
[INFO] [stdout] test applets::core::init::units::tests::parse_new_service_and_unit_fields ... ok
[INFO] [stdout] test applets::core::init::units::tests::slice_file_and_cgroup_path ... ok
[INFO] [stdout] test applets::core::init::units::tests::restart_prevent_exit_status_parses_one_or_many ... ok
[INFO] [stderr] rbox W: rbox init: dependency 'ghost.target' not found
[INFO] [stdout] test applets::core::init::units::tests::slice_section_parsing ... ok
[INFO] [stdout] test applets::core::init::units::tests::specifier_expansion ... ok
[INFO] [stdout] test applets::core::init::units::tests::start_order_detects_cycle ... ok
[INFO] [stdout] test applets::core::init::units::tests::start_order_ignores_requisite ... ok
[INFO] [stdout] test applets::core::init::units::tests::start_order_missing_root_is_ok ... ok
[INFO] [stdout] test applets::core::init::units::tests::bundled_test_units_parse ... ok
[INFO] [stdout] test applets::core::init::units::tests::runtime_max_sec_parses_duration ... ok
[INFO] [stdout] test applets::core::init::triggers::socket_tests::socket_trigger_limit_resets_after_window ... ok
[INFO] [stdout] test applets::core::init::triggers::socket_tests::socket_trigger_limit_zero_uses_default ... ok
[INFO] [stdout] test applets::core::init::triggers::tests::calendar_every_n_minutes ... ok
[INFO] [stdout] test applets::core::init::units::tests::resolve_unit_name_prefers_declared ... ok
[INFO] [stdout] test applets::core::init::units::tests::split_exec_command_strips_ignore_failure_prefix ... ok
[INFO] [stdout] test applets::core::init::units::tests::start_order_pulls_wantedby_services ... ok
[INFO] [stdout] test applets::core::init::units::tests::start_order_respects_after ... ok
[INFO] [stdout] test applets::core::init::units::tests::start_order_respects_requires ... ok
[INFO] [stdout] test applets::core::init::units::tests::start_order_respects_wants ... ok
[INFO] [stdout] test applets::core::init::units::tests::scan_dirs_prefers_higher_priority_and_reports_mask ... ok
[INFO] [stdout] test applets::core::rgetty::tests::normalize_username_basic ... ok
[INFO] [stdout] test applets::core::init::units::tests::service_exec_start_keeps_full_command ... ok
[INFO] [stdout] test applets::core::rgetty::tests::parse_args_basic ... ok
[INFO] [stdout] test applets::core::rgetty::tests::parse_args_errors ... ok
[INFO] [stdout] test applets::core::rgetty::tests::normalize_username_empty ... ok
[INFO] [stdout] test applets::core::init::units::tests::template_instantiation ... ok
[INFO] [stdout] test applets::core::init::watchdog::tests::watchdog_poll_timeout_due_now ... ok
[INFO] [stdout] test applets::core::rgetty::tests::normalize_username_truncates_long ... ok
[INFO] [stdout] test applets::core::init::watchdog::tests::watchdog_poll_timeout_inactive_passthrough ... ok
[INFO] [stdout] test applets::core::init::watchdog::tests::watchdog_poll_timeout_infinite_becomes_interval ... ok
[INFO] [stdout] test applets::core::init::watchdog::tests::watchdog_poll_timeout_min_with_existing ... ok
[INFO] [stdout] test applets::core::reboot::tests::name_and_help ... ok
[INFO] [stdout] test applets::core::rlogin::tests::parse_passwd_basic ... ok
[INFO] [stdout] test applets::core::rlogin::tests::parse_passwd_skips_comments_and_bad_lines ... ok
[INFO] [stdout] test applets::core::rgetty::tests::normalize_tty_path_works ... ok
[INFO] [stdout] test applets::core::rgetty::tests::name_and_help ... ok
[INFO] [stdout] test applets::core::rgetty::tests::parse_args_options ... ok
[INFO] [stdout] test applets::core::rlogin::tests::disable_echo_keeps_original_flags ... ok
[INFO] [stderr] rbox W: rbox init: service bootok.service exited during startup (success code=Some(0))
[INFO] [stderr] rbox W: rbox init: service bootfail.service exited during startup (exit code 3 code=Some(3))
[INFO] [stdout] test applets::core::rlogin::tests::password_matches_shadow_locked ... ok
[INFO] [stdout] test applets::core::rlogin::tests::password_matches_plaintext ... ok
[INFO] [stdout] test applets::core::init::tests::detect_immediate_failures_triggers_on_success ... ok
[INFO] [stdout] test applets::core::rlogin::tests::password_matches_empty_stored_is_free ... ok
[INFO] [stdout] test applets::core::rgetty::tests::parse_args_timeout_zero_means_no_timeout ... ok
[INFO] [stdout] test applets::core::rlogin::tests::password_matches_shadow ... ok
[INFO] [stdout] test applets::core::rlogin::tests::password_matches_shadow_empty_is_free ... ok
[INFO] [stdout] test applets::core::rlogin::tests::shadow_password_of_works ... ok
[INFO] [stdout] test applets::core::init::tests::detect_immediate_failures_triggers_on_failure ... ok
[INFO] [stdout] test applets::core::rlogin::tests::find_passwd_entry_works ... ok
[INFO] [stdout] test applets::core::rlogin::tests::name_and_help ... ok
[INFO] [stdout] test applets::core::shell::alias::tests::set_get_list_unalias ... ok
[INFO] [stdout] test applets::core::shell::builtin::tests::assign_read_vars_last_takes_rest ... ok
[INFO] [stdout] test applets::core::shell::alias::tests::expand_self_reference_not_looped ... ok
[INFO] [stdout] test applets::core::rservice::tests::name_and_help ... ok
[INFO] [stdout] test applets::core::shell::alias::tests::expand_after_operators ... ok
[INFO] [stdout] test applets::core::shell::alias::tests::expand_not_inside_quotes ... ok
[INFO] [stdout] test applets::core::shell::alias::tests::invalid_alias_name_rejected ... ok
[INFO] [stdout] test applets::core::shell::builtin::tests::cd_logical_and_physical_paths ... ok
[INFO] [stdout] test applets::core::shell::builtin::tests::cd_no_arg_goes_home ... ok
[INFO] [stdout] test applets::core::rservice::tests::bad_usage_returns_error ... ok
[INFO] [stdout] test applets::core::rservice::tests::no_init_running ... ok
[INFO] [stdout] test applets::core::shell::builtin::tests::empty_argv_returns_done ... ok
[INFO] [stdout] test applets::core::shell::builtin::tests::cd_nonexistent_fails ... ok
[INFO] [stdout] test applets::core::shell::builtin::tests::exit_default_last_rc ... ok
[INFO] [stdout] test applets::core::shell::builtin::tests::exit_returns_exit ... ok
[INFO] [stdout] test applets::core::shell::builtin::tests::cd_sets_cwd ... ok
[INFO] [stdout] test applets::core::shell::builtin::tests::cd_to_root ... ok
[INFO] [stdout] test applets::core::shell::builtin::tests::colon_is_builtin ... ok
[INFO] [stdout] test applets::core::shell::builtin::tests::exit_truncates_to_8_bits ... ok
[INFO] [stdout] test applets::core::shell::builtin::tests::export_n_keeps_shell_var ... ok
[INFO] [stdout] test applets::core::shell::builtin::tests::export_without_eq_sign ... ok
[INFO] [stdout] test applets::core::shell::alias::tests::expand_chain ... ok
[INFO] [stdout] test applets::core::shell::builtin::tests::getopts_parses_flags ... ok
[INFO] [stdout] test applets::core::shell::alias::tests::expand_first_word_only ... ok
[INFO] [stdout] test applets::core::shell::builtin::tests::kill_builtin_list_and_job_forms ... ok
[INFO] [stdout] test applets::core::shell::builtin::tests::export_no_arg ... ok
[INFO] [stdout] test applets::core::shell::builtin::tests::export_sets_var ... ok
[INFO] [stdout] test applets::core::shell::builtin::tests::pwd_prints_cwd ... ok
[INFO] [stdout] test applets::core::shell::builtin::tests::exit_with_code ... ok
[INFO] [stdout] test applets::core::shell::builtin::tests::exit_with_non_numeric_code ... ok
[INFO] [stdout] test applets::core::shell::builtin::tests::ulimit_flags_succeed ... ok
[INFO] [stdout] test applets::core::shell::builtin::tests::unescape_read_strips_backslashes ... ok
[INFO] [stdout] test applets::core::rlogin::tests::password_matches_crypt_hash ... ok
[INFO] [stdout] test applets::core::shell::builtin::tests::is_builtin_recognizes_all_builtins ... ok
[INFO] [stdout] test applets::core::shell::builtin::tests::logical_normalize_cases ... ok
[INFO] [stdout] test applets::core::shell::builtin::tests::history_lists_entries ... ok
[INFO] [stdout] test applets::core::shell::builtin::tests::ulimit_shows_number ... ok
[INFO] [stdout] test applets::core::shell::builtin::tests::readonly_unset_is_protected ... ok
[INFO] [stdout] test applets::core::shell::builtin::tests::readonly_protects_assignment ... ok
[INFO] [stdout] test applets::core::shell::completion::tests::common_prefix_basic ... ok
[INFO] [stdout] test applets::core::shell::builtin::tests::unknown_returns_not_builtin ... ok
[INFO] [stdout] test applets::core::shell::completion::tests::common_prefix_no_common ... ok
[INFO] [stdout] test applets::core::shell::builtin::tests::unset_nonexistent_var ... ok
[INFO] [stdout] test applets::core::shell::completion::tests::common_prefix_single ... ok
[INFO] [stdout] test applets::core::shell::builtin::tests::unset_removes_var ... ok
[INFO] [stdout] test applets::core::shell::completion::tests::complete_in_single_quotes ... ok
[INFO] [stdout] test applets::core::shell::completion::tests::complete_after_pipe ... ok
[INFO] [stdout] test applets::core::shell::completion::tests::word_start_after_andif ... ok
[INFO] [stdout] test applets::core::shell::completion::tests::word_start_after_background ... ok
[INFO] [stdout] test applets::core::shell::completion::tests::word_start_after_orif ... ok
[INFO] [stdout] test applets::core::shell::completion::tests::complete_in_double_quotes ... ok
[INFO] [stdout] test applets::core::shell::completion::tests::file_complete_trailing_slash ... ok
[INFO] [stdout] test applets::core::shell::completion::tests::common_prefix_empty ... ok
[INFO] [stdout] test applets::core::shell::completion::tests::file_complete_no_match ... ok
[INFO] [stdout] test applets::core::shell::completion::tests::file_complete_root_prefix ... ok
[INFO] [stdout] test applets::core::shell::completion::tests::complete_after_semicolon ... ok
[INFO] [stdout] test applets::core::shell::completion::tests::common_prefix_identical ... ok
[INFO] [stdout] test applets::core::shell::completion::tests::complete_command_echo ... ok
[INFO] [stdout] test applets::core::shell::completion::tests::complete_empty_line_noop ... ok
[INFO] [stdout] test applets::core::shell::completion::tests::complete_command_partial_no_match ... ok
[INFO] [stdout] test applets::core::shell::completion::tests::file_complete_nested_path ... ok
[INFO] [stdout] test applets::core::shell::completion::tests::word_start_after_pipe ... ok
[INFO] [stdout] test applets::core::shell::completion::tests::word_start_after_redirect ... ok
[INFO] [stdout] test applets::core::shell::compound::tests::elif_after_else_reports_error ... ok
[INFO] [stdout] test applets::core::shell::completion::tests::word_start_after_semicolon ... ok
[INFO] [stdout] test applets::core::rgetty::tests::wait_child_returns_exit_code ... FAILED
[INFO] [stdout] test applets::core::shell::compound::tests::execute_if_else_branch ... ok
[INFO] [stdout] test applets::core::shell::completion::tests::word_start_empty_line ... ok
[INFO] [stdout] test applets::core::shell::completion::tests::word_start_after_stderr_redirect ... ok
[INFO] [stdout] test applets::core::shell::completion::tests::word_start_only_spaces_returns_end ... ok
[INFO] [stdout] test applets::core::shell::completion::tests::word_start_simple ... ok
[INFO] [stdout] test applets::core::shell::compound::tests::detects_compound_start ... ok
[INFO] [stdout] test applets::core::shell::completion::tests::word_start_multiple_pipes ... ok
[INFO] [stdout] test applets::core::shell::completion::tests::word_start_first_word ... ok
[INFO] [stdout] test applets::core::shell::compound::tests::execute_if_taken_branch ... ok
[INFO] [stdout] test applets::core::shell::compound::tests::execute_for_iterates_words ... ok
[INFO] [stdout] test applets::core::shell::completion::tests::word_start_trailing_space ... ok
[INFO] [stdout] test applets::core::shell::executor::tests::builtin_redirects_none_for_plain_cmd ... ok
[INFO] [stdout] test applets::core::shell::compound::tests::empty_condition_reports_error ... ok
[INFO] [stdout] test applets::core::shell::compound::tests::missing_terminator_reports_error ... ok
[INFO] [stdout] test applets::core::shell::compound::tests::execute_while_with_break_terminates ... ok
[INFO] [stdout] test applets::core::shell::compound::tests::normalize_splits_inline_keywords ... ok
[INFO] [stdout] test applets::core::shell::compound::tests::nesting_delta_counts_keywords ... ok
[INFO] [stdout] test applets::core::shell::compound::tests::missing_then_reports_error ... ok
[INFO] [stdout] test applets::core::shell::executor::tests::is_executable_checks_permission_bit ... ok
[INFO] [stdout] test applets::core::shell::executor::tests::open_redirect_fails_for_invalid_path ... ok
[INFO] [stdout] test applets::core::shell::compound::tests::missing_do_reports_error ... ok
[INFO] [stdout] test applets::core::shell::expander::tests::arith_bitwise_ternary ... ok
[INFO] [stdout] test applets::core::shell::compound::tests::single_line_case_normalized_and_executed ... ok
[INFO] [stdout] test applets::core::shell::compound::tests::normalize_splits_semicolons ... ok
[INFO] [stdout] test applets::core::shell::executor::tests::builtin_redirects_error_for_unopenable_file ... ok
[INFO] [stdout] test applets::core::shell::expander::tests::arithmetic_eval ... ok
[INFO] [stdout] test applets::core::shell::expander::tests::arithmetic_assignment_and_compare ... ok
[INFO] [stdout] test applets::core::shell::expander::tests::brace_expansion_list_and_range ... ok
[INFO] [stdout] test applets::core::shell::expander::tests::command_subst_expands_at_execution_time ... ok
[INFO] [stdout] test applets::core::shell::executor::tests::find_subst_end_unclosed_returns_none ... ok
[INFO] [stdout] test applets::core::shell::executor::tests::cleanup_spawned_children_terminates ... ok
[INFO] [stdout] test applets::core::shell::compound::tests::for_continue_skips_iteration ... ok
[INFO] [stdout] test applets::core::shell::executor::tests::open_redirect_creates_new_file ... ok
[INFO] [stdout] test applets::core::shell::expander::tests::expand_pid ... ok
[INFO] [stdout] test applets::core::shell::executor::tests::resolve_command_finds_builtin_echo ... ok
[INFO] [stdout] test applets::core::shell::expander::tests::arith_power ... ok
[INFO] [stdout] test applets::core::shell::expander::tests::arith_incdec ... ok
[INFO] [stdout] test applets::core::shell::executor::tests::open_redirect_append_mode ... ok
[INFO] [stdout] test applets::core::shell::executor::tests::resolve_command_fallback_for_unknown ... ok
[INFO] [stdout] test applets::core::shell::expander::tests::expand_pipeline_preserves_background ... ok
[INFO] [stdout] test applets::core::shell::executor::tests::find_subst_end_matches_nested ... ok
[INFO] [stdout] test applets::core::shell::expander::tests::expand_pipeline_preserves_heredoc ... ok
[INFO] [stdout] test applets::core::shell::expander::tests::expand_pipeline_keeps_quoted_glob_literal ... ok
[INFO] [stdout] test applets::core::shell::expander::tests::command_subst_word_split_only_when_unquoted ... ok
[INFO] [stdout] test applets::core::shell::expander::tests::expand_unset_var ... ok
[INFO] [stdout] test applets::core::shell::expander::tests::expand_vars_dollar_at_end ... ok
[INFO] [stdout] test applets::core::shell::expander::tests::expand_vars_dollar_underscore ... ok
[INFO] [stdout] test applets::core::shell::expander::tests::expand_vars_empty_brace ... ok
[INFO] [stdout] test applets::core::shell::expander::tests::expand_vars_unclosed_brace ... ok
[INFO] [stdout] test applets::core::shell::expander::tests::expand_vars_multiple ... ok
[INFO] [stdout] test applets::core::shell::expander::tests::glob_bracket_negate ... ok
[INFO] [stdout] test applets::core::shell::expander::tests::glob_bracket_range ... ok
[INFO] [stdout] test applets::core::shell::expander::tests::command_subst_single_quotes_literal ... ok
[INFO] [stdout] test applets::core::shell::expander::tests::dollar_dash_options ... ok
[INFO] [stdout] test applets::core::shell::expander::tests::expand_brace_var ... ok
[INFO] [stdout] test applets::core::shell::expander::tests::expand_exit_code ... ok
[INFO] [stdout] test applets::core::shell::expander::tests::glob_escape_marker_protects_metachars ... ok
[INFO] [stdout] test applets::core::shell::expander::tests::expand_literal_dollar ... ok
[INFO] [stdout] test applets::core::shell::expander::tests::glob_star_match_all ... ok
[INFO] [stdout] test applets::core::shell::expander::tests::expand_pipeline_keeps_mixed_word_glob ... ok
[INFO] [stdout] test applets::core::shell::expander::tests::hist_bang_at_end_no_next ... ok
[INFO] [stdout] test applets::core::shell::expander::tests::expand_positional_params ... ok
[INFO] [stdout] test applets::core::shell::expander::tests::hist_bang_in_single_quotes_not_expanded ... ok
[INFO] [stdout] test applets::core::shell::expander::tests::expand_pipeline_preserves_stderr ... ok
[INFO] [stdout] test applets::core::shell::expander::tests::expand_pipeline_multiple_cmds ... ok
[INFO] [stdout] test applets::core::shell::expander::tests::expand_simple_var ... ok
[INFO] [stdout] test applets::core::shell::expander::tests::glob_match_respects_escape_marker ... ok
[INFO] [stdout] test applets::core::shell::expander::tests::glob_question_single_char ... ok
[INFO] [stdout] test applets::core::shell::expander::tests::hist_no_bang ... ok
[INFO] [stdout] test applets::core::shell::expander::tests::hist_bang_dollar ... ok
[INFO] [stdout] test applets::core::shell::expander::tests::hist_bang_invalid_char ... ok
[INFO] [stdout] test applets::core::shell::expander::tests::hist_bang_outside_single_quotes_expands ... ok
[INFO] [stdout] test applets::core::shell::expander::tests::hist_bang_minus_n ... ok
[INFO] [stdout] test applets::core::shell::expander::tests::hist_no_expansion_when_empty ... ok
[INFO] [stdout] test applets::core::shell::expander::tests::hist_utf8_with_bang_preserved ... ok
[INFO] [stdout] test applets::core::shell::expander::tests::mixed_quote_field_split ... ok
[INFO] [stdout] test applets::core::shell::expander::tests::param_prefix_suffix_removal ... ok
[INFO] [stdout] test applets::core::shell::expander::tests::param_replacement ... ok
[INFO] [stdout] test applets::core::shell::expander::tests::param_substring ... ok
[INFO] [stdout] test applets::core::shell::expander::tests::param_substring_edges ... ok
[INFO] [stdout] test applets::core::shell::expander::tests::hist_bang_minus_n_out_of_range ... ok
[INFO] [stdout] test applets::core::shell::expander::tests::hist_bang_bang ... ok
[INFO] [stdout] test applets::core::shell::expander::tests::hist_bang_n ... ok
[INFO] [stdout] test applets::core::shell::expander::tests::random_expands_to_number ... ok
[INFO] [stdout] test applets::core::shell::expander::tests::shell_pid_expansion ... ok
[INFO] [stdout] test applets::core::shell::expander::tests::tilde_expansion ... ok
[INFO] [stdout] test applets::core::shell::expander::tests::word_splitting_unquoted ... ok
[INFO] [stdout] test applets::core::shell::functions::tests::define_get_list_unset ... ok
[INFO] [stdout] test applets::core::shell::expander::tests::hist_bang_n_out_of_range ... ok
[INFO] [stdout] test applets::core::shell::expander::tests::unescape_glob_removes_marker ... ok
[INFO] [stdout] test applets::core::shell::expander::tests::tilde_not_at_start ... ok
[INFO] [stdout] test applets::core::shell::functions::tests::locals_restore ... ok
[INFO] [stdout] test applets::core::shell::fuzz::fuzz_arith_never_panics ... ok
[INFO] [stdout] test applets::core::shell::expander::tests::param_pattern_with_quoted_star ... ok
[INFO] [stdout] test applets::core::shell::fuzz::fuzz_glob_never_panics ... ok
[INFO] [stdout] test applets::core::shell::expander::tests::protected_dollar_is_literal ... ok
[INFO] [stdout] test applets::core::shell::expander::tests::quoted_at_expands_multiple_words ... ok
[INFO] [stdout] test applets::core::shell::jobs::tests::add_and_list_job ... ok
[INFO] [stdout] test applets::core::shell::expander::tests::quoted_expansion_not_split ... ok
[INFO] [stdout] test applets::core::shell::fuzz::fuzz_fstab_never_panics ... ok
[INFO] [stdout] test applets::core::shell::jobs::tests::dead_pgid_pruned ... ok
[INFO] [stdout] test applets::core::shell::jobs::tests::format_lines_contains_state ... ok
[INFO] [stdout] test applets::core::shell::jobs::tests::job_specs ... ok
[INFO] [stdout] test applets::core::shell::jobs::tests::sigchld_flag_roundtrip ... ok
[INFO] [stdout] test applets::core::shell::jobs::tests::status_record_and_take ... ok
[INFO] [stderr] error: Unrecognized option: 'n'
[INFO] [stderr] [: missing ']'
[INFO] [stdout] test applets::core::shell::fuzz::fuzz_tokenize_parse_never_panics ... ok
[INFO] [stdout] test applets::core::shell::options::tests::exit_request ... ok
[INFO] [stdout] test applets::core::shell::jobs::tests::take_default_takes_latest ... ok
[INFO] [stdout] test applets::core::shell::params::tests::shift_too_many_fails ... ok
[INFO] [stdout] test applets::core::shell::parser::tests::and_if ... ok
[INFO] [stdout] test applets::core::shell::options::tests::nounset_violation_flag ... ok
[INFO] [stdout] test applets::core::shell::options::tests::option_string_and_named_options ... ok
[INFO] [stdout] test applets::core::shell::params::tests::shift_removes_prefix ... ok
[INFO] [stdout] test applets::core::shell::options::tests::option_toggles ... ok
[INFO] [stdout] test applets::core::shell::parser::tests::background ... ok
[INFO] [stdout] test applets::core::shell::options::tests::return_request ... ok
[INFO] [stdout] test applets::core::shell::expander::tests::param_default_and_alternate ... ok
[INFO] [stdout] test applets::core::shell::expander::tests::expand_pipeline_preserves_redirects ... ok
[INFO] [stdout] test applets::core::shell::expander::tests::param_length_and_question ... ok
[INFO] [stdout] test applets::core::shell::expander::tests::glob_bracket_set ... ok
[INFO] [stdout] test applets::core::shell::functions::tests::locals_remove_new_vars ... ok
[INFO] [stdout] test applets::core::shell::expander::tests::glob_complex ... ok
[INFO] [stdout] test applets::core::shell::parser::tests::parse_background_with_pipe ... ok
[INFO] [stdout] test applets::core::shell::parser::tests::parse_background ... ok
[INFO] [stdout] test applets::core::shell::params::tests::set_get_count_all ... ok
[INFO] [stdout] test applets::core::shell::parser::tests::parse_append_stdout ... ok
[INFO] [stdout] test applets::core::shell::parser::tests::or_if ... ok
[INFO] [stdout] test applets::core::shell::parser::tests::complex_chain ... ok
[INFO] [stdout] test applets::core::shell::parser::tests::parse_mixed_connectors ... ok
[INFO] [stdout] test applets::core::shell::parser::tests::parse_only_semicolons ... ok
[INFO] [stdout] test applets::core::shell::parser::tests::parse_combined_redirects ... ok
[INFO] [stdout] test applets::core::shell::parser::tests::parse_pipe_with_redirect ... ok
[INFO] [stdout] test applets::core::shell::parser::tests::parse_heredoc ... ok
[INFO] [stdout] test applets::core::shell::parser::tests::parse_redirect_both_and_herestring_and_pipeboth ... ok
[INFO] [stdout] test applets::core::shell::parser::tests::parse_semicolon_chain ... ok
[INFO] [stdout] test applets::core::shell::parser::tests::parse_stderr_redirect ... ok
[INFO] [stdout] test applets::core::shell::parser::tests::parse_stderr_redirect_append ... ok
[INFO] [stdout] test applets::core::shell::parser::tests::pipeline_three ... ok
[INFO] [stdout] test applets::core::shell::parser::tests::parse_stdin_and_stdout_same_cmd ... ok
[INFO] [stdout] test applets::core::shell::parser::tests::redirect_append ... ok
[INFO] [stdout] test applets::core::shell::parser::tests::redirect_out ... ok
[INFO] [stdout] test applets::core::shell::parser::tests::redirect_in ... ok
[INFO] [stdout] test applets::core::shell::parser::tests::semicolon_split ... ok
[INFO] [stdout] test applets::core::shell::parser::tests::syntax_error_double_pipe ... ok
[INFO] [stdout] test applets::core::shell::parser::tests::parse_empty ... ok
[INFO] [stdout] test applets::core::shell::parser::tests::parse_full_complex_line ... ok
[INFO] [stdout] test applets::core::shell::parser::tests::single_command ... ok
[INFO] [stdout] test applets::core::shell::parser::tests::syntax_error_missing_heredoc_delim ... ok
[INFO] [stdout] test applets::core::shell::reader::tests::make_prompt_ps1 ... ok
[INFO] [stdout] test applets::core::shell::reader::tests::ps1_dollar ... ok
[INFO] [stdout] test applets::core::shell::reader::tests::ps1_escape ... ok
[INFO] [stdout] test applets::core::shell::reader::tests::ps1_hash ... ok
[INFO] [stdout] test applets::core::shell::reader::tests::ps1_literal ... ok
[INFO] [stdout] test applets::core::shell::reader::tests::ps1_newline ... ok
[INFO] [stdout] test applets::core::shell::parser::tests::pipeline_two ... ok
[INFO] [stdout] test applets::core::shell::reader::tests::ps1_trailing_backslash ... ok
[INFO] [stdout] test applets::core::shell::reader::tests::ps1_user_default_root ... ok
[INFO] [stdout] test applets::core::shell::reader::tests::ps1_unknown_escape_preserved ... ok
[INFO] [stdout] test applets::core::shell::reader::tests::make_prompt_default ... ok
[INFO] [stdout] test applets::core::shell::reader::tests::make_prompt_continuation ... ok
[INFO] [stdout] test applets::core::shell::script::tests::collect_function_multiline ... ok
[INFO] [stdout] test applets::core::shell::parser::tests::syntax_error_empty_pipe ... ok
[INFO] [stdout] test applets::core::shell::script::tests::function_header_parsing ... ok
[INFO] [stdout] test applets::core::shell::script::tests::heredoc_collection_and_expansion ... ok
[INFO] [stdout] test applets::core::shell::script::tests::parse_args_modes ... ok
[INFO] [stdout] test applets::core::shell::script::tests::run_source_case_statement ... ok
[INFO] [stdout] test applets::core::shell::parser::tests::syntax_error_missing_redirect_target ... ok
[INFO] [stdout] test applets::core::shell::reader::tests::display_width_cjk ... ok
[INFO] [stdout] test applets::core::shell::parser::tests::syntax_error_missing_stderr_target ... ok
[INFO] [stdout] test applets::core::shell::reader::tests::display_width_control_chars_zero ... ok
[INFO] [stdout] test applets::core::shell::reader::tests::ps1_backslash ... ok
[INFO] [stdout] test applets::core::shell::reader::tests::ps1_user ... ok
[INFO] [stdout] test applets::core::shell::script::tests::collect_function_inline ... ok
[INFO] [stdout] test applets::core::shell::script::tests::run_source_compound_after_semicolon_if_while ... ok
[INFO] [stdout] test applets::core::shell::script::tests::run_source_compound_after_semicolon ... ok
[INFO] [stdout] test applets::core::shell::script::tests::run_source_compound_trailing_redirect_keeps_var ... ok
[INFO] [stdout] test applets::core::shell::script::tests::run_source_errexit_stops ... ok
[INFO] [stdout] test applets::core::shell::tests::expand_tilde_path_without_home_keeps_original ... ok
[INFO] [stdout] test applets::core::shell::reader::tests::display_width_ascii ... ok
[INFO] [stdout] test applets::core::shell::script::tests::run_source_return_consumed ... ok
[INFO] [stdout] test applets::core::shell::script::tests::run_source_group_redirect_and_negate ... ok
[INFO] [stdout] test applets::core::control::tests::send_request_reads_response ... ok
[INFO] [stdout] test applets::core::shell::script::tests::run_source_executes_commands ... ok
[INFO] [stdout] test applets::core::shell::script::tests::run_source_operator_group ... ok
[INFO] [stdout] test applets::core::rgetty::tests::wait_child_timeout_terminates ... ok
[INFO] [stdout] test applets::core::shell::script::tests::run_source_until_loop ... ok
[INFO] [stdout] test applets::core::shell::tests::continuation_double_backslash_not_continuation ... ok
[INFO] [stdout] test applets::core::shell::tests::continuation_inside_single_quotes_not_continuation ... ok
[INFO] [stdout] test applets::core::shell::tests::continuation_plain_line ... ok
[INFO] [stdout] test applets::core::shell::tests::continuation_trailing_backslash ... ok
[INFO] [stdout] test applets::core::shell::tests::env_file_is_sourced ... ok
[INFO] [stdout] test applets::core::shell::tokenizer::tests::backslash_escape ... ok
[INFO] [stdout] test applets::core::shell::tests::expand_tilde_path_works ... ok
[INFO] [stdout] test applets::core::shell::tests::heredoc_operator_after_quotes_found ... ok
[INFO] [stdout] test applets::core::shell::tests::heredoc_operator_inside_quotes_ignored ... ok
[INFO] [stdout] test applets::core::shell::tokenizer::tests::arbitrary_fd_redirect_forms ... ok
[INFO] [stdout] test applets::core::shell::tests::heredoc_operator_plain ... ok
[INFO] [stdout] test applets::core::shell::tests::heredoc_operator_skips_here_string ... ok
[INFO] [stdout] hi
[INFO] [stdout] test applets::core::shell::tests::source_file_does_not_add_to_history ... ok
[INFO] [stdout] test applets::core::shell::tests::utf8_ascii_single_byte ... ok
[INFO] [stdout] test applets::core::shell::tests::utf8_incomplete_sequence_uses_replacement ... ok
[INFO] [stdout] test applets::core::shell::tests::utf8_multibyte_char ... ok
[INFO] [stdout] test applets::core::shell::tokenizer::tests::combined_redirects ... ok
[INFO] [stdout] test applets::core::shell::tokenizer::tests::escaped_pipe_as_word ... ok
[INFO] [stdout] test applets::core::shell::tests::utf8_two_byte_char ... ok
[INFO] [stdout] test applets::core::shell::tokenizer::tests::fd_dup_tokens ... ok
[INFO] [stdout] test applets::core::shell::tokenizer::tests::command_subst_operators_not_split ... ok
[INFO] [stdout] test applets::core::shell::tokenizer::tests::comment_at_end ... ok
[INFO] [stdout] test applets::core::shell::tokenizer::tests::escaped_semicolon_as_word ... ok
[INFO] [stdout] test applets::core::shell::tokenizer::tests::heredoc_token ... ok
[INFO] [stdout] test applets::core::shell::tokenizer::tests::escaped_dollar_is_literal ... ok
[INFO] [stdout] test applets::core::shell::tokenizer::tests::full_line_comment ... ok
[INFO] [stdout] test applets::core::shell::tokenizer::tests::digit_two_as_word ... ok
[INFO] [stdout] test applets::core::shell::tokenizer::tests::comment_ignored ... ok
[INFO] [stdout] test applets::core::shell::tokenizer::tests::double_quote_with_single_inside ... ok
[INFO] [stdout] test applets::core::shell::tokenizer::tests::empty_input ... ok
[INFO] [stdout] test applets::core::shell::tokenizer::tests::comment_after_operator ... ok
[INFO] [stdout] test applets::core::shell::tokenizer::tests::double_quoted_dollar_marked_no_split ... ok
[INFO] [stdout] test applets::core::shell::tokenizer::tests::line_continuation ... ok
[INFO] [stdout] test applets::core::shell::tokenizer::tests::inout_and_force_redirect ... ok
[INFO] [stdout] test applets::core::shell::tokenizer::tests::input_redirect ... ok
[INFO] [stdout] test applets::core::shell::tokenizer::tests::double_quotes ... ok
[INFO] [stdout] test applets::core::init::triggers::tests::path_changed_detects_mtime ... ok
[INFO] [stdout] test applets::core::shell::tokenizer::tests::single_quotes ... ok
[INFO] [stdout] test applets::core::shell::tokenizer::tests::semicolons_and_background ... ok
[INFO] [stdout] test applets::core::shell::tokenizer::tests::or_if ... ok
[INFO] [stdout] test applets::core::shell::tokenizer::tests::quoted_question_and_bracket_escaped ... ok
[INFO] [stdout] test applets::core::shell::tokenizer::tests::simple_words ... ok
[INFO] [stdout] test applets::core::shell::tokenizer::tests::only_whitespace ... ok
[INFO] [stdout] test applets::core::shell::tokenizer::tests::quoted_star_gets_glob_escape ... ok
[INFO] [stdout] test applets::core::shell::tokenizer::tests::mixed_quoted_and_unquoted_glob ... ok
[INFO] [stdout] test applets::core::shell::tokenizer::tests::stderr_redirect_append ... ok
[INFO] [stdout] test applets::core::shell::tokenizer::tests::mixed_quotes_concatenation ... ok
[INFO] [stdout] test applets::core::shell::tokenizer::tests::multiple_spaces ... ok
[INFO] [stdout] test applets::core::shell::tokenizer::tests::single_quoted_dollar_is_literal ... ok
[INFO] [stdout] test applets::core::shell::tokenizer::tests::single_quote_with_double_inside ... ok
[INFO] [stdout] test applets::core::shell::tokenizer::tests::redirect_operators ... ok
[INFO] [stdout] test applets::core::shell::tokenizer::tests::redirect_both_and_close_and_herestring ... ok
[INFO] [stdout] test applets::core::shell::tokenizer::tests::pipe_operator ... ok
[INFO] [stderr] rbox E: error msg
[INFO] [stdout] test applets::core::shell::trap::tests::exit_signal_number ... ok
[INFO] [stdout] test applets::core::shell::tokenizer::tests::stderr_redirect ... ok
[INFO] [stdout] test applets::core::shell::tokenizer::tests::only_comment ... ok
[INFO] [stdout] test applets::core::shell::tokenizer::tests::whitespace_only ... ok
[INFO] [stdout] test applets::core::shell::trap::tests::pending_signal ... ok
[INFO] [stdout] test applets::core::shell::trap::tests::signal_names ... ok
[INFO] [stdout] test applets::core::shell::types::tests::command_list_default ... ok
[INFO] [stdout] test applets::core::shell::types::tests::pipeline_default ... ok
[INFO] [stdout] test applets::core::shell::types::tests::simple_cmd_default ... ok
[INFO] [stdout] test applets::core::shell::types::tests::simple_cmd_is_empty ... ok
[INFO] [stdout] test applets::core::shell::types::tests::simple_cmd_not_empty_with_redirect_only ... ok
[INFO] [stdout] test applets::core::shell::tokenizer::tests::stdout_digit_redirect ... ok
[INFO] [stdout] test applets::core::shell::tokenizer::tests::unquoted_glob_chars_not_escaped ... ok
[INFO] [stdout] test applets::core::shell::types::tests::glob_escape_constant_is_control_char ... ok
[INFO] [stdout] test applets::core::status::tests::name_and_help ... ok
[INFO] [stdout] test applets::core::status::tests::no_init_running ... ok
[INFO] [stdout] test applets::core::shutdown::tests::name_and_help ... ok
[INFO] [stdout] test applets::core::tests::log_level_ordering ... ok
[INFO] [stdout] test applets::core::shell::trap::tests::set_get_clear_list ... ok
[INFO] [stdout] hello cataaabbbtest applets::core::shell::types::tests::simple_cmd_not_empty_with_argv ... ok
[INFO] [stdout] test applets::core::tests::log_at_filters_by_level ... ok
[INFO] [stdout] test applets::file::cat::tests::name_and_help ... ok
[INFO] [stdout] test applets::core::tests::current_log_level_parses_env ... ok
[INFO] [stdout] test applets::file::chmod::tests::name_and_help ... ok
[INFO] [stdout] test applets::file::chmod::tests::octal_parsing ... ok
[INFO] [stdout] test applets::core::tests::log_level_tags ... ok
[INFO] [stdout] test applets::file::cat::tests::cat_single_file ... ok
[INFO] [stdout] test applets::core::shell::types::tests::token_equality ... ok
[INFO] [stdout] test applets::file::chmod::tests::chmod_invalid_mode_fails ... ok
[INFO] [stdout] test applets::file::chmod::tests::chmod_missing_args_fails ... ok
[INFO] [stdout] test applets::file::chmod::tests::chmod_symbolic_and_double_dash ... ok
[INFO] [stdout] test applets::file::chmod::tests::chmod_run_on_temp_file ... ok
[INFO] [stdout] test applets::file::cat::tests::cat_multiple_files ... ok
[INFO] [stdout] test applets::file::chmod::tests::symbolic_invalid ... ok
[INFO] [stdout] test applets::file::chmod::tests::symbolic_capital_x_needs_exec_or_dir ... ok
[INFO] [stdout] test applets::file::chmod::tests::symbolic_add_remove_set ... ok
[INFO] [stdout] test applets::file::cat::tests::cat_nonexistent_file ... ok
[INFO] [stdout] test applets::file::chown::tests::chown_missing_args_fails ... ok
[INFO] [stdout] test applets::file::chmod::tests::symbolic_special_bits ... ok
[INFO] [stdout] test applets::file::chown::tests::chown_numeric_self_succeeds ... ok
[INFO] [stdout] test applets::file::chown::tests::lookup_root_by_name_and_number ... ok
[INFO] [stdout] test applets::file::chown::tests::parse_spec_forms ... ok
[INFO] [stdout] test applets::core::shutdown::tests::broadcast_target_skips_console_alias ... ok
[INFO] [stdout] test applets::file::chown::tests::name_and_help ... ok
[INFO] [stdout] test applets::file::cp::tests::cp_nonexistent_src ... ok
[INFO] [stdout] test applets::file::cp::tests::cp_missing_operand ... ok
[INFO] [stdout] test applets::file::dd::tests::name_and_help ... ok
[INFO] [stdout] test applets::file::chown::tests::resolve_ids_keeps_unspecified ... ok
[INFO] [stdout] test applets::file::dd::tests::size_parsing ... ok
[INFO] [stdout] test applets::file::df::tests::name_and_help ... ok
[INFO] [stdout] test applets::file::dd::tests::parse_operands ... ok
[INFO] [stdout] test applets::file::df::tests::statfs_root_works ... ok
[INFO] [stdout] test applets::file::du::tests::missing_path_fails ... ok
[INFO] [stdout] test applets::file::cp::tests::cp_to_dir ... ok
[INFO] [stdout] test applets::file::find::tests::invalid_option_fails ... ok
[INFO] [stdout] test applets::file::du::tests::name_and_help ... ok
[INFO] [stdout] test applets::file::cp::tests::cp_recursive_into_existing_dir ... ok
[INFO] [stdout] test applets::file::cp::tests::cp_dir_requires_recursive ... ok
[INFO] [stdout] test applets::file::df::tests::format_contains_mountpoint ... ok
[INFO] [stdout] test applets::file::cp::tests::cp_single_file ... ok
[INFO] [stdout] test applets::file::cp::tests::name_and_help ... ok
[INFO] [stdout] test applets::file::find::tests::finds_only_directories ... ok
[INFO] [stdout] test applets::file::find::tests::missing_root_reports_error ... ok
[INFO] [stdout] test applets::file::find::tests::name_and_help ... ok
[INFO] [stdout] test applets::file::find::tests::parse_defaults_to_cwd ... ok
[INFO] [stdout] test applets::file::du::tests::walk_sums_sizes ... ok
[INFO] [stdout] test applets::file::find::tests::maxdepth_limits_recursion ... ok
[INFO] [stdout] test applets::file::chown::tests::parse_spec_invalid ... ok
[INFO] [stdout] test applets::file::dd::tests::copies_file_with_count ... ok
[INFO] [stdout] test applets::file::chown::tests::chown_invalid_user_fails ... ok
[INFO] [stdout] test applets::file::find::tests::parse_double_dash_allows_dash_path ... ok
[INFO] [stdout] test applets::file::find::tests::finds_by_name_recursively ... ok
[INFO] [stdout] test applets::file::ln::tests::symlink_creates_link ... ok
[INFO] [stdout] test applets::file::ls::tests::columns_single_column ... ok
[INFO] [stdout] test applets::file::ls::tests::mode_executable ... ok
[INFO] [stdout] test applets::file::ls::tests::filter_empty ... ok
[INFO] [stdout] test applets::file::ls::tests::mode_no_permissions ... ok
[INFO] [stdout] test applets::file::ls::tests::mode_directory ... ok
[INFO] [stdout] test applets::file::ls::tests::filter_show_all ... ok
[INFO] [stdout] test applets::file::find::tests::parse_maxdepth_and_print ... ok
[INFO] [stdout] test applets::file::find::tests::parse_errors ... ok
[INFO] [stdout] test applets::file::ls::tests::filter_hidden ... ok
[INFO] [stdout] test applets::file::ln::tests::name_and_help ... ok
[INFO] [stdout] test applets::file::find::tests::parse_name_and_type ... ok
[INFO] [stdout] test applets::file::ls::tests::columns_empty ... ok
[INFO] [stdout] test applets::file::ls::tests::mode_symlink ... ok
[INFO] [stdout] test applets::file::ls::tests::long_format_symlink_arrow ... ok
[INFO] [stdout] test applets::file::ls::tests::long_format_aligns_columns ... ok
[INFO] [stdout] test applets::file::ln::tests::hardlink_creates_link ... ok
[INFO] [stdout] test applets::file::ln::tests::ln_missing_target_fails ... ok
[INFO] [stdout] test applets::file::ls::tests::columns_multi_column_aligned ... ok
[INFO] [stdout] test applets::file::ls::tests::mode_regular_file ... ok
[INFO] [stdout] test applets::file::ls::tests::visible_entries_includes_dot_dirs_when_all ... ok
[INFO] [stdout] test applets::file::mkdir::tests::mkdir_existing_with_p ... ok
[INFO] [stdout] test applets::file::mkdir::tests::mkdir_simple ... ok
[INFO] [stdout] test applets::file::mkdir::tests::name_and_help ... ok
[INFO] [stdout] test applets::file::mktemp::tests::dry_run_does_not_create ... ok
[INFO] [stdout] test applets::file::mkdir::tests::mkdir_p_recursive ... ok
[INFO] [stdout] test applets::file::mktemp::tests::bad_template_fails ... ok
[INFO] [stdout] test applets::file::readlink::tests::missing_target_fails ... ok
[INFO] [stdout] test applets::file::df::tests::parse_mounts_lines ... ok
[INFO] [stdout] test applets::file::mktemp::tests::template_replacement ... ok
[INFO] [stdout] test applets::file::mv::tests::mv_nonexistent_src ... ok
[INFO] [stdout] test applets::file::mv::tests::name_and_help ... ok
[INFO] [stdout] test applets::file::mktemp::tests::create_file_and_dir ... ok
[INFO] [stdout] test applets::file::mv::tests::mv_rename_file ... ok
[INFO] [stdout] test applets::file::readlink::tests::name_and_help ... ok
[INFO] [stdout] test applets::file::mktemp::tests::name_and_help ... ok
[INFO] [stdout] test applets::file::mv::tests::mv_to_dir ... ok
[INFO] [stdout] test applets::file::realpath::tests::missing_fails ... ok
[INFO] [stdout] test applets::file::mv::tests::mv_missing_operand ... ok
[INFO] [stdout] test applets::file::readlink::tests::canonicalize_existing ... ok
[INFO] [stdout] test applets::file::realpath::tests::name_and_help ... ok
[INFO] [stdout] test applets::file::rm::tests::name_and_help ... ok
[INFO] [stdout] test applets::file::mkdir::tests::mkdir_multiple_dirs ... ok
[INFO] [stdout] test applets::file::rm::tests::rm_force_nonexistent ... ok
[INFO] [stdout] test applets::file::realpath::tests::no_args_fails ... ok
[INFO] [stdout] test applets::file::stat::tests::mode_string_format ... ok
[INFO] [stdout] test applets::file::realpath::tests::resolves_dot_segments ... ok
[INFO] [stdout] test applets::file::stat::tests::missing_file_fails ... ok
[INFO] [stdout] test applets::file::tar::tests::create_archive_emits_end_blocks ... ok
[INFO] [stdout] test applets::file::stat::tests::name_and_help ... ok
[INFO] [stdout] test applets::file::sync::tests::name_and_help ... ok
[INFO] [stdout] test applets::file::tar::tests::bad_checksum_rejected ... ok
[INFO] [stdout] test applets::file::tar::tests::parse_modes ... ok
[INFO] [stdout] test applets::file::rm::tests::rm_dir_without_r_fails ... ok
[INFO] [stdout] test applets::file::touch::tests::touch_empty_args_fails ... ok
[INFO] [stdout] test applets::file::rm::tests::rm_recursive ... ok
[INFO] [stdout] test applets::file::tar::tests::create_list_extract_roundtrip ... ok
[INFO] [stdout] test applets::file::stat::tests::default_output_succeeds ... ok
[INFO] [stdout] test applets::file::rm::tests::rm_file ... ok
[INFO] [stdout] test applets::file::tar::tests::name_and_help ... ok
[INFO] [stdout] test applets::file::tar::tests::safe_relative_rejects_escape ... ok
[INFO] [stdout] test applets::file::touch::tests::name_and_help ... ok
[INFO] [stdout] test applets::file::tar::tests::octal_roundtrip ... ok
[INFO] [stdout] test applets::file::touch::tests::touch_creates_file ... ok
[INFO] [stdout] test applets::file::util::tests::remove_file_simple ... ok
[INFO] [stdout] test applets::file::util::tests::resolve_dest_to_file ... ok
[INFO] [stdout] test applets::file::util::tests::resolve_dest_to_dir ... ok
[INFO] [stdout] test applets::file::util::tests::copy_recursive_file ... ok
[INFO] [stdout] test applets::file::util::tests::is_dir_check ... ok
[INFO] [stdout] test applets::file::touch::tests::touch_multiple_files ... ok
[INFO] [stdout] test applets::file::util::tests::remove_symlink_to_dir_only_removes_link ... ok
[INFO] [stdout] test applets::file::util::tests::copy_recursive_directory ... ok
[INFO] [stdout] test applets::glob::tests::bracket_set_and_range ... ok
[INFO] [stdout] test applets::fstab::tests::finds_by_mountpoint_and_device ... ok
[INFO] [stdout] test applets::fstab::tests::defaults_options_when_missing ... ok
[INFO] [stdout] test applets::fstab::tests::parses_entries_and_skips_bad_lines ... ok
[INFO] [stdout] test applets::file::stat::tests::format_codes ... ok
[INFO] [stdout] test applets::file::util::tests::remove_dir_recursive ... ok
[INFO] [stdout] test applets::glob::tests::question_matches_single ... ok
[INFO] [stdout] test applets::glob::tests::escape_marker_is_literal ... ok
[INFO] [stdout] test applets::glob::tests::star_matches_any ... ok
[INFO] [stdout] test applets::glob::tests::utf8_names_match_charwise ... ok
[INFO] [stderr] Security violation: Requested utility `rbox_cmdlink_578` does not match executable name:
[INFO] [stderr]   /usr/lib/cargo/bin/coreutils/sleep
[INFO] [stdout] test applets::proc::tests::cmdline_full_joins_args ... ok
[INFO] [stdout] test applets::proc::tests::human_size_adaptive ... ok
[INFO] [stdout] test applets::proc::tests::parse_stat_cpu_utime_stime ... ok
[INFO] [stdout] test applets::proc::tests::parse_stat_ppid_handles_spaces_in_comm ... ok
[INFO] [stdout] test applets::proc::tests::parse_stat_comm_extracts_name ... ok
[INFO] [stdout] test applets::proc::tests::parse_stat_state_field ... ok
[INFO] [stdout] test applets::proc::tests::parse_statm_returns_size_and_resident ... ok
[INFO] [stdout] test applets::proc::tests::sort_processes_by_rss_desc ... ok
[INFO] [stdout] test applets::sys::date::tests::name_and_help ... ok
[INFO] [stdout] test applets::sys::dmesg::tests::invalid_count_fails ... ok
[INFO] [stdout] test applets::sys::date::tests::date_succeeds ... ok
[INFO] [stdout] test applets::sys::dmesg::tests::name_and_help ... ok
[INFO] [stdout] test applets::sys::dmesg::tests::strips_kmsg_prefix ... ok
[INFO] [stdout] test applets::sys::dmesg::tests::missing_count_argument_fails ... ok
[INFO] [stdout] test applets::sys::dmesg::tests::unknown_option_fails ... ok
[INFO] [stdout] test applets::sys::dmesg::tests::strips_level_prefix ... ok
[INFO] [stdout] test applets::sys::dmesg::tests::tail_n_keeps_last ... ok
[INFO] [stdout] test applets::file::sync::tests::sync_succeeds ... ok
[INFO] [stdout] test applets::sys::env::tests::env_empty_name_does_not_panic ... ok
[INFO] [stdout] test applets::sys::id::tests::name_and_help ... ok
[INFO] [stdout] test applets::sys::hostname::tests::unknown_option_fails ... ok
[INFO] [stdout] test applets::sys::hostname::tests::reads_hostname ... ok
[INFO] [stdout] test applets::sys::env::tests::env_name ... ok
[INFO] [stdout] test applets::sys::kill::tests::kill_list_with_signal_arg ... ok
[INFO] [stdout] test applets::sys::env::tests::env_sets_var ... ok
[INFO] [stdout] test applets::sys::id::tests::unknown_user_fails ... ok
[INFO] [stdout] test applets::sys::kill::tests::parse_signal_forms ... ok
[INFO] [stdout] test applets::sys::env::tests::env_value_with_equals ... ok
[INFO] [stdout] test applets::sys::kill::tests::kill_missing_pid_fails ... ok
[INFO] [stdout] test applets::sys::env::tests::env_runs_true_command ... ok
[INFO] [stdout] test applets::sys::hostname::tests::name_and_help ... ok
[INFO] [stdout] test applets::sys::kill::tests::kill_invalid_pid_fails ... ok
[INFO] [stdout] test applets::sys::kill::tests::kill_list_ok ... ok
[INFO] [stdout] test applets::sys::logctl::tests::name_and_help ... ok
[INFO] [stdout] test applets::sys::kill::tests::double_dash_allows_negative_pid ... ok
[INFO] [stdout] test applets::sys::id::tests::current_identity_has_self_group ... ok
[INFO] [stdout] test applets::sys::kill::tests::kill_zero_signal_probes_process ... ok
[INFO] [stdout] test applets::sys::kill::tests::name_and_help ... ok
[INFO] [stdout] test applets::sys::env::tests::env_missing_command_returns_127 ... ok
[INFO] [stdout] test applets::sys::kill::tests::signal_name_reverse_mapping ... ok
[INFO] [stdout] test applets::sys::kill::tests::signal_names_with_and_without_prefix ... ok
[INFO] [stdout] test applets::sys::false_::tests::name_and_help ... ok
[INFO] [stdout] test applets::sys::id::tests::flags_succeed ... ok
[INFO] [stdout] test applets::sys::meminfo::tests::compute_stats_missing_key_returns_none ... ok
[INFO] [stdout] unit-x started
[INFO] [stdout] test applets::sys::meminfo::tests::format_accounting_output ... hello two
[INFO] [stdout] ok
[INFO] [stdout] hello one
[INFO] [stdout] hello two
[INFO] [stdout] test applets::sys::meminfo::tests::format_accounting_columns_aligned ... ok
[INFO] [stdout] test applets::sys::meminfo::tests::format_detail_skips_missing_fields ... ok
[INFO] [stdout] test applets::sys::logctl::tests::queries_file_with_filters ... ok
[INFO] [stdout] test applets::sys::meminfo::tests::compute_accounting_sums_to_total ... ok
[INFO] [stdout] test applets::sys::meminfo::tests::name_and_help ... ok
[INFO] [stdout] test applets::sys::meminfo::tests::format_detail_lists_fields ... ok
[INFO] [stdout] test applets::sys::meminfo::tests::format_iomem_empty ... ok
[INFO] [stdout] test applets::sys::meminfo::tests::compute_stats_values ... ok
[INFO] [stdout] test applets::sys::meminfo::tests::render_iomem_deep_prefix ... ok
[INFO] [stdout] test applets::sys::logkeeper::tests::rotate_small_file_not_needed ... ok
[INFO] [stdout] test applets::sys::meminfo::tests::render_iomem_siblings ... ok
[INFO] [stdout] test applets::sys::meminfo::tests::render_iomem_no_line_between_roots ... ok
[INFO] [stdout] test applets::sys::meminfo::tests::format_accounting_mismatch_shown ... ok
[INFO] [stdout] test applets::sys::meminfo::tests::format_iomem_tree_shape ... ok
[INFO] [stdout] test applets::sys::meminfo::tests::format_processes_output ... ok
[INFO] [stdout] test applets::sys::logkeeper::tests::name_and_help ... ok
[INFO] [stdout] test applets::sys::meminfo::tests::parse_meminfo_fields ... ok
[INFO] [stdout] test applets::sys::meminfo::tests::compute_stats_available_fallback ... ok
[INFO] [stdout] test applets::sys::meminfo::tests::print_stats_output ... ok
[INFO] [stdout] test applets::sys::mount::tests::list_without_args_ok ... ok
[INFO] [stdout] test applets::sys::mount::tests::plan_explicit_device_dir ... ok
[INFO] [stdout] test applets::sys::mount::tests::wrong_operand_count_fails ... ok
[INFO] [stdout] test applets::sys::meminfo::tests::stats_columns_aligned ... ok
[INFO] [stdout] test applets::sys::mount::tests::plan_from_fstab_type_override ... ok
[INFO] [stdout] test applets::sys::passwd::tests::salt_format ... ok
[INFO] [stdout] test applets::sys::meminfo::tests::unit_conversion ... ok
[INFO] [stdout] test applets::sys::mount::tests::plan_missing_fstab_entry_errors ... ok
[INFO] [stdout] test applets::sys::mount::tests::filesystem_types_strips_nodev ... ok
[INFO] [stdout] test applets::sys::mount::tests::invalid_option_fails ... ok
[INFO] [stdout] test applets::sys::passwd::tests::write_shadow_sets_permissions ... ok
[INFO] [stdout] test applets::sys::pgrep::tests::matches_name_and_cmdline ... ok
[INFO] [stdout] test applets::sys::pgrep::tests::name_and_help ... ok
[INFO] [stdout] test applets::sys::pgrep::tests::parse_options ... ok
[INFO] [stdout] test applets::sys::logkeeper::tests::rotate_large_file_moves_backup ... ok
[INFO] [stdout] test applets::sys::mount::tests::name_and_help ... ok
[INFO] [stdout] test applets::sys::processes::tests::build_tree_children_sorted_by_pid ... ok
[INFO] [stdout] test applets::sys::processes::tests::build_tree_orphan_under_virtual_root ... ok
[INFO] [stdout] test applets::sys::processes::tests::build_tree_single_virtual_root ... ok
[INFO] [stdout] test applets::sys::processes::tests::name_and_help ... ok
[INFO] [stdout] test applets::sys::processes::tests::node_fields_columns ... ok
[INFO] [stdout] test applets::sys::passwd::tests::name_and_help ... ok
[INFO] [stdout] test applets::sys::passwd::tests::update_shadow_replaces_and_appends ... ok
[INFO] [stdout] test applets::sys::processes::tests::render_tree_btop_shape ... ok
[INFO] [stdout] test applets::sys::pgrep::tests::pgrep_finds_self_excluded ... ok
[INFO] [stdout] test applets::sys::sleep::tests::parse_integer ... ok
[INFO] [stdout] test applets::sys::sleep::tests::parse_invalid ... ok
[INFO] [stdout] test applets::sys::sleep::tests::parse_zero ... ok
[INFO] [stdout] test applets::sys::su::tests::name_and_help ... ok
[INFO] [stdout] test applets::sys::test::tests::bracket_requires_closing ... ok
[INFO] [stdout] test applets::sys::mount::tests::option_flags_mapping ... ok
[INFO] [stdout] test applets::sys::su::tests::unknown_user_fails ... ok
[INFO] [stdout] test applets::sys::test::tests::errors ... ok
[INFO] [stdout] test applets::sys::mount::tests::plan_from_fstab_by_device_and_merges_options ... ok
[INFO] [stdout] test applets::sys::mount::tests::plan_from_fstab_by_mountpoint ... ok
[INFO] [stdout] test applets::sys::sleep::tests::name_and_help ... ok
[INFO] [stdout] test applets::sys::mount::tests::unknown_options_go_to_data ... ok
[INFO] [stdout] test applets::sys::pwd::tests::name_and_help ... ok
[INFO] [stdout] test applets::sys::sysusers::tests::name_and_help ... ok
[INFO] [stdout] test applets::sys::timeout::tests::duration_parsing ... ok
[INFO] [stdout] test applets::sys::test::tests::empty_is_false ... ok
[INFO] [stdout] test applets::sys::pgrep::tests::reads_self_process ... ok
[INFO] [stdout] test applets::sys::sysusers::tests::creates_user_group_and_membership ... ok
[INFO] [stdout] test applets::sys::test::tests::name_and_help ... ok
[INFO] [stdout] test applets::sys::test::tests::logic_operators ... ok
[INFO] [stdout] test applets::sys::test::tests::string_tests ... ok
[INFO] [stdout] test applets::sys::test::tests::file_tests ... ok
[INFO] [stdout] test applets::sys::timeout::tests::errors ... ok
[INFO] [stdout] test applets::sys::test::tests::numeric_tests ... ok
[INFO] [stdout] test applets::sys::processes::tests::render_tree_empty ... ok
[INFO] [stdout] test applets::sys::sleep::tests::parse_fractional ... ok
[INFO] [stdout] test applets::sys::sleep::tests::parse_negative ... ok
[INFO] [stdout] test applets::sys::umount::tests::unknown_option_fails ... ok
[INFO] [stdout] test applets::sys::timeout::tests::name_and_help ... ok
[INFO] [stdout] test applets::sys::umount::tests::unmount_nonexistent_fails ... ok
[INFO] [stdout] test applets::sys::true_::tests::name_and_help ... ok
[INFO] [stdout] test applets::sys::uname::tests::machine_flag_succeeds ... ok
[INFO] [stdout] test applets::sys::tmpfiles::tests::create_dir_file_and_link ... ok
[INFO] [stdout] test applets::sys::tmpfiles::tests::name_and_help ... ok
[INFO] [stdout] test applets::sys::umount::tests::missing_operand_fails ... ok
[INFO] [stdout] test applets::sys::uname::tests::default_succeeds ... ok
[INFO] [stdout] test applets::sys::umount::tests::name_and_help ... ok
[INFO] [stdout] test applets::sys::umount::tests::double_dash_allows_dash_target ... ok
[INFO] [stdout] test applets::sys::umount::tests::force_and_lazy_flags_parse ... ok
[INFO] [stdout] test applets::sys::uname::tests::all_flag_succeeds ... ok
[INFO] [stdout] test applets::sys::umount::tests::target_error_returns_failure ... ok
[INFO] [stdout] test applets::sys::uname::tests::combined_flags_succeed ... ok
[INFO] [stdout] test applets::text::awk::tests::arrays_and_for_in ... ok
[INFO] [stdout] test applets::sys::uptime::tests::format_variants ... ok
[INFO] [stdout] test applets::text::awk::tests::assign_ops_and_fields ... ok
[INFO] [stdout] test applets::sys::uname::tests::name_and_help ... ok
[INFO] [stdout] test applets::sys::uptime::tests::run_succeeds ... ok
[INFO] [stdout] test applets::text::awk::tests::begin_end_and_vars ... ok
[INFO] [stdout] test applets::text::awk::tests::arithmetic_and_string_ops ... ok
[INFO] [stdout] test applets::text::awk::tests::conditionals_loops_functions ... ok
[INFO] [stdout] test applets::text::awk::tests::print_redirect_and_getline ... ok
[INFO] [stdout] test applets::text::awk::tests::fs_and_nf ... ok
[INFO] [stdout] test applets::text::awk::tests::name_and_help ... ok
[INFO] [stdout] test applets::text::basename::tests::simple_path ... ok
[INFO] [stdout] test applets::text::basename::tests::root ... ok
[INFO] [stdout] test applets::text::awk::tests::printf_formats ... ok
[INFO] [stdout] test applets::sys::uptime::tests::name_and_help ... ok
[INFO] [stdout] test applets::text::awk::tests::regex_functions ... ok
[INFO] [stdout] test applets::text::basename::tests::no_directory ... ok
[INFO] [stdout] test applets::text::awk::tests::range_pattern_and_next ... ok
[INFO] [stdout] test applets::text::awk::tests::printf_and_ofs ... ok
[INFO] [stdout] test applets::text::awk::tests::print_fields_and_patterns ... ok
[INFO] [stdout] test applets::text::basename::tests::suffix_not_present ... ok
[INFO] [stdout] test applets::text::basename::tests::trailing_slash ... ok
[INFO] [stdout] test applets::text::dirname::tests::single_component ... ok
[INFO] [stdout] test applets::text::dirname::tests::trailing_slash ... ok
[INFO] [stdout] test applets::text::echo::tests::dash_n_only ... ok
[INFO] [stdout] test applets::text::cut::tests::list_parsing ... ok
[INFO] [stdout] test applets::text::dirname::tests::root ... ok
[INFO] [stdout] test applets::text::cut::tests::chars_selection ... ok
[INFO] [stdout] test applets::text::dirname::tests::no_directory ... ok
[INFO] [stdout] test applets::text::cut::tests::name_and_help ... ok
[INFO] [stdout] test applets::text::echo::tests::empty_args ... ok
[INFO] [stdout] test applets::text::cut::tests::parse_defaults_to_tab ... ok
[INFO] [stdout] test applets::text::echo::tests::multiple_args ... ok
[INFO] [stdout] test applets::text::basename::tests::suffix_equal_to_name ... ok
[INFO] [stdout] test applets::text::cut::tests::parse_errors ... ok
[INFO] [stdout] test applets::text::echo::tests::no_newline ... ok
[INFO] [stdout] test applets::text::dirname::tests::simple_path ... ok
[INFO] [stdout] test applets::text::cut::tests::fields_with_delimiter ... ok
[INFO] [stdout] test applets::text::basename::tests::with_suffix ... ok
[INFO] [stdout] test applets::text::grep::tests::filename_prefix ... ok
[INFO] [stdout] test applets::text::grep::tests::basic_match ... ok
[INFO] [stdout] test applets::text::grep::tests::ignore_case ... ok
[INFO] [stdout] test applets::text::grep::tests::line_number ... ok
[INFO] [stdout] test applets::text::echo::tests::second_dash_n_is_text ... ok
[INFO] [stdout] test applets::text::echo::tests::simple_text ... ok
[INFO] [stdout] test applets::text::grep::tests::invert_match ... ok
[INFO] [stdout] test applets::text::grep::tests::parse_basic ... ok
[INFO] [stdout] test applets::text::grep::tests::parse_combined_flags ... ok
[INFO] [stdout] test applets::text::echo::tests::no_newline_multiple ... ok
[INFO] [stdout] test applets::text::head::tests::head_empty_input ... ok
[INFO] [stdout] test applets::text::head::tests::head_no_trailing_newline ... ok
[INFO] [stdout] test applets::text::grep::tests::line_number_and_filename ... ok
[INFO] [stdout] test applets::text::grep::tests::parse_triple_flags ... ok
[INFO] [stdout] test applets::text::grep::tests::parse_end_of_opts ... ok
[INFO] [stdout] test applets::text::grep::tests::match_invalid_utf8_is_lossy ... ok
[INFO] [stdout] test applets::text::head::tests::head_single_line ... ok
[INFO] [stdout] test applets::text::head::tests::head_zero ... ok
[INFO] [stdout] test applets::text::printf::tests::escape_newline ... ok
[INFO] [stdout] test applets::sys::passwd::tests::crypt_hash_roundtrip ... ok
[INFO] [stdout] test applets::text::printf::tests::escape_backslash ... ok
[INFO] [stdout] test applets::text::printf::tests::no_args ... ok
[INFO] [stdout] test applets::text::grep::tests::parse_unknown_option ... ok
[INFO] [stdout] test applets::text::printf::tests::percent_percent ... ok
[INFO] [stdout] test applets::text::head::tests::head_basic ... ok
[INFO] [stdout] test applets::text::printf::tests::percent_x ... ok
[INFO] [stdout] test applets::text::regex::tests::anchors ... ok
[INFO] [stdout] test applets::text::grep::tests::no_match ... ok
[INFO] [stdout] test applets::text::printf::tests::percent_s ... ok
[INFO] [stdout] test applets::text::regex::tests::classes ... ok
[INFO] [stdout] test applets::text::head::tests::head_more_than_available ... ok
[INFO] [stdout] test applets::text::regex::tests::errors ... ok
[INFO] [stdout] test applets::text::grep::tests::multiple_matches ... ok
[INFO] [stdout] test applets::text::regex::tests::literals_and_dot ... ok
[INFO] [stdout] test applets::text::printf::tests::escape_tab ... ok
[INFO] [stdout] test applets::text::regex::tests::utf8_safe ... ok
[INFO] [stdout] test applets::text::sed::tests::append_insert_change ... ok
[INFO] [stdout] test applets::text::sed::tests::delete_and_addresses ... ok
[INFO] [stdout] test applets::text::sed::tests::multiple_scripts_and_comments ... ok
[INFO] [stdout] test applets::text::sed::tests::name_and_help ... ok
[INFO] [stdout] test applets::text::sed::tests::quiet_and_print ... ok
[INFO] [stdout] test applets::text::sed::tests::next_and_multiline ... ok
[INFO] [stdout] test applets::text::printf::tests::missing_arg_s ... ok
[INFO] [stdout] test applets::text::sed::tests::branches_and_blocks ... ok
[INFO] [stdout] test applets::text::printf::tests::multiple_args ... ok
[INFO] [stdout] test applets::text::printf::tests::percent_d_invalid ... ok
[INFO] [stdout] test applets::text::sed::tests::substitute_icase_and_amp ... ok
[INFO] [stdout] test applets::text::regex::tests::quantifiers ... ok
[INFO] [stdout] test applets::text::regex::tests::replacement_expansion ... ok
[INFO] [stdout] test applets::text::regex::tests::groups_and_alternation ... ok
[INFO] [stdout] test applets::text::regex::tests::leftmost_longest ... ok
[INFO] [stdout] test applets::text::sed::tests::translit_and_hold ... ok
[INFO] [stdout] test applets::text::sort::tests::fold_case ... ok
[INFO] [stdout] test applets::text::printf::tests::percent_c ... ok
[INFO] [stdout] test applets::text::printf::tests::percent_d ... ok
[INFO] [stdout] test applets::text::sort::tests::numeric_sort ... ok
[INFO] [stdout] test applets::text::sort::tests::reverse_and_unique ... ok
[INFO] [stdout] test applets::text::sed::tests::regex_address_and_special_chars ... ok
[INFO] [stdout] test applets::text::tail::tests::tail_single_line ... ok
[INFO] [stdout] test applets::text::sed::tests::substitute_basic ... ok
[INFO] [stdout] test applets::text::tail::tests::tail_zero ... ok
[INFO] [stdout] test applets::text::sort::tests::lexical_sort ... ok
[INFO] [stdout] test applets::text::tail::tests::tail_last_line_without_newline ... ok
[INFO] [stdout] test applets::text::sort::tests::name_and_help ... ok
[INFO] [stdout] test applets::text::tail::tests::tail_more_than_available ... ok
[INFO] [stdout] test applets::text::sort::tests::parse_options_and_files ... ok
[INFO] [stdout] test applets::text::tail::tests::tail_exact_count ... ok
[INFO] [stdout] test applets::text::tr::tests::delete_and_squeeze ... ok
[INFO] [stdout] test applets::text::tr::tests::expand_ranges_and_escapes ... ok
[INFO] [stdout] test applets::text::tee::tests::tee_unwritable_file_fails ... ok
[INFO] [stdout] test applets::text::tail::tests::tail_basic ... ok
[INFO] [stdout] test applets::text::tail::tests::tail_empty_input ... ok
[INFO] [stdout] test applets::text::tr::tests::stream_matches_reference_delete_squeeze ... ok
[INFO] [stdout] test applets::text::tee::tests::name_and_help ... ok
[INFO] [stdout] test applets::text::tee::tests::tee_bad_option_fails ... ok
[INFO] [stdout] test applets::text::tee::tests::tee_writes_files ... ok
[INFO] [stdout] test applets::text::tr::tests::squeeze_after_translate ... ok
[INFO] [stdout] test applets::text::tr::tests::stream_handles_multibyte_across_chunk_boundary ... ok
[INFO] [stdout] test applets::text::tr::tests::stream_matches_reference ... ok
[INFO] [stdout] test applets::text::util::tests::line_body_len_strips_lf_and_crlf ... ok
[INFO] [stdout] test applets::text::uniq::tests::count_mode ... ok
[INFO] [stdout] test applets::text::util::tests::line_reader_invalid_utf8_is_lossy ... ok
[INFO] [stdout] test applets::text::uniq::tests::last_line_without_newline ... ok
[INFO] [stdout] test applets::text::util::tests::line_reader_last_line_without_newline ... ok
[INFO] [stdout] test applets::text::util::tests::parse_files ... ok
[INFO] [stdout] test applets::text::util::tests::line_reader_numbers_lines_and_stops_at_eof ... ok
[INFO] [stdout] test applets::text::util::tests::parse_n_combined ... ok
[INFO] [stdout] test applets::text::util::tests::parse_n_default ... ok
[INFO] [stdout] test applets::text::tr::tests::translate_case ... ok
[INFO] [stdout] test applets::text::uniq::tests::only_dup_and_only_uniq ... ok
[INFO] [stdout] test applets::text::tr::tests::translate_repeats_last_char ... ok
[INFO] [stdout] test applets::text::util::tests::parse_n_explicit ... ok
[INFO] [stdout] test applets::text::util::tests::parse_n_invalid_attached_is_error ... ok
[INFO] [stdout] test applets::text::uniq::tests::name_and_help ... ok
[INFO] [stdout] test applets::text::uniq::tests::removes_adjacent_duplicates ... ok
[INFO] [stdout] test applets::text::wc::tests::count_binary_bytes ... ok
[INFO] [stdout] test applets::text::uniq::tests::parse_flags ... ok
[INFO] [stdout] test applets::text::wc::tests::count_empty ... ok
[INFO] [stdout] test applets::text::wc::tests::count_single_line ... ok
[INFO] [stdout] test applets::text::util::tests::parse_n_missing_arg_is_error ... ok
[INFO] [stdout] test applets::text::wc::tests::print_without_name_for_stdin ... ok
[INFO] [stdout]       0       0       0
[INFO] [stdout] test applets::text::wc::tests::unknown_option_returns_failure ... ok
[INFO] [stdout] test applets::text::wc::tests::print_includes_file_name ... ok
[INFO] [stdout] test applets::text::util::tests::parse_stdin_dash_ok ... ok
[INFO] [stdout] test tests::applet_for_finds_registered ... ok
[INFO] [stdout] test config::tests::bad_config_falls_back_to_defaults ... ok
[INFO] [stdout] test tests::help_flag_returns_success_for_known_applet ... ok
[INFO] [stdout] test config::tests::defaults_match_hardcoded_values ... ok
[INFO] [stdout] test config::tests::parses_full_config ... ok
[INFO] [stdout] test tests::every_applet_has_help_text ... ok
[INFO] [stdout] test applets::text::util::tests::parse_unknown_option_is_error ... ok
[INFO] [stdout] test config::tests::partial_config_keeps_defaults ... ok
[INFO] [stdout] test tests::applet_for_unknown_returns_none ... ok
[INFO] [stdout] test applets::text::util::tests::parse_n_invalid_number_is_error ... ok
[INFO] [stdout] test applets::text::wc::tests::count_basic ... ok
[INFO] [stdout] test tests::non_help_args_return_none ... ok
[INFO] [stdout] test tests::help_flag_unknown_applet_returns_none ... ok
[INFO] [stdout] test tests::registry_is_nonempty_and_unique ... ok
[INFO] [stdout] test applets::sys::timeout::tests::passes_through_exit_code ... ok
[INFO] [stdout] test applets::text::tr::tests::name_and_help ... ok
[INFO] [stdout] test applets::text::tr::tests::safe_boundary_detects_complete_chars ... ok
[INFO] [stdout] test applets::text::grep::tests::parse_missing_pattern ... ok
[INFO] [stdout] test applets::sys::timeout::tests::timeout_kills_long_command ... ok
[INFO] [stderr] error: test failed, to rerun pass `--bin rbox`
[INFO] [stdout] test applets::proc::tests::read_proc_cmd_includes_call_path_and_args ... FAILED
[INFO] [stdout] 
[INFO] [stdout] failures:
[INFO] [stdout] 
[INFO] [stdout] ---- applets::core::rgetty::tests::wait_child_returns_exit_code stdout ----
[INFO] [stdout] 
[INFO] [stdout] thread 'applets::core::rgetty::tests::wait_child_returns_exit_code' (737) panicked at src/applets/core/rgetty.rs:455:9:
[INFO] [stdout] assertion `left == right` failed
[INFO] [stdout]   left: Some(1)
[INFO] [stdout]  right: Some(42)
[INFO] [stdout] stack backtrace:
[INFO] [stdout]    0:     0x5b35275d8455 - <unknown>
[INFO] [stdout]    1:     0x5b35275bd014 - <unknown>
[INFO] [stdout]    2:     0x5b35275d7afb - <unknown>
[INFO] [stdout]    3:     0x5b35275d76f9 - <unknown>
[INFO] [stdout]    4:     0x5b35275d737a - <unknown>
[INFO] [stdout]    5:     0x5b35275d6eab - <unknown>
[INFO] [stdout]    6:     0x5b35275fcd41 - <unknown>
[INFO] [stdout]    7:     0x5b35275fccf9 - <unknown>
[INFO] [stdout]    8:     0x5b35275fd1ec - <unknown>
[INFO] [stdout]    9:     0x5b35275bceab - <unknown>
[INFO] [stdout]   10:     0x5b35275bcdcf - <unknown>
[INFO] [stdout]   11:     0x5b352740ea6f - <unknown>
[INFO] [stdout]   12:     0x5b3527559943 - <unknown>
[INFO] [stdout]   13:     0x5b352761dcab - <unknown>
[INFO] [stdout]   14:     0x5b3527619a06 - <unknown>
[INFO] [stdout]   15:     0x5b352761916c - <unknown>
[INFO] [stdout]   16:     0x5b35276372ac - <unknown>
[INFO] [stdout]   17:     0x5b35275fec58 - <unknown>
[INFO] [stdout]   18:     0x7e058f6e4dfa - <unknown>
[INFO] [stdout]   19:     0x7e058f7783d4 - clone
[INFO] [stdout]   20:                0x0 - <unknown>
[INFO] [stdout] 
[INFO] [stdout] ---- applets::proc::tests::read_proc_cmd_includes_call_path_and_args stdout ----
[INFO] [stdout] 
[INFO] [stdout] thread 'applets::proc::tests::read_proc_cmd_includes_call_path_and_args' (1294) panicked at src/applets/proc.rs:332:9:
[INFO] [stdout] assertion `left == right` failed: Command 应含调用路径与参数（exe=）
[INFO] [stdout]   left: ""
[INFO] [stdout]  right: "/tmp/rbox_cmdlink_578 5"
[INFO] [stdout] stack backtrace:
[INFO] [stdout]    0:     0x5b35275d8455 - <unknown>
[INFO] [stdout]    1:     0x5b35275bd014 - <unknown>
[INFO] [stdout]    2:     0x5b35275d7afb - <unknown>
[INFO] [stdout]    3:     0x5b35275d76f9 - <unknown>
[INFO] [stdout]    4:     0x5b35275d737a - <unknown>
[INFO] [stdout]    5:     0x5b35275d6eab - <unknown>
[INFO] [stdout]    6:     0x5b35275fcd41 - <unknown>
[INFO] [stdout]    7:     0x5b35275fccf9 - <unknown>
[INFO] [stdout]    8:     0x5b35275fd1ec - <unknown>
[INFO] [stdout]    9:     0x5b35275bceab - <unknown>
[INFO] [stdout]   10:     0x5b35275bce2e - <unknown>
[INFO] [stdout]   11:     0x5b352740eed6 - <unknown>
[INFO] [stdout]   12:     0x5b352754491a - <unknown>
[INFO] [stdout]   13:     0x5b352761dcab - <unknown>
[INFO] [stdout]   14:     0x5b3527619a06 - <unknown>
[INFO] [stdout]   15:     0x5b352761916c - <unknown>
[INFO] [stdout]   16:     0x5b35276372ac - <unknown>
[INFO] [stdout]   17:     0x5b35275fec58 - <unknown>
[INFO] [stdout]   18:     0x7e058f6e4dfa - <unknown>
[INFO] [stdout]   19:     0x7e058f7783d4 - clone
[INFO] [stdout]   20:                0x0 - <unknown>
[INFO] [stdout] 
[INFO] [stdout] 
[INFO] [stdout] failures:
[INFO] [stdout]     applets::core::rgetty::tests::wait_child_returns_exit_code
[INFO] [stdout]     applets::proc::tests::read_proc_cmd_includes_call_path_and_args
[INFO] [stdout] 
[INFO] [stdout] test result: FAILED. 910 passed; 2 failed; 0 ignored; 0 measured; 0 filtered out; finished in 2.26s
[INFO] [stdout] 
[INFO] running `Command { std: "docker" "inspect" "03b6606f1ae32cdbdc510a999de47dea06a2f62c74e56d64da42e1483c28ca61", kill_on_drop: false }`
[INFO] running `Command { std: "docker" "rm" "-f" "03b6606f1ae32cdbdc510a999de47dea06a2f62c74e56d64da42e1483c28ca61", kill_on_drop: false }`
[INFO] [stdout] 03b6606f1ae32cdbdc510a999de47dea06a2f62c74e56d64da42e1483c28ca61
