[INFO] cloning repository https://github.com/lightclient/eipv
[INFO] running `Command { std: "git" "-c" "credential.helper=" "-c" "credential.helper=/workspace/cargo-home/bin/git-credential-null" "clone" "--bare" "https://github.com/lightclient/eipv" "/workspace/cache/git-repos/https%3A%2F%2Fgithub.com%2Flightclient%2Feipv", kill_on_drop: false }`
[INFO] [stderr] Cloning into bare repository '/workspace/cache/git-repos/https%3A%2F%2Fgithub.com%2Flightclient%2Feipv'...
[INFO] running `Command { std: "git" "rev-parse" "HEAD", kill_on_drop: false }`
[INFO] [stdout] 06c16744c4e8156445b45acbf6d862c9104221bf
[INFO] testing lightclient/eipv against 1.100.0-beta.1+cargoflags=--release for beta-release-1.100-2
[INFO] running `Command { std: "git" "clone" "/workspace/cache/git-repos/https%3A%2F%2Fgithub.com%2Flightclient%2Feipv" "/workspace/builds/worker-2-tc2/source", kill_on_drop: false }`
[INFO] [stderr] Cloning into '/workspace/builds/worker-2-tc2/source'...
[INFO] [stderr] done.
[INFO] started tweaking git repo https://github.com/lightclient/eipv
[INFO] finished tweaking git repo https://github.com/lightclient/eipv
[INFO] tweaked toml for git repo https://github.com/lightclient/eipv written to /workspace/builds/worker-2-tc2/source/Cargo.toml
[INFO] validating manifest of git repo https://github.com/lightclient/eipv on toolchain 1.100.0-beta.1
[INFO] running `Command { std: CARGO_HOME="/workspace/cargo-home" RUSTUP_HOME="/workspace/rustup-home" "/workspace/cargo-home/bin/cargo" "+1.100.0-beta.1" "metadata" "--manifest-path" "Cargo.toml" "--no-deps", kill_on_drop: false }`
[INFO] crate git repo https://github.com/lightclient/eipv already has a lockfile, it will not be regenerated
[INFO] running `Command { std: CARGO_HOME="/workspace/cargo-home" RUSTUP_HOME="/workspace/rustup-home" "/workspace/cargo-home/bin/cargo" "+1.100.0-beta.1" "fetch" "--manifest-path" "Cargo.toml", kill_on_drop: false }`
[INFO] running `Command { std: "docker" "create" "-v" "/var/lib/crater-agent-workspace/builds/worker-2-tc2/source:/opt/rustwide/workdir:ro,Z" "-v" "/var/lib/crater-agent-workspace/builds/worker-2-tc2/target:/opt/rustwide/target:rw,Z" "-v" "/var/lib/crater-agent-workspace/cargo-home:/opt/rustwide/cargo-home:ro,Z" "-v" "/var/lib/crater-agent-workspace/rustup-home:/opt/rustwide/rustup-home:ro,Z" "-m" "1610612736" "--network" "none" "ghcr.io/rust-lang/crates-build-env/linux@sha256:77db811e55d90add9212f6832c23229e3de5f1c1f9905e8cb07319ea15df73ac" "sleep" "infinity", kill_on_drop: false }`
[INFO] [stdout] 42b2e9c4307affa4727eac45b40bd26b3c29109ab2d62cb4171754b159e6a799
[INFO] running `Command { std: "docker" "start" "42b2e9c4307affa4727eac45b40bd26b3c29109ab2d62cb4171754b159e6a799", kill_on_drop: false }`
[INFO] running `Command { std: "docker" "inspect" "42b2e9c4307affa4727eac45b40bd26b3c29109ab2d62cb4171754b159e6a799", kill_on_drop: false }`
[INFO] running `Command { std: "docker" "exec" "-e" "SOURCE_DIR=/opt/rustwide/workdir" "-e" "CARGO_HOME=/opt/rustwide/cargo-home" "-e" "RUSTUP_HOME=/opt/rustwide/rustup-home" "-e" "CARGO_TARGET_DIR=/opt/rustwide/target" "-w" "/opt/rustwide/workdir" "--user" "0:0" "42b2e9c4307affa4727eac45b40bd26b3c29109ab2d62cb4171754b159e6a799" "/opt/rustwide/cargo-home/bin/cargo" "+1.100.0-beta.1" "metadata" "--no-deps" "--format-version=1", kill_on_drop: false }`
[INFO] running `Command { std: "docker" "inspect" "42b2e9c4307affa4727eac45b40bd26b3c29109ab2d62cb4171754b159e6a799", kill_on_drop: false }`
[INFO] running `Command { std: "docker" "exec" "-e" "SOURCE_DIR=/opt/rustwide/workdir" "-e" "CARGO_HOME=/opt/rustwide/cargo-home" "-e" "RUSTUP_HOME=/opt/rustwide/rustup-home" "-e" "CARGO_TARGET_DIR=/opt/rustwide/target" "-e" "CARGO_INCREMENTAL=0" "-e" "RUST_BACKTRACE=full" "-e" "RUSTFLAGS=--cap-lints=warn" "-e" "RUSTDOCFLAGS=--cap-lints=warn" "-w" "/opt/rustwide/workdir" "--user" "0:0" "42b2e9c4307affa4727eac45b40bd26b3c29109ab2d62cb4171754b159e6a799" "/opt/rustwide/cargo-home/bin/cargo" "+1.100.0-beta.1" "build" "--frozen" "--message-format=json" "--release", kill_on_drop: false }`
[INFO] [stderr]    Compiling autocfg v1.0.0
[INFO] [stderr]    Compiling proc-macro2 v1.0.18
[INFO] [stderr]    Compiling version_check v0.9.2
[INFO] [stderr]    Compiling unicode-xid v0.2.1
[INFO] [stderr]    Compiling libc v0.2.72
[INFO] [stderr]    Compiling syn v1.0.34
[INFO] [stderr]    Compiling memchr v2.3.3
[INFO] [stderr]    Compiling bitflags v1.2.1
[INFO] [stderr]    Compiling matches v0.1.8
[INFO] [stderr]    Compiling unicode-segmentation v1.6.0
[INFO] [stderr]    Compiling lazy_static v1.4.0
[INFO] [stderr]    Compiling tinyvec v0.3.3
[INFO] [stderr]    Compiling unicode-width v0.1.8
[INFO] [stderr]    Compiling anyhow v1.0.31
[INFO] [stderr]    Compiling strsim v0.10.0
[INFO] [stderr]    Compiling regex-syntax v0.6.18
[INFO] [stderr]    Compiling unicode-bidi v0.3.4
[INFO] [stderr]    Compiling textwrap v0.12.1
[INFO] [stderr]    Compiling thread_local v1.0.1
[INFO] [stderr]    Compiling termcolor v1.1.0
[INFO] [stderr]    Compiling proc-macro-error-attr v1.0.4
[INFO] [stderr]    Compiling proc-macro-error v1.0.4
[INFO] [stderr]    Compiling os_str_bytes v2.3.1
[INFO] [stderr]    Compiling vec_map v0.8.2
[INFO] [stderr]    Compiling heck v0.3.1
[INFO] [stderr]    Compiling num-traits v0.2.12
[INFO] [stderr]    Compiling indexmap v1.4.0
[INFO] [stderr]    Compiling num-integer v0.1.43
[INFO] [stderr]    Compiling unicode-normalization v0.1.13
[INFO] [stderr]    Compiling aho-corasick v0.7.13
[INFO] [stderr]    Compiling quote v1.0.7
[INFO] [stderr]    Compiling atty v0.2.14
[INFO] [stderr]    Compiling time v0.1.43
[INFO] [stderr]    Compiling idna v0.2.0
[INFO] [stderr]    Compiling chrono v0.4.13
[INFO] [stderr]    Compiling url v2.1.1
[INFO] [stderr]    Compiling regex v1.3.9
[INFO] [stderr]    Compiling clap_derive v3.0.0-beta.2
[INFO] [stderr]    Compiling clap v3.0.0-beta.2
[INFO] [stderr]    Compiling eipv v0.4.0 (/opt/rustwide/workdir)
[INFO] [stdout] warning: field `body` is never read
[INFO] [stdout]   --> src/eip.rs:11:9
[INFO] [stdout]    |
[INFO] [stdout]  9 | pub struct Eip {
[INFO] [stdout]    |            --- field in this struct
[INFO] [stdout] 10 |     pub preamble: Preamble,
[INFO] [stdout] 11 |     pub body: String,
[INFO] [stdout]    |         ^^^^
[INFO] [stdout]    |
[INFO] [stdout]    = note: `Eip` has a derived impl for the trait `Debug`, but this is intentionally ignored during dead code analysis
[INFO] [stdout]    = note: `#[warn(dead_code)]` (part of `#[warn(unused)]`) on by default
[INFO] [stdout] 
[INFO] [stdout] 
[INFO] [stderr]     Finished `release` profile [optimized] target(s) in 32.29s
[INFO] running `Command { std: "docker" "inspect" "42b2e9c4307affa4727eac45b40bd26b3c29109ab2d62cb4171754b159e6a799", kill_on_drop: false }`
[INFO] running `Command { std: "docker" "exec" "-e" "SOURCE_DIR=/opt/rustwide/workdir" "-e" "CARGO_HOME=/opt/rustwide/cargo-home" "-e" "RUSTUP_HOME=/opt/rustwide/rustup-home" "-e" "CARGO_TARGET_DIR=/opt/rustwide/target" "-e" "CARGO_INCREMENTAL=0" "-e" "RUST_BACKTRACE=full" "-e" "RUSTFLAGS=--cap-lints=warn" "-e" "RUSTDOCFLAGS=--cap-lints=warn" "-w" "/opt/rustwide/workdir" "--user" "0:0" "42b2e9c4307affa4727eac45b40bd26b3c29109ab2d62cb4171754b159e6a799" "/opt/rustwide/cargo-home/bin/cargo" "+1.100.0-beta.1" "test" "--frozen" "--no-run" "--message-format=json" "--release", kill_on_drop: false }`
[INFO] [stderr]    Compiling predicates-core v1.0.0
[INFO] [stderr]    Compiling doc-comment v0.3.3
[INFO] [stderr]    Compiling normalize-line-endings v0.3.0
[INFO] [stderr]    Compiling treeline v0.1.0
[INFO] [stderr]    Compiling float-cmp v0.6.0
[INFO] [stderr]    Compiling difference v2.0.0
[INFO] [stderr]    Compiling wait-timeout v0.2.0
[INFO] [stdout] warning: field `body` is never read
[INFO] [stdout]   --> src/eip.rs:11:9
[INFO] [stdout]    |
[INFO] [stdout]  9 | pub struct Eip {
[INFO] [stdout]    |            --- field in this struct
[INFO] [stdout] 10 |     pub preamble: Preamble,
[INFO] [stdout] 11 |     pub body: String,
[INFO] [stdout]    |         ^^^^
[INFO] [stdout]    |
[INFO] [stdout]    = note: `Eip` has a derived impl for the trait `Debug`, but this is intentionally ignored during dead code analysis
[INFO] [stdout]    = note: `#[warn(dead_code)]` (part of `#[warn(unused)]`) on by default
[INFO] [stdout] 
[INFO] [stdout] 
[INFO] [stderr]    Compiling predicates-tree v1.0.0
[INFO] [stderr]    Compiling predicates v1.0.4
[INFO] [stderr]    Compiling assert_cmd v1.0.1
[INFO] [stderr]    Compiling eipv v0.4.0 (/opt/rustwide/workdir)
[INFO] [stdout] warning: field `body` is never read
[INFO] [stdout]   --> src/eip.rs:11:9
[INFO] [stdout]    |
[INFO] [stdout]  9 | pub struct Eip {
[INFO] [stdout]    |            --- field in this struct
[INFO] [stdout] 10 |     pub preamble: Preamble,
[INFO] [stdout] 11 |     pub body: String,
[INFO] [stdout]    |         ^^^^
[INFO] [stdout]    |
[INFO] [stdout]    = note: `Eip` has a derived impl for the trait `Debug`, but this is intentionally ignored during dead code analysis
[INFO] [stdout]    = note: `#[warn(dead_code)]` (part of `#[warn(unused)]`) on by default
[INFO] [stdout] 
[INFO] [stdout] 
[INFO] [stderr]     Finished `release` profile [optimized] target(s) in 3.65s
[INFO] running `Command { std: "docker" "inspect" "42b2e9c4307affa4727eac45b40bd26b3c29109ab2d62cb4171754b159e6a799", kill_on_drop: false }`
[INFO] running `Command { std: "docker" "exec" "-e" "SOURCE_DIR=/opt/rustwide/workdir" "-e" "CARGO_HOME=/opt/rustwide/cargo-home" "-e" "RUSTUP_HOME=/opt/rustwide/rustup-home" "-e" "CARGO_TARGET_DIR=/opt/rustwide/target" "-e" "CARGO_INCREMENTAL=0" "-e" "RUST_BACKTRACE=full" "-e" "RUSTFLAGS=--cap-lints=warn" "-e" "RUSTDOCFLAGS=--cap-lints=warn" "-w" "/opt/rustwide/workdir" "--user" "0:0" "42b2e9c4307affa4727eac45b40bd26b3c29109ab2d62cb4171754b159e6a799" "/opt/rustwide/cargo-home/bin/cargo" "+1.100.0-beta.1" "test" "--frozen" "--release", kill_on_drop: false }`
[INFO] [stderr] warning: field `body` is never read
[INFO] [stderr]   --> src/eip.rs:11:9
[INFO] [stderr]    |
[INFO] [stderr]  9 | pub struct Eip {
[INFO] [stderr]    |            --- field in this struct
[INFO] [stderr] 10 |     pub preamble: Preamble,
[INFO] [stderr] 11 |     pub body: String,
[INFO] [stderr]    |         ^^^^
[INFO] [stderr]    |
[INFO] [stderr]    = note: `Eip` has a derived impl for the trait `Debug`, but this is intentionally ignored during dead code analysis
[INFO] [stderr]    = note: `#[warn(dead_code)]` (part of `#[warn(unused)]`) on by default
[INFO] [stderr] 
[INFO] [stderr] warning: `eipv` (bin "eipv") generated 1 warning
[INFO] [stderr] warning: `eipv` (bin "eipv" test) generated 1 warning (1 duplicate)
[INFO] [stderr]     Finished `release` profile [optimized] target(s) in 0.06s
[INFO] [stderr]      Running unittests src/main.rs (/opt/rustwide/target/release/build/eipv/14298bbefa4caa06/out/eipv-14298bbefa4caa06)
[INFO] [stdout] 
[INFO] [stdout] running 1 test
[INFO] [stdout] test validators::tests::author_invalid_email ... ok
[INFO] [stderr]      Running tests/tests.rs (/opt/rustwide/target/release/build/eipv/1e90e4ac514acca1/out/tests-1e90e4ac514acca1)
[INFO] [stdout] 
[INFO] [stdout] test result: ok. 1 passed; 0 failed; 0 ignored; 0 measured; 0 filtered out; finished in 0.00s
[INFO] [stdout] 
[INFO] [stdout] 
[INFO] [stdout] running 19 tests
[INFO] [stdout] test preamble_author ... FAILED
[INFO] [stdout] test preamble_start_malformed ... FAILED
[INFO] [stdout] test preamble_only_error_not_missing_field ... FAILED
[INFO] [stdout] test preamble_title_too_long ... FAILED
[INFO] [stdout] test preamble_end_malformed ... FAILED
[INFO] [stdout] test preamble_category ... FAILED
[INFO] [stdout] test preamble_created ... FAILED
[INFO] [stdout] test preamble_last_call_deadline ... FAILED
[INFO] [stdout] test preamble_has_required_fields ... FAILED
[INFO] [stdout] test preamble_updated ... FAILED
[INFO] [stdout] test preamble_invalid_discussions_to ... FAILED
[INFO] [stdout] test preamble_status ... FAILED
[INFO] [stdout] test preamble_malformed_eip ... FAILED
[INFO] [stdout] test preamble_malformed_field ... FAILED
[INFO] [stdout] test preamble_description_too_long ... FAILED
[INFO] [stdout] test preamble_type ... FAILED
[INFO] [stdout] test valid ... FAILED
[INFO] [stdout] test preamble_requires ... FAILED
[INFO] [stdout] test preamble_unknown_field ... FAILED
[INFO] [stdout] 
[INFO] [stdout] failures:
[INFO] [stdout] 
[INFO] [stdout] ---- preamble_author stdout ----
[INFO] [stdout] 
[INFO] [stdout] thread 'preamble_author' (1291) panicked at tests/utils.rs:7:10:
[INFO] [stdout] eipv binary missing: CargoError { cause: Some(NotFoundError { path: "/opt/rustwide/target/release/build/eipv/1e90e4ac514acca1/out/eipv" }) }
[INFO] [stdout] stack backtrace:
[INFO] [stdout]    0:     0x5eef410515b1 - <<std[617be2ca0a6fd877]::sys::backtrace::BacktraceLock>::print::DisplayBacktrace as core[a373ad73a504971]::fmt::Display>::fmt
[INFO] [stdout]    1:     0x5eef41066bca - core[a373ad73a504971]::fmt::write
[INFO] [stdout]    2:     0x5eef41056bdc - <alloc[2e1b2a31b91974c5]::vec::Vec<u8> as core[a373ad73a504971]::io::write::Write>::write_fmt
[INFO] [stdout]    3:     0x5eef4102d0c6 - std[617be2ca0a6fd877]::panicking::default_hook::{closure#0}
[INFO] [stdout]    4:     0x5eef41049bc9 - std[617be2ca0a6fd877]::panicking::default_hook
[INFO] [stdout]    5:     0x5eef40fdba50 - test[aada8e7e76ba119b]::test_main_inner::{closure#0}
[INFO] [stdout]    6:     0x5eef41049d82 - std[617be2ca0a6fd877]::panicking::panic_with_hook
[INFO] [stdout]    7:     0x5eef4102d172 - std[617be2ca0a6fd877]::panicking::panic_handler::{closure#0}
[INFO] [stdout]    8:     0x5eef41025e89 - std[617be2ca0a6fd877]::sys::backtrace::__rust_end_short_backtrace::<std[617be2ca0a6fd877]::panicking::panic_handler::{closure#0}, !>
[INFO] [stdout]    9:     0x5eef4102dd7d - __rustc[ea4f61d10b84890b]::rust_begin_unwind
[INFO] [stdout]   10:     0x5eef410672fc - core[a373ad73a504971]::panicking::panic_fmt
[INFO] [stdout]   11:     0x5eef410670d2 - core[a373ad73a504971]::result::unwrap_failed
[INFO] [stdout]   12:     0x5eef40fccb50 - tests[9778e2f8536ecf5c]::utils::test_fixture
[INFO] [stdout]   13:     0x5eef40fce421 - <tests[9778e2f8536ecf5c]::preamble_author::{closure#0} as core[a373ad73a504971]::ops::function::FnOnce<()>>::call_once
[INFO] [stdout]   14:     0x5eef40fcee9b - test[aada8e7e76ba119b]::__rust_begin_short_backtrace::<core[a373ad73a504971]::result::Result<(), alloc[2e1b2a31b91974c5]::string::String>, fn() -> core[a373ad73a504971]::result::Result<(), alloc[2e1b2a31b91974c5]::string::String>>
[INFO] [stdout]   15:     0x5eef40fdc075 - test[aada8e7e76ba119b]::run_test::{closure#0}
[INFO] [stdout]   16:     0x5eef40fd5964 - std[617be2ca0a6fd877]::sys::backtrace::__rust_begin_short_backtrace::<test[aada8e7e76ba119b]::run_test::{closure#1}, ()>
[INFO] [stdout]   17:     0x5eef40fdf102 - <std[617be2ca0a6fd877]::thread::lifecycle::spawn_unchecked<test[aada8e7e76ba119b]::run_test::{closure#1}, ()>::{closure#1} as core[a373ad73a504971]::ops::function::FnOnce<()>>::call_once::{shim:vtable#0}
[INFO] [stdout]   18:     0x5eef41050d8f - <std[617be2ca0a6fd877]::sys::thread::unix::Thread>::new::thread_start
[INFO] [stdout]   19:     0x7409aabcedfa - <unknown>
[INFO] [stdout]   20:     0x7409aac623d4 - clone
[INFO] [stdout]   21:                0x0 - <unknown>
[INFO] [stdout] 
[INFO] [stdout] ---- preamble_start_malformed stdout ----
[INFO] [stdout] 
[INFO] [stdout] thread 'preamble_start_malformed' (1303) panicked at tests/utils.rs:7:10:
[INFO] [stdout] eipv binary missing: CargoError { cause: Some(NotFoundError { path: "/opt/rustwide/target/release/build/eipv/1e90e4ac514acca1/out/eipv" }) }
[INFO] [stdout] stack backtrace:
[INFO] [stdout]    0:     0x5eef410515b1 - <<std[617be2ca0a6fd877]::sys::backtrace::BacktraceLock>::print::DisplayBacktrace as core[a373ad73a504971]::fmt::Display>::fmt
[INFO] [stdout]    1:     0x5eef41066bca - core[a373ad73a504971]::fmt::write
[INFO] [stdout]    2:     0x5eef41056bdc - <alloc[2e1b2a31b91974c5]::vec::Vec<u8> as core[a373ad73a504971]::io::write::Write>::write_fmt
[INFO] [stdout]    3:     0x5eef4102d0c6 - std[617be2ca0a6fd877]::panicking::default_hook::{closure#0}
[INFO] [stdout]    4:     0x5eef41049bc9 - std[617be2ca0a6fd877]::panicking::default_hook
[INFO] [stdout]    5:     0x5eef40fdba50 - test[aada8e7e76ba119b]::test_main_inner::{closure#0}
[INFO] [stdout]    6:     0x5eef41049d82 - std[617be2ca0a6fd877]::panicking::panic_with_hook
[INFO] [stdout]    7:     0x5eef4102d172 - std[617be2ca0a6fd877]::panicking::panic_handler::{closure#0}
[INFO] [stdout]    8:     0x5eef41025e89 - std[617be2ca0a6fd877]::sys::backtrace::__rust_end_short_backtrace::<std[617be2ca0a6fd877]::panicking::panic_handler::{closure#0}, !>
[INFO] [stdout]    9:     0x5eef4102dd7d - __rustc[ea4f61d10b84890b]::rust_begin_unwind
[INFO] [stdout]   10:     0x5eef410672fc - core[a373ad73a504971]::panicking::panic_fmt
[INFO] [stdout]   11:     0x5eef410670d2 - core[a373ad73a504971]::result::unwrap_failed
[INFO] [stdout]   12:     0x5eef40fccb50 - tests[9778e2f8536ecf5c]::utils::test_fixture
[INFO] [stdout]   13:     0x5eef40fce8b1 - <tests[9778e2f8536ecf5c]::preamble_start_malformed::{closure#0} as core[a373ad73a504971]::ops::function::FnOnce<()>>::call_once
[INFO] [stdout]   14:     0x5eef40fcee9b - test[aada8e7e76ba119b]::__rust_begin_short_backtrace::<core[a373ad73a504971]::result::Result<(), alloc[2e1b2a31b91974c5]::string::String>, fn() -> core[a373ad73a504971]::result::Result<(), alloc[2e1b2a31b91974c5]::string::String>>
[INFO] [stdout]   15:     0x5eef40fdc075 - test[aada8e7e76ba119b]::run_test::{closure#0}
[INFO] [stdout]   16:     0x5eef40fd5964 - std[617be2ca0a6fd877]::sys::backtrace::__rust_begin_short_backtrace::<test[aada8e7e76ba119b]::run_test::{closure#1}, ()>
[INFO] [stdout]   17:     0x5eef40fdf102 - <std[617be2ca0a6fd877]::thread::lifecycle::spawn_unchecked<test[aada8e7e76ba119b]::run_test::{closure#1}, ()>::{closure#1} as core[a373ad73a504971]::ops::function::FnOnce<()>>::call_once::{shim:vtable#0}
[INFO] [stdout]   18:     0x5eef41050d8f - <std[617be2ca0a6fd877]::sys::thread::unix::Thread>::new::thread_start
[INFO] [stdout]   19:     0x7409aabcedfa - <unknown>
[INFO] [stdout]   20:     0x7409aac623d4 - clone
[INFO] [stdout]   21:                0x0 - <unknown>
[INFO] [stdout] 
[INFO] [stdout] ---- preamble_only_error_not_missing_field stdout ----
[INFO] [stdout] 
[INFO] [stdout] thread 'preamble_only_error_not_missing_field' (1301) panicked at tests/utils.rs:17:10:
[INFO] [stdout] eipv binary missing: CargoError { cause: Some(NotFoundError { path: "/opt/rustwide/target/release/build/eipv/1e90e4ac514acca1/out/eipv" }) }
[INFO] [stdout] stack backtrace:
[INFO] [stdout]    0:     0x5eef410515b1 - <<std[617be2ca0a6fd877]::sys::backtrace::BacktraceLock>::print::DisplayBacktrace as core[a373ad73a504971]::fmt::Display>::fmt
[INFO] [stdout]    1:     0x5eef41066bca - core[a373ad73a504971]::fmt::write
[INFO] [stdout]    2:     0x5eef41056bdc - <alloc[2e1b2a31b91974c5]::vec::Vec<u8> as core[a373ad73a504971]::io::write::Write>::write_fmt
[INFO] [stdout]    3:     0x5eef4102d0c6 - std[617be2ca0a6fd877]::panicking::default_hook::{closure#0}
[INFO] [stdout]    4:     0x5eef41049bc9 - std[617be2ca0a6fd877]::panicking::default_hook
[INFO] [stdout]    5:     0x5eef40fdba50 - test[aada8e7e76ba119b]::test_main_inner::{closure#0}
[INFO] [stdout]    6:     0x5eef41049d82 - std[617be2ca0a6fd877]::panicking::panic_with_hook
[INFO] [stdout]    7:     0x5eef4102d172 - std[617be2ca0a6fd877]::panicking::panic_handler::{closure#0}
[INFO] [stdout]    8:     0x5eef41025e89 - std[617be2ca0a6fd877]::sys::backtrace::__rust_end_short_backtrace::<std[617be2ca0a6fd877]::panicking::panic_handler::{closure#0}, !>
[INFO] [stdout]    9:     0x5eef4102dd7d - __rustc[ea4f61d10b84890b]::rust_begin_unwind
[INFO] [stdout]   10:     0x5eef410672fc - core[a373ad73a504971]::panicking::panic_fmt
[INFO] [stdout]   11:     0x5eef410670d2 - core[a373ad73a504971]::result::unwrap_failed
[INFO] [stdout]   12:     0x5eef40fcecbf - <tests[9778e2f8536ecf5c]::preamble_only_error_not_missing_field::{closure#0} as core[a373ad73a504971]::ops::function::FnOnce<()>>::call_once
[INFO] [stdout]   13:     0x5eef40fcee9b - test[aada8e7e76ba119b]::__rust_begin_short_backtrace::<core[a373ad73a504971]::result::Result<(), alloc[2e1b2a31b91974c5]::string::String>, fn() -> core[a373ad73a504971]::result::Result<(), alloc[2e1b2a31b91974c5]::string::String>>
[INFO] [stdout]   14:     0x5eef40fdc075 - test[aada8e7e76ba119b]::run_test::{closure#0}
[INFO] [stdout]   15:     0x5eef40fd5964 - std[617be2ca0a6fd877]::sys::backtrace::__rust_begin_short_backtrace::<test[aada8e7e76ba119b]::run_test::{closure#1}, ()>
[INFO] [stdout]   16:     0x5eef40fdf102 - <std[617be2ca0a6fd877]::thread::lifecycle::spawn_unchecked<test[aada8e7e76ba119b]::run_test::{closure#1}, ()>::{closure#1} as core[a373ad73a504971]::ops::function::FnOnce<()>>::call_once::{shim:vtable#0}
[INFO] [stdout]   17:     0x5eef41050d8f - <std[617be2ca0a6fd877]::sys::thread::unix::Thread>::new::thread_start
[INFO] [stdout]   18:     0x7409aabcedfa - <unknown>
[INFO] [stdout]   19:     0x7409aac623d4 - clone
[INFO] [stdout]   20:                0x0 - <unknown>
[INFO] [stdout] 
[INFO] [stdout] ---- preamble_title_too_long stdout ----
[INFO] [stdout] 
[INFO] [stdout] thread 'preamble_title_too_long' (1305) panicked at tests/utils.rs:7:10:
[INFO] [stdout] eipv binary missing: CargoError { cause: Some(NotFoundError { path: "/opt/rustwide/target/release/build/eipv/1e90e4ac514acca1/out/eipv" }) }
[INFO] [stdout] stack backtrace:
[INFO] [stdout]    0:     0x5eef410515b1 - <<std[617be2ca0a6fd877]::sys::backtrace::BacktraceLock>::print::DisplayBacktrace as core[a373ad73a504971]::fmt::Display>::fmt
[INFO] [stdout]    1:     0x5eef41066bca - core[a373ad73a504971]::fmt::write
[INFO] [stdout]    2:     0x5eef41056bdc - <alloc[2e1b2a31b91974c5]::vec::Vec<u8> as core[a373ad73a504971]::io::write::Write>::write_fmt
[INFO] [stdout]    3:     0x5eef4102d0c6 - std[617be2ca0a6fd877]::panicking::default_hook::{closure#0}
[INFO] [stdout]    4:     0x5eef41049bc9 - std[617be2ca0a6fd877]::panicking::default_hook
[INFO] [stdout]    5:     0x5eef40fdba50 - test[aada8e7e76ba119b]::test_main_inner::{closure#0}
[INFO] [stdout]    6:     0x5eef41049d82 - std[617be2ca0a6fd877]::panicking::panic_with_hook
[INFO] [stdout]    7:     0x5eef4102d172 - std[617be2ca0a6fd877]::panicking::panic_handler::{closure#0}
[INFO] [stdout]    8:     0x5eef41025e89 - std[617be2ca0a6fd877]::sys::backtrace::__rust_end_short_backtrace::<std[617be2ca0a6fd877]::panicking::panic_handler::{closure#0}, !>
[INFO] [stdout]    9:     0x5eef4102dd7d - __rustc[ea4f61d10b84890b]::rust_begin_unwind
[INFO] [stdout]   10:     0x5eef410672fc - core[a373ad73a504971]::panicking::panic_fmt
[INFO] [stdout]   11:     0x5eef410670d2 - core[a373ad73a504971]::result::unwrap_failed
[INFO] [stdout]   12:     0x5eef40fccb50 - tests[9778e2f8536ecf5c]::utils::test_fixture
[INFO] [stdout]   13:     0x5eef40fce851 - <tests[9778e2f8536ecf5c]::preamble_title_too_long::{closure#0} as core[a373ad73a504971]::ops::function::FnOnce<()>>::call_once
[INFO] [stdout]   14:     0x5eef40fcee9b - test[aada8e7e76ba119b]::__rust_begin_short_backtrace::<core[a373ad73a504971]::result::Result<(), alloc[2e1b2a31b91974c5]::string::String>, fn() -> core[a373ad73a504971]::result::Result<(), alloc[2e1b2a31b91974c5]::string::String>>
[INFO] [stdout]   15:     0x5eef40fdc075 - test[aada8e7e76ba119b]::run_test::{closure#0}
[INFO] [stdout]   16:     0x5eef40fd5964 - std[617be2ca0a6fd877]::sys::backtrace::__rust_begin_short_backtrace::<test[aada8e7e76ba119b]::run_test::{closure#1}, ()>
[INFO] [stdout]   17:     0x5eef40fdf102 - <std[617be2ca0a6fd877]::thread::lifecycle::spawn_unchecked<test[aada8e7e76ba119b]::run_test::{closure#1}, ()>::{closure#1} as core[a373ad73a504971]::ops::function::FnOnce<()>>::call_once::{shim:vtable#0}
[INFO] [stdout]   18:     0x5eef41050d8f - <std[617be2ca0a6fd877]::sys::thread::unix::Thread>::new::thread_start
[INFO] [stdout]   19:     0x7409aabcedfa - <unknown>
[INFO] [stdout]   20:     0x7409aac623d4 - clone
[INFO] [stdout]   21:                0x0 - <unknown>
[INFO] [stdout] 
[INFO] [stdout] ---- preamble_end_malformed stdout ----
[INFO] [stdout] 
[INFO] [stdout] thread 'preamble_end_malformed' (1295) panicked at tests/utils.rs:7:10:
[INFO] [stdout] eipv binary missing: CargoError { cause: Some(NotFoundError { path: "/opt/rustwide/target/release/build/eipv/1e90e4ac514acca1/out/eipv" }) }
[INFO] [stdout] stack backtrace:
[INFO] [stdout]    0:     0x5eef410515b1 - <<std[617be2ca0a6fd877]::sys::backtrace::BacktraceLock>::print::DisplayBacktrace as core[a373ad73a504971]::fmt::Display>::fmt
[INFO] [stdout]    1:     0x5eef41066bca - core[a373ad73a504971]::fmt::write
[INFO] [stdout]    2:     0x5eef41056bdc - <alloc[2e1b2a31b91974c5]::vec::Vec<u8> as core[a373ad73a504971]::io::write::Write>::write_fmt
[INFO] [stdout]    3:     0x5eef4102d0c6 - std[617be2ca0a6fd877]::panicking::default_hook::{closure#0}
[INFO] [stdout]    4:     0x5eef41049bc9 - std[617be2ca0a6fd877]::panicking::default_hook
[INFO] [stdout]    5:     0x5eef40fdba50 - test[aada8e7e76ba119b]::test_main_inner::{closure#0}
[INFO] [stdout]    6:     0x5eef41049d82 - std[617be2ca0a6fd877]::panicking::panic_with_hook
[INFO] [stdout]    7:     0x5eef4102d172 - std[617be2ca0a6fd877]::panicking::panic_handler::{closure#0}
[INFO] [stdout]    8:     0x5eef41025e89 - std[617be2ca0a6fd877]::sys::backtrace::__rust_end_short_backtrace::<std[617be2ca0a6fd877]::panicking::panic_handler::{closure#0}, !>
[INFO] [stdout]    9:     0x5eef4102dd7d - __rustc[ea4f61d10b84890b]::rust_begin_unwind
[INFO] [stdout]   10:     0x5eef410672fc - core[a373ad73a504971]::panicking::panic_fmt
[INFO] [stdout]   11:     0x5eef410670d2 - core[a373ad73a504971]::result::unwrap_failed
[INFO] [stdout]   12:     0x5eef40fccb50 - tests[9778e2f8536ecf5c]::utils::test_fixture
[INFO] [stdout]   13:     0x5eef40fce791 - <tests[9778e2f8536ecf5c]::preamble_end_malformed::{closure#0} as core[a373ad73a504971]::ops::function::FnOnce<()>>::call_once
[INFO] [stdout]   14:     0x5eef40fcee9b - test[aada8e7e76ba119b]::__rust_begin_short_backtrace::<core[a373ad73a504971]::result::Result<(), alloc[2e1b2a31b91974c5]::string::String>, fn() -> core[a373ad73a504971]::result::Result<(), alloc[2e1b2a31b91974c5]::string::String>>
[INFO] [stdout]   15:     0x5eef40fdc075 - test[aada8e7e76ba119b]::run_test::{closure#0}
[INFO] [stdout]   16:     0x5eef40fd5964 - std[617be2ca0a6fd877]::sys::backtrace::__rust_begin_short_backtrace::<test[aada8e7e76ba119b]::run_test::{closure#1}, ()>
[INFO] [stdout]   17:     0x5eef40fdf102 - <std[617be2ca0a6fd877]::thread::lifecycle::spawn_unchecked<test[aada8e7e76ba119b]::run_test::{closure#1}, ()>::{closure#1} as core[a373ad73a504971]::ops::function::FnOnce<()>>::call_once::{shim:vtable#0}
[INFO] [stdout]   18:     0x5eef41050d8f - <std[617be2ca0a6fd877]::sys::thread::unix::Thread>::new::thread_start
[INFO] [stdout]   19:     0x7409aabcedfa - <unknown>
[INFO] [stdout]   20:     0x7409aac623d4 - clone
[INFO] [stdout]   21:                0x0 - <unknown>
[INFO] [stdout] 
[INFO] [stdout] ---- preamble_category stdout ----
[INFO] [stdout] 
[INFO] [stdout] thread 'preamble_category' (1292) panicked at tests/utils.rs:26:10:
[INFO] [stdout] eipv binary missing: CargoError { cause: Some(NotFoundError { path: "/opt/rustwide/target/release/build/eipv/1e90e4ac514acca1/out/eipv" }) }
[INFO] [stdout] stack backtrace:
[INFO] [stdout]    0:     0x5eef410515b1 - <<std[617be2ca0a6fd877]::sys::backtrace::BacktraceLock>::print::DisplayBacktrace as core[a373ad73a504971]::fmt::Display>::fmt
[INFO] [stdout]    1:     0x5eef41066bca - core[a373ad73a504971]::fmt::write
[INFO] [stdout]    2:     0x5eef41056bdc - <alloc[2e1b2a31b91974c5]::vec::Vec<u8> as core[a373ad73a504971]::io::write::Write>::write_fmt
[INFO] [stdout]    3:     0x5eef4102d0c6 - std[617be2ca0a6fd877]::panicking::default_hook::{closure#0}
[INFO] [stdout]    4:     0x5eef41049bc9 - std[617be2ca0a6fd877]::panicking::default_hook
[INFO] [stdout]    5:     0x5eef40fdba50 - test[aada8e7e76ba119b]::test_main_inner::{closure#0}
[INFO] [stdout]    6:     0x5eef41049d82 - std[617be2ca0a6fd877]::panicking::panic_with_hook
[INFO] [stdout]    7:     0x5eef4102d172 - std[617be2ca0a6fd877]::panicking::panic_handler::{closure#0}
[INFO] [stdout]    8:     0x5eef41025e89 - std[617be2ca0a6fd877]::sys::backtrace::__rust_end_short_backtrace::<std[617be2ca0a6fd877]::panicking::panic_handler::{closure#0}, !>
[INFO] [stdout]    9:     0x5eef4102dd7d - __rustc[ea4f61d10b84890b]::rust_begin_unwind
[INFO] [stdout]   10:     0x5eef410672fc - core[a373ad73a504971]::panicking::panic_fmt
[INFO] [stdout]   11:     0x5eef410670d2 - core[a373ad73a504971]::result::unwrap_failed
[INFO] [stdout]   12:     0x5eef40fcce9d - tests[9778e2f8536ecf5c]::utils::test_fixture_valid
[INFO] [stdout]   13:     0x5eef40fce655 - <tests[9778e2f8536ecf5c]::preamble_category::{closure#0} as core[a373ad73a504971]::ops::function::FnOnce<()>>::call_once
[INFO] [stdout]   14:     0x5eef40fcee9b - test[aada8e7e76ba119b]::__rust_begin_short_backtrace::<core[a373ad73a504971]::result::Result<(), alloc[2e1b2a31b91974c5]::string::String>, fn() -> core[a373ad73a504971]::result::Result<(), alloc[2e1b2a31b91974c5]::string::String>>
[INFO] [stdout]   15:     0x5eef40fdc075 - test[aada8e7e76ba119b]::run_test::{closure#0}
[INFO] [stdout]   16:     0x5eef40fd5964 - std[617be2ca0a6fd877]::sys::backtrace::__rust_begin_short_backtrace::<test[aada8e7e76ba119b]::run_test::{closure#1}, ()>
[INFO] [stdout]   17:     0x5eef40fdf102 - <std[617be2ca0a6fd877]::thread::lifecycle::spawn_unchecked<test[aada8e7e76ba119b]::run_test::{closure#1}, ()>::{closure#1} as core[a373ad73a504971]::ops::function::FnOnce<()>>::call_once::{shim:vtable#0}
[INFO] [stdout]   18:     0x5eef41050d8f - <std[617be2ca0a6fd877]::sys::thread::unix::Thread>::new::thread_start
[INFO] [stdout]   19:     0x7409aabcedfa - <unknown>
[INFO] [stdout]   20:     0x7409aac623d4 - clone
[INFO] [stdout]   21:                0x0 - <unknown>
[INFO] [stdout] 
[INFO] [stdout] ---- preamble_created stdout ----
[INFO] [stdout] 
[INFO] [stdout] thread 'preamble_created' (1293) panicked at tests/utils.rs:7:10:
[INFO] [stdout] eipv binary missing: CargoError { cause: Some(NotFoundError { path: "/opt/rustwide/target/release/build/eipv/1e90e4ac514acca1/out/eipv" }) }
[INFO] [stdout] stack backtrace:
[INFO] [stdout]    0:     0x5eef410515b1 - <<std[617be2ca0a6fd877]::sys::backtrace::BacktraceLock>::print::DisplayBacktrace as core[a373ad73a504971]::fmt::Display>::fmt
[INFO] [stdout]    1:     0x5eef41066bca - core[a373ad73a504971]::fmt::write
[INFO] [stdout]    2:     0x5eef41056bdc - <alloc[2e1b2a31b91974c5]::vec::Vec<u8> as core[a373ad73a504971]::io::write::Write>::write_fmt
[INFO] [stdout]    3:     0x5eef4102d0c6 - std[617be2ca0a6fd877]::panicking::default_hook::{closure#0}
[INFO] [stdout]    4:     0x5eef41049bc9 - std[617be2ca0a6fd877]::panicking::default_hook
[INFO] [stdout]    5:     0x5eef40fdba50 - test[aada8e7e76ba119b]::test_main_inner::{closure#0}
[INFO] [stdout]    6:     0x5eef41049d82 - std[617be2ca0a6fd877]::panicking::panic_with_hook
[INFO] [stdout]    7:     0x5eef4102d172 - std[617be2ca0a6fd877]::panicking::panic_handler::{closure#0}
[INFO] [stdout]    8:     0x5eef41025e89 - std[617be2ca0a6fd877]::sys::backtrace::__rust_end_short_backtrace::<std[617be2ca0a6fd877]::panicking::panic_handler::{closure#0}, !>
[INFO] [stdout]    9:     0x5eef4102dd7d - __rustc[ea4f61d10b84890b]::rust_begin_unwind
[INFO] [stdout]   10:     0x5eef410672fc - core[a373ad73a504971]::panicking::panic_fmt
[INFO] [stdout]   11:     0x5eef410670d2 - core[a373ad73a504971]::result::unwrap_failed
[INFO] [stdout]   12:     0x5eef40fccb50 - tests[9778e2f8536ecf5c]::utils::test_fixture
[INFO] [stdout]   13:     0x5eef40fce601 - <tests[9778e2f8536ecf5c]::preamble_created::{closure#0} as core[a373ad73a504971]::ops::function::FnOnce<()>>::call_once
[INFO] [stdout]   14:     0x5eef40fcee9b - test[aada8e7e76ba119b]::__rust_begin_short_backtrace::<core[a373ad73a504971]::result::Result<(), alloc[2e1b2a31b91974c5]::string::String>, fn() -> core[a373ad73a504971]::result::Result<(), alloc[2e1b2a31b91974c5]::string::String>>
[INFO] [stdout]   15:     0x5eef40fdc075 - test[aada8e7e76ba119b]::run_test::{closure#0}
[INFO] [stdout]   16:     0x5eef40fd5964 - std[617be2ca0a6fd877]::sys::backtrace::__rust_begin_short_backtrace::<test[aada8e7e76ba119b]::run_test::{closure#1}, ()>
[INFO] [stdout]   17:     0x5eef40fdf102 - <std[617be2ca0a6fd877]::thread::lifecycle::spawn_unchecked<test[aada8e7e76ba119b]::run_test::{closure#1}, ()>::{closure#1} as core[a373ad73a504971]::ops::function::FnOnce<()>>::call_once::{shim:vtable#0}
[INFO] [stdout]   18:     0x5eef41050d8f - <std[617be2ca0a6fd877]::sys::thread::unix::Thread>::new::thread_start
[INFO] [stdout]   19:     0x7409aabcedfa - <unknown>
[INFO] [stdout]   20:     0x7409aac623d4 - clone
[INFO] [stdout]   21:                0x0 - <unknown>
[INFO] [stdout] 
[INFO] [stdout] ---- preamble_last_call_deadline stdout ----
[INFO] [stdout] 
[INFO] [stdout] thread 'preamble_last_call_deadline' (1298) panicked at tests/utils.rs:7:10:
[INFO] [stdout] eipv binary missing: CargoError { cause: Some(NotFoundError { path: "/opt/rustwide/target/release/build/eipv/1e90e4ac514acca1/out/eipv" }) }
[INFO] [stdout] stack backtrace:
[INFO] [stdout]    0:     0x5eef410515b1 - <<std[617be2ca0a6fd877]::sys::backtrace::BacktraceLock>::print::DisplayBacktrace as core[a373ad73a504971]::fmt::Display>::fmt
[INFO] [stdout]    1:     0x5eef41066bca - core[a373ad73a504971]::fmt::write
[INFO] [stdout]    2:     0x5eef41056bdc - <alloc[2e1b2a31b91974c5]::vec::Vec<u8> as core[a373ad73a504971]::io::write::Write>::write_fmt
[INFO] [stdout]    3:     0x5eef4102d0c6 - std[617be2ca0a6fd877]::panicking::default_hook::{closure#0}
[INFO] [stdout]    4:     0x5eef41049bc9 - std[617be2ca0a6fd877]::panicking::default_hook
[INFO] [stdout]    5:     0x5eef40fdba50 - test[aada8e7e76ba119b]::test_main_inner::{closure#0}
[INFO] [stdout]    6:     0x5eef41049d82 - std[617be2ca0a6fd877]::panicking::panic_with_hook
[INFO] [stdout]    7:     0x5eef4102d172 - std[617be2ca0a6fd877]::panicking::panic_handler::{closure#0}
[INFO] [stdout]    8:     0x5eef41025e89 - std[617be2ca0a6fd877]::sys::backtrace::__rust_end_short_backtrace::<std[617be2ca0a6fd877]::panicking::panic_handler::{closure#0}, !>
[INFO] [stdout]    9:     0x5eef4102dd7d - __rustc[ea4f61d10b84890b]::rust_begin_unwind
[INFO] [stdout]   10:     0x5eef410672fc - core[a373ad73a504971]::panicking::panic_fmt
[INFO] [stdout]   11:     0x5eef410670d2 - core[a373ad73a504971]::result::unwrap_failed
[INFO] [stdout]   12:     0x5eef40fccb50 - tests[9778e2f8536ecf5c]::utils::test_fixture
[INFO] [stdout]   13:     0x5eef40fce8e1 - <tests[9778e2f8536ecf5c]::preamble_last_call_deadline::{closure#0} as core[a373ad73a504971]::ops::function::FnOnce<()>>::call_once
[INFO] [stdout]   14:     0x5eef40fcee9b - test[aada8e7e76ba119b]::__rust_begin_short_backtrace::<core[a373ad73a504971]::result::Result<(), alloc[2e1b2a31b91974c5]::string::String>, fn() -> core[a373ad73a504971]::result::Result<(), alloc[2e1b2a31b91974c5]::string::String>>
[INFO] [stdout]   15:     0x5eef40fdc075 - test[aada8e7e76ba119b]::run_test::{closure#0}
[INFO] [stdout]   16:     0x5eef40fd5964 - std[617be2ca0a6fd877]::sys::backtrace::__rust_begin_short_backtrace::<test[aada8e7e76ba119b]::run_test::{closure#1}, ()>
[INFO] [stdout]   17:     0x5eef40fdf102 - <std[617be2ca0a6fd877]::thread::lifecycle::spawn_unchecked<test[aada8e7e76ba119b]::run_test::{closure#1}, ()>::{closure#1} as core[a373ad73a504971]::ops::function::FnOnce<()>>::call_once::{shim:vtable#0}
[INFO] [stdout]   18:     0x5eef41050d8f - <std[617be2ca0a6fd877]::sys::thread::unix::Thread>::new::thread_start
[INFO] [stdout]   19:     0x7409aabcedfa - <unknown>
[INFO] [stdout]   20:     0x7409aac623d4 - clone
[INFO] [stdout]   21:                0x0 - <unknown>
[INFO] [stdout] 
[INFO] [stdout] ---- preamble_has_required_fields stdout ----
[INFO] [stdout] 
[INFO] [stdout] thread 'preamble_has_required_fields' (1296) panicked at tests/utils.rs:7:10:
[INFO] [stdout] eipv binary missing: CargoError { cause: Some(NotFoundError { path: "/opt/rustwide/target/release/build/eipv/1e90e4ac514acca1/out/eipv" }) }
[INFO] [stdout] stack backtrace:
[INFO] [stdout]    0:     0x5eef410515b1 - <<std[617be2ca0a6fd877]::sys::backtrace::BacktraceLock>::print::DisplayBacktrace as core[a373ad73a504971]::fmt::Display>::fmt
[INFO] [stdout]    1:     0x5eef41066bca - core[a373ad73a504971]::fmt::write
[INFO] [stdout]    2:     0x5eef41056bdc - <alloc[2e1b2a31b91974c5]::vec::Vec<u8> as core[a373ad73a504971]::io::write::Write>::write_fmt
[INFO] [stdout]    3:     0x5eef4102d0c6 - std[617be2ca0a6fd877]::panicking::default_hook::{closure#0}
[INFO] [stdout]    4:     0x5eef41049bc9 - std[617be2ca0a6fd877]::panicking::default_hook
[INFO] [stdout]    5:     0x5eef40fdba50 - test[aada8e7e76ba119b]::test_main_inner::{closure#0}
[INFO] [stdout]    6:     0x5eef41049d82 - std[617be2ca0a6fd877]::panicking::panic_with_hook
[INFO] [stdout]    7:     0x5eef4102d172 - std[617be2ca0a6fd877]::panicking::panic_handler::{closure#0}
[INFO] [stdout]    8:     0x5eef41025e89 - std[617be2ca0a6fd877]::sys::backtrace::__rust_end_short_backtrace::<std[617be2ca0a6fd877]::panicking::panic_handler::{closure#0}, !>
[INFO] [stdout]    9:     0x5eef4102dd7d - __rustc[ea4f61d10b84890b]::rust_begin_unwind
[INFO] [stdout]   10:     0x5eef410672fc - core[a373ad73a504971]::panicking::panic_fmt
[INFO] [stdout]   11:     0x5eef410670d2 - core[a373ad73a504971]::result::unwrap_failed
[INFO] [stdout]   12:     0x5eef40fccb50 - tests[9778e2f8536ecf5c]::utils::test_fixture
[INFO] [stdout]   13:     0x5eef40fce911 - <tests[9778e2f8536ecf5c]::preamble_has_required_fields::{closure#0} as core[a373ad73a504971]::ops::function::FnOnce<()>>::call_once
[INFO] [stdout]   14:     0x5eef40fcee9b - test[aada8e7e76ba119b]::__rust_begin_short_backtrace::<core[a373ad73a504971]::result::Result<(), alloc[2e1b2a31b91974c5]::string::String>, fn() -> core[a373ad73a504971]::result::Result<(), alloc[2e1b2a31b91974c5]::string::String>>
[INFO] [stdout]   15:     0x5eef40fdc075 - test[aada8e7e76ba119b]::run_test::{closure#0}
[INFO] [stdout]   16:     0x5eef40fd5964 - std[617be2ca0a6fd877]::sys::backtrace::__rust_begin_short_backtrace::<test[aada8e7e76ba119b]::run_test::{closure#1}, ()>
[INFO] [stdout]   17:     0x5eef40fdf102 - <std[617be2ca0a6fd877]::thread::lifecycle::spawn_unchecked<test[aada8e7e76ba119b]::run_test::{closure#1}, ()>::{closure#1} as core[a373ad73a504971]::ops::function::FnOnce<()>>::call_once::{shim:vtable#0}
[INFO] [stdout]   18:     0x5eef41050d8f - <std[617be2ca0a6fd877]::sys::thread::unix::Thread>::new::thread_start
[INFO] [stdout]   19:     0x7409aabcedfa - <unknown>
[INFO] [stdout]   20:     0x7409aac623d4 - clone
[INFO] [stdout]   21:                0x0 - <unknown>
[INFO] [stdout] 
[INFO] [stdout] ---- preamble_updated stdout ----
[INFO] [stdout] 
[INFO] [stdout] thread 'preamble_updated' (1308) panicked at tests/utils.rs:7:10:
[INFO] [stdout] eipv binary missing: CargoError { cause: Some(NotFoundError { path: "/opt/rustwide/target/release/build/eipv/1e90e4ac514acca1/out/eipv" }) }
[INFO] [stdout] stack backtrace:
[INFO] [stdout]    0:     0x5eef410515b1 - <<std[617be2ca0a6fd877]::sys::backtrace::BacktraceLock>::print::DisplayBacktrace as core[a373ad73a504971]::fmt::Display>::fmt
[INFO] [stdout]    1:     0x5eef41066bca - core[a373ad73a504971]::fmt::write
[INFO] [stdout]    2:     0x5eef41056bdc - <alloc[2e1b2a31b91974c5]::vec::Vec<u8> as core[a373ad73a504971]::io::write::Write>::write_fmt
[INFO] [stdout]    3:     0x5eef4102d0c6 - std[617be2ca0a6fd877]::panicking::default_hook::{closure#0}
[INFO] [stdout]    4:     0x5eef41049bc9 - std[617be2ca0a6fd877]::panicking::default_hook
[INFO] [stdout]    5:     0x5eef40fdba50 - test[aada8e7e76ba119b]::test_main_inner::{closure#0}
[INFO] [stdout]    6:     0x5eef41049d82 - std[617be2ca0a6fd877]::panicking::panic_with_hook
[INFO] [stdout]    7:     0x5eef4102d172 - std[617be2ca0a6fd877]::panicking::panic_handler::{closure#0}
[INFO] [stdout]    8:     0x5eef41025e89 - std[617be2ca0a6fd877]::sys::backtrace::__rust_end_short_backtrace::<std[617be2ca0a6fd877]::panicking::panic_handler::{closure#0}, !>
[INFO] [stdout]    9:     0x5eef4102dd7d - __rustc[ea4f61d10b84890b]::rust_begin_unwind
[INFO] [stdout]   10:     0x5eef410672fc - core[a373ad73a504971]::panicking::panic_fmt
[INFO] [stdout]   11:     0x5eef410670d2 - core[a373ad73a504971]::result::unwrap_failed
[INFO] [stdout]   12:     0x5eef40fccb50 - tests[9778e2f8536ecf5c]::utils::test_fixture
[INFO] [stdout]   13:     0x5eef40fce631 - <tests[9778e2f8536ecf5c]::preamble_updated::{closure#0} as core[a373ad73a504971]::ops::function::FnOnce<()>>::call_once
[INFO] [stdout]   14:     0x5eef40fcee9b - test[aada8e7e76ba119b]::__rust_begin_short_backtrace::<core[a373ad73a504971]::result::Result<(), alloc[2e1b2a31b91974c5]::string::String>, fn() -> core[a373ad73a504971]::result::Result<(), alloc[2e1b2a31b91974c5]::string::String>>
[INFO] [stdout]   15:     0x5eef40fdc075 - test[aada8e7e76ba119b]::run_test::{closure#0}
[INFO] [stdout]   16:     0x5eef40fd5964 - std[617be2ca0a6fd877]::sys::backtrace::__rust_begin_short_backtrace::<test[aada8e7e76ba119b]::run_test::{closure#1}, ()>
[INFO] [stdout]   17:     0x5eef40fdf102 - <std[617be2ca0a6fd877]::thread::lifecycle::spawn_unchecked<test[aada8e7e76ba119b]::run_test::{closure#1}, ()>::{closure#1} as core[a373ad73a504971]::ops::function::FnOnce<()>>::call_once::{shim:vtable#0}
[INFO] [stdout]   18:     0x5eef41050d8f - <std[617be2ca0a6fd877]::sys::thread::unix::Thread>::new::thread_start
[INFO] [stdout]   19:     0x7409aabcedfa - <unknown>
[INFO] [stdout]   20:     0x7409aac623d4 - clone
[INFO] [stdout]   21:                0x0 - <unknown>
[INFO] [stdout] 
[INFO] [stdout] ---- preamble_invalid_discussions_to stdout ----
[INFO] [stdout] 
[INFO] [stdout] thread 'preamble_invalid_discussions_to' (1297) panicked at tests/utils.rs:7:10:
[INFO] [stdout] eipv binary missing: CargoError { cause: Some(NotFoundError { path: "/opt/rustwide/target/release/build/eipv/1e90e4ac514acca1/out/eipv" }) }
[INFO] [stdout] stack backtrace:
[INFO] [stdout]    0:     0x5eef410515b1 - <<std[617be2ca0a6fd877]::sys::backtrace::BacktraceLock>::print::DisplayBacktrace as core[a373ad73a504971]::fmt::Display>::fmt
[INFO] [stdout]    1:     0x5eef41066bca - core[a373ad73a504971]::fmt::write
[INFO] [stdout]    2:     0x5eef41056bdc - <alloc[2e1b2a31b91974c5]::vec::Vec<u8> as core[a373ad73a504971]::io::write::Write>::write_fmt
[INFO] [stdout]    3:     0x5eef4102d0c6 - std[617be2ca0a6fd877]::panicking::default_hook::{closure#0}
[INFO] [stdout]    4:     0x5eef41049bc9 - std[617be2ca0a6fd877]::panicking::default_hook
[INFO] [stdout]    5:     0x5eef40fdba50 - test[aada8e7e76ba119b]::test_main_inner::{closure#0}
[INFO] [stdout]    6:     0x5eef41049d82 - std[617be2ca0a6fd877]::panicking::panic_with_hook
[INFO] [stdout]    7:     0x5eef4102d172 - std[617be2ca0a6fd877]::panicking::panic_handler::{closure#0}
[INFO] [stdout]    8:     0x5eef41025e89 - std[617be2ca0a6fd877]::sys::backtrace::__rust_end_short_backtrace::<std[617be2ca0a6fd877]::panicking::panic_handler::{closure#0}, !>
[INFO] [stdout]    9:     0x5eef4102dd7d - __rustc[ea4f61d10b84890b]::rust_begin_unwind
[INFO] [stdout]   10:     0x5eef410672fc - core[a373ad73a504971]::panicking::panic_fmt
[INFO] [stdout]   11:     0x5eef410670d2 - core[a373ad73a504971]::result::unwrap_failed
[INFO] [stdout]   12:     0x5eef40fccb50 - tests[9778e2f8536ecf5c]::utils::test_fixture
[INFO] [stdout]   13:     0x5eef40fcea31 - <tests[9778e2f8536ecf5c]::preamble_invalid_discussions_to::{closure#0} as core[a373ad73a504971]::ops::function::FnOnce<()>>::call_once
[INFO] [stdout]   14:     0x5eef40fcee9b - test[aada8e7e76ba119b]::__rust_begin_short_backtrace::<core[a373ad73a504971]::result::Result<(), alloc[2e1b2a31b91974c5]::string::String>, fn() -> core[a373ad73a504971]::result::Result<(), alloc[2e1b2a31b91974c5]::string::String>>
[INFO] [stdout]   15:     0x5eef40fdc075 - test[aada8e7e76ba119b]::run_test::{closure#0}
[INFO] [stdout]   16:     0x5eef40fd5964 - std[617be2ca0a6fd877]::sys::backtrace::__rust_begin_short_backtrace::<test[aada8e7e76ba119b]::run_test::{closure#1}, ()>
[INFO] [stdout]   17:     0x5eef40fdf102 - <std[617be2ca0a6fd877]::thread::lifecycle::spawn_unchecked<test[aada8e7e76ba119b]::run_test::{closure#1}, ()>::{closure#1} as core[a373ad73a504971]::ops::function::FnOnce<()>>::call_once::{shim:vtable#0}
[INFO] [stdout]   18:     0x5eef41050d8f - <std[617be2ca0a6fd877]::sys::thread::unix::Thread>::new::thread_start
[INFO] [stdout]   19:     0x7409aabcedfa - <unknown>
[INFO] [stdout]   20:     0x7409aac623d4 - clone
[INFO] [stdout]   21:                0x0 - <unknown>
[INFO] [stdout] 
[INFO] [stdout] ---- preamble_status stdout ----
[INFO] [stdout] 
[INFO] [stdout] thread 'preamble_status' (1304) panicked at tests/utils.rs:35:10:
[INFO] [stdout] eipv binary missing: CargoError { cause: Some(NotFoundError { path: "/opt/rustwide/target/release/build/eipv/1e90e4ac514acca1/out/eipv" }) }
[INFO] [stdout] stack backtrace:
[INFO] [stdout]    0:     0x5eef410515b1 - <<std[617be2ca0a6fd877]::sys::backtrace::BacktraceLock>::print::DisplayBacktrace as core[a373ad73a504971]::fmt::Display>::fmt
[INFO] [stdout]    1:     0x5eef41066bca - core[a373ad73a504971]::fmt::write
[INFO] [stdout]    2:     0x5eef41056bdc - <alloc[2e1b2a31b91974c5]::vec::Vec<u8> as core[a373ad73a504971]::io::write::Write>::write_fmt
[INFO] [stdout]    3:     0x5eef4102d0c6 - std[617be2ca0a6fd877]::panicking::default_hook::{closure#0}
[INFO] [stdout]    4:     0x5eef41049bc9 - std[617be2ca0a6fd877]::panicking::default_hook
[INFO] [stdout]    5:     0x5eef40fdba50 - test[aada8e7e76ba119b]::test_main_inner::{closure#0}
[INFO] [stdout]    6:     0x5eef41049d82 - std[617be2ca0a6fd877]::panicking::panic_with_hook
[INFO] [stdout]    7:     0x5eef4102d172 - std[617be2ca0a6fd877]::panicking::panic_handler::{closure#0}
[INFO] [stdout]    8:     0x5eef41025e89 - std[617be2ca0a6fd877]::sys::backtrace::__rust_end_short_backtrace::<std[617be2ca0a6fd877]::panicking::panic_handler::{closure#0}, !>
[INFO] [stdout]    9:     0x5eef4102dd7d - __rustc[ea4f61d10b84890b]::rust_begin_unwind
[INFO] [stdout]   10:     0x5eef410672fc - core[a373ad73a504971]::panicking::panic_fmt
[INFO] [stdout]   11:     0x5eef410670d2 - core[a373ad73a504971]::result::unwrap_failed
[INFO] [stdout]   12:     0x5eef40fcd291 - tests[9778e2f8536ecf5c]::utils::test_fixture_valid_custom
[INFO] [stdout]   13:     0x5eef40fce501 - <tests[9778e2f8536ecf5c]::preamble_status::{closure#0} as core[a373ad73a504971]::ops::function::FnOnce<()>>::call_once
[INFO] [stdout]   14:     0x5eef40fcee9b - test[aada8e7e76ba119b]::__rust_begin_short_backtrace::<core[a373ad73a504971]::result::Result<(), alloc[2e1b2a31b91974c5]::string::String>, fn() -> core[a373ad73a504971]::result::Result<(), alloc[2e1b2a31b91974c5]::string::String>>
[INFO] [stdout]   15:     0x5eef40fdc075 - test[aada8e7e76ba119b]::run_test::{closure#0}
[INFO] [stdout]   16:     0x5eef40fd5964 - std[617be2ca0a6fd877]::sys::backtrace::__rust_begin_short_backtrace::<test[aada8e7e76ba119b]::run_test::{closure#1}, ()>
[INFO] [stdout]   17:     0x5eef40fdf102 - <std[617be2ca0a6fd877]::thread::lifecycle::spawn_unchecked<test[aada8e7e76ba119b]::run_test::{closure#1}, ()>::{closure#1} as core[a373ad73a504971]::ops::function::FnOnce<()>>::call_once::{shim:vtable#0}
[INFO] [stdout]   18:     0x5eef41050d8f - <std[617be2ca0a6fd877]::sys::thread::unix::Thread>::new::thread_start
[INFO] [stdout]   19:     0x7409aabcedfa - <unknown>
[INFO] [stdout]   20:     0x7409aac623d4 - clone
[INFO] [stdout]   21:                0x0 - <unknown>
[INFO] [stdout] 
[INFO] [stdout] ---- preamble_malformed_eip stdout ----
[INFO] [stdout] 
[INFO] [stdout] thread 'preamble_malformed_eip' (1299) panicked at tests/utils.rs:7:10:
[INFO] [stdout] eipv binary missing: CargoError { cause: Some(NotFoundError { path: "/opt/rustwide/target/release/build/eipv/1e90e4ac514acca1/out/eipv" }) }
[INFO] [stdout] stack backtrace:
[INFO] [stdout]    0:     0x5eef410515b1 - <<std[617be2ca0a6fd877]::sys::backtrace::BacktraceLock>::print::DisplayBacktrace as core[a373ad73a504971]::fmt::Display>::fmt
[INFO] [stdout]    1:     0x5eef41066bca - core[a373ad73a504971]::fmt::write
[INFO] [stdout]    2:     0x5eef41056bdc - <alloc[2e1b2a31b91974c5]::vec::Vec<u8> as core[a373ad73a504971]::io::write::Write>::write_fmt
[INFO] [stdout]    3:     0x5eef4102d0c6 - std[617be2ca0a6fd877]::panicking::default_hook::{closure#0}
[INFO] [stdout]    4:     0x5eef41049bc9 - std[617be2ca0a6fd877]::panicking::default_hook
[INFO] [stdout]    5:     0x5eef40fdba50 - test[aada8e7e76ba119b]::test_main_inner::{closure#0}
[INFO] [stdout]    6:     0x5eef41049d82 - std[617be2ca0a6fd877]::panicking::panic_with_hook
[INFO] [stdout]    7:     0x5eef4102d172 - std[617be2ca0a6fd877]::panicking::panic_handler::{closure#0}
[INFO] [stdout]    8:     0x5eef41025e89 - std[617be2ca0a6fd877]::sys::backtrace::__rust_end_short_backtrace::<std[617be2ca0a6fd877]::panicking::panic_handler::{closure#0}, !>
[INFO] [stdout]    9:     0x5eef4102dd7d - __rustc[ea4f61d10b84890b]::rust_begin_unwind
[INFO] [stdout]   10:     0x5eef410672fc - core[a373ad73a504971]::panicking::panic_fmt
[INFO] [stdout]   11:     0x5eef410670d2 - core[a373ad73a504971]::result::unwrap_failed
[INFO] [stdout]   12:     0x5eef40fccb50 - tests[9778e2f8536ecf5c]::utils::test_fixture
[INFO] [stdout]   13:     0x5eef40fce7c7 - <tests[9778e2f8536ecf5c]::preamble_malformed_eip::{closure#0} as core[a373ad73a504971]::ops::function::FnOnce<()>>::call_once
[INFO] [stdout]   14:     0x5eef40fcee9b - test[aada8e7e76ba119b]::__rust_begin_short_backtrace::<core[a373ad73a504971]::result::Result<(), alloc[2e1b2a31b91974c5]::string::String>, fn() -> core[a373ad73a504971]::result::Result<(), alloc[2e1b2a31b91974c5]::string::String>>
[INFO] [stdout]   15:     0x5eef40fdc075 - test[aada8e7e76ba119b]::run_test::{closure#0}
[INFO] [stdout]   16:     0x5eef40fd5964 - std[617be2ca0a6fd877]::sys::backtrace::__rust_begin_short_backtrace::<test[aada8e7e76ba119b]::run_test::{closure#1}, ()>
[INFO] [stdout]   17:     0x5eef40fdf102 - <std[617be2ca0a6fd877]::thread::lifecycle::spawn_unchecked<test[aada8e7e76ba119b]::run_test::{closure#1}, ()>::{closure#1} as core[a373ad73a504971]::ops::function::FnOnce<()>>::call_once::{shim:vtable#0}
[INFO] [stdout]   18:     0x5eef41050d8f - <std[617be2ca0a6fd877]::sys::thread::unix::Thread>::new::thread_start
[INFO] [stdout]   19:     0x7409aabcedfa - <unknown>
[INFO] [stdout]   20:     0x7409aac623d4 - clone
[INFO] [stderr] error: test failed, to rerun pass `--test tests`
[INFO] [stdout]   21:                0x0 - <unknown>
[INFO] [stdout] 
[INFO] [stdout] ---- preamble_malformed_field stdout ----
[INFO] [stdout] 
[INFO] [stdout] thread 'preamble_malformed_field' (1300) panicked at tests/utils.rs:7:10:
[INFO] [stdout] eipv binary missing: CargoError { cause: Some(NotFoundError { path: "/opt/rustwide/target/release/build/eipv/1e90e4ac514acca1/out/eipv" }) }
[INFO] [stdout] stack backtrace:
[INFO] [stdout]    0:     0x5eef410515b1 - <<std[617be2ca0a6fd877]::sys::backtrace::BacktraceLock>::print::DisplayBacktrace as core[a373ad73a504971]::fmt::Display>::fmt
[INFO] [stdout]    1:     0x5eef41066bca - core[a373ad73a504971]::fmt::write
[INFO] [stdout]    2:     0x5eef41056bdc - <alloc[2e1b2a31b91974c5]::vec::Vec<u8> as core[a373ad73a504971]::io::write::Write>::write_fmt
[INFO] [stdout]    3:     0x5eef4102d0c6 - std[617be2ca0a6fd877]::panicking::default_hook::{closure#0}
[INFO] [stdout]    4:     0x5eef41049bc9 - std[617be2ca0a6fd877]::panicking::default_hook
[INFO] [stdout]    5:     0x5eef40fdba50 - test[aada8e7e76ba119b]::test_main_inner::{closure#0}
[INFO] [stdout]    6:     0x5eef41049d82 - std[617be2ca0a6fd877]::panicking::panic_with_hook
[INFO] [stdout]    7:     0x5eef4102d172 - std[617be2ca0a6fd877]::panicking::panic_handler::{closure#0}
[INFO] [stdout]    8:     0x5eef41025e89 - std[617be2ca0a6fd877]::sys::backtrace::__rust_end_short_backtrace::<std[617be2ca0a6fd877]::panicking::panic_handler::{closure#0}, !>
[INFO] [stdout]    9:     0x5eef4102dd7d - __rustc[ea4f61d10b84890b]::rust_begin_unwind
[INFO] [stdout]   10:     0x5eef410672fc - core[a373ad73a504971]::panicking::panic_fmt
[INFO] [stdout]   11:     0x5eef410670d2 - core[a373ad73a504971]::result::unwrap_failed
[INFO] [stdout]   12:     0x5eef40fccb50 - tests[9778e2f8536ecf5c]::utils::test_fixture
[INFO] [stdout]   13:     0x5eef40fce881 - <tests[9778e2f8536ecf5c]::preamble_malformed_field::{closure#0} as core[a373ad73a504971]::ops::function::FnOnce<()>>::call_once
[INFO] [stdout]   14:     0x5eef40fcee9b - test[aada8e7e76ba119b]::__rust_begin_short_backtrace::<core[a373ad73a504971]::result::Result<(), alloc[2e1b2a31b91974c5]::string::String>, fn() -> core[a373ad73a504971]::result::Result<(), alloc[2e1b2a31b91974c5]::string::String>>
[INFO] [stdout]   15:     0x5eef40fdc075 - test[aada8e7e76ba119b]::run_test::{closure#0}
[INFO] [stdout]   16:     0x5eef40fd5964 - std[617be2ca0a6fd877]::sys::backtrace::__rust_begin_short_backtrace::<test[aada8e7e76ba119b]::run_test::{closure#1}, ()>
[INFO] [stdout]   17:     0x5eef40fdf102 - <std[617be2ca0a6fd877]::thread::lifecycle::spawn_unchecked<test[aada8e7e76ba119b]::run_test::{closure#1}, ()>::{closure#1} as core[a373ad73a504971]::ops::function::FnOnce<()>>::call_once::{shim:vtable#0}
[INFO] [stdout]   18:     0x5eef41050d8f - <std[617be2ca0a6fd877]::sys::thread::unix::Thread>::new::thread_start
[INFO] [stdout]   19:     0x7409aabcedfa - <unknown>
[INFO] [stdout]   20:     0x7409aac623d4 - clone
[INFO] [stdout]   21:                0x0 - <unknown>
[INFO] [stdout] 
[INFO] [stdout] ---- preamble_description_too_long stdout ----
[INFO] [stdout] 
[INFO] [stdout] thread 'preamble_description_too_long' (1294) panicked at tests/utils.rs:7:10:
[INFO] [stdout] eipv binary missing: CargoError { cause: Some(NotFoundError { path: "/opt/rustwide/target/release/build/eipv/1e90e4ac514acca1/out/eipv" }) }
[INFO] [stdout] stack backtrace:
[INFO] [stdout]    0:     0x5eef410515b1 - <<std[617be2ca0a6fd877]::sys::backtrace::BacktraceLock>::print::DisplayBacktrace as core[a373ad73a504971]::fmt::Display>::fmt
[INFO] [stdout]    1:     0x5eef41066bca - core[a373ad73a504971]::fmt::write
[INFO] [stdout]    2:     0x5eef41056bdc - <alloc[2e1b2a31b91974c5]::vec::Vec<u8> as core[a373ad73a504971]::io::write::Write>::write_fmt
[INFO] [stdout]    3:     0x5eef4102d0c6 - std[617be2ca0a6fd877]::panicking::default_hook::{closure#0}
[INFO] [stdout]    4:     0x5eef41049bc9 - std[617be2ca0a6fd877]::panicking::default_hook
[INFO] [stdout]    5:     0x5eef40fdba50 - test[aada8e7e76ba119b]::test_main_inner::{closure#0}
[INFO] [stdout]    6:     0x5eef41049d82 - std[617be2ca0a6fd877]::panicking::panic_with_hook
[INFO] [stdout]    7:     0x5eef4102d172 - std[617be2ca0a6fd877]::panicking::panic_handler::{closure#0}
[INFO] [stdout]    8:     0x5eef41025e89 - std[617be2ca0a6fd877]::sys::backtrace::__rust_end_short_backtrace::<std[617be2ca0a6fd877]::panicking::panic_handler::{closure#0}, !>
[INFO] [stdout]    9:     0x5eef4102dd7d - __rustc[ea4f61d10b84890b]::rust_begin_unwind
[INFO] [stdout]   10:     0x5eef410672fc - core[a373ad73a504971]::panicking::panic_fmt
[INFO] [stdout]   11:     0x5eef410670d2 - core[a373ad73a504971]::result::unwrap_failed
[INFO] [stdout]   12:     0x5eef40fccb50 - tests[9778e2f8536ecf5c]::utils::test_fixture
[INFO] [stdout]   13:     0x5eef40fcea01 - <tests[9778e2f8536ecf5c]::preamble_description_too_long::{closure#0} as core[a373ad73a504971]::ops::function::FnOnce<()>>::call_once
[INFO] [stdout]   14:     0x5eef40fcee9b - test[aada8e7e76ba119b]::__rust_begin_short_backtrace::<core[a373ad73a504971]::result::Result<(), alloc[2e1b2a31b91974c5]::string::String>, fn() -> core[a373ad73a504971]::result::Result<(), alloc[2e1b2a31b91974c5]::string::String>>
[INFO] [stdout]   15:     0x5eef40fdc075 - test[aada8e7e76ba119b]::run_test::{closure#0}
[INFO] [stdout]   16:     0x5eef40fd5964 - std[617be2ca0a6fd877]::sys::backtrace::__rust_begin_short_backtrace::<test[aada8e7e76ba119b]::run_test::{closure#1}, ()>
[INFO] [stdout]   17:     0x5eef40fdf102 - <std[617be2ca0a6fd877]::thread::lifecycle::spawn_unchecked<test[aada8e7e76ba119b]::run_test::{closure#1}, ()>::{closure#1} as core[a373ad73a504971]::ops::function::FnOnce<()>>::call_once::{shim:vtable#0}
[INFO] [stdout]   18:     0x5eef41050d8f - <std[617be2ca0a6fd877]::sys::thread::unix::Thread>::new::thread_start
[INFO] [stdout]   19:     0x7409aabcedfa - <unknown>
[INFO] [stdout]   20:     0x7409aac623d4 - clone
[INFO] [stdout]   21:                0x0 - <unknown>
[INFO] [stdout] 
[INFO] [stdout] ---- preamble_type stdout ----
[INFO] [stdout] 
[INFO] [stdout] thread 'preamble_type' (1306) panicked at tests/utils.rs:26:10:
[INFO] [stdout] eipv binary missing: CargoError { cause: Some(NotFoundError { path: "/opt/rustwide/target/release/build/eipv/1e90e4ac514acca1/out/eipv" }) }
[INFO] [stdout] stack backtrace:
[INFO] [stdout]    0:     0x5eef410515b1 - <<std[617be2ca0a6fd877]::sys::backtrace::BacktraceLock>::print::DisplayBacktrace as core[a373ad73a504971]::fmt::Display>::fmt
[INFO] [stdout]    1:     0x5eef41066bca - core[a373ad73a504971]::fmt::write
[INFO] [stdout]    2:     0x5eef41056bdc - <alloc[2e1b2a31b91974c5]::vec::Vec<u8> as core[a373ad73a504971]::io::write::Write>::write_fmt
[INFO] [stdout]    3:     0x5eef4102d0c6 - std[617be2ca0a6fd877]::panicking::default_hook::{closure#0}
[INFO] [stdout]    4:     0x5eef41049bc9 - std[617be2ca0a6fd877]::panicking::default_hook
[INFO] [stdout]    5:     0x5eef40fdba50 - test[aada8e7e76ba119b]::test_main_inner::{closure#0}
[INFO] [stdout]    6:     0x5eef41049d82 - std[617be2ca0a6fd877]::panicking::panic_with_hook
[INFO] [stdout]    7:     0x5eef4102d172 - std[617be2ca0a6fd877]::panicking::panic_handler::{closure#0}
[INFO] [stdout]    8:     0x5eef41025e89 - std[617be2ca0a6fd877]::sys::backtrace::__rust_end_short_backtrace::<std[617be2ca0a6fd877]::panicking::panic_handler::{closure#0}, !>
[INFO] [stdout]    9:     0x5eef4102dd7d - __rustc[ea4f61d10b84890b]::rust_begin_unwind
[INFO] [stdout]   10:     0x5eef410672fc - core[a373ad73a504971]::panicking::panic_fmt
[INFO] [stdout]   11:     0x5eef410670d2 - core[a373ad73a504971]::result::unwrap_failed
[INFO] [stdout]   12:     0x5eef40fcce9d - tests[9778e2f8536ecf5c]::utils::test_fixture_valid
[INFO] [stdout]   13:     0x5eef40fce3b5 - <tests[9778e2f8536ecf5c]::preamble_type::{closure#0} as core[a373ad73a504971]::ops::function::FnOnce<()>>::call_once
[INFO] [stdout]   14:     0x5eef40fcee9b - test[aada8e7e76ba119b]::__rust_begin_short_backtrace::<core[a373ad73a504971]::result::Result<(), alloc[2e1b2a31b91974c5]::string::String>, fn() -> core[a373ad73a504971]::result::Result<(), alloc[2e1b2a31b91974c5]::string::String>>
[INFO] [stdout]   15:     0x5eef40fdc075 - test[aada8e7e76ba119b]::run_test::{closure#0}
[INFO] [stdout]   16:     0x5eef40fd5964 - std[617be2ca0a6fd877]::sys::backtrace::__rust_begin_short_backtrace::<test[aada8e7e76ba119b]::run_test::{closure#1}, ()>
[INFO] [stdout]   17:     0x5eef40fdf102 - <std[617be2ca0a6fd877]::thread::lifecycle::spawn_unchecked<test[aada8e7e76ba119b]::run_test::{closure#1}, ()>::{closure#1} as core[a373ad73a504971]::ops::function::FnOnce<()>>::call_once::{shim:vtable#0}
[INFO] [stdout]   18:     0x5eef41050d8f - <std[617be2ca0a6fd877]::sys::thread::unix::Thread>::new::thread_start
[INFO] [stdout]   19:     0x7409aabcedfa - <unknown>
[INFO] [stdout]   20:     0x7409aac623d4 - clone
[INFO] [stdout]   21:                0x0 - <unknown>
[INFO] [stdout] 
[INFO] [stdout] ---- valid stdout ----
[INFO] [stdout] 
[INFO] [stdout] thread 'valid' (1309) panicked at tests/utils.rs:26:10:
[INFO] [stdout] eipv binary missing: CargoError { cause: Some(NotFoundError { path: "/opt/rustwide/target/release/build/eipv/1e90e4ac514acca1/out/eipv" }) }
[INFO] [stdout] stack backtrace:
[INFO] [stdout]    0:     0x5eef410515b1 - <<std[617be2ca0a6fd877]::sys::backtrace::BacktraceLock>::print::DisplayBacktrace as core[a373ad73a504971]::fmt::Display>::fmt
[INFO] [stdout]    1:     0x5eef41066bca - core[a373ad73a504971]::fmt::write
[INFO] [stdout]    2:     0x5eef41056bdc - <alloc[2e1b2a31b91974c5]::vec::Vec<u8> as core[a373ad73a504971]::io::write::Write>::write_fmt
[INFO] [stdout]    3:     0x5eef4102d0c6 - std[617be2ca0a6fd877]::panicking::default_hook::{closure#0}
[INFO] [stdout]    4:     0x5eef41049bc9 - std[617be2ca0a6fd877]::panicking::default_hook
[INFO] [stdout]    5:     0x5eef40fdba50 - test[aada8e7e76ba119b]::test_main_inner::{closure#0}
[INFO] [stdout]    6:     0x5eef41049d82 - std[617be2ca0a6fd877]::panicking::panic_with_hook
[INFO] [stdout]    7:     0x5eef4102d172 - std[617be2ca0a6fd877]::panicking::panic_handler::{closure#0}
[INFO] [stdout]    8:     0x5eef41025e89 - std[617be2ca0a6fd877]::sys::backtrace::__rust_end_short_backtrace::<std[617be2ca0a6fd877]::panicking::panic_handler::{closure#0}, !>
[INFO] [stdout]    9:     0x5eef4102dd7d - __rustc[ea4f61d10b84890b]::rust_begin_unwind
[INFO] [stdout]   10:     0x5eef410672fc - core[a373ad73a504971]::panicking::panic_fmt
[INFO] [stdout]   11:     0x5eef410670d2 - core[a373ad73a504971]::result::unwrap_failed
[INFO] [stdout]   12:     0x5eef40fcce9d - tests[9778e2f8536ecf5c]::utils::test_fixture_valid
[INFO] [stdout]   13:     0x5eef40fced95 - <tests[9778e2f8536ecf5c]::valid::{closure#0} as core[a373ad73a504971]::ops::function::FnOnce<()>>::call_once
[INFO] [stdout]   14:     0x5eef40fcee9b - test[aada8e7e76ba119b]::__rust_begin_short_backtrace::<core[a373ad73a504971]::result::Result<(), alloc[2e1b2a31b91974c5]::string::String>, fn() -> core[a373ad73a504971]::result::Result<(), alloc[2e1b2a31b91974c5]::string::String>>
[INFO] [stdout]   15:     0x5eef40fdc075 - test[aada8e7e76ba119b]::run_test::{closure#0}
[INFO] [stdout]   16:     0x5eef40fd5964 - std[617be2ca0a6fd877]::sys::backtrace::__rust_begin_short_backtrace::<test[aada8e7e76ba119b]::run_test::{closure#1}, ()>
[INFO] [stdout]   17:     0x5eef40fdf102 - <std[617be2ca0a6fd877]::thread::lifecycle::spawn_unchecked<test[aada8e7e76ba119b]::run_test::{closure#1}, ()>::{closure#1} as core[a373ad73a504971]::ops::function::FnOnce<()>>::call_once::{shim:vtable#0}
[INFO] [stdout]   18:     0x5eef41050d8f - <std[617be2ca0a6fd877]::sys::thread::unix::Thread>::new::thread_start
[INFO] [stdout]   19:     0x7409aabcedfa - <unknown>
[INFO] [stdout]   20:     0x7409aac623d4 - clone
[INFO] [stdout]   21:                0x0 - <unknown>
[INFO] [stdout] 
[INFO] [stdout] ---- preamble_requires stdout ----
[INFO] [stdout] 
[INFO] [stdout] thread 'preamble_requires' (1302) panicked at tests/utils.rs:26:10:
[INFO] [stdout] eipv binary missing: CargoError { cause: Some(NotFoundError { path: "/opt/rustwide/target/release/build/eipv/1e90e4ac514acca1/out/eipv" }) }
[INFO] [stdout] stack backtrace:
[INFO] [stdout]    0:     0x5eef410515b1 - <<std[617be2ca0a6fd877]::sys::backtrace::BacktraceLock>::print::DisplayBacktrace as core[a373ad73a504971]::fmt::Display>::fmt
[INFO] [stdout]    1:     0x5eef41066bca - core[a373ad73a504971]::fmt::write
[INFO] [stdout]    2:     0x5eef41056bdc - <alloc[2e1b2a31b91974c5]::vec::Vec<u8> as core[a373ad73a504971]::io::write::Write>::write_fmt
[INFO] [stdout]    3:     0x5eef4102d0c6 - std[617be2ca0a6fd877]::panicking::default_hook::{closure#0}
[INFO] [stdout]    4:     0x5eef41049bc9 - std[617be2ca0a6fd877]::panicking::default_hook
[INFO] [stdout]    5:     0x5eef40fdba50 - test[aada8e7e76ba119b]::test_main_inner::{closure#0}
[INFO] [stdout]    6:     0x5eef41049d82 - std[617be2ca0a6fd877]::panicking::panic_with_hook
[INFO] [stdout]    7:     0x5eef4102d172 - std[617be2ca0a6fd877]::panicking::panic_handler::{closure#0}
[INFO] [stdout]    8:     0x5eef41025e89 - std[617be2ca0a6fd877]::sys::backtrace::__rust_end_short_backtrace::<std[617be2ca0a6fd877]::panicking::panic_handler::{closure#0}, !>
[INFO] [stdout]    9:     0x5eef4102dd7d - __rustc[ea4f61d10b84890b]::rust_begin_unwind
[INFO] [stdout]   10:     0x5eef410672fc - core[a373ad73a504971]::panicking::panic_fmt
[INFO] [stdout]   11:     0x5eef410670d2 - core[a373ad73a504971]::result::unwrap_failed
[INFO] [stdout]   12:     0x5eef40fcce9d - tests[9778e2f8536ecf5c]::utils::test_fixture_valid
[INFO] [stdout]   13:     0x5eef40fce6d8 - <tests[9778e2f8536ecf5c]::preamble_requires::{closure#0} as core[a373ad73a504971]::ops::function::FnOnce<()>>::call_once
[INFO] [stdout]   14:     0x5eef40fcee9b - test[aada8e7e76ba119b]::__rust_begin_short_backtrace::<core[a373ad73a504971]::result::Result<(), alloc[2e1b2a31b91974c5]::string::String>, fn() -> core[a373ad73a504971]::result::Result<(), alloc[2e1b2a31b91974c5]::string::String>>
[INFO] [stdout]   15:     0x5eef40fdc075 - test[aada8e7e76ba119b]::run_test::{closure#0}
[INFO] [stdout]   16:     0x5eef40fd5964 - std[617be2ca0a6fd877]::sys::backtrace::__rust_begin_short_backtrace::<test[aada8e7e76ba119b]::run_test::{closure#1}, ()>
[INFO] [stdout]   17:     0x5eef40fdf102 - <std[617be2ca0a6fd877]::thread::lifecycle::spawn_unchecked<test[aada8e7e76ba119b]::run_test::{closure#1}, ()>::{closure#1} as core[a373ad73a504971]::ops::function::FnOnce<()>>::call_once::{shim:vtable#0}
[INFO] [stdout]   18:     0x5eef41050d8f - <std[617be2ca0a6fd877]::sys::thread::unix::Thread>::new::thread_start
[INFO] [stdout]   19:     0x7409aabcedfa - <unknown>
[INFO] [stdout]   20:     0x7409aac623d4 - clone
[INFO] [stdout]   21:                0x0 - <unknown>
[INFO] [stdout] 
[INFO] [stdout] ---- preamble_unknown_field stdout ----
[INFO] [stdout] 
[INFO] [stdout] thread 'preamble_unknown_field' (1307) panicked at tests/utils.rs:7:10:
[INFO] [stdout] eipv binary missing: CargoError { cause: Some(NotFoundError { path: "/opt/rustwide/target/release/build/eipv/1e90e4ac514acca1/out/eipv" }) }
[INFO] [stdout] stack backtrace:
[INFO] [stdout]    0:     0x5eef410515b1 - <<std[617be2ca0a6fd877]::sys::backtrace::BacktraceLock>::print::DisplayBacktrace as core[a373ad73a504971]::fmt::Display>::fmt
[INFO] [stdout]    1:     0x5eef41066bca - core[a373ad73a504971]::fmt::write
[INFO] [stdout]    2:     0x5eef41056bdc - <alloc[2e1b2a31b91974c5]::vec::Vec<u8> as core[a373ad73a504971]::io::write::Write>::write_fmt
[INFO] [stdout]    3:     0x5eef4102d0c6 - std[617be2ca0a6fd877]::panicking::default_hook::{closure#0}
[INFO] [stdout]    4:     0x5eef41049bc9 - std[617be2ca0a6fd877]::panicking::default_hook
[INFO] [stdout]    5:     0x5eef40fdba50 - test[aada8e7e76ba119b]::test_main_inner::{closure#0}
[INFO] [stdout]    6:     0x5eef41049d82 - std[617be2ca0a6fd877]::panicking::panic_with_hook
[INFO] [stdout]    7:     0x5eef4102d172 - std[617be2ca0a6fd877]::panicking::panic_handler::{closure#0}
[INFO] [stdout]    8:     0x5eef41025e89 - std[617be2ca0a6fd877]::sys::backtrace::__rust_end_short_backtrace::<std[617be2ca0a6fd877]::panicking::panic_handler::{closure#0}, !>
[INFO] [stdout]    9:     0x5eef4102dd7d - __rustc[ea4f61d10b84890b]::rust_begin_unwind
[INFO] [stdout]   10:     0x5eef410672fc - core[a373ad73a504971]::panicking::panic_fmt
[INFO] [stdout]   11:     0x5eef410670d2 - core[a373ad73a504971]::result::unwrap_failed
[INFO] [stdout]   12:     0x5eef40fccb50 - tests[9778e2f8536ecf5c]::utils::test_fixture
[INFO] [stdout]   13:     0x5eef40fce821 - <tests[9778e2f8536ecf5c]::preamble_unknown_field::{closure#0} as core[a373ad73a504971]::ops::function::FnOnce<()>>::call_once
[INFO] [stdout]   14:     0x5eef40fcee9b - test[aada8e7e76ba119b]::__rust_begin_short_backtrace::<core[a373ad73a504971]::result::Result<(), alloc[2e1b2a31b91974c5]::string::String>, fn() -> core[a373ad73a504971]::result::Result<(), alloc[2e1b2a31b91974c5]::string::String>>
[INFO] [stdout]   15:     0x5eef40fdc075 - test[aada8e7e76ba119b]::run_test::{closure#0}
[INFO] [stdout]   16:     0x5eef40fd5964 - std[617be2ca0a6fd877]::sys::backtrace::__rust_begin_short_backtrace::<test[aada8e7e76ba119b]::run_test::{closure#1}, ()>
[INFO] [stdout]   17:     0x5eef40fdf102 - <std[617be2ca0a6fd877]::thread::lifecycle::spawn_unchecked<test[aada8e7e76ba119b]::run_test::{closure#1}, ()>::{closure#1} as core[a373ad73a504971]::ops::function::FnOnce<()>>::call_once::{shim:vtable#0}
[INFO] [stdout]   18:     0x5eef41050d8f - <std[617be2ca0a6fd877]::sys::thread::unix::Thread>::new::thread_start
[INFO] [stdout]   19:     0x7409aabcedfa - <unknown>
[INFO] [stdout]   20:     0x7409aac623d4 - clone
[INFO] [stdout]   21:                0x0 - <unknown>
[INFO] [stdout] 
[INFO] [stdout] 
[INFO] [stdout] failures:
[INFO] [stdout]     preamble_author
[INFO] [stdout]     preamble_category
[INFO] [stdout]     preamble_created
[INFO] [stdout]     preamble_description_too_long
[INFO] [stdout]     preamble_end_malformed
[INFO] [stdout]     preamble_has_required_fields
[INFO] [stdout]     preamble_invalid_discussions_to
[INFO] [stdout]     preamble_last_call_deadline
[INFO] [stdout]     preamble_malformed_eip
[INFO] [stdout]     preamble_malformed_field
[INFO] [stdout]     preamble_only_error_not_missing_field
[INFO] [stdout]     preamble_requires
[INFO] [stdout]     preamble_start_malformed
[INFO] [stdout]     preamble_status
[INFO] [stdout]     preamble_title_too_long
[INFO] [stdout]     preamble_type
[INFO] [stdout]     preamble_unknown_field
[INFO] [stdout]     preamble_updated
[INFO] [stdout]     valid
[INFO] [stdout] 
[INFO] [stdout] test result: FAILED. 0 passed; 19 failed; 0 ignored; 0 measured; 0 filtered out; finished in 0.02s
[INFO] [stdout] 
[INFO] running `Command { std: "docker" "inspect" "42b2e9c4307affa4727eac45b40bd26b3c29109ab2d62cb4171754b159e6a799", kill_on_drop: false }`
[INFO] running `Command { std: "docker" "rm" "-f" "42b2e9c4307affa4727eac45b40bd26b3c29109ab2d62cb4171754b159e6a799", kill_on_drop: false }`
[INFO] [stdout] 42b2e9c4307affa4727eac45b40bd26b3c29109ab2d62cb4171754b159e6a799
