[INFO] cloning repository https://github.com/leetvr/profiler
[INFO] running `Command { std: "git" "-c" "credential.helper=" "-c" "credential.helper=/workspace/cargo-home/bin/git-credential-null" "clone" "--bare" "https://github.com/leetvr/profiler" "/workspace/cache/git-repos/https%3A%2F%2Fgithub.com%2Fleetvr%2Fprofiler", kill_on_drop: false }`
[INFO] [stderr] Cloning into bare repository '/workspace/cache/git-repos/https%3A%2F%2Fgithub.com%2Fleetvr%2Fprofiler'...
[INFO] running `Command { std: "git" "rev-parse" "HEAD", kill_on_drop: false }`
[INFO] [stdout] d0391e75cb51a0b944616a39e046e2df52327abb
[INFO] testing leetvr/profiler against 1.99.0-beta.8+cargoflags=--release for beta-release-1.100-2
[INFO] running `Command { std: "git" "clone" "/workspace/cache/git-repos/https%3A%2F%2Fgithub.com%2Fleetvr%2Fprofiler" "/workspace/builds/worker-4-tc1/source", kill_on_drop: false }`
[INFO] [stderr] Cloning into '/workspace/builds/worker-4-tc1/source'...
[INFO] [stderr] done.
[INFO] started tweaking git repo https://github.com/leetvr/profiler
[INFO] finished tweaking git repo https://github.com/leetvr/profiler
[INFO] tweaked toml for git repo https://github.com/leetvr/profiler written to /workspace/builds/worker-4-tc1/source/Cargo.toml
[INFO] validating manifest of git repo https://github.com/leetvr/profiler on toolchain 1.99.0-beta.8
[INFO] running `Command { std: CARGO_HOME="/workspace/cargo-home" RUSTUP_HOME="/workspace/rustup-home" "/workspace/cargo-home/bin/cargo" "+1.99.0-beta.8" "metadata" "--manifest-path" "Cargo.toml" "--no-deps", kill_on_drop: false }`
[INFO] crate git repo https://github.com/leetvr/profiler already has a lockfile, it will not be regenerated
[INFO] running `Command { std: CARGO_HOME="/workspace/cargo-home" RUSTUP_HOME="/workspace/rustup-home" "/workspace/cargo-home/bin/cargo" "+1.99.0-beta.8" "fetch" "--manifest-path" "Cargo.toml", kill_on_drop: false }`
[INFO] [stderr]     Updating crates.io index
[INFO] [stderr]  Downloading crates ...
[INFO] [stderr]   Downloaded parking_lot_core v0.9.4
[INFO] [stderr]   Downloaded tokio-macros v1.8.0
[INFO] [stderr]   Downloaded tokio-util v0.7.4
[INFO] [stderr]   Downloaded thiserror-impl v1.0.37
[INFO] [stderr]   Downloaded warp v0.3.3
[INFO] [stderr]   Downloaded thiserror v1.0.37
[INFO] [stderr]   Downloaded digest v0.10.5
[INFO] [stderr]   Downloaded futures-macro v0.3.25
[INFO] [stderr]   Downloaded rustls-pemfile v0.2.1
[INFO] [stderr]   Downloaded buf_redux v0.8.4
[INFO] [stderr]   Downloaded multipart v0.18.0
[INFO] [stderr]   Downloaded twoway v0.1.8
[INFO] [stderr]   Downloaded tokio v1.21.2
[INFO] [stderr]   Downloaded h2 v0.3.15
[INFO] [stderr]   Downloaded async-trait v0.1.58
[INFO] [stderr]   Downloaded redis_ts v0.4.2
[INFO] [stderr]   Downloaded redis v0.22.1
[INFO] [stderr]   Downloaded regex v1.7.0
[INFO] [stderr]   Downloaded futures-executor v0.3.25
[INFO] [stderr]   Downloaded cxxbridge-flags v1.0.80
[INFO] [stderr]   Downloaded link-cplusplus v1.0.7
[INFO] [stderr]   Downloaded cxx-build v1.0.80
[INFO] [stderr]   Downloaded cxxbridge-macro v1.0.80
[INFO] [stderr]   Downloaded scratch v1.0.2
[INFO] [stderr]   Downloaded cxx v1.0.80
[INFO] running `Command { std: "docker" "create" "-v" "/var/lib/crater-agent-workspace/builds/worker-4-tc1/source:/opt/rustwide/workdir:ro,Z" "-v" "/var/lib/crater-agent-workspace/builds/worker-4-tc1/target:/opt/rustwide/target:rw,Z" "-v" "/var/lib/crater-agent-workspace/cargo-home:/opt/rustwide/cargo-home:ro,Z" "-v" "/var/lib/crater-agent-workspace/rustup-home:/opt/rustwide/rustup-home:ro,Z" "-m" "1610612736" "--network" "none" "ghcr.io/rust-lang/crates-build-env/linux@sha256:77db811e55d90add9212f6832c23229e3de5f1c1f9905e8cb07319ea15df73ac" "sleep" "infinity", kill_on_drop: false }`
[INFO] [stdout] 3adaca27fa6e5c4e0c39bd612d567f40a1ba47d420cf4be4a8f3939207a5e26f
[INFO] running `Command { std: "docker" "start" "3adaca27fa6e5c4e0c39bd612d567f40a1ba47d420cf4be4a8f3939207a5e26f", kill_on_drop: false }`
[INFO] running `Command { std: "docker" "inspect" "3adaca27fa6e5c4e0c39bd612d567f40a1ba47d420cf4be4a8f3939207a5e26f", kill_on_drop: false }`
[INFO] running `Command { std: "docker" "exec" "-e" "SOURCE_DIR=/opt/rustwide/workdir" "-e" "CARGO_HOME=/opt/rustwide/cargo-home" "-e" "RUSTUP_HOME=/opt/rustwide/rustup-home" "-e" "CARGO_TARGET_DIR=/opt/rustwide/target" "-w" "/opt/rustwide/workdir" "--user" "0:0" "3adaca27fa6e5c4e0c39bd612d567f40a1ba47d420cf4be4a8f3939207a5e26f" "/opt/rustwide/cargo-home/bin/cargo" "+1.99.0-beta.8" "metadata" "--no-deps" "--format-version=1", kill_on_drop: false }`
[INFO] running `Command { std: "docker" "inspect" "3adaca27fa6e5c4e0c39bd612d567f40a1ba47d420cf4be4a8f3939207a5e26f", kill_on_drop: false }`
[INFO] running `Command { std: "docker" "exec" "-e" "SOURCE_DIR=/opt/rustwide/workdir" "-e" "CARGO_HOME=/opt/rustwide/cargo-home" "-e" "RUSTUP_HOME=/opt/rustwide/rustup-home" "-e" "CARGO_TARGET_DIR=/opt/rustwide/target" "-e" "CARGO_INCREMENTAL=0" "-e" "RUST_BACKTRACE=full" "-e" "RUSTFLAGS=--cap-lints=warn" "-e" "RUSTDOCFLAGS=--cap-lints=warn" "-w" "/opt/rustwide/workdir" "--user" "0:0" "3adaca27fa6e5c4e0c39bd612d567f40a1ba47d420cf4be4a8f3939207a5e26f" "/opt/rustwide/cargo-home/bin/cargo" "+1.99.0-beta.8" "build" "--frozen" "--message-format=json" "--release", kill_on_drop: false }`
[INFO] [stderr]    Compiling autocfg v1.1.0
[INFO] [stderr]    Compiling libc v0.2.137
[INFO] [stderr]    Compiling proc-macro2 v1.0.47
[INFO] [stderr]    Compiling unicode-ident v1.0.5
[INFO] [stderr]    Compiling quote v1.0.21
[INFO] [stderr]    Compiling syn v1.0.103
[INFO] [stderr]    Compiling memchr v2.5.0
[INFO] [stderr]    Compiling version_check v0.9.4
[INFO] [stderr]    Compiling log v0.4.17
[INFO] [stderr]    Compiling pin-project-lite v0.2.9
[INFO] [stderr]    Compiling futures-core v0.3.25
[INFO] [stderr]    Compiling bytes v1.2.1
[INFO] [stderr]    Compiling parking_lot_core v0.9.4
[INFO] [stderr]    Compiling itoa v1.0.4
[INFO] [stderr]    Compiling scopeguard v1.1.0
[INFO] [stderr]    Compiling futures-sink v0.3.25
[INFO] [stderr]    Compiling smallvec v1.10.0
[INFO] [stderr]    Compiling typenum v1.15.0
[INFO] [stderr]    Compiling futures-channel v0.3.25
[INFO] [stderr]    Compiling futures-task v0.3.25
[INFO] [stderr]    Compiling futures-util v0.3.25
[INFO] [stderr]    Compiling futures-io v0.3.25
[INFO] [stderr]    Compiling once_cell v1.16.0
[INFO] [stderr]    Compiling tinyvec_macros v0.1.0
[INFO] [stderr]    Compiling percent-encoding v2.2.0
[INFO] [stderr]    Compiling httparse v1.8.0
[INFO] [stderr]    Compiling lock_api v0.4.9
[INFO] [stderr]    Compiling slab v0.4.7
[INFO] [stderr]    Compiling tokio v1.21.2
[INFO] [stderr]    Compiling tracing-core v0.1.30
[INFO] [stderr]    Compiling tinyvec v1.6.0
[INFO] [stderr]    Compiling generic-array v0.14.6
[INFO] [stderr]    Compiling unicase v2.6.0
[INFO] [stderr]    Compiling form_urlencoded v1.1.0
[INFO] [stderr]    Compiling unicode-bidi v0.3.8
[INFO] [stderr]    Compiling cpufeatures v0.2.5
[INFO] [stderr]    Compiling ppv-lite86 v0.2.17
[INFO] [stderr]    Compiling indexmap v1.9.1
[INFO] [stderr]    Compiling http v0.2.8
[INFO] [stderr]    Compiling base64 v0.13.1
[INFO] [stderr]    Compiling mio v0.8.5
[INFO] [stderr]    Compiling signal-hook-registry v1.4.0
[INFO] [stderr]    Compiling num_cpus v1.14.0
[INFO] [stderr]    Compiling socket2 v0.4.7
[INFO] [stderr]    Compiling parking_lot v0.12.1
[INFO] [stderr]    Compiling tracing v0.1.37
[INFO] [stderr]    Compiling getrandom v0.2.8
[INFO] [stderr]    Compiling ryu v1.0.11
[INFO] [stderr]    Compiling rand_core v0.6.4
[INFO] [stderr]    Compiling serde v1.0.147
[INFO] [stderr]    Compiling thiserror v1.0.37
[INFO] [stderr]    Compiling unicode-normalization v0.1.22
[INFO] [stderr]    Compiling quick-error v1.2.3
[INFO] [stderr]    Compiling rand_chacha v0.3.1
[INFO] [stderr]    Compiling mime_guess v2.0.4
[INFO] [stderr]    Compiling num-traits v0.2.15
[INFO] [stderr]    Compiling hashbrown v0.12.3
[INFO] [stderr]    Compiling async-trait v0.1.58
[INFO] [stderr]    Compiling mime v0.3.16
[INFO] [stderr]    Compiling rand v0.8.5
[INFO] [stderr]    Compiling aho-corasick v0.7.19
[INFO] [stderr]    Compiling num-integer v0.1.45
[INFO] [stderr]    Compiling safemem v0.3.3
[INFO] [stderr]    Compiling remove_dir_all v0.5.3
[INFO] [stderr]    Compiling try-lock v0.2.3
[INFO] [stderr]    Compiling serde_json v1.0.87
[INFO] [stderr]    Compiling utf-8 v0.7.6
[INFO] [stderr]    Compiling byteorder v1.4.3
[INFO] [stderr]    Compiling httpdate v1.0.2
[INFO] [stderr]    Compiling fastrand v1.8.0
[INFO] [stderr]    Compiling idna v0.3.0
[INFO] [stderr]    Compiling regex-syntax v0.6.28
[INFO] [stderr]    Compiling headers-core v0.2.0
[INFO] [stderr]    Compiling http-body v0.4.5
[INFO] [stderr]    Compiling want v0.3.0
[INFO] [stderr]    Compiling buf_redux v0.8.4
[INFO] [stderr]    Compiling tempfile v3.3.0
[INFO] [stderr]    Compiling humantime v1.3.0
[INFO] [stderr]    Compiling twoway v0.1.8
[INFO] [stderr]    Compiling atty v0.2.14
[INFO] [stderr]    Compiling url v2.3.1
[INFO] [stderr]    Compiling tower-service v0.3.2
[INFO] [stderr]    Compiling anyhow v1.0.66
[INFO] [stderr]    Compiling sha1_smol v1.0.0
[INFO] [stderr]    Compiling block-buffer v0.10.3
[INFO] [stderr]    Compiling crypto-common v0.1.6
[INFO] [stderr]    Compiling serde_derive v1.0.147
[INFO] [stderr]    Compiling termcolor v1.1.3
[INFO] [stderr]    Compiling digest v0.10.5
[INFO] [stderr]    Compiling multipart v0.18.0
[INFO] [stderr]    Compiling rustls-pemfile v0.2.1
[INFO] [stderr]    Compiling time v0.1.44
[INFO] [stderr]    Compiling iana-time-zone v0.1.53
[INFO] [stderr]    Compiling sha-1 v0.10.0
[INFO] [stderr]    Compiling sha1 v0.10.5
[INFO] [stderr]    Compiling scoped-tls v1.0.1
[INFO] [stderr]    Compiling headers v0.3.8
[INFO] [stderr]    Compiling chrono v0.4.22
[INFO] [stderr]    Compiling regex v1.7.0
[INFO] [stderr]    Compiling serde_urlencoded v0.7.1
[INFO] [stderr]    Compiling tokio-macros v1.8.0
[INFO] [stderr]    Compiling futures-macro v0.3.25
[INFO] [stderr]    Compiling thiserror-impl v1.0.37
[INFO] [stderr]    Compiling pin-project-internal v1.0.12
[INFO] [stderr]    Compiling env_logger v0.7.1
[INFO] [stderr]    Compiling pretty_env_logger v0.4.0
[INFO] [stderr]    Compiling pin-project v1.0.12
[INFO] [stderr]    Compiling tungstenite v0.17.3
[INFO] [stderr]    Compiling futures-executor v0.3.25
[INFO] [stderr]    Compiling futures v0.3.25
[INFO] [stderr]    Compiling tokio-util v0.7.4
[INFO] [stderr]    Compiling tokio-tungstenite v0.17.2
[INFO] [stderr]    Compiling tokio-stream v0.1.11
[INFO] [stderr]    Compiling h2 v0.3.15
[INFO] [stderr]    Compiling combine v4.6.6
[INFO] [stderr]    Compiling hyper v0.14.23
[INFO] [stderr]    Compiling redis v0.22.1
[INFO] [stderr]    Compiling redis_ts v0.4.2
[INFO] [stderr]    Compiling warp v0.3.3
[INFO] [stderr]    Compiling benchmarks v0.1.0 (/opt/rustwide/workdir)
[INFO] [stdout] warning: this function depends on never type fallback being `()`
[INFO] [stdout]    --> src/client/main.rs:58:1
[INFO] [stdout]     |
[INFO] [stdout]  58 | / async fn save_profile_metrics(
[INFO] [stdout]  59 | |     mut metrics: Metrics,
[INFO] [stdout]  60 | |     description: String,
[INFO] [stdout]  61 | |     start_time: chrono::DateTime<Utc>,
[INFO] [stdout]  62 | | ) -> Result<()> {
[INFO] [stdout]     | |_______________^
[INFO] [stdout]     |
[INFO] [stdout]     = help: specify the types explicitly
[INFO] [stdout] note: in edition 2024, the requirement `!: FromRedisValue` will fail
[INFO] [stdout]    --> src/client/main.rs:85:10
[INFO] [stdout]     |
[INFO] [stdout]  85 |         .lpush(runs_key, serde_json::to_string(&summary)?)
[INFO] [stdout]     |          ^^^^^
[INFO] [stdout]     = warning: this was previously accepted by the compiler but is being phased out; it will become a hard error in Rust 2024 and in a future release in all editions!
[INFO] [stdout]     = note: for more information, see <https://doc.rust-lang.org/edition-guide/rust-2024/never-type-fallback.html>
[INFO] [stdout]     = note: `#[warn(dependency_on_unit_never_type_fallback)]` (part of `#[warn(rust_2024_compatibility)]`) on by default
[INFO] [stdout] help: use `()` annotations to avoid fallback changes
[INFO] [stdout]     |
[INFO] [stdout]  84 ~     let _: () = con
[INFO] [stdout]  85 |         .lpush(runs_key, serde_json::to_string(&summary)?)
[INFO] [stdout] ...
[INFO] [stdout]  88 |     let summary_key = format!("profile_runs:{id}:summary");
[INFO] [stdout]  89 ~     con.hset::<_, _, _, ()>(&summary_key, "description", summary.description)
[INFO] [stdout]  90 |         .await?;
[INFO] [stdout]  91 ~     con.hset::<_, _, _, ()>(&summary_key, "timestamp", summary.timestamp)
[INFO] [stdout]  92 |         .await?;
[INFO] [stdout]  93 ~     con.hset::<_, _, _, ()>(&summary_key, "result", summary.result).await?;
[INFO] [stdout]  94 |
[INFO] [stdout] ...
[INFO] [stdout]  97 |     for (key, value) in averaged_metrics.drain() {
[INFO] [stdout]  98 ~         con.hset::<_, _, _, ()>(&metrics_key, key, value).await?;
[INFO] [stdout]  99 |     }
[INFO] [stdout] ...
[INFO] [stdout] 104 |         for sample in samples {
[INFO] [stdout] 105 ~             let _: () = con
[INFO] [stdout]     |
[INFO] [stdout] 
[INFO] [stdout] 
[INFO] [stderr]     Finished `release` profile [optimized] target(s) in 1m 36s
[INFO] [stderr] warning: the following packages contain code that will be rejected by a future version of Rust: benchmarks v0.1.0 (/opt/rustwide/workdir), buf_redux v0.8.4, multipart v0.18.0, redis v0.22.1
[INFO] [stderr] note: to see what the problems were, use the option `--future-incompat-report`, or run `cargo report future-incompatibilities --id 1`
[INFO] running `Command { std: "docker" "inspect" "3adaca27fa6e5c4e0c39bd612d567f40a1ba47d420cf4be4a8f3939207a5e26f", kill_on_drop: false }`
[INFO] running `Command { std: "docker" "exec" "-e" "SOURCE_DIR=/opt/rustwide/workdir" "-e" "CARGO_HOME=/opt/rustwide/cargo-home" "-e" "RUSTUP_HOME=/opt/rustwide/rustup-home" "-e" "CARGO_TARGET_DIR=/opt/rustwide/target" "-e" "CARGO_INCREMENTAL=0" "-e" "RUST_BACKTRACE=full" "-e" "RUSTFLAGS=--cap-lints=warn" "-e" "RUSTDOCFLAGS=--cap-lints=warn" "-w" "/opt/rustwide/workdir" "--user" "0:0" "3adaca27fa6e5c4e0c39bd612d567f40a1ba47d420cf4be4a8f3939207a5e26f" "/opt/rustwide/cargo-home/bin/cargo" "+1.99.0-beta.8" "test" "--frozen" "--no-run" "--message-format=json" "--release", kill_on_drop: false }`
[INFO] [stderr]    Compiling benchmarks v0.1.0 (/opt/rustwide/workdir)
[INFO] [stdout] warning: unused import: `parse_ovr_metrics`
[INFO] [stdout]    --> src/client/main.rs:363:36
[INFO] [stdout]     |
[INFO] [stdout] 363 |     use crate::{parse_gpu_metrics, parse_ovr_metrics};
[INFO] [stdout]     |                                    ^^^^^^^^^^^^^^^^^
[INFO] [stdout]     |
[INFO] [stdout]     = note: `#[warn(unused_imports)]` (part of `#[warn(unused)]`) on by default
[INFO] [stdout] 
[INFO] [stdout] 
[INFO] [stdout] warning: this function depends on never type fallback being `()`
[INFO] [stdout]    --> src/client/main.rs:58:1
[INFO] [stdout]     |
[INFO] [stdout]  58 | / async fn save_profile_metrics(
[INFO] [stdout]  59 | |     mut metrics: Metrics,
[INFO] [stdout]  60 | |     description: String,
[INFO] [stdout]  61 | |     start_time: chrono::DateTime<Utc>,
[INFO] [stdout]  62 | | ) -> Result<()> {
[INFO] [stdout]     | |_______________^
[INFO] [stdout]     |
[INFO] [stdout]     = help: specify the types explicitly
[INFO] [stdout] note: in edition 2024, the requirement `!: FromRedisValue` will fail
[INFO] [stdout]    --> src/client/main.rs:85:10
[INFO] [stdout]     |
[INFO] [stdout]  85 |         .lpush(runs_key, serde_json::to_string(&summary)?)
[INFO] [stdout]     |          ^^^^^
[INFO] [stdout]     = warning: this was previously accepted by the compiler but is being phased out; it will become a hard error in Rust 2024 and in a future release in all editions!
[INFO] [stdout]     = note: for more information, see <https://doc.rust-lang.org/edition-guide/rust-2024/never-type-fallback.html>
[INFO] [stdout]     = note: `#[warn(dependency_on_unit_never_type_fallback)]` (part of `#[warn(rust_2024_compatibility)]`) on by default
[INFO] [stdout] help: use `()` annotations to avoid fallback changes
[INFO] [stdout]     |
[INFO] [stdout]  84 ~     let _: () = con
[INFO] [stdout]  85 |         .lpush(runs_key, serde_json::to_string(&summary)?)
[INFO] [stdout] ...
[INFO] [stdout]  88 |     let summary_key = format!("profile_runs:{id}:summary");
[INFO] [stdout]  89 ~     con.hset::<_, _, _, ()>(&summary_key, "description", summary.description)
[INFO] [stdout]  90 |         .await?;
[INFO] [stdout]  91 ~     con.hset::<_, _, _, ()>(&summary_key, "timestamp", summary.timestamp)
[INFO] [stdout]  92 |         .await?;
[INFO] [stdout]  93 ~     con.hset::<_, _, _, ()>(&summary_key, "result", summary.result).await?;
[INFO] [stdout]  94 |
[INFO] [stdout] ...
[INFO] [stdout]  97 |     for (key, value) in averaged_metrics.drain() {
[INFO] [stdout]  98 ~         con.hset::<_, _, _, ()>(&metrics_key, key, value).await?;
[INFO] [stdout]  99 |     }
[INFO] [stdout] ...
[INFO] [stdout] 104 |         for sample in samples {
[INFO] [stdout] 105 ~             let _: () = con
[INFO] [stdout]     |
[INFO] [stdout] 
[INFO] [stdout] 
[INFO] [stderr]     Finished `release` profile [optimized] target(s) in 1.52s
[INFO] [stderr] warning: the following packages contain code that will be rejected by a future version of Rust: benchmarks v0.1.0 (/opt/rustwide/workdir), buf_redux v0.8.4, multipart v0.18.0, redis v0.22.1
[INFO] [stderr] note: to see what the problems were, use the option `--future-incompat-report`, or run `cargo report future-incompatibilities --id 1`
[INFO] running `Command { std: "docker" "inspect" "3adaca27fa6e5c4e0c39bd612d567f40a1ba47d420cf4be4a8f3939207a5e26f", kill_on_drop: false }`
[INFO] running `Command { std: "docker" "exec" "-e" "SOURCE_DIR=/opt/rustwide/workdir" "-e" "CARGO_HOME=/opt/rustwide/cargo-home" "-e" "RUSTUP_HOME=/opt/rustwide/rustup-home" "-e" "CARGO_TARGET_DIR=/opt/rustwide/target" "-e" "CARGO_INCREMENTAL=0" "-e" "RUST_BACKTRACE=full" "-e" "RUSTFLAGS=--cap-lints=warn" "-e" "RUSTDOCFLAGS=--cap-lints=warn" "-w" "/opt/rustwide/workdir" "--user" "0:0" "3adaca27fa6e5c4e0c39bd612d567f40a1ba47d420cf4be4a8f3939207a5e26f" "/opt/rustwide/cargo-home/bin/cargo" "+1.99.0-beta.8" "test" "--frozen" "--release", kill_on_drop: false }`
[INFO] [stderr] warning: unused import: `parse_ovr_metrics`
[INFO] [stderr]    --> src/client/main.rs:363:36
[INFO] [stderr]     |
[INFO] [stderr] 363 |     use crate::{parse_gpu_metrics, parse_ovr_metrics};
[INFO] [stderr]     |                                    ^^^^^^^^^^^^^^^^^
[INFO] [stderr]     |
[INFO] [stderr]     = note: `#[warn(unused_imports)]` (part of `#[warn(unused)]`) on by default
[INFO] [stderr] 
[INFO] [stderr] warning: this function depends on never type fallback being `()`
[INFO] [stderr]    --> src/client/main.rs:58:1
[INFO] [stderr]     |
[INFO] [stderr]  58 | / async fn save_profile_metrics(
[INFO] [stderr]  59 | |     mut metrics: Metrics,
[INFO] [stderr]  60 | |     description: String,
[INFO] [stderr]  61 | |     start_time: chrono::DateTime<Utc>,
[INFO] [stderr]  62 | | ) -> Result<()> {
[INFO] [stderr]     | |_______________^
[INFO] [stderr]     |
[INFO] [stderr]     = help: specify the types explicitly
[INFO] [stderr] note: in edition 2024, the requirement `!: FromRedisValue` will fail
[INFO] [stderr]    --> src/client/main.rs:85:10
[INFO] [stderr]     |
[INFO] [stderr]  85 |         .lpush(runs_key, serde_json::to_string(&summary)?)
[INFO] [stderr]     |          ^^^^^
[INFO] [stderr]     = warning: this was previously accepted by the compiler but is being phased out; it will become a hard error in Rust 2024 and in a future release in all editions!
[INFO] [stderr]     = note: for more information, see <https://doc.rust-lang.org/edition-guide/rust-2024/never-type-fallback.html>
[INFO] [stderr]     = note: `#[warn(dependency_on_unit_never_type_fallback)]` (part of `#[warn(rust_2024_compatibility)]`) on by default
[INFO] [stderr] help: use `()` annotations to avoid fallback changes
[INFO] [stderr]     |
[INFO] [stderr]  84 ~     let _: () = con
[INFO] [stderr]  85 |         .lpush(runs_key, serde_json::to_string(&summary)?)
[INFO] [stderr] ...
[INFO] [stderr]  88 |     let summary_key = format!("profile_runs:{id}:summary");
[INFO] [stderr]  89 ~     con.hset::<_, _, _, ()>(&summary_key, "description", summary.description)
[INFO] [stderr]  90 |         .await?;
[INFO] [stderr]  91 ~     con.hset::<_, _, _, ()>(&summary_key, "timestamp", summary.timestamp)
[INFO] [stderr]  92 |         .await?;
[INFO] [stderr]  93 ~     con.hset::<_, _, _, ()>(&summary_key, "result", summary.result).await?;
[INFO] [stderr]  94 |
[INFO] [stderr] ...
[INFO] [stderr]  97 |     for (key, value) in averaged_metrics.drain() {
[INFO] [stderr]  98 ~         con.hset::<_, _, _, ()>(&metrics_key, key, value).await?;
[INFO] [stderr]  99 |     }
[INFO] [stderr] ...
[INFO] [stderr] 104 |         for sample in samples {
[INFO] [stderr] 105 ~             let _: () = con
[INFO] [stderr]     |
[INFO] [stderr] 
[INFO] [stderr] warning: `benchmarks` (bin "client" test) generated 2 warnings (run `cargo fix --bin "client" -p benchmarks --tests` to apply 2 suggestions)
[INFO] [stderr]     Finished `release` profile [optimized] target(s) in 0.16s
[INFO] [stderr] warning: the following packages contain code that will be rejected by a future version of Rust: benchmarks v0.1.0 (/opt/rustwide/workdir), buf_redux v0.8.4, multipart v0.18.0, redis v0.22.1
[INFO] [stdout] 
[INFO] [stderr] note: to see what the problems were, use the option `--future-incompat-report`, or run `cargo report future-incompatibilities --id 1`
[INFO] [stdout] running 0 tests
[INFO] [stderr]      Running unittests src/lib.rs (/opt/rustwide/target/release/deps/benchmarks-4761baffd996bb99)
[INFO] [stdout] 
[INFO] [stderr]      Running unittests src/client/main.rs (/opt/rustwide/target/release/deps/client-22fb8b3ed6fdbd61)
[INFO] [stdout] test result: ok. 0 passed; 0 failed; 0 ignored; 0 measured; 0 filtered out; finished in 0.00s
[INFO] [stdout] 
[INFO] [stdout] 
[INFO] [stdout] running 1 test
[INFO] [stdout] test tests::test_parse_gpu_metrics ... FAILED
[INFO] [stderr] error: test failed, to rerun pass `--bin client`
[INFO] [stdout] 
[INFO] [stdout] failures:
[INFO] [stdout] 
[INFO] [stdout] ---- tests::test_parse_gpu_metrics stdout ----
[INFO] [stdout] 
[INFO] [stdout] thread 'tests::test_parse_gpu_metrics' (2823) panicked at src/client/main.rs:272:73:
[INFO] [stdout] called `Result::unwrap()` on an `Err` value: ParseFloatError { kind: Invalid }
[INFO] [stdout] stack backtrace:
[INFO] [stdout]    0:     0x621bed259161 - <<std[70759c8f55707aa4]::sys::backtrace::BacktraceLock>::print::DisplayBacktrace as core[df12db4294e9bfd3]::fmt::Display>::fmt
[INFO] [stdout]    1:     0x621bed26da1a - core[df12db4294e9bfd3]::fmt::write
[INFO] [stdout]    2:     0x621bed25d5fc - <alloc[2182bb758b4b3781]::vec::Vec<u8> as core[df12db4294e9bfd3]::io::write::Write>::write_fmt
[INFO] [stdout]    3:     0x621bed235756 - std[70759c8f55707aa4]::panicking::default_hook::{closure#0}
[INFO] [stdout]    4:     0x621bed2518c9 - std[70759c8f55707aa4]::panicking::default_hook
[INFO] [stdout]    5:     0x621bed1edd50 - test[9d35eded1c95d3be]::test_main_inner::<test[9d35eded1c95d3be]::test_main_static::{closure#0}>::{closure#0}
[INFO] [stdout]    6:     0x621bed251a82 - std[70759c8f55707aa4]::panicking::panic_with_hook
[INFO] [stdout]    7:     0x621bed235802 - std[70759c8f55707aa4]::panicking::panic_handler::{closure#0}
[INFO] [stdout]    8:     0x621bed22e589 - std[70759c8f55707aa4]::sys::backtrace::__rust_end_short_backtrace::<std[70759c8f55707aa4]::panicking::panic_handler::{closure#0}, !>
[INFO] [stdout]    9:     0x621bed2363fd - __rustc[8fa7c3cbc660c2b3]::rust_begin_unwind
[INFO] [stdout]   10:     0x621bed26e14c - core[df12db4294e9bfd3]::panicking::panic_fmt
[INFO] [stdout]   11:     0x621bed26df22 - core[df12db4294e9bfd3]::result::unwrap_failed
[INFO] [stdout]   12:     0x621bed1df9df - client[d7d335636eb22269]::parse_gpu_metrics
[INFO] [stdout]   13:     0x621bed1e0cf0 - client[d7d335636eb22269]::tests::test_parse_gpu_metrics
[INFO] [stdout]   14:     0x621bed1e0259 - <client[d7d335636eb22269]::tests::test_parse_gpu_metrics::{closure#0} as core[df12db4294e9bfd3]::ops::function::FnOnce<()>>::call_once
[INFO] [stdout]   15:     0x621bed1e103b - test[9d35eded1c95d3be]::__rust_begin_short_backtrace::<core[df12db4294e9bfd3]::result::Result<(), alloc[2182bb758b4b3781]::string::String>, fn() -> core[df12db4294e9bfd3]::result::Result<(), alloc[2182bb758b4b3781]::string::String>>
[INFO] [stdout]   16:     0x621bed1ee6a5 - test[9d35eded1c95d3be]::run_test::{closure#0}
[INFO] [stdout]   17:     0x621bed1e7f64 - std[70759c8f55707aa4]::sys::backtrace::__rust_begin_short_backtrace::<test[9d35eded1c95d3be]::run_test::{closure#1}, ()>
[INFO] [stdout]   18:     0x621bed1f1802 - <std[70759c8f55707aa4]::thread::lifecycle::spawn_unchecked<test[9d35eded1c95d3be]::run_test::{closure#1}, ()>::{closure#1} as core[df12db4294e9bfd3]::ops::function::FnOnce<()>>::call_once::{shim:vtable#0}
[INFO] [stdout]   19:     0x621bed258a39 - <std[70759c8f55707aa4]::sys::thread::unix::Thread>::new::thread_start
[INFO] [stdout]   20:     0x77b6fcc57dfa - <unknown>
[INFO] [stdout]   21:     0x77b6fcceb3d4 - clone
[INFO] [stdout]   22:                0x0 - <unknown>
[INFO] [stdout] 
[INFO] [stdout] 
[INFO] [stdout] failures:
[INFO] [stdout]     tests::test_parse_gpu_metrics
[INFO] [stdout] 
[INFO] [stdout] test result: FAILED. 0 passed; 1 failed; 0 ignored; 0 measured; 0 filtered out; finished in 0.00s
[INFO] [stdout] 
[INFO] running `Command { std: "docker" "inspect" "3adaca27fa6e5c4e0c39bd612d567f40a1ba47d420cf4be4a8f3939207a5e26f", kill_on_drop: false }`
[INFO] running `Command { std: "docker" "rm" "-f" "3adaca27fa6e5c4e0c39bd612d567f40a1ba47d420cf4be4a8f3939207a5e26f", kill_on_drop: false }`
[INFO] [stdout] 3adaca27fa6e5c4e0c39bd612d567f40a1ba47d420cf4be4a8f3939207a5e26f
