[INFO] cloning repository https://github.com/kmlaborat/AnchorScope
[INFO] running `Command { std: "git" "-c" "credential.helper=" "-c" "credential.helper=/workspace/cargo-home/bin/git-credential-null" "clone" "--bare" "https://github.com/kmlaborat/AnchorScope" "/workspace/cache/git-repos/https%3A%2F%2Fgithub.com%2Fkmlaborat%2FAnchorScope", kill_on_drop: false }`
[INFO] [stderr] Cloning into bare repository '/workspace/cache/git-repos/https%3A%2F%2Fgithub.com%2Fkmlaborat%2FAnchorScope'...
[INFO] running `Command { std: "git" "rev-parse" "HEAD", kill_on_drop: false }`
[INFO] [stdout] bc8361602ab552608476cca49a29f2a3ebb1b3ab
[INFO] testing kmlaborat/AnchorScope against 1.100.0-beta.1+cargoflags=--release for beta-release-1.100-2
[INFO] running `Command { std: "git" "clone" "/workspace/cache/git-repos/https%3A%2F%2Fgithub.com%2Fkmlaborat%2FAnchorScope" "/workspace/builds/worker-4-tc2/source", kill_on_drop: false }`
[INFO] [stderr] Cloning into '/workspace/builds/worker-4-tc2/source'...
[INFO] [stderr] done.
[INFO] started tweaking git repo https://github.com/kmlaborat/AnchorScope
[INFO] finished tweaking git repo https://github.com/kmlaborat/AnchorScope
[INFO] tweaked toml for git repo https://github.com/kmlaborat/AnchorScope written to /workspace/builds/worker-4-tc2/source/Cargo.toml
[INFO] validating manifest of git repo https://github.com/kmlaborat/AnchorScope on toolchain 1.100.0-beta.1
[INFO] running `Command { std: CARGO_HOME="/workspace/cargo-home" RUSTUP_HOME="/workspace/rustup-home" "/workspace/cargo-home/bin/cargo" "+1.100.0-beta.1" "metadata" "--manifest-path" "Cargo.toml" "--no-deps", kill_on_drop: false }`
[INFO] crate git repo https://github.com/kmlaborat/AnchorScope already has a lockfile, it will not be regenerated
[INFO] running `Command { std: CARGO_HOME="/workspace/cargo-home" RUSTUP_HOME="/workspace/rustup-home" "/workspace/cargo-home/bin/cargo" "+1.100.0-beta.1" "fetch" "--manifest-path" "Cargo.toml", kill_on_drop: false }`
[INFO] [stderr]     Blocking waiting for file lock on package cache
[INFO] running `Command { std: "docker" "create" "-v" "/var/lib/crater-agent-workspace/builds/worker-4-tc2/source:/opt/rustwide/workdir:ro,Z" "-v" "/var/lib/crater-agent-workspace/builds/worker-4-tc2/target:/opt/rustwide/target:rw,Z" "-v" "/var/lib/crater-agent-workspace/cargo-home:/opt/rustwide/cargo-home:ro,Z" "-v" "/var/lib/crater-agent-workspace/rustup-home:/opt/rustwide/rustup-home:ro,Z" "-m" "1610612736" "--network" "none" "ghcr.io/rust-lang/crates-build-env/linux@sha256:77db811e55d90add9212f6832c23229e3de5f1c1f9905e8cb07319ea15df73ac" "sleep" "infinity", kill_on_drop: false }`
[INFO] [stdout] 4055d0b2280fdd4067fe0fcb9a72c4cff69fea46ab61760bdbab652d502a00bd
[INFO] running `Command { std: "docker" "start" "4055d0b2280fdd4067fe0fcb9a72c4cff69fea46ab61760bdbab652d502a00bd", kill_on_drop: false }`
[INFO] running `Command { std: "docker" "inspect" "4055d0b2280fdd4067fe0fcb9a72c4cff69fea46ab61760bdbab652d502a00bd", kill_on_drop: false }`
[INFO] running `Command { std: "docker" "exec" "-e" "SOURCE_DIR=/opt/rustwide/workdir" "-e" "CARGO_HOME=/opt/rustwide/cargo-home" "-e" "RUSTUP_HOME=/opt/rustwide/rustup-home" "-e" "CARGO_TARGET_DIR=/opt/rustwide/target" "-w" "/opt/rustwide/workdir" "--user" "0:0" "4055d0b2280fdd4067fe0fcb9a72c4cff69fea46ab61760bdbab652d502a00bd" "/opt/rustwide/cargo-home/bin/cargo" "+1.100.0-beta.1" "metadata" "--no-deps" "--format-version=1", kill_on_drop: false }`
[INFO] running `Command { std: "docker" "inspect" "4055d0b2280fdd4067fe0fcb9a72c4cff69fea46ab61760bdbab652d502a00bd", kill_on_drop: false }`
[INFO] running `Command { std: "docker" "exec" "-e" "SOURCE_DIR=/opt/rustwide/workdir" "-e" "CARGO_HOME=/opt/rustwide/cargo-home" "-e" "RUSTUP_HOME=/opt/rustwide/rustup-home" "-e" "CARGO_TARGET_DIR=/opt/rustwide/target" "-e" "CARGO_INCREMENTAL=0" "-e" "RUST_BACKTRACE=full" "-e" "RUSTFLAGS=--cap-lints=warn" "-e" "RUSTDOCFLAGS=--cap-lints=warn" "-w" "/opt/rustwide/workdir" "--user" "0:0" "4055d0b2280fdd4067fe0fcb9a72c4cff69fea46ab61760bdbab652d502a00bd" "/opt/rustwide/cargo-home/bin/cargo" "+1.100.0-beta.1" "build" "--frozen" "--message-format=json" "--release", kill_on_drop: false }`
[INFO] [stderr]    Compiling xxhash-rust v0.8.15
[INFO] [stderr]    Compiling clap_derive v4.6.1
[INFO] [stderr]    Compiling clap v4.6.1
[INFO] [stderr]    Compiling anchorscope v2.0.0 (/opt/rustwide/workdir)
[INFO] [stderr]     Finished `release` profile [optimized] target(s) in 3.63s
[INFO] running `Command { std: "docker" "inspect" "4055d0b2280fdd4067fe0fcb9a72c4cff69fea46ab61760bdbab652d502a00bd", kill_on_drop: false }`
[INFO] running `Command { std: "docker" "exec" "-e" "SOURCE_DIR=/opt/rustwide/workdir" "-e" "CARGO_HOME=/opt/rustwide/cargo-home" "-e" "RUSTUP_HOME=/opt/rustwide/rustup-home" "-e" "CARGO_TARGET_DIR=/opt/rustwide/target" "-e" "CARGO_INCREMENTAL=0" "-e" "RUST_BACKTRACE=full" "-e" "RUSTFLAGS=--cap-lints=warn" "-e" "RUSTDOCFLAGS=--cap-lints=warn" "-w" "/opt/rustwide/workdir" "--user" "0:0" "4055d0b2280fdd4067fe0fcb9a72c4cff69fea46ab61760bdbab652d502a00bd" "/opt/rustwide/cargo-home/bin/cargo" "+1.100.0-beta.1" "test" "--frozen" "--no-run" "--message-format=json" "--release", kill_on_drop: false }`
[INFO] [stderr]    Compiling libc v0.2.186
[INFO] [stderr]    Compiling getrandom v0.4.2
[INFO] [stderr]    Compiling rustix v1.1.4
[INFO] [stderr]    Compiling bitflags v2.13.0
[INFO] [stderr]    Compiling linux-raw-sys v0.12.1
[INFO] [stderr]    Compiling fastrand v2.4.1
[INFO] [stderr]    Compiling once_cell v1.21.4
[INFO] [stderr]    Compiling tempfile v3.27.0
[INFO] [stderr]    Compiling anchorscope v2.0.0 (/opt/rustwide/workdir)
[INFO] [stderr]     Finished `release` profile [optimized] target(s) in 6.80s
[INFO] running `Command { std: "docker" "inspect" "4055d0b2280fdd4067fe0fcb9a72c4cff69fea46ab61760bdbab652d502a00bd", kill_on_drop: false }`
[INFO] running `Command { std: "docker" "exec" "-e" "SOURCE_DIR=/opt/rustwide/workdir" "-e" "CARGO_HOME=/opt/rustwide/cargo-home" "-e" "RUSTUP_HOME=/opt/rustwide/rustup-home" "-e" "CARGO_TARGET_DIR=/opt/rustwide/target" "-e" "CARGO_INCREMENTAL=0" "-e" "RUST_BACKTRACE=full" "-e" "RUSTFLAGS=--cap-lints=warn" "-e" "RUSTDOCFLAGS=--cap-lints=warn" "-w" "/opt/rustwide/workdir" "--user" "0:0" "4055d0b2280fdd4067fe0fcb9a72c4cff69fea46ab61760bdbab652d502a00bd" "/opt/rustwide/cargo-home/bin/cargo" "+1.100.0-beta.1" "test" "--frozen" "--release", kill_on_drop: false }`
[INFO] [stderr]     Finished `release` profile [optimized] target(s) in 0.09s
[INFO] [stderr]      Running unittests src/lib.rs (/opt/rustwide/target/release/build/anchorscope/f9911e6f32607038/out/anchorscope-f9911e6f32607038)
[INFO] [stdout] 
[INFO] [stdout] running 24 tests
[INFO] [stdout] test matcher::tests::end_to_end_crlf_single_line ... ok
[INFO] [stdout] test matcher::tests::map_to_original_crlf_with_newline ... ok
[INFO] [stdout] test matcher::tests::end_to_end_crlf_multiline_with_trailing_newline ... ok
[INFO] [stdout] test matcher::tests::end_to_end_mixed_line_endings ... ok
[INFO] [stdout] test matcher::tests::end_to_end_lone_cr_at_eof ... ok
[INFO] [stdout] test matcher::tests::verify_offset_lone_cr_after_crlf ... ok
[INFO] [stdout] test matcher::tests::verify_offset_lone_cr_not_counted ... ok
[INFO] [stdout] test matcher::tests::verify_offset_formula_crlf ... ok
[INFO] [stdout] test matcher::tests::end_to_end_crlf_multiline ... ok
[INFO] [stdout] test matcher::tests::end_to_end_mixed_multiline_anchor ... ok
[INFO] [stdout] test matcher::tests::normalize_crlf ... ok
[INFO] [stdout] test matcher::tests::map_to_original_crlf_no_newline ... ok
[INFO] [stdout] test matcher::tests::resolve_single_match ... ok
[INFO] [stdout] test matcher::tests::normalize_lf_only ... ok
[INFO] [stdout] test matcher::tests::verify_offset_mixed_crlf_and_lone_cr ... ok
[INFO] [stdout] test tests::error_display ... ok
[INFO] [stdout] test tests::read_multiple_matches ... ok
[INFO] [stdout] test tests::read_no_match ... ok
[INFO] [stdout] test matcher::tests::resolve_no_match ... ok
[INFO] [stdout] test matcher::tests::resolve_multiple_matches ... ok
[INFO] [stdout] test tests::read_basic ... ok
[INFO] [stdout] test matcher::tests::end_to_end_lone_cr_in_middle ... ok
[INFO] [stdout] test tests::write_hash_mismatch ... ok
[INFO] [stdout] test tests::write_basic ... ok
[INFO] [stdout] 
[INFO] [stdout] test result: ok. 24 passed; 0 failed; 0 ignored; 0 measured; 0 filtered out; finished in 0.06s
[INFO] [stdout] 
[INFO] [stderr]      Running unittests src/main.rs (/opt/rustwide/target/release/build/anchorscope/3990eb77194ff951/out/anchorscope-3990eb77194ff951)
[INFO] [stdout] 
[INFO] [stdout] running 0 tests
[INFO] [stdout] 
[INFO] [stdout] test result: ok. 0 passed; 0 failed; 0 ignored; 0 measured; 0 filtered out; finished in 0.00s
[INFO] [stdout] 
[INFO] [stderr]      Running tests/integration.rs (/opt/rustwide/target/release/build/anchorscope/519f984a6a50f371/out/integration-519f984a6a50f371)
[INFO] [stdout] 
[INFO] [stdout] running 23 tests
[INFO] [stdout] test read_anchor_file_not_found ... FAILED
[INFO] [stdout] test write_file_not_found ... FAILED
[INFO] [stdout] test write_invalid_hash_format_uppercase ... FAILED
[INFO] [stdout] test write_invalid_hash_format_wrong_length ... FAILED
[INFO] [stdout] test read_file_not_found ... FAILED
[INFO] [stdout] test read_no_match ... FAILED
[INFO] [stdout] test read_with_anchor_file ... FAILED
[INFO] [stdout] test write_lone_cr_in_middle_scope ... FAILED
[INFO] [stdout] test write_mixed_line_endings_multiline_scope ... FAILED
[INFO] [stdout] test write_lone_cr_after_crlf ... FAILED
[INFO] [stdout] test write_crlf_multiline_anchor ... FAILED
[INFO] [stdout] test read_single_match_returns_scope_hash_and_content ... FAILED
[INFO] [stdout] test write_lone_cr_at_eof ... FAILED
[INFO] [stdout] test write_replacement_file_not_found ... FAILED
[INFO] [stdout] test write_mixed_line_endings_preserves_outside_scope ... FAILED
[INFO] [stdout] test write_hash_mismatch ... FAILED
[INFO] [stdout] test read_multiple_matches ... FAILED
[INFO] [stdout] test write_invalid_hash_format_non_hex ... FAILED
[INFO] [stdout] test write_crlf_file_preserves_line_endings_outside_scope ... FAILED
[INFO] [stdout] test read_mixed_line_endings_multiline_anchor ... FAILED
[INFO] [stdout] test write_success ... FAILED
[INFO] [stdout] test read_mixed_line_endings ... FAILED
[INFO] [stdout] test write_with_replacement_file ... FAILED
[INFO] [stdout] 
[INFO] [stdout] failures:
[INFO] [stdout] 
[INFO] [stdout] ---- read_anchor_file_not_found stdout ----
[INFO] [stdout] 
[INFO] [stdout] thread 'read_anchor_file_not_found' (503) panicked at tests/integration.rs:30:10:
[INFO] [stdout] failed to execute anchorscope: Os { code: 2, kind: NotFound, message: "No such file or directory" }
[INFO] [stdout] stack backtrace:
[INFO] [stdout]    0:     0x6226fa95cab1 - <<std[617be2ca0a6fd877]::sys::backtrace::BacktraceLock>::print::DisplayBacktrace as core[a373ad73a504971]::fmt::Display>::fmt
[INFO] [stdout]    1:     0x6226fa970d7a - core[a373ad73a504971]::fmt::write
[INFO] [stdout]    2:     0x6226fa960f2c - <alloc[2e1b2a31b91974c5]::vec::Vec<u8> as core[a373ad73a504971]::io::write::Write>::write_fmt
[INFO] [stdout]    3:     0x6226fa937296 - std[617be2ca0a6fd877]::panicking::default_hook::{closure#0}
[INFO] [stdout]    4:     0x6226fa9541d9 - std[617be2ca0a6fd877]::panicking::default_hook
[INFO] [stdout]    5:     0x6226fa8edd20 - test[aada8e7e76ba119b]::test_main_inner::{closure#0}
[INFO] [stdout]    6:     0x6226fa954392 - std[617be2ca0a6fd877]::panicking::panic_with_hook
[INFO] [stdout]    7:     0x6226fa937342 - std[617be2ca0a6fd877]::panicking::panic_handler::{closure#0}
[INFO] [stdout]    8:     0x6226fa92fda9 - std[617be2ca0a6fd877]::sys::backtrace::__rust_end_short_backtrace::<std[617be2ca0a6fd877]::panicking::panic_handler::{closure#0}, !>
[INFO] [stdout]    9:     0x6226fa937f4d - __rustc[ea4f61d10b84890b]::rust_begin_unwind
[INFO] [stdout]   10:     0x6226fa9714ac - core[a373ad73a504971]::panicking::panic_fmt
[INFO] [stdout]   11:     0x6226fa971282 - core[a373ad73a504971]::result::unwrap_failed
[INFO] [stdout]   12:     0x6226fa8d64e4 - integration[c23b9be441b21e22]::run_anchorscope
[INFO] [stdout]   13:     0x6226fa8d99bb - <integration[c23b9be441b21e22]::read_anchor_file_not_found::{closure#0} as core[a373ad73a504971]::ops::function::FnOnce<()>>::call_once
[INFO] [stdout]   14:     0x6226fa8e116b - test[aada8e7e76ba119b]::__rust_begin_short_backtrace::<core[a373ad73a504971]::result::Result<(), alloc[2e1b2a31b91974c5]::string::String>, fn() -> core[a373ad73a504971]::result::Result<(), alloc[2e1b2a31b91974c5]::string::String>>
[INFO] [stdout]   15:     0x6226fa8ee345 - test[aada8e7e76ba119b]::run_test::{closure#0}
[INFO] [stdout]   16:     0x6226fa8e7c34 - std[617be2ca0a6fd877]::sys::backtrace::__rust_begin_short_backtrace::<test[aada8e7e76ba119b]::run_test::{closure#1}, ()>
[INFO] [stdout]   17:     0x6226fa8f13d2 - <std[617be2ca0a6fd877]::thread::lifecycle::spawn_unchecked<test[aada8e7e76ba119b]::run_test::{closure#1}, ()>::{closure#1} as core[a373ad73a504971]::ops::function::FnOnce<()>>::call_once::{shim:vtable#0}
[INFO] [stdout]   18:     0x6226fa95babf - <std[617be2ca0a6fd877]::sys::thread::unix::Thread>::new::thread_start
[INFO] [stdout]   19:     0x791832bb8dfa - <unknown>
[INFO] [stdout]   20:     0x791832c4c3d4 - clone
[INFO] [stdout]   21:                0x0 - <unknown>
[INFO] [stdout] 
[INFO] [stdout] ---- write_file_not_found stdout ----
[INFO] [stdout] 
[INFO] [stdout] thread 'write_file_not_found' (513) panicked at tests/integration.rs:30:10:
[INFO] [stdout] failed to execute anchorscope: Os { code: 2, kind: NotFound, message: "No such file or directory" }
[INFO] [stdout] stack backtrace:
[INFO] [stdout]    0:     0x6226fa95cab1 - <<std[617be2ca0a6fd877]::sys::backtrace::BacktraceLock>::print::DisplayBacktrace as core[a373ad73a504971]::fmt::Display>::fmt
[INFO] [stdout]    1:     0x6226fa970d7a - core[a373ad73a504971]::fmt::write
[INFO] [stdout]    2:     0x6226fa960f2c - <alloc[2e1b2a31b91974c5]::vec::Vec<u8> as core[a373ad73a504971]::io::write::Write>::write_fmt
[INFO] [stdout]    3:     0x6226fa937296 - std[617be2ca0a6fd877]::panicking::default_hook::{closure#0}
[INFO] [stdout]    4:     0x6226fa9541d9 - std[617be2ca0a6fd877]::panicking::default_hook
[INFO] [stdout]    5:     0x6226fa8edd20 - test[aada8e7e76ba119b]::test_main_inner::{closure#0}
[INFO] [stdout]    6:     0x6226fa954392 - std[617be2ca0a6fd877]::panicking::panic_with_hook
[INFO] [stdout]    7:     0x6226fa937342 - std[617be2ca0a6fd877]::panicking::panic_handler::{closure#0}
[INFO] [stdout]    8:     0x6226fa92fda9 - std[617be2ca0a6fd877]::sys::backtrace::__rust_end_short_backtrace::<std[617be2ca0a6fd877]::panicking::panic_handler::{closure#0}, !>
[INFO] [stdout]    9:     0x6226fa937f4d - __rustc[ea4f61d10b84890b]::rust_begin_unwind
[INFO] [stdout]   10:     0x6226fa9714ac - core[a373ad73a504971]::panicking::panic_fmt
[INFO] [stdout]   11:     0x6226fa971282 - core[a373ad73a504971]::result::unwrap_failed
[INFO] [stdout]   12:     0x6226fa8d64e4 - integration[c23b9be441b21e22]::run_anchorscope
[INFO] [stdout]   13:     0x6226fa8d7782 - <integration[c23b9be441b21e22]::write_file_not_found::{closure#0} as core[a373ad73a504971]::ops::function::FnOnce<()>>::call_once
[INFO] [stdout]   14:     0x6226fa8e116b - test[aada8e7e76ba119b]::__rust_begin_short_backtrace::<core[a373ad73a504971]::result::Result<(), alloc[2e1b2a31b91974c5]::string::String>, fn() -> core[a373ad73a504971]::result::Result<(), alloc[2e1b2a31b91974c5]::string::String>>
[INFO] [stdout]   15:     0x6226fa8ee345 - test[aada8e7e76ba119b]::run_test::{closure#0}
[INFO] [stdout]   16:     0x6226fa8e7c34 - std[617be2ca0a6fd877]::sys::backtrace::__rust_begin_short_backtrace::<test[aada8e7e76ba119b]::run_test::{closure#1}, ()>
[INFO] [stdout]   17:     0x6226fa8f13d2 - <std[617be2ca0a6fd877]::thread::lifecycle::spawn_unchecked<test[aada8e7e76ba119b]::run_test::{closure#1}, ()>::{closure#1} as core[a373ad73a504971]::ops::function::FnOnce<()>>::call_once::{shim:vtable#0}
[INFO] [stdout]   18:     0x6226fa95babf - <std[617be2ca0a6fd877]::sys::thread::unix::Thread>::new::thread_start
[INFO] [stdout]   19:     0x791832bb8dfa - <unknown>
[INFO] [stdout]   20:     0x791832c4c3d4 - clone
[INFO] [stdout]   21:                0x0 - <unknown>
[INFO] [stdout] 
[INFO] [stdout] ---- write_invalid_hash_format_uppercase stdout ----
[INFO] [stdout] 
[INFO] [stdout] thread 'write_invalid_hash_format_uppercase' (518) panicked at tests/integration.rs:30:10:
[INFO] [stdout] failed to execute anchorscope: Os { code: 2, kind: NotFound, message: "No such file or directory" }
[INFO] [stdout] stack backtrace:
[INFO] [stdout]    0:     0x6226fa95cab1 - <<std[617be2ca0a6fd877]::sys::backtrace::BacktraceLock>::print::DisplayBacktrace as core[a373ad73a504971]::fmt::Display>::fmt
[INFO] [stdout]    1:     0x6226fa970d7a - core[a373ad73a504971]::fmt::write
[INFO] [stdout]    2:     0x6226fa960f2c - <alloc[2e1b2a31b91974c5]::vec::Vec<u8> as core[a373ad73a504971]::io::write::Write>::write_fmt
[INFO] [stdout]    3:     0x6226fa937296 - std[617be2ca0a6fd877]::panicking::default_hook::{closure#0}
[INFO] [stdout]    4:     0x6226fa9541d9 - std[617be2ca0a6fd877]::panicking::default_hook
[INFO] [stdout]    5:     0x6226fa8edd20 - test[aada8e7e76ba119b]::test_main_inner::{closure#0}
[INFO] [stdout]    6:     0x6226fa954392 - std[617be2ca0a6fd877]::panicking::panic_with_hook
[INFO] [stdout]    7:     0x6226fa937342 - std[617be2ca0a6fd877]::panicking::panic_handler::{closure#0}
[INFO] [stdout]    8:     0x6226fa92fda9 - std[617be2ca0a6fd877]::sys::backtrace::__rust_end_short_backtrace::<std[617be2ca0a6fd877]::panicking::panic_handler::{closure#0}, !>
[INFO] [stdout]    9:     0x6226fa937f4d - __rustc[ea4f61d10b84890b]::rust_begin_unwind
[INFO] [stdout]   10:     0x6226fa9714ac - core[a373ad73a504971]::panicking::panic_fmt
[INFO] [stdout]   11:     0x6226fa971282 - core[a373ad73a504971]::result::unwrap_failed
[INFO] [stdout]   12:     0x6226fa8d64e4 - integration[c23b9be441b21e22]::run_anchorscope
[INFO] [stdout]   13:     0x6226fa8dc0e0 - <integration[c23b9be441b21e22]::write_invalid_hash_format_uppercase::{closure#0} as core[a373ad73a504971]::ops::function::FnOnce<()>>::call_once
[INFO] [stdout]   14:     0x6226fa8e116b - test[aada8e7e76ba119b]::__rust_begin_short_backtrace::<core[a373ad73a504971]::result::Result<(), alloc[2e1b2a31b91974c5]::string::String>, fn() -> core[a373ad73a504971]::result::Result<(), alloc[2e1b2a31b91974c5]::string::String>>
[INFO] [stdout]   15:     0x6226fa8ee345 - test[aada8e7e76ba119b]::run_test::{closure#0}
[INFO] [stdout]   16:     0x6226fa8e7c34 - std[617be2ca0a6fd877]::sys::backtrace::__rust_begin_short_backtrace::<test[aada8e7e76ba119b]::run_test::{closure#1}, ()>
[INFO] [stdout]   17:     0x6226fa8f13d2 - <std[617be2ca0a6fd877]::thread::lifecycle::spawn_unchecked<test[aada8e7e76ba119b]::run_test::{closure#1}, ()>::{closure#1} as core[a373ad73a504971]::ops::function::FnOnce<()>>::call_once::{shim:vtable#0}
[INFO] [stdout]   18:     0x6226fa95babf - <std[617be2ca0a6fd877]::sys::thread::unix::Thread>::new::thread_start
[INFO] [stdout]   19:     0x791832bb8dfa - <unknown>
[INFO] [stdout]   20:     0x791832c4c3d4 - clone
[INFO] [stdout]   21:                0x0 - <unknown>
[INFO] [stdout] 
[INFO] [stdout] ---- write_invalid_hash_format_wrong_length stdout ----
[INFO] [stdout] 
[INFO] [stdout] thread 'write_invalid_hash_format_wrong_length' (519) panicked at tests/integration.rs:30:10:
[INFO] [stdout] failed to execute anchorscope: Os { code: 2, kind: NotFound, message: "No such file or directory" }
[INFO] [stdout] stack backtrace:
[INFO] [stdout]    0:     0x6226fa95cab1 - <<std[617be2ca0a6fd877]::sys::backtrace::BacktraceLock>::print::DisplayBacktrace as core[a373ad73a504971]::fmt::Display>::fmt
[INFO] [stdout]    1:     0x6226fa970d7a - core[a373ad73a504971]::fmt::write
[INFO] [stdout]    2:     0x6226fa960f2c - <alloc[2e1b2a31b91974c5]::vec::Vec<u8> as core[a373ad73a504971]::io::write::Write>::write_fmt
[INFO] [stdout]    3:     0x6226fa937296 - std[617be2ca0a6fd877]::panicking::default_hook::{closure#0}
[INFO] [stdout]    4:     0x6226fa9541d9 - std[617be2ca0a6fd877]::panicking::default_hook
[INFO] [stdout]    5:     0x6226fa8edd20 - test[aada8e7e76ba119b]::test_main_inner::{closure#0}
[INFO] [stdout]    6:     0x6226fa954392 - std[617be2ca0a6fd877]::panicking::panic_with_hook
[INFO] [stdout]    7:     0x6226fa937342 - std[617be2ca0a6fd877]::panicking::panic_handler::{closure#0}
[INFO] [stdout]    8:     0x6226fa92fda9 - std[617be2ca0a6fd877]::sys::backtrace::__rust_end_short_backtrace::<std[617be2ca0a6fd877]::panicking::panic_handler::{closure#0}, !>
[INFO] [stdout]    9:     0x6226fa937f4d - __rustc[ea4f61d10b84890b]::rust_begin_unwind
[INFO] [stdout]   10:     0x6226fa9714ac - core[a373ad73a504971]::panicking::panic_fmt
[INFO] [stdout]   11:     0x6226fa971282 - core[a373ad73a504971]::result::unwrap_failed
[INFO] [stdout]   12:     0x6226fa8d64e4 - integration[c23b9be441b21e22]::run_anchorscope
[INFO] [stdout]   13:     0x6226fa8dc420 - <integration[c23b9be441b21e22]::write_invalid_hash_format_wrong_length::{closure#0} as core[a373ad73a504971]::ops::function::FnOnce<()>>::call_once
[INFO] [stdout]   14:     0x6226fa8e116b - test[aada8e7e76ba119b]::__rust_begin_short_backtrace::<core[a373ad73a504971]::result::Result<(), alloc[2e1b2a31b91974c5]::string::String>, fn() -> core[a373ad73a504971]::result::Result<(), alloc[2e1b2a31b91974c5]::string::String>>
[INFO] [stdout]   15:     0x6226fa8ee345 - test[aada8e7e76ba119b]::run_test::{closure#0}
[INFO] [stdout]   16:     0x6226fa8e7c34 - std[617be2ca0a6fd877]::sys::backtrace::__rust_begin_short_backtrace::<test[aada8e7e76ba119b]::run_test::{closure#1}, ()>
[INFO] [stdout]   17:     0x6226fa8f13d2 - <std[617be2ca0a6fd877]::thread::lifecycle::spawn_unchecked<test[aada8e7e76ba119b]::run_test::{closure#1}, ()>::{closure#1} as core[a373ad73a504971]::ops::function::FnOnce<()>>::call_once::{shim:vtable#0}
[INFO] [stdout]   18:     0x6226fa95babf - <std[617be2ca0a6fd877]::sys::thread::unix::Thread>::new::thread_start
[INFO] [stdout]   19:     0x791832bb8dfa - <unknown>
[INFO] [stdout]   20:     0x791832c4c3d4 - clone
[INFO] [stdout]   21:                0x0 - <unknown>
[INFO] [stdout] 
[INFO] [stdout] ---- read_file_not_found stdout ----
[INFO] [stdout] 
[INFO] [stdout] thread 'read_file_not_found' (504) panicked at tests/integration.rs:30:10:
[INFO] [stdout] failed to execute anchorscope: Os { code: 2, kind: NotFound, message: "No such file or directory" }
[INFO] [stdout] stack backtrace:
[INFO] [stdout]    0:     0x6226fa95cab1 - <<std[617be2ca0a6fd877]::sys::backtrace::BacktraceLock>::print::DisplayBacktrace as core[a373ad73a504971]::fmt::Display>::fmt
[INFO] [stdout]    1:     0x6226fa970d7a - core[a373ad73a504971]::fmt::write
[INFO] [stdout]    2:     0x6226fa960f2c - <alloc[2e1b2a31b91974c5]::vec::Vec<u8> as core[a373ad73a504971]::io::write::Write>::write_fmt
[INFO] [stdout]    3:     0x6226fa937296 - std[617be2ca0a6fd877]::panicking::default_hook::{closure#0}
[INFO] [stdout]    4:     0x6226fa9541d9 - std[617be2ca0a6fd877]::panicking::default_hook
[INFO] [stdout]    5:     0x6226fa8edd20 - test[aada8e7e76ba119b]::test_main_inner::{closure#0}
[INFO] [stdout]    6:     0x6226fa954392 - std[617be2ca0a6fd877]::panicking::panic_with_hook
[INFO] [stdout]    7:     0x6226fa937342 - std[617be2ca0a6fd877]::panicking::panic_handler::{closure#0}
[INFO] [stdout]    8:     0x6226fa92fda9 - std[617be2ca0a6fd877]::sys::backtrace::__rust_end_short_backtrace::<std[617be2ca0a6fd877]::panicking::panic_handler::{closure#0}, !>
[INFO] [stdout]    9:     0x6226fa937f4d - __rustc[ea4f61d10b84890b]::rust_begin_unwind
[INFO] [stdout]   10:     0x6226fa9714ac - core[a373ad73a504971]::panicking::panic_fmt
[INFO] [stdout]   11:     0x6226fa971282 - core[a373ad73a504971]::result::unwrap_failed
[INFO] [stdout]   12:     0x6226fa8d64e4 - integration[c23b9be441b21e22]::run_anchorscope
[INFO] [stdout]   13:     0x6226fa8d72e2 - <integration[c23b9be441b21e22]::read_file_not_found::{closure#0} as core[a373ad73a504971]::ops::function::FnOnce<()>>::call_once
[INFO] [stdout]   14:     0x6226fa8e116b - test[aada8e7e76ba119b]::__rust_begin_short_backtrace::<core[a373ad73a504971]::result::Result<(), alloc[2e1b2a31b91974c5]::string::String>, fn() -> core[a373ad73a504971]::result::Result<(), alloc[2e1b2a31b91974c5]::string::String>>
[INFO] [stdout]   15:     0x6226fa8ee345 - test[aada8e7e76ba119b]::run_test::{closure#0}
[INFO] [stdout]   16:     0x6226fa8e7c34 - std[617be2ca0a6fd877]::sys::backtrace::__rust_begin_short_backtrace::<test[aada8e7e76ba119b]::run_test::{closure#1}, ()>
[INFO] [stdout]   17:     0x6226fa8f13d2 - <std[617be2ca0a6fd877]::thread::lifecycle::spawn_unchecked<test[aada8e7e76ba119b]::run_test::{closure#1}, ()>::{closure#1} as core[a373ad73a504971]::ops::function::FnOnce<()>>::call_once::{shim:vtable#0}
[INFO] [stdout]   18:     0x6226fa95babf - <std[617be2ca0a6fd877]::sys::thread::unix::Thread>::new::thread_start
[INFO] [stdout]   19:     0x791832bb8dfa - <unknown>
[INFO] [stdout]   20:     0x791832c4c3d4 - clone
[INFO] [stdout]   21:                0x0 - <unknown>
[INFO] [stdout] 
[INFO] [stdout] ---- read_no_match stdout ----
[INFO] [stdout] 
[INFO] [stdout] thread 'read_no_match' (508) panicked at tests/integration.rs:30:10:
[INFO] [stdout] failed to execute anchorscope: Os { code: 2, kind: NotFound, message: "No such file or directory" }
[INFO] [stdout] stack backtrace:
[INFO] [stdout]    0:     0x6226fa95cab1 - <<std[617be2ca0a6fd877]::sys::backtrace::BacktraceLock>::print::DisplayBacktrace as core[a373ad73a504971]::fmt::Display>::fmt
[INFO] [stdout]    1:     0x6226fa970d7a - core[a373ad73a504971]::fmt::write
[INFO] [stdout]    2:     0x6226fa960f2c - <alloc[2e1b2a31b91974c5]::vec::Vec<u8> as core[a373ad73a504971]::io::write::Write>::write_fmt
[INFO] [stdout]    3:     0x6226fa937296 - std[617be2ca0a6fd877]::panicking::default_hook::{closure#0}
[INFO] [stdout]    4:     0x6226fa9541d9 - std[617be2ca0a6fd877]::panicking::default_hook
[INFO] [stdout]    5:     0x6226fa8edd20 - test[aada8e7e76ba119b]::test_main_inner::{closure#0}
[INFO] [stdout]    6:     0x6226fa954392 - std[617be2ca0a6fd877]::panicking::panic_with_hook
[INFO] [stdout]    7:     0x6226fa937342 - std[617be2ca0a6fd877]::panicking::panic_handler::{closure#0}
[INFO] [stdout]    8:     0x6226fa92fda9 - std[617be2ca0a6fd877]::sys::backtrace::__rust_end_short_backtrace::<std[617be2ca0a6fd877]::panicking::panic_handler::{closure#0}, !>
[INFO] [stdout]    9:     0x6226fa937f4d - __rustc[ea4f61d10b84890b]::rust_begin_unwind
[INFO] [stdout]   10:     0x6226fa9714ac - core[a373ad73a504971]::panicking::panic_fmt
[INFO] [stdout]   11:     0x6226fa971282 - core[a373ad73a504971]::result::unwrap_failed
[INFO] [stdout]   12:     0x6226fa8d64e4 - integration[c23b9be441b21e22]::run_anchorscope
[INFO] [stdout]   13:     0x6226fa8d6986 - <integration[c23b9be441b21e22]::read_no_match::{closure#0} as core[a373ad73a504971]::ops::function::FnOnce<()>>::call_once
[INFO] [stdout]   14:     0x6226fa8e116b - test[aada8e7e76ba119b]::__rust_begin_short_backtrace::<core[a373ad73a504971]::result::Result<(), alloc[2e1b2a31b91974c5]::string::String>, fn() -> core[a373ad73a504971]::result::Result<(), alloc[2e1b2a31b91974c5]::string::String>>
[INFO] [stdout]   15:     0x6226fa8ee345 - test[aada8e7e76ba119b]::run_test::{closure#0}
[INFO] [stdout]   16:     0x6226fa8e7c34 - std[617be2ca0a6fd877]::sys::backtrace::__rust_begin_short_backtrace::<test[aada8e7e76ba119b]::run_test::{closure#1}, ()>
[INFO] [stdout]   17:     0x6226fa8f13d2 - <std[617be2ca0a6fd877]::thread::lifecycle::spawn_unchecked<test[aada8e7e76ba119b]::run_test::{closure#1}, ()>::{closure#1} as core[a373ad73a504971]::ops::function::FnOnce<()>>::call_once::{shim:vtable#0}
[INFO] [stdout]   18:     0x6226fa95babf - <std[617be2ca0a6fd877]::sys::thread::unix::Thread>::new::thread_start
[INFO] [stdout]   19:     0x791832bb8dfa - <unknown>
[INFO] [stdout]   20:     0x791832c4c3d4 - clone
[INFO] [stdout]   21:                0x0 - <unknown>
[INFO] [stdout] 
[INFO] [stdout] ---- read_with_anchor_file stdout ----
[INFO] [stdout] 
[INFO] [stdout] thread 'read_with_anchor_file' (510) panicked at tests/integration.rs:30:10:
[INFO] [stdout] failed to execute anchorscope: Os { code: 2, kind: NotFound, message: "No such file or directory" }
[INFO] [stdout] stack backtrace:
[INFO] [stdout]    0:     0x6226fa95cab1 - <<std[617be2ca0a6fd877]::sys::backtrace::BacktraceLock>::print::DisplayBacktrace as core[a373ad73a504971]::fmt::Display>::fmt
[INFO] [stdout]    1:     0x6226fa970d7a - core[a373ad73a504971]::fmt::write
[INFO] [stdout]    2:     0x6226fa960f2c - <alloc[2e1b2a31b91974c5]::vec::Vec<u8> as core[a373ad73a504971]::io::write::Write>::write_fmt
[INFO] [stdout]    3:     0x6226fa937296 - std[617be2ca0a6fd877]::panicking::default_hook::{closure#0}
[INFO] [stdout]    4:     0x6226fa9541d9 - std[617be2ca0a6fd877]::panicking::default_hook
[INFO] [stdout]    5:     0x6226fa8edd20 - test[aada8e7e76ba119b]::test_main_inner::{closure#0}
[INFO] [stdout]    6:     0x6226fa954392 - std[617be2ca0a6fd877]::panicking::panic_with_hook
[INFO] [stdout]    7:     0x6226fa937342 - std[617be2ca0a6fd877]::panicking::panic_handler::{closure#0}
[INFO] [stdout]    8:     0x6226fa92fda9 - std[617be2ca0a6fd877]::sys::backtrace::__rust_end_short_backtrace::<std[617be2ca0a6fd877]::panicking::panic_handler::{closure#0}, !>
[INFO] [stdout]    9:     0x6226fa937f4d - __rustc[ea4f61d10b84890b]::rust_begin_unwind
[INFO] [stdout]   10:     0x6226fa9714ac - core[a373ad73a504971]::panicking::panic_fmt
[INFO] [stdout]   11:     0x6226fa971282 - core[a373ad73a504971]::result::unwrap_failed
[INFO] [stdout]   12:     0x6226fa8d64e4 - integration[c23b9be441b21e22]::run_anchorscope
[INFO] [stdout]   13:     0x6226fa8d84be - <integration[c23b9be441b21e22]::read_with_anchor_file::{closure#0} as core[a373ad73a504971]::ops::function::FnOnce<()>>::call_once
[INFO] [stdout]   14:     0x6226fa8e116b - test[aada8e7e76ba119b]::__rust_begin_short_backtrace::<core[a373ad73a504971]::result::Result<(), alloc[2e1b2a31b91974c5]::string::String>, fn() -> core[a373ad73a504971]::result::Result<(), alloc[2e1b2a31b91974c5]::string::String>>
[INFO] [stdout]   15:     0x6226fa8ee345 - test[aada8e7e76ba119b]::run_test::{closure#0}
[INFO] [stdout]   16:     0x6226fa8e7c34 - std[617be2ca0a6fd877]::sys::backtrace::__rust_begin_short_backtrace::<test[aada8e7e76ba119b]::run_test::{closure#1}, ()>
[INFO] [stdout]   17:     0x6226fa8f13d2 - <std[617be2ca0a6fd877]::thread::lifecycle::spawn_unchecked<test[aada8e7e76ba119b]::run_test::{closure#1}, ()>::{closure#1} as core[a373ad73a504971]::ops::function::FnOnce<()>>::call_once::{shim:vtable#0}
[INFO] [stdout]   18:     0x6226fa95babf - <std[617be2ca0a6fd877]::sys::thread::unix::Thread>::new::thread_start
[INFO] [stdout]   19:     0x791832bb8dfa - <unknown>
[INFO] [stdout]   20:     0x791832c4c3d4 - clone
[INFO] [stdout]   21:                0x0 - <unknown>
[INFO] [stdout] 
[INFO] [stdout] ---- write_lone_cr_in_middle_scope stdout ----
[INFO] [stdout] 
[INFO] [stdout] thread 'write_lone_cr_in_middle_scope' (528) panicked at tests/integration.rs:30:10:
[INFO] [stdout] failed to execute anchorscope: Os { code: 2, kind: NotFound, message: "No such file or directory" }
[INFO] [stdout] stack backtrace:
[INFO] [stdout]    0:     0x6226fa95cab1 - <<std[617be2ca0a6fd877]::sys::backtrace::BacktraceLock>::print::DisplayBacktrace as core[a373ad73a504971]::fmt::Display>::fmt
[INFO] [stdout]    1:     0x6226fa970d7a - core[a373ad73a504971]::fmt::write
[INFO] [stdout]    2:     0x6226fa960f2c - <alloc[2e1b2a31b91974c5]::vec::Vec<u8> as core[a373ad73a504971]::io::write::Write>::write_fmt
[INFO] [stdout]    3:     0x6226fa937296 - std[617be2ca0a6fd877]::panicking::default_hook::{closure#0}
[INFO] [stdout]    4:     0x6226fa9541d9 - std[617be2ca0a6fd877]::panicking::default_hook
[INFO] [stdout]    5:     0x6226fa8edd20 - test[aada8e7e76ba119b]::test_main_inner::{closure#0}
[INFO] [stdout]    6:     0x6226fa954392 - std[617be2ca0a6fd877]::panicking::panic_with_hook
[INFO] [stdout]    7:     0x6226fa937342 - std[617be2ca0a6fd877]::panicking::panic_handler::{closure#0}
[INFO] [stdout]    8:     0x6226fa92fda9 - std[617be2ca0a6fd877]::sys::backtrace::__rust_end_short_backtrace::<std[617be2ca0a6fd877]::panicking::panic_handler::{closure#0}, !>
[INFO] [stdout]    9:     0x6226fa937f4d - __rustc[ea4f61d10b84890b]::rust_begin_unwind
[INFO] [stdout]   10:     0x6226fa9714ac - core[a373ad73a504971]::panicking::panic_fmt
[INFO] [stdout]   11:     0x6226fa971282 - core[a373ad73a504971]::result::unwrap_failed
[INFO] [stdout]   12:     0x6226fa8d64e4 - integration[c23b9be441b21e22]::run_anchorscope
[INFO] [stdout]   13:     0x6226fa8db08a - <integration[c23b9be441b21e22]::write_lone_cr_in_middle_scope::{closure#0} as core[a373ad73a504971]::ops::function::FnOnce<()>>::call_once
[INFO] [stdout]   14:     0x6226fa8e116b - test[aada8e7e76ba119b]::__rust_begin_short_backtrace::<core[a373ad73a504971]::result::Result<(), alloc[2e1b2a31b91974c5]::string::String>, fn() -> core[a373ad73a504971]::result::Result<(), alloc[2e1b2a31b91974c5]::string::String>>
[INFO] [stdout]   15:     0x6226fa8ee345 - test[aada8e7e76ba119b]::run_test::{closure#0}
[INFO] [stdout]   16:     0x6226fa8e7c34 - std[617be2ca0a6fd877]::sys::backtrace::__rust_begin_short_backtrace::<test[aada8e7e76ba119b]::run_test::{closure#1}, ()>
[INFO] [stdout]   17:     0x6226fa8f13d2 - <std[617be2ca0a6fd877]::thread::lifecycle::spawn_unchecked<test[aada8e7e76ba119b]::run_test::{closure#1}, ()>::{closure#1} as core[a373ad73a504971]::ops::function::FnOnce<()>>::call_once::{shim:vtable#0}
[INFO] [stdout]   18:     0x6226fa95babf - <std[617be2ca0a6fd877]::sys::thread::unix::Thread>::new::thread_start
[INFO] [stdout]   19:     0x791832bb8dfa - <unknown>
[INFO] [stdout]   20:     0x791832c4c3d4 - clone
[INFO] [stdout]   21:                0x0 - <unknown>
[INFO] [stdout] 
[INFO] [stdout] ---- write_mixed_line_endings_multiline_scope stdout ----
[INFO] [stdout] 
[INFO] [stdout] thread 'write_mixed_line_endings_multiline_scope' (529) panicked at tests/integration.rs:30:10:
[INFO] [stdout] failed to execute anchorscope: Os { code: 2, kind: NotFound, message: "No such file or directory" }
[INFO] [stdout] stack backtrace:
[INFO] [stdout]    0:     0x6226fa95cab1 - <<std[617be2ca0a6fd877]::sys::backtrace::BacktraceLock>::print::DisplayBacktrace as core[a373ad73a504971]::fmt::Display>::fmt
[INFO] [stdout]    1:     0x6226fa970d7a - core[a373ad73a504971]::fmt::write
[INFO] [stdout]    2:     0x6226fa960f2c - <alloc[2e1b2a31b91974c5]::vec::Vec<u8> as core[a373ad73a504971]::io::write::Write>::write_fmt
[INFO] [stdout]    3:     0x6226fa937296 - std[617be2ca0a6fd877]::panicking::default_hook::{closure#0}
[INFO] [stdout]    4:     0x6226fa9541d9 - std[617be2ca0a6fd877]::panicking::default_hook
[INFO] [stdout]    5:     0x6226fa8edd20 - test[aada8e7e76ba119b]::test_main_inner::{closure#0}
[INFO] [stdout]    6:     0x6226fa954392 - std[617be2ca0a6fd877]::panicking::panic_with_hook
[INFO] [stdout]    7:     0x6226fa937342 - std[617be2ca0a6fd877]::panicking::panic_handler::{closure#0}
[INFO] [stdout]    8:     0x6226fa92fda9 - std[617be2ca0a6fd877]::sys::backtrace::__rust_end_short_backtrace::<std[617be2ca0a6fd877]::panicking::panic_handler::{closure#0}, !>
[INFO] [stdout]    9:     0x6226fa937f4d - __rustc[ea4f61d10b84890b]::rust_begin_unwind
[INFO] [stdout]   10:     0x6226fa9714ac - core[a373ad73a504971]::panicking::panic_fmt
[INFO] [stdout]   11:     0x6226fa971282 - core[a373ad73a504971]::result::unwrap_failed
[INFO] [stdout]   12:     0x6226fa8d64e4 - integration[c23b9be441b21e22]::run_anchorscope
[INFO] [stdout]   13:     0x6226fa8dcc6c - <integration[c23b9be441b21e22]::write_mixed_line_endings_multiline_scope::{closure#0} as core[a373ad73a504971]::ops::function::FnOnce<()>>::call_once
[INFO] [stdout]   14:     0x6226fa8e116b - test[aada8e7e76ba119b]::__rust_begin_short_backtrace::<core[a373ad73a504971]::result::Result<(), alloc[2e1b2a31b91974c5]::string::String>, fn() -> core[a373ad73a504971]::result::Result<(), alloc[2e1b2a31b91974c5]::string::String>>
[INFO] [stdout]   15:     0x6226fa8ee345 - test[aada8e7e76ba119b]::run_test::{closure#0}
[INFO] [stdout]   16:     0x6226fa8e7c34 - std[617be2ca0a6fd877]::sys::backtrace::__rust_begin_short_backtrace::<test[aada8e7e76ba119b]::run_test::{closure#1}, ()>
[INFO] [stdout]   17:     0x6226fa8f13d2 - <std[617be2ca0a6fd877]::thread::lifecycle::spawn_unchecked<test[aada8e7e76ba119b]::run_test::{closure#1}, ()>::{closure#1} as core[a373ad73a504971]::ops::function::FnOnce<()>>::call_once::{shim:vtable#0}
[INFO] [stdout]   18:     0x6226fa95babf - <std[617be2ca0a6fd877]::sys::thread::unix::Thread>::new::thread_start
[INFO] [stdout]   19:     0x791832bb8dfa - <unknown>
[INFO] [stdout]   20:     0x791832c4c3d4 - clone
[INFO] [stdout]   21:                0x0 - <unknown>
[INFO] [stdout] 
[INFO] [stdout] ---- write_lone_cr_after_crlf stdout ----
[INFO] [stdout] 
[INFO] [stdout] thread 'write_lone_cr_after_crlf' (520) panicked at tests/integration.rs:30:10:
[INFO] [stdout] failed to execute anchorscope: Os { code: 2, kind: NotFound, message: "No such file or directory" }
[INFO] [stdout] stack backtrace:
[INFO] [stdout]    0:     0x6226fa95cab1 - <<std[617be2ca0a6fd877]::sys::backtrace::BacktraceLock>::print::DisplayBacktrace as core[a373ad73a504971]::fmt::Display>::fmt
[INFO] [stdout]    1:     0x6226fa970d7a - core[a373ad73a504971]::fmt::write
[INFO] [stdout]    2:     0x6226fa960f2c - <alloc[2e1b2a31b91974c5]::vec::Vec<u8> as core[a373ad73a504971]::io::write::Write>::write_fmt
[INFO] [stdout]    3:     0x6226fa937296 - std[617be2ca0a6fd877]::panicking::default_hook::{closure#0}
[INFO] [stdout]    4:     0x6226fa9541d9 - std[617be2ca0a6fd877]::panicking::default_hook
[INFO] [stdout]    5:     0x6226fa8edd20 - test[aada8e7e76ba119b]::test_main_inner::{closure#0}
[INFO] [stdout]    6:     0x6226fa954392 - std[617be2ca0a6fd877]::panicking::panic_with_hook
[INFO] [stdout]    7:     0x6226fa937342 - std[617be2ca0a6fd877]::panicking::panic_handler::{closure#0}
[INFO] [stdout]    8:     0x6226fa92fda9 - std[617be2ca0a6fd877]::sys::backtrace::__rust_end_short_backtrace::<std[617be2ca0a6fd877]::panicking::panic_handler::{closure#0}, !>
[INFO] [stdout]    9:     0x6226fa937f4d - __rustc[ea4f61d10b84890b]::rust_begin_unwind
[INFO] [stdout]   10:     0x6226fa9714ac - core[a373ad73a504971]::panicking::panic_fmt
[INFO] [stdout]   11:     0x6226fa971282 - core[a373ad73a504971]::result::unwrap_failed
[INFO] [stdout]   12:     0x6226fa8d64e4 - integration[c23b9be441b21e22]::run_anchorscope
[INFO] [stdout]   13:     0x6226fa8d91fa - <integration[c23b9be441b21e22]::write_lone_cr_after_crlf::{closure#0} as core[a373ad73a504971]::ops::function::FnOnce<()>>::call_once
[INFO] [stdout]   14:     0x6226fa8e116b - test[aada8e7e76ba119b]::__rust_begin_short_backtrace::<core[a373ad73a504971]::result::Result<(), alloc[2e1b2a31b91974c5]::string::String>, fn() -> core[a373ad73a504971]::result::Result<(), alloc[2e1b2a31b91974c5]::string::String>>
[INFO] [stdout]   15:     0x6226fa8ee345 - test[aada8e7e76ba119b]::run_test::{closure#0}
[INFO] [stdout]   16:     0x6226fa8e7c34 - std[617be2ca0a6fd877]::sys::backtrace::__rust_begin_short_backtrace::<test[aada8e7e76ba119b]::run_test::{closure#1}, ()>
[INFO] [stdout]   17:     0x6226fa8f13d2 - <std[617be2ca0a6fd877]::thread::lifecycle::spawn_unchecked<test[aada8e7e76ba119b]::run_test::{closure#1}, ()>::{closure#1} as core[a373ad73a504971]::ops::function::FnOnce<()>>::call_once::{shim:vtable#0}
[INFO] [stdout]   18:     0x6226fa95babf - <std[617be2ca0a6fd877]::sys::thread::unix::Thread>::new::thread_start
[INFO] [stdout]   19:     0x791832bb8dfa - <unknown>
[INFO] [stdout]   20:     0x791832c4c3d4 - clone
[INFO] [stdout]   21:                0x0 - <unknown>
[INFO] [stdout] 
[INFO] [stdout] ---- write_crlf_multiline_anchor stdout ----
[INFO] [stdout] 
[INFO] [stdout] thread 'write_crlf_multiline_anchor' (512) panicked at tests/integration.rs:30:10:
[INFO] [stdout] failed to execute anchorscope: Os { code: 2, kind: NotFound, message: "No such file or directory" }
[INFO] [stdout] stack backtrace:
[INFO] [stdout]    0:     0x6226fa95cab1 - <<std[617be2ca0a6fd877]::sys::backtrace::BacktraceLock>::print::DisplayBacktrace as core[a373ad73a504971]::fmt::Display>::fmt
[INFO] [stdout]    1:     0x6226fa970d7a - core[a373ad73a504971]::fmt::write
[INFO] [stdout]    2:     0x6226fa960f2c - <alloc[2e1b2a31b91974c5]::vec::Vec<u8> as core[a373ad73a504971]::io::write::Write>::write_fmt
[INFO] [stdout]    3:     0x6226fa937296 - std[617be2ca0a6fd877]::panicking::default_hook::{closure#0}
[INFO] [stdout]    4:     0x6226fa9541d9 - std[617be2ca0a6fd877]::panicking::default_hook
[INFO] [stdout]    5:     0x6226fa8edd20 - test[aada8e7e76ba119b]::test_main_inner::{closure#0}
[INFO] [stdout]    6:     0x6226fa954392 - std[617be2ca0a6fd877]::panicking::panic_with_hook
[INFO] [stdout]    7:     0x6226fa937342 - std[617be2ca0a6fd877]::panicking::panic_handler::{closure#0}
[INFO] [stdout]    8:     0x6226fa92fda9 - std[617be2ca0a6fd877]::sys::backtrace::__rust_end_short_backtrace::<std[617be2ca0a6fd877]::panicking::panic_handler::{closure#0}, !>
[INFO] [stdout]    9:     0x6226fa937f4d - __rustc[ea4f61d10b84890b]::rust_begin_unwind
[INFO] [stdout]   10:     0x6226fa9714ac - core[a373ad73a504971]::panicking::panic_fmt
[INFO] [stdout]   11:     0x6226fa971282 - core[a373ad73a504971]::result::unwrap_failed
[INFO] [stdout]   12:     0x6226fa8d64e4 - integration[c23b9be441b21e22]::run_anchorscope
[INFO] [stdout]   13:     0x6226fa8d9d3c - <integration[c23b9be441b21e22]::write_crlf_multiline_anchor::{closure#0} as core[a373ad73a504971]::ops::function::FnOnce<()>>::call_once
[INFO] [stdout]   14:     0x6226fa8e116b - test[aada8e7e76ba119b]::__rust_begin_short_backtrace::<core[a373ad73a504971]::result::Result<(), alloc[2e1b2a31b91974c5]::string::String>, fn() -> core[a373ad73a504971]::result::Result<(), alloc[2e1b2a31b91974c5]::string::String>>
[INFO] [stdout]   15:     0x6226fa8ee345 - test[aada8e7e76ba119b]::run_test::{closure#0}
[INFO] [stdout]   16:     0x6226fa8e7c34 - std[617be2ca0a6fd877]::sys::backtrace::__rust_begin_short_backtrace::<test[aada8e7e76ba119b]::run_test::{closure#1}, ()>
[INFO] [stdout]   17:     0x6226fa8f13d2 - <std[617be2ca0a6fd877]::thread::lifecycle::spawn_unchecked<test[aada8e7e76ba119b]::run_test::{closure#1}, ()>::{closure#1} as core[a373ad73a504971]::ops::function::FnOnce<()>>::call_once::{shim:vtable#0}
[INFO] [stdout]   18:     0x6226fa95babf - <std[617be2ca0a6fd877]::sys::thread::unix::Thread>::new::thread_start
[INFO] [stdout]   19:     0x791832bb8dfa - <unknown>
[INFO] [stdout]   20:     0x791832c4c3d4 - clone
[INFO] [stdout]   21:                0x0 - <unknown>
[INFO] [stdout] 
[INFO] [stdout] ---- read_single_match_returns_scope_hash_and_content stdout ----
[INFO] [stdout] 
[INFO] [stdout] thread 'read_single_match_returns_scope_hash_and_content' (509) panicked at tests/integration.rs:30:10:
[INFO] [stdout] failed to execute anchorscope: Os { code: 2, kind: NotFound, message: "No such file or directory" }
[INFO] [stdout] stack backtrace:
[INFO] [stdout]    0:     0x6226fa95cab1 - <<std[617be2ca0a6fd877]::sys::backtrace::BacktraceLock>::print::DisplayBacktrace as core[a373ad73a504971]::fmt::Display>::fmt
[INFO] [stdout]    1:     0x6226fa970d7a - core[a373ad73a504971]::fmt::write
[INFO] [stdout]    2:     0x6226fa960f2c - <alloc[2e1b2a31b91974c5]::vec::Vec<u8> as core[a373ad73a504971]::io::write::Write>::write_fmt
[INFO] [stdout]    3:     0x6226fa937296 - std[617be2ca0a6fd877]::panicking::default_hook::{closure#0}
[INFO] [stdout]    4:     0x6226fa9541d9 - std[617be2ca0a6fd877]::panicking::default_hook
[INFO] [stdout]    5:     0x6226fa8edd20 - test[aada8e7e76ba119b]::test_main_inner::{closure#0}
[INFO] [stdout]    6:     0x6226fa954392 - std[617be2ca0a6fd877]::panicking::panic_with_hook
[INFO] [stdout]    7:     0x6226fa937342 - std[617be2ca0a6fd877]::panicking::panic_handler::{closure#0}
[INFO] [stdout]    8:     0x6226fa92fda9 - std[617be2ca0a6fd877]::sys::backtrace::__rust_end_short_backtrace::<std[617be2ca0a6fd877]::panicking::panic_handler::{closure#0}, !>
[INFO] [stdout]    9:     0x6226fa937f4d - __rustc[ea4f61d10b84890b]::rust_begin_unwind
[INFO] [stdout]   10:     0x6226fa9714ac - core[a373ad73a504971]::panicking::panic_fmt
[INFO] [stdout]   11:     0x6226fa971282 - core[a373ad73a504971]::result::unwrap_failed
[INFO] [stdout]   12:     0x6226fa8d64e4 - integration[c23b9be441b21e22]::run_anchorscope
[INFO] [stdout]   13:     0x6226fa8dd484 - <integration[c23b9be441b21e22]::read_single_match_returns_scope_hash_and_content::{closure#0} as core[a373ad73a504971]::ops::function::FnOnce<()>>::call_once
[INFO] [stdout]   14:     0x6226fa8e116b - test[aada8e7e76ba119b]::__rust_begin_short_backtrace::<core[a373ad73a504971]::result::Result<(), alloc[2e1b2a31b91974c5]::string::String>, fn() -> core[a373ad73a504971]::result::Result<(), alloc[2e1b2a31b91974c5]::string::String>>
[INFO] [stdout]   15:     0x6226fa8ee345 - test[aada8e7e76ba119b]::run_test::{closure#0}
[INFO] [stdout]   16:     0x6226fa8e7c34 - std[617be2ca0a6fd877]::sys::backtrace::__rust_begin_short_backtrace::<test[aada8e7e76ba119b]::run_test::{closure#1}, ()>
[INFO] [stdout]   17:     0x6226fa8f13d2 - <std[617be2ca0a6fd877]::thread::lifecycle::spawn_unchecked<test[aada8e7e76ba119b]::run_test::{closure#1}, ()>::{closure#1} as core[a373ad73a504971]::ops::function::FnOnce<()>>::call_once::{shim:vtable#0}
[INFO] [stdout]   18:     0x6226fa95babf - <std[617be2ca0a6fd877]::sys::thread::unix::Thread>::new::thread_start
[INFO] [stdout]   19:     0x791832bb8dfa - <unknown>
[INFO] [stdout]   20:     0x791832c4c3d4 - clone
[INFO] [stdout]   21:                0x0 - <unknown>
[INFO] [stdout] 
[INFO] [stdout] ---- write_lone_cr_at_eof stdout ----
[INFO] [stdout] 
[INFO] [stdout] thread 'write_lone_cr_at_eof' (527) panicked at tests/integration.rs:30:10:
[INFO] [stdout] failed to execute anchorscope: Os { code: 2, kind: NotFound, message: "No such file or directory" }
[INFO] [stdout] stack backtrace:
[INFO] [stdout]    0:     0x6226fa95cab1 - <<std[617be2ca0a6fd877]::sys::backtrace::BacktraceLock>::print::DisplayBacktrace as core[a373ad73a504971]::fmt::Display>::fmt
[INFO] [stdout]    1:     0x6226fa970d7a - core[a373ad73a504971]::fmt::write
[INFO] [stdout]    2:     0x6226fa960f2c - <alloc[2e1b2a31b91974c5]::vec::Vec<u8> as core[a373ad73a504971]::io::write::Write>::write_fmt
[INFO] [stdout]    3:     0x6226fa937296 - std[617be2ca0a6fd877]::panicking::default_hook::{closure#0}
[INFO] [stdout]    4:     0x6226fa9541d9 - std[617be2ca0a6fd877]::panicking::default_hook
[INFO] [stdout]    5:     0x6226fa8edd20 - test[aada8e7e76ba119b]::test_main_inner::{closure#0}
[INFO] [stdout]    6:     0x6226fa954392 - std[617be2ca0a6fd877]::panicking::panic_with_hook
[INFO] [stdout]    7:     0x6226fa937342 - std[617be2ca0a6fd877]::panicking::panic_handler::{closure#0}
[INFO] [stdout]    8:     0x6226fa92fda9 - std[617be2ca0a6fd877]::sys::backtrace::__rust_end_short_backtrace::<std[617be2ca0a6fd877]::panicking::panic_handler::{closure#0}, !>
[INFO] [stdout]    9:     0x6226fa937f4d - __rustc[ea4f61d10b84890b]::rust_begin_unwind
[INFO] [stdout]   10:     0x6226fa9714ac - core[a373ad73a504971]::panicking::panic_fmt
[INFO] [stdout]   11:     0x6226fa971282 - core[a373ad73a504971]::result::unwrap_failed
[INFO] [stdout]   12:     0x6226fa8d64e4 - integration[c23b9be441b21e22]::run_anchorscope
[INFO] [stdout]   13:     0x6226fa8d79ca - <integration[c23b9be441b21e22]::write_lone_cr_at_eof::{closure#0} as core[a373ad73a504971]::ops::function::FnOnce<()>>::call_once
[INFO] [stdout]   14:     0x6226fa8e116b - test[aada8e7e76ba119b]::__rust_begin_short_backtrace::<core[a373ad73a504971]::result::Result<(), alloc[2e1b2a31b91974c5]::string::String>, fn() -> core[a373ad73a504971]::result::Result<(), alloc[2e1b2a31b91974c5]::string::String>>
[INFO] [stdout]   15:     0x6226fa8ee345 - test[aada8e7e76ba119b]::run_test::{closure#0}
[INFO] [stdout]   16:     0x6226fa8e7c34 - std[617be2ca0a6fd877]::sys::backtrace::__rust_begin_short_backtrace::<test[aada8e7e76ba119b]::run_test::{closure#1}, ()>
[INFO] [stdout]   17:     0x6226fa8f13d2 - <std[617be2ca0a6fd877]::thread::lifecycle::spawn_unchecked<test[aada8e7e76ba119b]::run_test::{closure#1}, ()>::{closure#1} as core[a373ad73a504971]::ops::function::FnOnce<()>>::call_once::{shim:vtable#0}
[INFO] [stdout]   18:     0x6226fa95babf - <std[617be2ca0a6fd877]::sys::thread::unix::Thread>::new::thread_start
[INFO] [stdout]   19:     0x791832bb8dfa - <unknown>
[INFO] [stdout]   20:     0x791832c4c3d4 - clone
[INFO] [stdout]   21:                0x0 - <unknown>
[INFO] [stdout] 
[INFO] [stdout] ---- write_replacement_file_not_found stdout ----
[INFO] [stdout] 
[INFO] [stdout] thread 'write_replacement_file_not_found' (535) panicked at tests/integration.rs:30:10:
[INFO] [stdout] failed to execute anchorscope: Os { code: 2, kind: NotFound, message: "No such file or directory" }
[INFO] [stdout] stack backtrace:
[INFO] [stdout]    0:     0x6226fa95cab1 - <<std[617be2ca0a6fd877]::sys::backtrace::BacktraceLock>::print::DisplayBacktrace as core[a373ad73a504971]::fmt::Display>::fmt
[INFO] [stdout]    1:     0x6226fa970d7a - core[a373ad73a504971]::fmt::write
[INFO] [stdout]    2:     0x6226fa960f2c - <alloc[2e1b2a31b91974c5]::vec::Vec<u8> as core[a373ad73a504971]::io::write::Write>::write_fmt
[INFO] [stdout]    3:     0x6226fa937296 - std[617be2ca0a6fd877]::panicking::default_hook::{closure#0}
[INFO] [stdout]    4:     0x6226fa9541d9 - std[617be2ca0a6fd877]::panicking::default_hook
[INFO] [stdout]    5:     0x6226fa8edd20 - test[aada8e7e76ba119b]::test_main_inner::{closure#0}
[INFO] [stdout]    6:     0x6226fa954392 - std[617be2ca0a6fd877]::panicking::panic_with_hook
[INFO] [stdout]    7:     0x6226fa937342 - std[617be2ca0a6fd877]::panicking::panic_handler::{closure#0}
[INFO] [stdout]    8:     0x6226fa92fda9 - std[617be2ca0a6fd877]::sys::backtrace::__rust_end_short_backtrace::<std[617be2ca0a6fd877]::panicking::panic_handler::{closure#0}, !>
[INFO] [stdout]    9:     0x6226fa937f4d - __rustc[ea4f61d10b84890b]::rust_begin_unwind
[INFO] [stdout]   10:     0x6226fa9714ac - core[a373ad73a504971]::panicking::panic_fmt
[INFO] [stdout]   11:     0x6226fa971282 - core[a373ad73a504971]::result::unwrap_failed
[INFO] [stdout]   12:     0x6226fa8d64e4 - integration[c23b9be441b21e22]::run_anchorscope
[INFO] [stdout]   13:     0x6226fa8db92d - <integration[c23b9be441b21e22]::write_replacement_file_not_found::{closure#0} as core[a373ad73a504971]::ops::function::FnOnce<()>>::call_once
[INFO] [stdout]   14:     0x6226fa8e116b - test[aada8e7e76ba119b]::__rust_begin_short_backtrace::<core[a373ad73a504971]::result::Result<(), alloc[2e1b2a31b91974c5]::string::String>, fn() -> core[a373ad73a504971]::result::Result<(), alloc[2e1b2a31b91974c5]::string::String>>
[INFO] [stdout]   15:     0x6226fa8ee345 - test[aada8e7e76ba119b]::run_test::{closure#0}
[INFO] [stdout]   16:     0x6226fa8e7c34 - std[617be2ca0a6fd877]::sys::backtrace::__rust_begin_short_backtrace::<test[aada8e7e76ba119b]::run_test::{closure#1}, ()>
[INFO] [stdout]   17:     0x6226fa8f13d2 - <std[617be2ca0a6fd877]::thread::lifecycle::spawn_unchecked<test[aada8e7e76ba119b]::run_test::{closure#1}, ()>::{closure#1} as core[a373ad73a504971]::ops::function::FnOnce<()>>::call_once::{shim:vtable#0}
[INFO] [stdout]   18:     0x6226fa95babf - <std[617be2ca0a6fd877]::sys::thread::unix::Thread>::new::thread_start
[INFO] [stdout]   19:     0x791832bb8dfa - <unknown>
[INFO] [stdout]   20:     0x791832c4c3d4 - clone
[INFO] [stdout]   21:                0x0 - <unknown>
[INFO] [stdout] 
[INFO] [stdout] ---- write_mixed_line_endings_preserves_outside_scope stdout ----
[INFO] [stdout] 
[INFO] [stdout] thread 'write_mixed_line_endings_preserves_outside_scope' (534) panicked at tests/integration.rs:30:10:
[INFO] [stdout] failed to execute anchorscope: Os { code: 2, kind: NotFound, message: "No such file or directory" }
[INFO] [stdout] stack backtrace:
[INFO] [stdout]    0:     0x6226fa95cab1 - <<std[617be2ca0a6fd877]::sys::backtrace::BacktraceLock>::print::DisplayBacktrace as core[a373ad73a504971]::fmt::Display>::fmt
[INFO] [stdout]    1:     0x6226fa970d7a - core[a373ad73a504971]::fmt::write
[INFO] [stdout]    2:     0x6226fa960f2c - <alloc[2e1b2a31b91974c5]::vec::Vec<u8> as core[a373ad73a504971]::io::write::Write>::write_fmt
[INFO] [stdout]    3:     0x6226fa937296 - std[617be2ca0a6fd877]::panicking::default_hook::{closure#0}
[INFO] [stdout]    4:     0x6226fa9541d9 - std[617be2ca0a6fd877]::panicking::default_hook
[INFO] [stdout]    5:     0x6226fa8edd20 - test[aada8e7e76ba119b]::test_main_inner::{closure#0}
[INFO] [stdout]    6:     0x6226fa954392 - std[617be2ca0a6fd877]::panicking::panic_with_hook
[INFO] [stdout]    7:     0x6226fa937342 - std[617be2ca0a6fd877]::panicking::panic_handler::{closure#0}
[INFO] [stdout]    8:     0x6226fa92fda9 - std[617be2ca0a6fd877]::sys::backtrace::__rust_end_short_backtrace::<std[617be2ca0a6fd877]::panicking::panic_handler::{closure#0}, !>
[INFO] [stdout]    9:     0x6226fa937f4d - __rustc[ea4f61d10b84890b]::rust_begin_unwind
[INFO] [stdout]   10:     0x6226fa9714ac - core[a373ad73a504971]::panicking::panic_fmt
[INFO] [stdout]   11:     0x6226fa971282 - core[a373ad73a504971]::result::unwrap_failed
[INFO] [stdout]   12:     0x6226fa8d64e4 - integration[c23b9be441b21e22]::run_anchorscope
[INFO] [stdout]   13:     0x6226fa8dde2a - <integration[c23b9be441b21e22]::write_mixed_line_endings_preserves_outside_scope::{closure#0} as core[a373ad73a504971]::ops::function::FnOnce<()>>::call_once
[INFO] [stdout]   14:     0x6226fa8e116b - test[aada8e7e76ba119b]::__rust_begin_short_backtrace::<core[a373ad73a504971]::result::Result<(), alloc[2e1b2a31b91974c5]::string::String>, fn() -> core[a373ad73a504971]::result::Result<(), alloc[2e1b2a31b91974c5]::string::String>>
[INFO] [stdout]   15:     0x6226fa8ee345 - test[aada8e7e76ba119b]::run_test::{closure#0}
[INFO] [stdout]   16:     0x6226fa8e7c34 - std[617be2ca0a6fd877]::sys::backtrace::__rust_begin_short_backtrace::<test[aada8e7e76ba119b]::run_test::{closure#1}, ()>
[INFO] [stdout]   17:     0x6226fa8f13d2 - <std[617be2ca0a6fd877]::thread::lifecycle::spawn_unchecked<test[aada8e7e76ba119b]::run_test::{closure#1}, ()>::{closure#1} as core[a373ad73a504971]::ops::function::FnOnce<()>>::call_once::{shim:vtable#0}
[INFO] [stdout]   18:     0x6226fa95babf - <std[617be2ca0a6fd877]::sys::thread::unix::Thread>::new::thread_start
[INFO] [stdout]   19:     0x791832bb8dfa - <unknown>
[INFO] [stdout]   20:     0x791832c4c3d4 - clone
[INFO] [stdout]   21:                0x0 - <unknown>
[INFO] [stdout] 
[INFO] [stdout] ---- write_hash_mismatch stdout ----
[INFO] [stdout] 
[INFO] [stdout] thread 'write_hash_mismatch' (515) panicked at tests/integration.rs:30:10:
[INFO] [stdout] failed to execute anchorscope: Os { code: 2, kind: NotFound, message: "No such file or directory" }
[INFO] [stdout] stack backtrace:
[INFO] [stdout]    0:     0x6226fa95cab1 - <<std[617be2ca0a6fd877]::sys::backtrace::BacktraceLock>::print::DisplayBacktrace as core[a373ad73a504971]::fmt::Display>::fmt
[INFO] [stdout]    1:     0x6226fa970d7a - core[a373ad73a504971]::fmt::write
[INFO] [stdout]    2:     0x6226fa960f2c - <alloc[2e1b2a31b91974c5]::vec::Vec<u8> as core[a373ad73a504971]::io::write::Write>::write_fmt
[INFO] [stdout]    3:     0x6226fa937296 - std[617be2ca0a6fd877]::panicking::default_hook::{closure#0}
[INFO] [stdout]    4:     0x6226fa9541d9 - std[617be2ca0a6fd877]::panicking::default_hook
[INFO] [stdout]    5:     0x6226fa8edd20 - test[aada8e7e76ba119b]::test_main_inner::{closure#0}
[INFO] [stdout]    6:     0x6226fa954392 - std[617be2ca0a6fd877]::panicking::panic_with_hook
[INFO] [stdout]    7:     0x6226fa937342 - std[617be2ca0a6fd877]::panicking::panic_handler::{closure#0}
[INFO] [stdout]    8:     0x6226fa92fda9 - std[617be2ca0a6fd877]::sys::backtrace::__rust_end_short_backtrace::<std[617be2ca0a6fd877]::panicking::panic_handler::{closure#0}, !>
[INFO] [stdout]    9:     0x6226fa937f4d - __rustc[ea4f61d10b84890b]::rust_begin_unwind
[INFO] [stdout]   10:     0x6226fa9714ac - core[a373ad73a504971]::panicking::panic_fmt
[INFO] [stdout]   11:     0x6226fa971282 - core[a373ad73a504971]::result::unwrap_failed
[INFO] [stdout]   12:     0x6226fa8d64e4 - integration[c23b9be441b21e22]::run_anchorscope
[INFO] [stdout]   13:     0x6226fa8d756c - <integration[c23b9be441b21e22]::write_hash_mismatch::{closure#0} as core[a373ad73a504971]::ops::function::FnOnce<()>>::call_once
[INFO] [stdout]   14:     0x6226fa8e116b - test[aada8e7e76ba119b]::__rust_begin_short_backtrace::<core[a373ad73a504971]::result::Result<(), alloc[2e1b2a31b91974c5]::string::String>, fn() -> core[a373ad73a504971]::result::Result<(), alloc[2e1b2a31b91974c5]::string::String>>
[INFO] [stdout]   15:     0x6226fa8ee345 - test[aada8e7e76ba119b]::run_test::{closure#0}
[INFO] [stdout]   16:     0x6226fa8e7c34 - std[617be2ca0a6fd877]::sys::backtrace::__rust_begin_short_backtrace::<test[aada8e7e76ba119b]::run_test::{closure#1}, ()>
[INFO] [stdout]   17:     0x6226fa8f13d2 - <std[617be2ca0a6fd877]::thread::lifecycle::spawn_unchecked<test[aada8e7e76ba119b]::run_test::{closure#1}, ()>::{closure#1} as core[a373ad73a504971]::ops::function::FnOnce<()>>::call_once::{shim:vtable#0}
[INFO] [stdout]   18:     0x6226fa95babf - <std[617be2ca0a6fd877]::sys::thread::unix::Thread>::new::thread_start
[INFO] [stdout]   19:     0x791832bb8dfa - <unknown>
[INFO] [stdout]   20:     0x791832c4c3d4 - clone
[INFO] [stdout]   21:                0x0 - <unknown>
[INFO] [stdout] 
[INFO] [stdout] ---- read_multiple_matches stdout ----
[INFO] [stdout] 
[INFO] [stdout] thread 'read_multiple_matches' (507) panicked at tests/integration.rs:30:10:
[INFO] [stdout] failed to execute anchorscope: Os { code: 2, kind: NotFound, message: "No such file or directory" }
[INFO] [stdout] stack backtrace:
[INFO] [stdout]    0:     0x6226fa95cab1 - <<std[617be2ca0a6fd877]::sys::backtrace::BacktraceLock>::print::DisplayBacktrace as core[a373ad73a504971]::fmt::Display>::fmt
[INFO] [stdout]    1:     0x6226fa970d7a - core[a373ad73a504971]::fmt::write
[INFO] [stdout]    2:     0x6226fa960f2c - <alloc[2e1b2a31b91974c5]::vec::Vec<u8> as core[a373ad73a504971]::io::write::Write>::write_fmt
[INFO] [stdout]    3:     0x6226fa937296 - std[617be2ca0a6fd877]::panicking::default_hook::{closure#0}
[INFO] [stdout]    4:     0x6226fa9541d9 - std[617be2ca0a6fd877]::panicking::default_hook
[INFO] [stdout]    5:     0x6226fa8edd20 - test[aada8e7e76ba119b]::test_main_inner::{closure#0}
[INFO] [stdout]    6:     0x6226fa954392 - std[617be2ca0a6fd877]::panicking::panic_with_hook
[INFO] [stdout]    7:     0x6226fa937342 - std[617be2ca0a6fd877]::panicking::panic_handler::{closure#0}
[INFO] [stdout]    8:     0x6226fa92fda9 - std[617be2ca0a6fd877]::sys::backtrace::__rust_end_short_backtrace::<std[617be2ca0a6fd877]::panicking::panic_handler::{closure#0}, !>
[INFO] [stdout]    9:     0x6226fa937f4d - __rustc[ea4f61d10b84890b]::rust_begin_unwind
[INFO] [stdout]   10:     0x6226fa9714ac - core[a373ad73a504971]::panicking::panic_fmt
[INFO] [stdout]   11:     0x6226fa971282 - core[a373ad73a504971]::result::unwrap_failed
[INFO] [stdout]   12:     0x6226fa8d64e4 - integration[c23b9be441b21e22]::run_anchorscope
[INFO] [stdout]   13:     0x6226fa8d814a - <integration[c23b9be441b21e22]::read_multiple_matches::{closure#0} as core[a373ad73a504971]::ops::function::FnOnce<()>>::call_once
[INFO] [stdout]   14:     0x6226fa8e116b - test[aada8e7e76ba119b]::__rust_begin_short_backtrace::<core[a373ad73a504971]::result::Result<(), alloc[2e1b2a31b91974c5]::string::String>, fn() -> core[a373ad73a504971]::result::Result<(), alloc[2e1b2a31b91974c5]::string::String>>
[INFO] [stdout]   15:     0x6226fa8ee345 - test[aada8e7e76ba119b]::run_test::{closure#0}
[INFO] [stdout]   16:     0x6226fa8e7c34 - std[617be2ca0a6fd877]::sys::backtrace::__rust_begin_short_backtrace::<test[aada8e7e76ba119b]::run_test::{closure#1}, ()>
[INFO] [stdout]   17:     0x6226fa8f13d2 - <std[617be2ca0a6fd877]::thread::lifecycle::spawn_unchecked<test[aada8e7e76ba119b]::run_test::{closure#1}, ()>::{closure#1} as core[a373ad73a504971]::ops::function::FnOnce<()>>::call_once::{shim:vtable#0}
[INFO] [stdout]   18:     0x6226fa95babf - <std[617be2ca0a6fd877]::sys::thread::unix::Thread>::new::thread_start
[INFO] [stdout]   19:     0x791832bb8dfa - <unknown>
[INFO] [stdout]   20:     0x791832c4c3d4 - clone
[INFO] [stdout]   21:                0x0 - <unknown>
[INFO] [stdout] 
[INFO] [stdout] ---- write_invalid_hash_format_non_hex stdout ----
[INFO] [stdout] 
[INFO] [stdout] thread 'write_invalid_hash_format_non_hex' (516) panicked at tests/integration.rs:30:10:
[INFO] [stdout] failed to execute anchorscope: Os { code: 2, kind: NotFound, message: "No such file or directory" }
[INFO] [stdout] stack backtrace:
[INFO] [stdout]    0:     0x6226fa95cab1 - <<std[617be2ca0a6fd877]::sys::backtrace::BacktraceLock>::print::DisplayBacktrace as core[a373ad73a504971]::fmt::Display>::fmt
[INFO] [stdout]    1:     0x6226fa970d7a - core[a373ad73a504971]::fmt::write
[INFO] [stdout]    2:     0x6226fa960f2c - <alloc[2e1b2a31b91974c5]::vec::Vec<u8> as core[a373ad73a504971]::io::write::Write>::write_fmt
[INFO] [stdout]    3:     0x6226fa937296 - std[617be2ca0a6fd877]::panicking::default_hook::{closure#0}
[INFO] [stdout]    4:     0x6226fa9541d9 - std[617be2ca0a6fd877]::panicking::default_hook
[INFO] [stdout]    5:     0x6226fa8edd20 - test[aada8e7e76ba119b]::test_main_inner::{closure#0}
[INFO] [stdout]    6:     0x6226fa954392 - std[617be2ca0a6fd877]::panicking::panic_with_hook
[INFO] [stdout]    7:     0x6226fa937342 - std[617be2ca0a6fd877]::panicking::panic_handler::{closure#0}
[INFO] [stdout]    8:     0x6226fa92fda9 - std[617be2ca0a6fd877]::sys::backtrace::__rust_end_short_backtrace::<std[617be2ca0a6fd877]::panicking::panic_handler::{closure#0}, !>
[INFO] [stdout]    9:     0x6226fa937f4d - __rustc[ea4f61d10b84890b]::rust_begin_unwind
[INFO] [stdout]   10:     0x6226fa9714ac - core[a373ad73a504971]::panicking::panic_fmt
[INFO] [stdout]   11:     0x6226fa971282 - core[a373ad73a504971]::result::unwrap_failed
[INFO] [stdout]   12:     0x6226fa8d64e4 - integration[c23b9be441b21e22]::run_anchorscope
[INFO] [stdout]   13:     0x6226fa8dbda0 - <integration[c23b9be441b21e22]::write_invalid_hash_format_non_hex::{closure#0} as core[a373ad73a504971]::ops::function::FnOnce<()>>::call_once
[INFO] [stdout]   14:     0x6226fa8e116b - test[aada8e7e76ba119b]::__rust_begin_short_backtrace::<core[a373ad73a504971]::result::Result<(), alloc[2e1b2a31b91974c5]::string::String>, fn() -> core[a373ad73a504971]::result::Result<(), alloc[2e1b2a31b91974c5]::string::String>>
[INFO] [stdout]   15:     0x6226fa8ee345 - test[aada8e7e76ba119b]::run_test::{closure#0}
[INFO] [stdout]   16:     0x6226fa8e7c34 - std[617be2ca0a6fd877]::sys::backtrace::__rust_begin_short_backtrace::<test[aada8e7e76ba119b]::run_test::{closure#1}, ()>
[INFO] [stdout]   17:     0x6226fa8f13d2 - <std[617be2ca0a6fd877]::thread::lifecycle::spawn_unchecked<test[aada8e7e76ba119b]::run_test::{closure#1}, ()>::{closure#1} as core[a373ad73a504971]::ops::function::FnOnce<()>>::call_once::{shim:vtable#0}
[INFO] [stdout]   18:     0x6226fa95babf - <std[617be2ca0a6fd877]::sys::thread::unix::Thread>::new::thread_start
[INFO] [stdout]   19:     0x791832bb8dfa - <unknown>
[INFO] [stdout]   20:     0x791832c4c3d4 - clone
[INFO] [stdout]   21:                0x0 - <unknown>
[INFO] [stdout] 
[INFO] [stdout] ---- write_crlf_file_preserves_line_endings_outside_scope stdout ----
[INFO] [stdout] 
[INFO] [stdout] thread 'write_crlf_file_preserves_line_endings_outside_scope' (511) panicked at tests/integration.rs:30:10:
[INFO] [stdout] failed to execute anchorscope: Os { code: 2, kind: NotFound, message: "No such file or directory" }
[INFO] [stdout] stack backtrace:
[INFO] [stdout]    0:     0x6226fa95cab1 - <<std[617be2ca0a6fd877]::sys::backtrace::BacktraceLock>::print::DisplayBacktrace as core[a373ad73a504971]::fmt::Display>::fmt
[INFO] [stdout]    1:     0x6226fa970d7a - core[a373ad73a504971]::fmt::write
[INFO] [stdout]    2:     0x6226fa960f2c - <alloc[2e1b2a31b91974c5]::vec::Vec<u8> as core[a373ad73a504971]::io::write::Write>::write_fmt
[INFO] [stdout]    3:     0x6226fa937296 - std[617be2ca0a6fd877]::panicking::default_hook::{closure#0}
[INFO] [stdout]    4:     0x6226fa9541d9 - std[617be2ca0a6fd877]::panicking::default_hook
[INFO] [stdout]    5:     0x6226fa8edd20 - test[aada8e7e76ba119b]::test_main_inner::{closure#0}
[INFO] [stdout]    6:     0x6226fa954392 - std[617be2ca0a6fd877]::panicking::panic_with_hook
[INFO] [stdout]    7:     0x6226fa937342 - std[617be2ca0a6fd877]::panicking::panic_handler::{closure#0}
[INFO] [stdout]    8:     0x6226fa92fda9 - std[617be2ca0a6fd877]::sys::backtrace::__rust_end_short_backtrace::<std[617be2ca0a6fd877]::panicking::panic_handler::{closure#0}, !>
[INFO] [stdout]    9:     0x6226fa937f4d - __rustc[ea4f61d10b84890b]::rust_begin_unwind
[INFO] [stdout]   10:     0x6226fa9714ac - core[a373ad73a504971]::panicking::panic_fmt
[INFO] [stdout]   11:     0x6226fa971282 - core[a373ad73a504971]::result::unwrap_failed
[INFO] [stdout]   12:     0x6226fa8d64e4 - integration[c23b9be441b21e22]::run_anchorscope
[INFO] [stdout]   13:     0x6226fa8de59a - <integration[c23b9be441b21e22]::write_crlf_file_preserves_line_endings_outside_scope::{closure#0} as core[a373ad73a504971]::ops::function::FnOnce<()>>::call_once
[INFO] [stdout]   14:     0x6226fa8e116b - test[aada8e7e76ba119b]::__rust_begin_short_backtrace::<core[a373ad73a504971]::result::Result<(), alloc[2e1b2a31b91974c5]::string::String>, fn() -> core[a373ad73a504971]::result::Result<(), alloc[2e1b2a31b91974c5]::string::String>>
[INFO] [stdout]   15:     0x6226fa8ee345 - test[aada8e7e76ba119b]::run_test::{closure#0}
[INFO] [stdout]   16:     0x6226fa8e7c34 - std[617be2ca0a6fd877]::sys::backtrace::__rust_begin_short_backtrace::<test[aada8e7e76ba119b]::run_test::{closure#1}, ()>
[INFO] [stdout]   17:     0x6226fa8f13d2 - <std[617be2ca0a6fd877]::thread::lifecycle::spawn_unchecked<test[aada8e7e76ba119b]::run_test::{closure#1}, ()>::{closure#1} as core[a373ad73a504971]::ops::function::FnOnce<()>>::call_once::{shim:vtable#0}
[INFO] [stdout]   18:     0x6226fa95babf - <std[617be2ca0a6fd877]::sys::thread::unix::Thread>::new::thread_start
[INFO] [stdout]   19:     0x791832bb8dfa - <unknown>
[INFO] [stdout]   20:     0x791832c4c3d4 - clone
[INFO] [stdout]   21:                0x0 - <unknown>
[INFO] [stdout] 
[INFO] [stdout] ---- read_mixed_line_endings_multiline_anchor stdout ----
[INFO] [stdout] 
[INFO] [stdout] thread 'read_mixed_line_endings_multiline_anchor' (506) panicked at tests/integration.rs:30:10:
[INFO] [stdout] failed to execute anchorscope: Os { code: 2, kind: NotFound, message: "No such file or directory" }
[INFO] [stdout] stack backtrace:
[INFO] [stdout]    0:     0x6226fa95cab1 - <<std[617be2ca0a6fd877]::sys::backtrace::BacktraceLock>::print::DisplayBacktrace as core[a373ad73a504971]::fmt::Display>::fmt
[INFO] [stdout]    1:     0x6226fa970d7a - core[a373ad73a504971]::fmt::write
[INFO] [stdout]    2:     0x6226fa960f2c - <alloc[2e1b2a31b91974c5]::vec::Vec<u8> as core[a373ad73a504971]::io::write::Write>::write_fmt
[INFO] [stdout]    3:     0x6226fa937296 - std[617be2ca0a6fd877]::panicking::default_hook::{closure#0}
[INFO] [stdout]    4:     0x6226fa9541d9 - std[617be2ca0a6fd877]::panicking::default_hook
[INFO] [stdout]    5:     0x6226fa8edd20 - test[aada8e7e76ba119b]::test_main_inner::{closure#0}
[INFO] [stdout]    6:     0x6226fa954392 - std[617be2ca0a6fd877]::panicking::panic_with_hook
[INFO] [stdout]    7:     0x6226fa937342 - std[617be2ca0a6fd877]::panicking::panic_handler::{closure#0}
[INFO] [stdout]    8:     0x6226fa92fda9 - std[617be2ca0a6fd877]::sys::backtrace::__rust_end_short_backtrace::<std[617be2ca0a6fd877]::panicking::panic_handler::{closure#0}, !>
[INFO] [stdout]    9:     0x6226fa937f4d - __rustc[ea4f61d10b84890b]::rust_begin_unwind
[INFO] [stdout]   10:     0x6226fa9714ac - core[a373ad73a504971]::panicking::panic_fmt
[INFO] [stdout]   11:     0x6226fa971282 - core[a373ad73a504971]::result::unwrap_failed
[INFO] [stdout]   12:     0x6226fa8d64e4 - integration[c23b9be441b21e22]::run_anchorscope
[INFO] [stdout]   13:     0x6226fa8dc702 - <integration[c23b9be441b21e22]::read_mixed_line_endings_multiline_anchor::{closure#0} as core[a373ad73a504971]::ops::function::FnOnce<()>>::call_once
[INFO] [stdout]   14:     0x6226fa8e116b - test[aada8e7e76ba119b]::__rust_begin_short_backtrace::<core[a373ad73a504971]::result::Result<(), alloc[2e1b2a31b91974c5]::string::String>, fn() -> core[a373ad73a504971]::result::Result<(), alloc[2e1b2a31b91974c5]::string::String>>
[INFO] [stdout]   15:     0x6226fa8ee345 - test[aada8e7e76ba119b]::run_test::{closure#0}
[INFO] [stdout]   16:     0x6226fa8e7c34 - std[617be2ca0a6fd877]::sys::backtrace::__rust_begin_short_backtrace::<test[aada8e7e76ba119b]::run_test::{closure#1}, ()>
[INFO] [stdout]   17:     0x6226fa8f13d2 - <std[617be2ca0a6fd877]::thread::lifecycle::spawn_unchecked<test[aada8e7e76ba119b]::run_test::{closure#1}, ()>::{closure#1} as core[a373ad73a504971]::ops::function::FnOnce<()>>::call_once::{shim:vtable#0}
[INFO] [stdout]   18:     0x6226fa95babf - <std[617be2ca0a6fd877]::sys::thread::unix::Thread>::new::thread_start
[INFO] [stdout]   19:     0x791832bb8dfa - <unknown>
[INFO] [stdout]   20:     0x791832c4c3d4 - clone
[INFO] [stdout]   21:                0x0 - <unknown>
[INFO] [stdout] 
[INFO] [stdout] ---- write_success stdout ----
[INFO] [stdout] 
[INFO] [stdout] thread 'write_success' (536) panicked at tests/integration.rs:30:10:
[INFO] [stdout] failed to execute anchorscope: Os { code: 2, kind: NotFound, message: "No such file or directory" }
[INFO] [stdout] stack backtrace:
[INFO] [stdout]    0:     0x6226fa95cab1 - <<std[617be2ca0a6fd877]::sys::backtrace::BacktraceLock>::print::DisplayBacktrace as core[a373ad73a504971]::fmt::Display>::fmt
[INFO] [stdout]    1:     0x6226fa970d7a - core[a373ad73a504971]::fmt::write
[INFO] [stdout]    2:     0x6226fa960f2c - <alloc[2e1b2a31b91974c5]::vec::Vec<u8> as core[a373ad73a504971]::io::write::Write>::write_fmt
[INFO] [stdout]    3:     0x6226fa937296 - std[617be2ca0a6fd877]::panicking::default_hook::{closure#0}
[INFO] [stdout]    4:     0x6226fa9541d9 - std[617be2ca0a6fd877]::panicking::default_hook
[INFO] [stdout]    5:     0x6226fa8edd20 - test[aada8e7e76ba119b]::test_main_inner::{closure#0}
[INFO] [stdout]    6:     0x6226fa954392 - std[617be2ca0a6fd877]::panicking::panic_with_hook
[INFO] [stdout]    7:     0x6226fa937342 - std[617be2ca0a6fd877]::panicking::panic_handler::{closure#0}
[INFO] [stdout]    8:     0x6226fa92fda9 - std[617be2ca0a6fd877]::sys::backtrace::__rust_end_short_backtrace::<std[617be2ca0a6fd877]::panicking::panic_handler::{closure#0}, !>
[INFO] [stdout]    9:     0x6226fa937f4d - __rustc[ea4f61d10b84890b]::rust_begin_unwind
[INFO] [stdout]   10:     0x6226fa9714ac - core[a373ad73a504971]::panicking::panic_fmt
[INFO] [stdout]   11:     0x6226fa971282 - core[a373ad73a504971]::result::unwrap_failed
[INFO] [stdout]   12:     0x6226fa8d64e4 - integration[c23b9be441b21e22]::run_anchorscope
[INFO] [stdout]   13:     0x6226fa8d6c5a - <integration[c23b9be441b21e22]::write_success::{closure#0} as core[a373ad73a504971]::ops::function::FnOnce<()>>::call_once
[INFO] [stdout]   14:     0x6226fa8e116b - test[aada8e7e76ba119b]::__rust_begin_short_backtrace::<core[a373ad73a504971]::result::Result<(), alloc[2e1b2a31b91974c5]::string::String>, fn() -> core[a373ad73a504971]::result::Result<(), alloc[2e1b2a31b91974c5]::string::String>>
[INFO] [stdout]   15:     0x6226fa8ee345 - test[aada8e7e76ba119b]::run_test::{closure#0}
[INFO] [stdout]   16:     0x6226fa8e7c34 - std[617be2ca0a6fd877]::sys::backtrace::__rust_begin_short_backtrace::<test[aada8e7e76ba119b]::run_test::{closure#1}, ()>
[INFO] [stdout]   17:     0x6226fa8f13d2 - <std[617be2ca0a6fd877]::thread::lifecycle::spawn_unchecked<test[aada8e7e76ba119b]::run_test::{closure#1}, ()>::{closure#1} as core[a373ad73a504971]::ops::function::FnOnce<()>>::call_once::{shim:vtable#0}
[INFO] [stdout]   18:     0x6226fa95babf - <std[617be2ca0a6fd877]::sys::thread::unix::Thread>::new::thread_start
[INFO] [stdout]   19:     0x791832bb8dfa - <unknown>
[INFO] [stdout]   20:     0x791832c4c3d4 - clone
[INFO] [stdout]   21:                0x0 - <unknown>
[INFO] [stdout] 
[INFO] [stdout] ---- read_mixed_line_endings stdout ----
[INFO] [stdout] 
[INFO] [stdout] thread 'read_mixed_line_endings' (505) panicked at tests/integration.rs:30:10:
[INFO] [stdout] failed to execute anchorscope: Os { code: 2, kind: NotFound, message: "No such file or directory" }
[INFO] [stdout] stack backtrace:
[INFO] [stdout]    0:     0x6226fa95cab1 - <<std[617be2ca0a6fd877]::sys::backtrace::BacktraceLock>::print::DisplayBacktrace as core[a373ad73a504971]::fmt::Display>::fmt
[INFO] [stdout]    1:     0x6226fa970d7a - core[a373ad73a504971]::fmt::write
[INFO] [stdout]    2:     0x6226fa960f2c - <alloc[2e1b2a31b91974c5]::vec::Vec<u8> as core[a373ad73a504971]::io::write::Write>::write_fmt
[INFO] [stdout]    3:     0x6226fa937296 - std[617be2ca0a6fd877]::panicking::default_hook::{closure#0}
[INFO] [stdout]    4:     0x6226fa9541d9 - std[617be2ca0a6fd877]::panicking::default_hook
[INFO] [stdout]    5:     0x6226fa8edd20 - test[aada8e7e76ba119b]::test_main_inner::{closure#0}
[INFO] [stdout]    6:     0x6226fa954392 - std[617be2ca0a6fd877]::panicking::panic_with_hook
[INFO] [stdout]    7:     0x6226fa937342 - std[617be2ca0a6fd877]::panicking::panic_handler::{closure#0}
[INFO] [stdout]    8:     0x6226fa92fda9 - std[617be2ca0a6fd877]::sys::backtrace::__rust_end_short_backtrace::<std[617be2ca0a6fd877]::panicking::panic_handler::{closure#0}, !>
[INFO] [stdout]    9:     0x6226fa937f4d - __rustc[ea4f61d10b84890b]::rust_begin_unwind
[INFO] [stdout]   10:     0x6226fa9714ac - core[a373ad73a504971]::panicking::panic_fmt
[INFO] [stdout]   11:     0x6226fa971282 - core[a373ad73a504971]::result::unwrap_failed
[INFO] [stdout]   12:     0x6226fa8d64e4 - integration[c23b9be441b21e22]::run_anchorscope
[INFO] [stdout]   13:     0x6226fa8d8b63 - <integration[c23b9be441b21e22]::read_mixed_line_endings::{closure#0} as core[a373ad73a504971]::ops::function::FnOnce<()>>::call_once
[INFO] [stdout]   14:     0x6226fa8e116b - test[aada8e7e76ba119b]::__rust_begin_short_backtrace::<core[a373ad73a504971]::result::Result<(), alloc[2e1b2a31b91974c5]::string::String>, fn() -> core[a373ad73a504971]::result::Result<(), alloc[2e1b2a31b91974c5]::string::String>>
[INFO] [stdout]   15:     0x6226fa8ee345 - test[aada8e7e76ba119b]::run_test::{closure#0}
[INFO] [stdout]   16:     0x6226fa8e7c34 - std[617be2ca0a6fd877]::sys::backtrace::__rust_begin_short_backtrace::<test[aada8e7e76ba119b]::run_test::{closure#1}, ()>
[INFO] [stdout]   17:     0x6226fa8f13d2 - <std[617be2ca0a6fd877]::thread::lifecycle::spawn_unchecked<test[aada8e7e76ba119b]::run_test::{closure#1}, ()>::{closure#1} as core[a373ad73a504971]::ops::function::FnOnce<()>>::call_once::{shim:vtable#0}
[INFO] [stdout]   18:     0x6226fa95babf - <std[617be2ca0a6fd877]::sys::thread::unix::Thread>::new::thread_start
[INFO] [stdout]   19:     0x791832bb8dfa - <unknown>
[INFO] [stdout]   20:     0x791832c4c3d4 - clone
[INFO] [stdout]   21:                0x0 - <unknown>
[INFO] [stdout] 
[INFO] [stdout] ---- write_with_replacement_file stdout ----
[INFO] [stdout] 
[INFO] [stdout] thread 'write_with_replacement_file' (538) panicked at tests/integration.rs:30:10:
[INFO] [stdout] failed to execute anchorscope: Os { code: 2, kind: NotFound, message: "No such file or directory" }
[INFO] [stdout] stack backtrace:
[INFO] [stdout]    0:     0x6226fa95cab1 - <<std[617be2ca0a6fd877]::sys::backtrace::BacktraceLock>::print::DisplayBacktrace as core[a373ad73a504971]::fmt::Display>::fmt
[INFO] [stdout]    1:     0x6226fa970d7a - core[a373ad73a504971]::fmt::write
[INFO] [stdout]    2:     0x6226fa960f2c - <alloc[2e1b2a31b91974c5]::vec::Vec<u8> as core[a373ad73a504971]::io::write::Write>::write_fmt
[INFO] [stdout]    3:     0x6226fa937296 - std[617be2ca0a6fd877]::panicking::default_hook::{closure#0}
[INFO] [stdout]    4:     0x6226fa9541d9 - std[617be2ca0a6fd877]::panicking::default_hook
[INFO] [stdout]    5:     0x6226fa8edd20 - test[aada8e7e76ba119b]::test_main_inner::{closure#0}
[INFO] [stdout]    6:     0x6226fa954392 - std[617be2ca0a6fd877]::panicking::panic_with_hook
[INFO] [stdout]    7:     0x6226fa937342 - std[617be2ca0a6fd877]::panicking::panic_handler::{closure#0}
[INFO] [stdout]    8:     0x6226fa92fda9 - std[617be2ca0a6fd877]::sys::backtrace::__rust_end_short_backtrace::<std[617be2ca0a6fd877]::panicking::panic_handler::{closure#0}, !>
[INFO] [stdout]    9:     0x6226fa937f4d - __rustc[ea4f61d10b84890b]::rust_begin_unwind
[INFO] [stdout]   10:     0x6226fa9714ac - core[a373ad73a504971]::panicking::panic_fmt
[INFO] [stdout]   11:     0x6226fa971282 - core[a373ad73a504971]::result::unwrap_failed
[INFO] [stdout]   12:     0x6226fa8d64e4 - integration[c23b9be441b21e22]::run_anchorscope
[INFO] [stdout]   13:     0x6226fa8da67a - <integration[c23b9be441b21e22]::write_with_replacement_file::{closure#0} as core[a373ad73a504971]::ops::function::FnOnce<()>>::call_once
[INFO] [stdout]   14:     0x6226fa8e116b - test[aada8e7e76ba119b]::__rust_begin_short_backtrace::<core[a373ad73a504971]::result::Result<(), alloc[2e1b2a31b91974c5]::string::String>, fn() -> core[a373ad73a504971]::result::Result<(), alloc[2e1b2a31b91974c5]::string::String>>
[INFO] [stdout]   15:     0x6226fa8ee345 - test[aada8e7e76ba119b]::run_test::{closure#0}
[INFO] [stdout]   16:     0x6226fa8e7c34 - std[617be2ca0a6fd877]::sys::backtrace::__rust_begin_short_backtrace::<test[aada8e7e76ba119b]::run_test::{closure#1}, ()>
[INFO] [stdout]   17:     0x6226fa8f13d2 - <std[617be2ca0a6fd877]::thread::lifecycle::spawn_unchecked<test[aada8e7e76ba119b]::run_test::{closure#1}, ()>::{closure#1} as core[a373ad73a504971]::ops::function::FnOnce<()>>::call_once::{shim:vtable#0}
[INFO] [stdout]   18:     0x6226fa95babf - <std[617be2ca0a6fd877]::sys::thread::unix::Thread>::new::thread_start
[INFO] [stdout]   19:     0x791832bb8dfa - <unknown>
[INFO] [stdout]   20:     0x791832c4c3d4 - clone
[INFO] [stdout]   21:                0x0 - <unknown>
[INFO] [stdout] 
[INFO] [stdout] 
[INFO] [stdout] failures:
[INFO] [stdout]     read_anchor_file_not_found
[INFO] [stdout]     read_file_not_found
[INFO] [stdout]     read_mixed_line_endings
[INFO] [stdout]     read_mixed_line_endings_multiline_anchor
[INFO] [stdout]     read_multiple_matches
[INFO] [stdout]     read_no_match
[INFO] [stdout]     read_single_match_returns_scope_hash_and_content
[INFO] [stdout]     read_with_anchor_file
[INFO] [stdout]     write_crlf_file_preserves_line_endings_outside_scope
[INFO] [stdout]     write_crlf_multiline_anchor
[INFO] [stdout]     write_file_not_found
[INFO] [stdout]     write_hash_mismatch
[INFO] [stdout]     write_invalid_hash_format_non_hex
[INFO] [stdout]     write_invalid_hash_format_uppercase
[INFO] [stdout]     write_invalid_hash_format_wrong_length
[INFO] [stdout]     write_lone_cr_after_crlf
[INFO] [stdout]     write_lone_cr_at_eof
[INFO] [stdout]     write_lone_cr_in_middle_scope
[INFO] [stdout]     write_mixed_line_endings_multiline_scope
[INFO] [stdout]     write_mixed_line_endings_preserves_outside_scope
[INFO] [stdout]     write_replacement_file_not_found
[INFO] [stdout]     write_success
[INFO] [stdout]     write_with_replacement_file
[INFO] [stdout] 
[INFO] [stdout] test result: FAILED. 0 passed; 23 failed; 0 ignored; 0 measured; 0 filtered out; finished in 0.27s
[INFO] [stdout] 
[INFO] [stderr] error: test failed, to rerun pass `--test integration`
[INFO] running `Command { std: "docker" "inspect" "4055d0b2280fdd4067fe0fcb9a72c4cff69fea46ab61760bdbab652d502a00bd", kill_on_drop: false }`
[INFO] running `Command { std: "docker" "rm" "-f" "4055d0b2280fdd4067fe0fcb9a72c4cff69fea46ab61760bdbab652d502a00bd", kill_on_drop: false }`
[INFO] [stdout] 4055d0b2280fdd4067fe0fcb9a72c4cff69fea46ab61760bdbab652d502a00bd
