[INFO] cloning repository https://github.com/kimpers/stagent
[INFO] running `Command { std: "git" "-c" "credential.helper=" "-c" "credential.helper=/workspace/cargo-home/bin/git-credential-null" "clone" "--bare" "https://github.com/kimpers/stagent" "/workspace/cache/git-repos/https%3A%2F%2Fgithub.com%2Fkimpers%2Fstagent", kill_on_drop: false }`
[INFO] [stderr] Cloning into bare repository '/workspace/cache/git-repos/https%3A%2F%2Fgithub.com%2Fkimpers%2Fstagent'...
[INFO] running `Command { std: "git" "rev-parse" "HEAD", kill_on_drop: false }`
[INFO] [stdout] 122584d28df05fc90f03261692b37eba5ac62a2f
[INFO] testing kimpers/stagent against 1.100.0-beta.1+cargoflags=--release for beta-release-1.100-2
[INFO] running `Command { std: "git" "clone" "/workspace/cache/git-repos/https%3A%2F%2Fgithub.com%2Fkimpers%2Fstagent" "/workspace/builds/worker-6-tc2/source", kill_on_drop: false }`
[INFO] [stderr] Cloning into '/workspace/builds/worker-6-tc2/source'...
[INFO] [stderr] done.
[INFO] started tweaking git repo https://github.com/kimpers/stagent
[INFO] finished tweaking git repo https://github.com/kimpers/stagent
[INFO] tweaked toml for git repo https://github.com/kimpers/stagent written to /workspace/builds/worker-6-tc2/source/Cargo.toml
[INFO] validating manifest of git repo https://github.com/kimpers/stagent on toolchain 1.100.0-beta.1
[INFO] running `Command { std: CARGO_HOME="/workspace/cargo-home" RUSTUP_HOME="/workspace/rustup-home" "/workspace/cargo-home/bin/cargo" "+1.100.0-beta.1" "metadata" "--manifest-path" "Cargo.toml" "--no-deps", kill_on_drop: false }`
[INFO] crate git repo https://github.com/kimpers/stagent already has a lockfile, it will not be regenerated
[INFO] running `Command { std: CARGO_HOME="/workspace/cargo-home" RUSTUP_HOME="/workspace/rustup-home" "/workspace/cargo-home/bin/cargo" "+1.100.0-beta.1" "fetch" "--manifest-path" "Cargo.toml", kill_on_drop: false }`
[INFO] running `Command { std: "docker" "create" "-v" "/var/lib/crater-agent-workspace/builds/worker-6-tc2/source:/opt/rustwide/workdir:ro,Z" "-v" "/var/lib/crater-agent-workspace/builds/worker-6-tc2/target:/opt/rustwide/target:rw,Z" "-v" "/var/lib/crater-agent-workspace/cargo-home:/opt/rustwide/cargo-home:ro,Z" "-v" "/var/lib/crater-agent-workspace/rustup-home:/opt/rustwide/rustup-home:ro,Z" "-m" "1610612736" "--network" "none" "ghcr.io/rust-lang/crates-build-env/linux@sha256:77db811e55d90add9212f6832c23229e3de5f1c1f9905e8cb07319ea15df73ac" "sleep" "infinity", kill_on_drop: false }`
[INFO] [stdout] b36f0668f71c1e10042b36147829d93a21acf3b6ddf558ac098f478cf164d07e
[INFO] running `Command { std: "docker" "start" "b36f0668f71c1e10042b36147829d93a21acf3b6ddf558ac098f478cf164d07e", kill_on_drop: false }`
[INFO] running `Command { std: "docker" "inspect" "b36f0668f71c1e10042b36147829d93a21acf3b6ddf558ac098f478cf164d07e", kill_on_drop: false }`
[INFO] running `Command { std: "docker" "exec" "-e" "SOURCE_DIR=/opt/rustwide/workdir" "-e" "CARGO_HOME=/opt/rustwide/cargo-home" "-e" "RUSTUP_HOME=/opt/rustwide/rustup-home" "-e" "CARGO_TARGET_DIR=/opt/rustwide/target" "-w" "/opt/rustwide/workdir" "--user" "0:0" "b36f0668f71c1e10042b36147829d93a21acf3b6ddf558ac098f478cf164d07e" "/opt/rustwide/cargo-home/bin/cargo" "+1.100.0-beta.1" "metadata" "--no-deps" "--format-version=1", kill_on_drop: false }`
[INFO] running `Command { std: "docker" "inspect" "b36f0668f71c1e10042b36147829d93a21acf3b6ddf558ac098f478cf164d07e", kill_on_drop: false }`
[INFO] running `Command { std: "docker" "exec" "-e" "SOURCE_DIR=/opt/rustwide/workdir" "-e" "CARGO_HOME=/opt/rustwide/cargo-home" "-e" "RUSTUP_HOME=/opt/rustwide/rustup-home" "-e" "CARGO_TARGET_DIR=/opt/rustwide/target" "-e" "CARGO_INCREMENTAL=0" "-e" "RUST_BACKTRACE=full" "-e" "RUSTFLAGS=--cap-lints=warn" "-e" "RUSTDOCFLAGS=--cap-lints=warn" "-w" "/opt/rustwide/workdir" "--user" "0:0" "b36f0668f71c1e10042b36147829d93a21acf3b6ddf558ac098f478cf164d07e" "/opt/rustwide/cargo-home/bin/cargo" "+1.100.0-beta.1" "build" "--frozen" "--message-format=json" "--release", kill_on_drop: false }`
[INFO] [stderr]    Compiling quote v1.0.44
[INFO] [stderr]    Compiling unicode-ident v1.0.22
[INFO] [stderr]    Compiling libc v0.2.180
[INFO] [stderr]    Compiling smallvec v1.15.1
[INFO] [stderr]    Compiling bitflags v2.10.0
[INFO] [stderr]    Compiling serde_core v1.0.228
[INFO] [stderr]    Compiling rustversion v1.0.22
[INFO] [stderr]    Compiling serde v1.0.228
[INFO] [stderr]    Compiling proc-macro2 v1.0.106
[INFO] [stderr]    Compiling crc32fast v1.5.0
[INFO] [stderr]    Compiling rustix v0.38.44
[INFO] [stderr]    Compiling zmij v1.0.19
[INFO] [stderr]    Compiling deranged v0.5.5
[INFO] [stderr]    Compiling serde_json v1.0.149
[INFO] [stderr]    Compiling percent-encoding v2.3.2
[INFO] [stderr]    Compiling simd-adler32 v0.3.8
[INFO] [stderr]    Compiling linux-raw-sys v0.4.15
[INFO] [stderr]    Compiling either v1.15.0
[INFO] [stderr]    Compiling syn v2.0.114
[INFO] [stderr]    Compiling time-core v0.1.8
[INFO] [stderr]    Compiling once_cell v1.21.3
[INFO] [stderr]    Compiling rustix v1.1.3
[INFO] [stderr]    Compiling instability v0.3.11
[INFO] [stderr]    Compiling thiserror v2.0.18
[INFO] [stderr]    Compiling jobserver v0.1.34
[INFO] [stderr]    Compiling num-conv v0.2.0
[INFO] [stderr]    Compiling errno v0.3.14
[INFO] [stderr]    Compiling mio v1.1.1
[INFO] [stderr]    Compiling parking_lot_core v0.9.12
[INFO] [stderr]    Compiling cc v1.2.55
[INFO] [stderr]    Compiling signal-hook-registry v1.4.8
[INFO] [stderr]    Compiling anstyle v1.0.13
[INFO] [stderr]    Compiling signal-hook v0.3.18
[INFO] [stderr]    Compiling anstream v0.6.21
[INFO] [stderr]    Compiling time v0.3.47
[INFO] [stderr]    Compiling signal-hook-mio v0.2.5
[INFO] [stderr]    Compiling miniz_oxide v0.8.9
[INFO] [stderr]    Compiling parking_lot v0.12.5
[INFO] [stderr]    Compiling itertools v0.13.0
[INFO] [stderr]    Compiling form_urlencoded v1.2.2
[INFO] [stderr]    Compiling libz-sys v1.1.23
[INFO] [stderr]    Compiling openssl-sys v0.9.111
[INFO] [stderr]    Compiling libssh2-sys v0.3.1
[INFO] [stderr]    Compiling onig_sys v69.9.1
[INFO] [stderr]    Compiling libgit2-sys v0.17.0+1.8.1
[INFO] [stderr]    Compiling castaway v0.2.4
[INFO] [stderr]    Compiling quick-xml v0.38.4
[INFO] [stderr]    Compiling unicode-segmentation v1.12.0
[INFO] [stderr]    Compiling anyhow v1.0.101
[INFO] [stderr]    Compiling linux-raw-sys v0.11.0
[INFO] [stderr]    Compiling synstructure v0.13.2
[INFO] [stderr]    Compiling darling_core v0.23.0
[INFO] [stderr]    Compiling clap_lex v0.7.7
[INFO] [stderr]    Compiling ryu v1.0.22
[INFO] [stderr]    Compiling unicode-truncate v1.1.0
[INFO] [stderr]    Compiling compact_str v0.8.1
[INFO] [stderr]    Compiling clap_builder v4.5.57
[INFO] [stderr]    Compiling zerofrom-derive v0.1.6
[INFO] [stderr]    Compiling yoke-derive v0.8.1
[INFO] [stderr]    Compiling zerovec-derive v0.11.2
[INFO] [stderr]    Compiling zerofrom v0.1.6
[INFO] [stderr]    Compiling displaydoc v0.2.5
[INFO] [stderr]    Compiling yoke v0.8.1
[INFO] [stderr]    Compiling serde_derive v1.0.228
[INFO] [stderr]    Compiling zerotrie v0.2.3
[INFO] [stderr]    Compiling thiserror-impl v1.0.69
[INFO] [stderr]    Compiling zerovec v0.11.5
[INFO] [stderr]    Compiling darling_macro v0.23.0
[INFO] [stderr]    Compiling darling v0.23.0
[INFO] [stderr]    Compiling strum_macros v0.26.4
[INFO] [stderr]    Compiling thiserror-impl v2.0.18
[INFO] [stderr]    Compiling tinystr v0.8.2
[INFO] [stderr]    Compiling potential_utf v0.1.4
[INFO] [stderr]    Compiling icu_locale_core v2.1.1
[INFO] [stderr]    Compiling icu_collections v2.1.1
[INFO] [stderr]    Compiling thiserror v1.0.69
[INFO] [stderr]    Compiling filedescriptor v0.8.3
[INFO] [stderr]    Compiling strum v0.26.3
[INFO] [stderr]    Compiling clap_derive v4.5.55
[INFO] [stderr]    Compiling crossterm v0.28.1
[INFO] [stderr]    Compiling icu_provider v2.1.1
[INFO] [stderr]    Compiling icu_normalizer v2.1.1
[INFO] [stderr]    Compiling icu_properties v2.1.2
[INFO] [stderr]    Compiling idna_adapter v1.2.1
[INFO] [stderr]    Compiling idna v1.1.0
[INFO] [stderr]    Compiling flate2 v1.1.9
[INFO] [stderr]    Compiling url v2.5.8
[INFO] [stderr]    Compiling bincode v1.3.3
[INFO] [stderr]    Compiling plist v1.8.0
[INFO] [stderr]    Compiling getrandom v0.3.4
[INFO] [stderr]    Compiling fastrand v2.3.0
[INFO] [stderr]    Compiling regex-syntax v0.8.9
[INFO] [stderr]    Compiling ratatui v0.29.0
[INFO] [stderr]    Compiling tempfile v3.24.0
[INFO] [stderr]    Compiling clap v4.5.57
[INFO] [stderr]    Compiling glob v0.3.3
[INFO] [stderr]    Compiling similar v2.7.0
[INFO] [stderr]    Compiling onig v6.5.1
[INFO] [stderr]    Compiling syntect v5.3.0
[INFO] [stderr]    Compiling git2 v0.19.0
[INFO] [stderr]    Compiling stagent v0.1.0 (/opt/rustwide/workdir)
[INFO] [stderr]     Finished `release` profile [optimized] target(s) in 4m 28s
[INFO] running `Command { std: "docker" "inspect" "b36f0668f71c1e10042b36147829d93a21acf3b6ddf558ac098f478cf164d07e", kill_on_drop: false }`
[INFO] running `Command { std: "docker" "exec" "-e" "SOURCE_DIR=/opt/rustwide/workdir" "-e" "CARGO_HOME=/opt/rustwide/cargo-home" "-e" "RUSTUP_HOME=/opt/rustwide/rustup-home" "-e" "CARGO_TARGET_DIR=/opt/rustwide/target" "-e" "CARGO_INCREMENTAL=0" "-e" "RUST_BACKTRACE=full" "-e" "RUSTFLAGS=--cap-lints=warn" "-e" "RUSTDOCFLAGS=--cap-lints=warn" "-w" "/opt/rustwide/workdir" "--user" "0:0" "b36f0668f71c1e10042b36147829d93a21acf3b6ddf558ac098f478cf164d07e" "/opt/rustwide/cargo-home/bin/cargo" "+1.100.0-beta.1" "test" "--frozen" "--no-run" "--message-format=json" "--release", kill_on_drop: false }`
[INFO] [stderr]    Compiling stagent v0.1.0 (/opt/rustwide/workdir)
[INFO] [stderr]     Finished `release` profile [optimized] target(s) in 15.99s
[INFO] running `Command { std: "docker" "inspect" "b36f0668f71c1e10042b36147829d93a21acf3b6ddf558ac098f478cf164d07e", kill_on_drop: false }`
[INFO] running `Command { std: "docker" "exec" "-e" "SOURCE_DIR=/opt/rustwide/workdir" "-e" "CARGO_HOME=/opt/rustwide/cargo-home" "-e" "RUSTUP_HOME=/opt/rustwide/rustup-home" "-e" "CARGO_TARGET_DIR=/opt/rustwide/target" "-e" "CARGO_INCREMENTAL=0" "-e" "RUST_BACKTRACE=full" "-e" "RUSTFLAGS=--cap-lints=warn" "-e" "RUSTDOCFLAGS=--cap-lints=warn" "-w" "/opt/rustwide/workdir" "--user" "0:0" "b36f0668f71c1e10042b36147829d93a21acf3b6ddf558ac098f478cf164d07e" "/opt/rustwide/cargo-home/bin/cargo" "+1.100.0-beta.1" "test" "--frozen" "--release", kill_on_drop: false }`
[INFO] [stderr]     Finished `release` profile [optimized] target(s) in 0.19s
[INFO] [stderr]      Running unittests src/lib.rs (/opt/rustwide/target/release/build/stagent/25b22883ffe610cf/out/stagent-25b22883ffe610cf)
[INFO] [stdout] 
[INFO] [stdout] running 108 tests
[INFO] [stdout] test app::tests::test_accept_current_hunk ... ok
[INFO] [stdout] test app::tests::test_accept_current_hunk_skips_non_pending ... ok
[INFO] [stdout] test app::tests::test_all_hunks_staged_marks_file ... ok
[INFO] [stdout] test app::tests::test_app_initial_state ... ok
[INFO] [stdout] test app::tests::test_compute_line_offset_no_staged ... ok
[INFO] [stdout] test app::tests::test_compute_line_offset_with_staged ... ok
[INFO] [stdout] test app::tests::test_curly_brace_next_hunk ... ok
[INFO] [stdout] test app::tests::test_curly_brace_prev_hunk ... ok
[INFO] [stdout] test app::tests::test_current_file ... ok
[INFO] [stdout] test app::tests::test_dirty_flag_new_methods ... ok
[INFO] [stdout] test app::tests::test_dirty_flag_set_on_navigation ... ok
[INFO] [stdout] test app::tests::test_empty_diff_state ... ok
[INFO] [stdout] test app::tests::test_g_sets_pending_key ... ok
[INFO] [stdout] test app::tests::test_g_then_capital_g_clears_pending_and_scrolls_bottom ... ok
[INFO] [stdout] test app::tests::test_current_hunk ... ok
[INFO] [stdout] test app::tests::test_g_then_other_key_clears_pending ... ok
[INFO] [stdout] test app::tests::test_gg_scrolls_to_top ... ok
[INFO] [stdout] test app::tests::test_h_focuses_filelist ... ok
[INFO] [stdout] test app::tests::test_h_when_already_filelist ... ok
[INFO] [stdout] test app::tests::test_handle_mouse_click_selects_file ... ok
[INFO] [stdout] test app::tests::test_help_mode_any_key_dismisses ... ok
[INFO] [stdout] test app::tests::test_help_mode_key_not_processed_as_action ... ok
[INFO] [stdout] test app::tests::test_initial_mode_is_browsing_on_subsequent_run ... ok
[INFO] [stdout] test app::tests::test_initial_mode_is_help_on_first_run ... ok
[INFO] [stdout] test app::tests::test_j_navigates_file_when_filelist_focused ... ok
[INFO] [stdout] test app::tests::test_handle_mouse_click_outside_file_list ... ok
[INFO] [stdout] test app::tests::test_j_scrolls_diff_when_diffview_focused ... ok
[INFO] [stdout] test app::tests::test_k_navigates_file_when_filelist_focused ... ok
[INFO] [stdout] test app::tests::test_k_scrolls_diff_when_diffview_focused ... ok
[INFO] [stdout] test app::tests::test_next_hunk_advances_file ... ok
[INFO] [stdout] test app::tests::test_question_mark_toggles_help ... ok
[INFO] [stdout] test app::tests::test_next_hunk_wraps_at_end ... ok
[INFO] [stdout] test app::tests::test_scroll_clamps_to_content ... ok
[INFO] [stdout] test app::tests::test_question_mark_from_help_dismisses ... ok
[INFO] [stdout] test app::tests::test_scroll_down ... ok
[INFO] [stdout] test app::tests::test_scroll_full_page_down ... ok
[INFO] [stdout] test app::tests::test_scroll_full_page_up ... ok
[INFO] [stdout] test app::tests::test_scroll_half_page_up ... ok
[INFO] [stdout] test app::tests::test_scroll_half_page_up_clamps_to_zero ... ok
[INFO] [stdout] test app::tests::test_scroll_full_page_up_clamps_to_zero ... ok
[INFO] [stdout] test app::tests::test_scroll_to_bottom ... ok
[INFO] [stdout] test app::tests::test_scroll_to_bottom_with_small_viewport ... ok
[INFO] [stdout] test app::tests::test_scroll_to_bottom_no_overscroll ... ok
[INFO] [stdout] test app::tests::test_scroll_page_zero_height ... ok
[INFO] [stdout] test app::tests::test_l_focuses_diffview ... ok
[INFO] [stdout] test app::tests::test_l_when_already_diffview ... ok
[INFO] [stdout] test app::tests::test_scroll_to_top_already_at_top ... ok
[INFO] [stdout] test app::tests::test_scroll_to_top ... ok
[INFO] [stdout] test app::tests::test_select_file_wraps ... ok
[INFO] [stdout] test app::tests::test_scroll_half_page_down ... ok
[INFO] [stdout] test app::tests::test_select_next_file ... ok
[INFO] [stdout] test app::tests::test_select_next_hunk ... ok
[INFO] [stdout] test app::tests::test_scroll_to_bottom_empty ... ok
[INFO] [stdout] test app::tests::test_scroll_to_top_empty ... ok
[INFO] [stdout] test app::tests::test_select_prev_file ... ok
[INFO] [stdout] test app::tests::test_shift_k_prev_hunk ... ok
[INFO] [stdout] test app::tests::test_toggle_focus ... ok
[INFO] [stdout] test feedback::tests::test_comment_feedback_format ... ok
[INFO] [stdout] test app::tests::test_skip_updates_hunk_status ... ok
[INFO] [stdout] test feedback::tests::test_edits_across_files ... ok
[INFO] [stdout] test feedback::tests::test_empty_feedback ... ok
[INFO] [stdout] test feedback::tests::test_feedback_is_valid_patch ... ok
[INFO] [stdout] test feedback::tests::test_mixed_edits_and_comments ... ok
[INFO] [stdout] test feedback::tests::test_multiple_comments_at_different_positions ... ok
[INFO] [stdout] test feedback::tests::test_multiple_edits_same_file ... ok
[INFO] [stdout] test outputtest feedback::tests::test_feedback_output_to_file ... ok
[INFO] [stdout] test feedback::tests::test_feedback_output_to_stdout ... ok
[INFO] [stdout] test feedback::tests::test_single_edit_feedback ... ok
[INFO] [stdout] test app::tests::test_shift_h_prev_file ... ok
[INFO] [stdout] test app::tests::test_shift_j_next_hunk ... ok
[INFO] [stdout] test app::tests::test_shift_l_next_file ... ok
[INFO] [stdout] test highlight::tests::test_detect_syntax_rs ... ok
[INFO] [stdout] test highlight::tests::test_detect_syntax_py ... ok
[INFO] [stdout] test highlight::tests::test_detect_syntax_unknown ... ok
[INFO] [stdout] test patch::tests::test_content_has_newlines ... ok
[INFO] [stdout] test highlight::tests::test_highlight_removed_line ... ok
[INFO] [stdout] test patch::tests::test_empty_input ... ok
[INFO] [stdout] test patch::tests::test_hunk_header_with_function_context ... ok
[INFO] [stdout] test patch::tests::test_line_numbers_tracked ... ok
[INFO] [stdout] test patch::tests::test_malformed_hunk_header ... ok
[INFO] [stdout] test patch::tests::test_malformed_hunk_header_missing_closing_at ... ok
[INFO] [stdout] test patch::tests::test_multi_file ... ok
[INFO] [stdout] test patch::tests::test_multi_hunk ... ok
[INFO] [stdout] test patch::tests::test_new_file ... ok
[INFO] [stdout] test patch::tests::test_no_newline_at_eof ... ok
[INFO] [stdout] test patch::tests::test_omitted_hunk_count ... ok
[INFO] [stdout] test patch::tests::test_parse_range ... ok
[INFO] [stdout] test patch::tests::test_deleted_file ... ok
[INFO] [stdout] test patch::tests::test_parse_range_invalid ... ok
[INFO] [stdout] test highlight::tests::test_highlight_added_line ... ok
[INFO] [stdout] test patch::tests::test_renamed_file ... ok
[INFO] [stdout] test patch::tests::test_single_file_single_hunk ... ok
[INFO] [stdout] test patch::tests::test_binary_file ... ok
[INFO] [stdout] test patch::tests::test_whitespace_only_input ... ok
[INFO] [stdout] test spawn::tests::test_build_spawn_argv_basic ... ok
[INFO] [stdout] test spawn::tests::test_build_spawn_argv_default_theme_not_included ... ok
[INFO] [stdout] test highlight::tests::test_highlight_empty_line ... ok
[INFO] [stdout] test spawn::tests::test_build_spawn_argv_with_files ... ok
[INFO] [stdout] test patch::tests::test_strip_ab_prefix ... ok
[INFO] [stdout] test spawn::tests::test_build_spawn_argv_all_options ... ok
[INFO] [stdout] test spawn::tests::test_build_spawn_argv_with_theme ... ok
[INFO] [stdout] test spawn::tests::test_build_spawn_argv_with_output ... ok
[INFO] [stdout] test spawn::tests::test_build_spawn_argv_with_no_stage ... ok
[INFO] [stdout] test highlight::tests::test_highlight_file_lines_basic ... ok
[INFO] [stdout] test highlight::tests::test_highlight_context_line ... ok
[INFO] [stdout] test spawn::tests::test_build_spawn_argv_default_context_lines_not_included ... ok
[INFO] [stdout] test spawn::tests::test_build_spawn_argv_with_context_lines ... ok
[INFO] [stdout] test highlight::tests::test_highlight_rust_line ... ok
[INFO] [stdout] 
[INFO] [stdout] test result: ok. 108 passed; 0 failed; 0 ignored; 0 measured; 0 filtered out; finished in 0.06s
[INFO] [stdout] 
[INFO] [stderr]      Running unittests src/main.rs (/opt/rustwide/target/release/build/stagent/c99dbbecf7062e5d/out/stagent-c99dbbecf7062e5d)
[INFO] [stdout] 
[INFO] [stdout] running 0 tests
[INFO] [stdout] 
[INFO] [stdout] test result: ok. 0 passed; 0 failed; 0 ignored; 0 measured; 0 filtered out; finished in 0.00s
[INFO] [stdout] 
[INFO] [stderr]      Running tests/cli_test.rs (/opt/rustwide/target/release/build/stagent/9a6e855e2d03fe31/out/cli_test-9a6e855e2d03fe31)
[INFO] [stdout] 
[INFO] [stdout] running 13 tests
[INFO] [stdout] test test_output_flag_parsed ... FAILED
[INFO] [stdout] test test_not_a_repo_error ... FAILED
[INFO] [stdout] test test_patch_empty_diff_from_stdin ... FAILED
[INFO] [stdout] test test_help_flag ... FAILED
[INFO] [stdout] test test_patch_flag_parsed ... FAILED
[INFO] [stdout] test test_theme_flag_parsed ... FAILED
[INFO] [stdout] test test_patch_reads_piped_diff ... FAILED
[INFO] [stdout] test test_no_stage_flag ... FAILED
[INFO] [stdout] test test_files_glob_filter ... FAILED
[INFO] [stdout] test test_patch_and_spawn_rejected ... FAILED
[INFO] [stdout] test test_unknown_flag_rejected ... FAILED
[INFO] [stdout] test test_no_changes_message ... FAILED
[INFO] [stdout] test test_binary_file_skipped_via_glob ... FAILED
[INFO] [stdout] 
[INFO] [stdout] failures:
[INFO] [stdout] 
[INFO] [stdout] ---- test_output_flag_parsed stdout ----
[INFO] [stdout] 
[INFO] [stdout] thread 'test_output_flag_parsed' (3287) panicked at tests/cli_test.rs:25:10:
[INFO] [stdout] Failed to execute binary: Os { code: 2, kind: NotFound, message: "No such file or directory" }
[INFO] [stdout] stack backtrace:
[INFO] [stdout]    0:     0x63391e8b0f81 - <<std[617be2ca0a6fd877]::sys::backtrace::BacktraceLock>::print::DisplayBacktrace as core[a373ad73a504971]::fmt::Display>::fmt
[INFO] [stdout]    1:     0x63391e8c610a - core[a373ad73a504971]::fmt::write
[INFO] [stdout]    2:     0x63391e8b54dc - <alloc[2e1b2a31b91974c5]::vec::Vec<u8> as core[a373ad73a504971]::io::write::Write>::write_fmt
[INFO] [stdout]    3:     0x63391e88aef6 - std[617be2ca0a6fd877]::panicking::default_hook::{closure#0}
[INFO] [stdout]    4:     0x63391e8a8a89 - std[617be2ca0a6fd877]::panicking::default_hook
[INFO] [stdout]    5:     0x63391e7bd130 - test[aada8e7e76ba119b]::test_main_inner::{closure#0}
[INFO] [stdout]    6:     0x63391e8a8db2 - std[617be2ca0a6fd877]::panicking::panic_with_hook
[INFO] [stdout]    7:     0x63391e88afa2 - std[617be2ca0a6fd877]::panicking::panic_handler::{closure#0}
[INFO] [stdout]    8:     0x63391e883a09 - std[617be2ca0a6fd877]::sys::backtrace::__rust_end_short_backtrace::<std[617be2ca0a6fd877]::panicking::panic_handler::{closure#0}, !>
[INFO] [stdout]    9:     0x63391e88bc4d - __rustc[ea4f61d10b84890b]::rust_begin_unwind
[INFO] [stdout]   10:     0x63391e8c683c - core[a373ad73a504971]::panicking::panic_fmt
[INFO] [stdout]   11:     0x63391e8c6612 - core[a373ad73a504971]::result::unwrap_failed
[INFO] [stdout]   12:     0x63391e7ac08b - cli_test[c745607a63a0b24d]::run_binary
[INFO] [stdout]   13:     0x63391e7adbc6 - <cli_test[c745607a63a0b24d]::test_output_flag_parsed::{closure#0} as core[a373ad73a504971]::ops::function::FnOnce<()>>::call_once
[INFO] [stdout]   14:     0x63391e7b057b - test[aada8e7e76ba119b]::__rust_begin_short_backtrace::<core[a373ad73a504971]::result::Result<(), alloc[2e1b2a31b91974c5]::string::String>, fn() -> core[a373ad73a504971]::result::Result<(), alloc[2e1b2a31b91974c5]::string::String>>
[INFO] [stdout]   15:     0x63391e7bd755 - test[aada8e7e76ba119b]::run_test::{closure#0}
[INFO] [stdout]   16:     0x63391e7b7044 - std[617be2ca0a6fd877]::sys::backtrace::__rust_begin_short_backtrace::<test[aada8e7e76ba119b]::run_test::{closure#1}, ()>
[INFO] [stdout]   17:     0x63391e7c07e2 - <std[617be2ca0a6fd877]::thread::lifecycle::spawn_unchecked<test[aada8e7e76ba119b]::run_test::{closure#1}, ()>::{closure#1} as core[a373ad73a504971]::ops::function::FnOnce<()>>::call_once::{shim:vtable#0}
[INFO] [stdout]   18:     0x63391e8b05ef - <std[617be2ca0a6fd877]::sys::thread::unix::Thread>::new::thread_start
[INFO] [stdout]   19:     0x7beed1036dfa - <unknown>
[INFO] [stdout]   20:     0x7beed10ca3d4 - clone
[INFO] [stdout]   21:                0x0 - <unknown>
[INFO] [stdout] 
[INFO] [stdout] ---- test_not_a_repo_error stdout ----
[INFO] [stdout] 
[INFO] [stdout] thread 'test_not_a_repo_error' (3286) panicked at tests/cli_test.rs:46:10:
[INFO] [stdout] Failed to execute binary: Os { code: 2, kind: NotFound, message: "No such file or directory" }
[INFO] [stdout] stack backtrace:
[INFO] [stdout]    0:     0x63391e8b0f81 - <<std[617be2ca0a6fd877]::sys::backtrace::BacktraceLock>::print::DisplayBacktrace as core[a373ad73a504971]::fmt::Display>::fmt
[INFO] [stdout]    1:     0x63391e8c610a - core[a373ad73a504971]::fmt::write
[INFO] [stdout]    2:     0x63391e8b54dc - <alloc[2e1b2a31b91974c5]::vec::Vec<u8> as core[a373ad73a504971]::io::write::Write>::write_fmt
[INFO] [stdout]    3:     0x63391e88aef6 - std[617be2ca0a6fd877]::panicking::default_hook::{closure#0}
[INFO] [stdout]    4:     0x63391e8a8a89 - std[617be2ca0a6fd877]::panicking::default_hook
[INFO] [stdout]    5:     0x63391e7bd130 - test[aada8e7e76ba119b]::test_main_inner::{closure#0}
[INFO] [stdout]    6:     0x63391e8a8db2 - std[617be2ca0a6fd877]::panicking::panic_with_hook
[INFO] [stdout]    7:     0x63391e88afa2 - std[617be2ca0a6fd877]::panicking::panic_handler::{closure#0}
[INFO] [stdout]    8:     0x63391e883a09 - std[617be2ca0a6fd877]::sys::backtrace::__rust_end_short_backtrace::<std[617be2ca0a6fd877]::panicking::panic_handler::{closure#0}, !>
[INFO] [stdout]    9:     0x63391e88bc4d - __rustc[ea4f61d10b84890b]::rust_begin_unwind
[INFO] [stdout]   10:     0x63391e8c683c - core[a373ad73a504971]::panicking::panic_fmt
[INFO] [stdout]   11:     0x63391e8c6612 - core[a373ad73a504971]::result::unwrap_failed
[INFO] [stdout]   12:     0x63391e7ad3c5 - <cli_test[c745607a63a0b24d]::test_not_a_repo_error::{closure#0} as core[a373ad73a504971]::ops::function::FnOnce<()>>::call_once
[INFO] [stdout]   13:     0x63391e7b057b - test[aada8e7e76ba119b]::__rust_begin_short_backtrace::<core[a373ad73a504971]::result::Result<(), alloc[2e1b2a31b91974c5]::string::String>, fn() -> core[a373ad73a504971]::result::Result<(), alloc[2e1b2a31b91974c5]::string::String>>
[INFO] [stdout]   14:     0x63391e7bd755 - test[aada8e7e76ba119b]::run_test::{closure#0}
[INFO] [stdout]   15:     0x63391e7b7044 - std[617be2ca0a6fd877]::sys::backtrace::__rust_begin_short_backtrace::<test[aada8e7e76ba119b]::run_test::{closure#1}, ()>
[INFO] [stdout]   16:     0x63391e7c07e2 - <std[617be2ca0a6fd877]::thread::lifecycle::spawn_unchecked<test[aada8e7e76ba119b]::run_test::{closure#1}, ()>::{closure#1} as core[a373ad73a504971]::ops::function::FnOnce<()>>::call_once::{shim:vtable#0}
[INFO] [stdout]   17:     0x63391e8b05ef - <std[617be2ca0a6fd877]::sys::thread::unix::Thread>::new::thread_start
[INFO] [stdout]   18:     0x7beed1036dfa - <unknown>
[INFO] [stdout]   19:     0x7beed10ca3d4 - clone
[INFO] [stdout]   20:                0x0 - <unknown>
[INFO] [stdout] 
[INFO] [stdout] ---- test_patch_empty_diff_from_stdin stdout ----
[INFO] [stdout] 
[INFO] [stdout] thread 'test_patch_empty_diff_from_stdin' (3292) panicked at tests/cli_test.rs:214:10:
[INFO] [stdout] Failed to spawn binary: Os { code: 2, kind: NotFound, message: "No such file or directory" }
[INFO] [stdout] stack backtrace:
[INFO] [stdout]    0:     0x63391e8b0f81 - <<std[617be2ca0a6fd877]::sys::backtrace::BacktraceLock>::print::DisplayBacktrace as core[a373ad73a504971]::fmt::Display>::fmt
[INFO] [stdout]    1:     0x63391e8c610a - core[a373ad73a504971]::fmt::write
[INFO] [stdout]    2:     0x63391e8b54dc - <alloc[2e1b2a31b91974c5]::vec::Vec<u8> as core[a373ad73a504971]::io::write::Write>::write_fmt
[INFO] [stdout]    3:     0x63391e88aef6 - std[617be2ca0a6fd877]::panicking::default_hook::{closure#0}
[INFO] [stdout]    4:     0x63391e8a8a89 - std[617be2ca0a6fd877]::panicking::default_hook
[INFO] [stdout]    5:     0x63391e7bd130 - test[aada8e7e76ba119b]::test_main_inner::{closure#0}
[INFO] [stdout]    6:     0x63391e8a8db2 - std[617be2ca0a6fd877]::panicking::panic_with_hook
[INFO] [stdout]    7:     0x63391e88afa2 - std[617be2ca0a6fd877]::panicking::panic_handler::{closure#0}
[INFO] [stdout]    8:     0x63391e883a09 - std[617be2ca0a6fd877]::sys::backtrace::__rust_end_short_backtrace::<std[617be2ca0a6fd877]::panicking::panic_handler::{closure#0}, !>
[INFO] [stdout]    9:     0x63391e88bc4d - __rustc[ea4f61d10b84890b]::rust_begin_unwind
[INFO] [stdout]   10:     0x63391e8c683c - core[a373ad73a504971]::panicking::panic_fmt
[INFO] [stdout]   11:     0x63391e8c6612 - core[a373ad73a504971]::result::unwrap_failed
[INFO] [stdout]   12:     0x63391e7ae7e9 - <cli_test[c745607a63a0b24d]::test_patch_empty_diff_from_stdin::{closure#0} as core[a373ad73a504971]::ops::function::FnOnce<()>>::call_once
[INFO] [stdout]   13:     0x63391e7b057b - test[aada8e7e76ba119b]::__rust_begin_short_backtrace::<core[a373ad73a504971]::result::Result<(), alloc[2e1b2a31b91974c5]::string::String>, fn() -> core[a373ad73a504971]::result::Result<(), alloc[2e1b2a31b91974c5]::string::String>>
[INFO] [stdout]   14:     0x63391e7bd755 - test[aada8e7e76ba119b]::run_test::{closure#0}
[INFO] [stdout]   15:     0x63391e7b7044 - std[617be2ca0a6fd877]::sys::backtrace::__rust_begin_short_backtrace::<test[aada8e7e76ba119b]::run_test::{closure#1}, ()>
[INFO] [stdout]   16:     0x63391e7c07e2 - <std[617be2ca0a6fd877]::thread::lifecycle::spawn_unchecked<test[aada8e7e76ba119b]::run_test::{closure#1}, ()>::{closure#1} as core[a373ad73a504971]::ops::function::FnOnce<()>>::call_once::{shim:vtable#0}
[INFO] [stdout]   17:     0x63391e8b05ef - <std[617be2ca0a6fd877]::sys::thread::unix::Thread>::new::thread_start
[INFO] [stdout]   18:     0x7beed1036dfa - <unknown>
[INFO] [stdout]   19:     0x7beed10ca3d4 - clone
[INFO] [stdout]   20:                0x0 - <unknown>
[INFO] [stdout] 
[INFO] [stdout] ---- test_help_flag stdout ----
[INFO] [stdout] 
[INFO] [stdout] thread 'test_help_flag' (3283) panicked at tests/cli_test.rs:25:10:
[INFO] [stdout] Failed to execute binary: Os { code: 2, kind: NotFound, message: "No such file or directory" }
[INFO] [stdout] stack backtrace:
[INFO] [stdout]    0:     0x63391e8b0f81 - <<std[617be2ca0a6fd877]::sys::backtrace::BacktraceLock>::print::DisplayBacktrace as core[a373ad73a504971]::fmt::Display>::fmt
[INFO] [stdout]    1:     0x63391e8c610a - core[a373ad73a504971]::fmt::write
[INFO] [stdout]    2:     0x63391e8b54dc - <alloc[2e1b2a31b91974c5]::vec::Vec<u8> as core[a373ad73a504971]::io::write::Write>::write_fmt
[INFO] [stdout]    3:     0x63391e88aef6 - std[617be2ca0a6fd877]::panicking::default_hook::{closure#0}
[INFO] [stdout]    4:     0x63391e8a8a89 - std[617be2ca0a6fd877]::panicking::default_hook
[INFO] [stdout]    5:     0x63391e7bd130 - test[aada8e7e76ba119b]::test_main_inner::{closure#0}
[INFO] [stdout]    6:     0x63391e8a8db2 - std[617be2ca0a6fd877]::panicking::panic_with_hook
[INFO] [stdout]    7:     0x63391e88afa2 - std[617be2ca0a6fd877]::panicking::panic_handler::{closure#0}
[INFO] [stdout]    8:     0x63391e883a09 - std[617be2ca0a6fd877]::sys::backtrace::__rust_end_short_backtrace::<std[617be2ca0a6fd877]::panicking::panic_handler::{closure#0}, !>
[INFO] [stdout]    9:     0x63391e88bc4d - __rustc[ea4f61d10b84890b]::rust_begin_unwind
[INFO] [stdout]   10:     0x63391e8c683c - core[a373ad73a504971]::panicking::panic_fmt
[INFO] [stdout]   11:     0x63391e8c6612 - core[a373ad73a504971]::result::unwrap_failed
[INFO] [stdout]   12:     0x63391e7ac08b - cli_test[c745607a63a0b24d]::run_binary
[INFO] [stdout]   13:     0x63391e7acdc6 - <cli_test[c745607a63a0b24d]::test_help_flag::{closure#0} as core[a373ad73a504971]::ops::function::FnOnce<()>>::call_once
[INFO] [stdout]   14:     0x63391e7b057b - test[aada8e7e76ba119b]::__rust_begin_short_backtrace::<core[a373ad73a504971]::result::Result<(), alloc[2e1b2a31b91974c5]::string::String>, fn() -> core[a373ad73a504971]::result::Result<(), alloc[2e1b2a31b91974c5]::string::String>>
[INFO] [stdout]   15:     0x63391e7bd755 - test[aada8e7e76ba119b]::run_test::{closure#0}
[INFO] [stdout]   16:     0x63391e7b7044 - std[617be2ca0a6fd877]::sys::backtrace::__rust_begin_short_backtrace::<test[aada8e7e76ba119b]::run_test::{closure#1}, ()>
[INFO] [stdout]   17:     0x63391e7c07e2 - <std[617be2ca0a6fd877]::thread::lifecycle::spawn_unchecked<test[aada8e7e76ba119b]::run_test::{closure#1}, ()>::{closure#1} as core[a373ad73a504971]::ops::function::FnOnce<()>>::call_once::{shim:vtable#0}
[INFO] [stdout]   18:     0x63391e8b05ef - <std[617be2ca0a6fd877]::sys::thread::unix::Thread>::new::thread_start
[INFO] [stdout]   19:     0x7beed1036dfa - <unknown>
[INFO] [stdout]   20:     0x7beed10ca3d4 - clone
[INFO] [stdout]   21:                0x0 - <unknown>
[INFO] [stdout] 
[INFO] [stdout] ---- test_patch_flag_parsed stdout ----
[INFO] [stdout] 
[INFO] [stdout] thread 'test_patch_flag_parsed' (3294) panicked at tests/cli_test.rs:25:10:
[INFO] [stdout] Failed to execute binary: Os { code: 2, kind: NotFound, message: "No such file or directory" }
[INFO] [stdout] stack backtrace:
[INFO] [stdout]    0:     0x63391e8b0f81 - <<std[617be2ca0a6fd877]::sys::backtrace::BacktraceLock>::print::DisplayBacktrace as core[a373ad73a504971]::fmt::Display>::fmt
[INFO] [stdout]    1:     0x63391e8c610a - core[a373ad73a504971]::fmt::write
[INFO] [stdout]    2:     0x63391e8b54dc - <alloc[2e1b2a31b91974c5]::vec::Vec<u8> as core[a373ad73a504971]::io::write::Write>::write_fmt
[INFO] [stdout]    3:     0x63391e88aef6 - std[617be2ca0a6fd877]::panicking::default_hook::{closure#0}
[INFO] [stdout]    4:     0x63391e8a8a89 - std[617be2ca0a6fd877]::panicking::default_hook
[INFO] [stdout]    5:     0x63391e7bd130 - test[aada8e7e76ba119b]::test_main_inner::{closure#0}
[INFO] [stdout]    6:     0x63391e8a8db2 - std[617be2ca0a6fd877]::panicking::panic_with_hook
[INFO] [stdout]    7:     0x63391e88afa2 - std[617be2ca0a6fd877]::panicking::panic_handler::{closure#0}
[INFO] [stdout]    8:     0x63391e883a09 - std[617be2ca0a6fd877]::sys::backtrace::__rust_end_short_backtrace::<std[617be2ca0a6fd877]::panicking::panic_handler::{closure#0}, !>
[INFO] [stdout]    9:     0x63391e88bc4d - __rustc[ea4f61d10b84890b]::rust_begin_unwind
[INFO] [stdout]   10:     0x63391e8c683c - core[a373ad73a504971]::panicking::panic_fmt
[INFO] [stdout]   11:     0x63391e8c6612 - core[a373ad73a504971]::result::unwrap_failed
[INFO] [stdout]   12:     0x63391e7ac08b - cli_test[c745607a63a0b24d]::run_binary
[INFO] [stdout]   13:     0x63391e7ad6a6 - <cli_test[c745607a63a0b24d]::test_patch_flag_parsed::{closure#0} as core[a373ad73a504971]::ops::function::FnOnce<()>>::call_once
[INFO] [stdout]   14:     0x63391e7b057b - test[aada8e7e76ba119b]::__rust_begin_short_backtrace::<core[a373ad73a504971]::result::Result<(), alloc[2e1b2a31b91974c5]::string::String>, fn() -> core[a373ad73a504971]::result::Result<(), alloc[2e1b2a31b91974c5]::string::String>>
[INFO] [stdout]   15:     0x63391e7bd755 - test[aada8e7e76ba119b]::run_test::{closure#0}
[INFO] [stdout]   16:     0x63391e7b7044 - std[617be2ca0a6fd877]::sys::backtrace::__rust_begin_short_backtrace::<test[aada8e7e76ba119b]::run_test::{closure#1}, ()>
[INFO] [stdout]   17:     0x63391e7c07e2 - <std[617be2ca0a6fd877]::thread::lifecycle::spawn_unchecked<test[aada8e7e76ba119b]::run_test::{closure#1}, ()>::{closure#1} as core[a373ad73a504971]::ops::function::FnOnce<()>>::call_once::{shim:vtable#0}
[INFO] [stdout]   18:     0x63391e8b05ef - <std[617be2ca0a6fd877]::sys::thread::unix::Thread>::new::thread_start
[INFO] [stdout]   19:     0x7beed1036dfa - <unknown>
[INFO] [stdout]   20:     0x7beed10ca3d4 - clone
[INFO] [stdout]   21:                0x0 - <unknown>
[INFO] [stdout] 
[INFO] [stdout] ---- test_theme_flag_parsed stdout ----
[INFO] [stdout] 
[INFO] [stdout] thread 'test_theme_flag_parsed' (3297) panicked at tests/cli_test.rs:25:10:
[INFO] [stdout] Failed to execute binary: Os { code: 2, kind: NotFound, message: "No such file or directory" }
[INFO] [stdout] stack backtrace:
[INFO] [stdout]    0:     0x63391e8b0f81 - <<std[617be2ca0a6fd877]::sys::backtrace::BacktraceLock>::print::DisplayBacktrace as core[a373ad73a504971]::fmt::Display>::fmt
[INFO] [stdout]    1:     0x63391e8c610a - core[a373ad73a504971]::fmt::write
[INFO] [stdout]    2:     0x63391e8b54dc - <alloc[2e1b2a31b91974c5]::vec::Vec<u8> as core[a373ad73a504971]::io::write::Write>::write_fmt
[INFO] [stdout]    3:     0x63391e88aef6 - std[617be2ca0a6fd877]::panicking::default_hook::{closure#0}
[INFO] [stdout]    4:     0x63391e8a8a89 - std[617be2ca0a6fd877]::panicking::default_hook
[INFO] [stdout]    5:     0x63391e7bd130 - test[aada8e7e76ba119b]::test_main_inner::{closure#0}
[INFO] [stdout]    6:     0x63391e8a8db2 - std[617be2ca0a6fd877]::panicking::panic_with_hook
[INFO] [stdout]    7:     0x63391e88afa2 - std[617be2ca0a6fd877]::panicking::panic_handler::{closure#0}
[INFO] [stdout]    8:     0x63391e883a09 - std[617be2ca0a6fd877]::sys::backtrace::__rust_end_short_backtrace::<std[617be2ca0a6fd877]::panicking::panic_handler::{closure#0}, !>
[INFO] [stdout]    9:     0x63391e88bc4d - __rustc[ea4f61d10b84890b]::rust_begin_unwind
[INFO] [stdout]   10:     0x63391e8c683c - core[a373ad73a504971]::panicking::panic_fmt
[INFO] [stdout]   11:     0x63391e8c6612 - core[a373ad73a504971]::result::unwrap_failed
[INFO] [stdout]   12:     0x63391e7ac08b - cli_test[c745607a63a0b24d]::run_binary
[INFO] [stdout]   13:     0x63391e7ad806 - <cli_test[c745607a63a0b24d]::test_theme_flag_parsed::{closure#0} as core[a373ad73a504971]::ops::function::FnOnce<()>>::call_once
[INFO] [stdout]   14:     0x63391e7b057b - test[aada8e7e76ba119b]::__rust_begin_short_backtrace::<core[a373ad73a504971]::result::Result<(), alloc[2e1b2a31b91974c5]::string::String>, fn() -> core[a373ad73a504971]::result::Result<(), alloc[2e1b2a31b91974c5]::string::String>>
[INFO] [stdout]   15:     0x63391e7bd755 - test[aada8e7e76ba119b]::run_test::{closure#0}
[INFO] [stdout]   16:     0x63391e7b7044 - std[617be2ca0a6fd877]::sys::backtrace::__rust_begin_short_backtrace::<test[aada8e7e76ba119b]::run_test::{closure#1}, ()>
[INFO] [stdout]   17:     0x63391e7c07e2 - <std[617be2ca0a6fd877]::thread::lifecycle::spawn_unchecked<test[aada8e7e76ba119b]::run_test::{closure#1}, ()>::{closure#1} as core[a373ad73a504971]::ops::function::FnOnce<()>>::call_once::{shim:vtable#0}
[INFO] [stdout]   18:     0x63391e8b05ef - <std[617be2ca0a6fd877]::sys::thread::unix::Thread>::new::thread_start
[INFO] [stdout]   19:     0x7beed1036dfa - <unknown>
[INFO] [stdout]   20:     0x7beed10ca3d4 - clone
[INFO] [stdout]   21:                0x0 - <unknown>
[INFO] [stdout] 
[INFO] [stdout] ---- test_patch_reads_piped_diff stdout ----
[INFO] [stdout] 
[INFO] [stdout] thread 'test_patch_reads_piped_diff' (3296) panicked at tests/cli_test.rs:267:10:
[INFO] [stdout] Failed to spawn binary: Os { code: 2, kind: NotFound, message: "No such file or directory" }
[INFO] [stdout] stack backtrace:
[INFO] [stdout]    0:     0x63391e8b0f81 - <<std[617be2ca0a6fd877]::sys::backtrace::BacktraceLock>::print::DisplayBacktrace as core[a373ad73a504971]::fmt::Display>::fmt
[INFO] [stdout]    1:     0x63391e8c610a - core[a373ad73a504971]::fmt::write
[INFO] [stdout]    2:     0x63391e8b54dc - <alloc[2e1b2a31b91974c5]::vec::Vec<u8> as core[a373ad73a504971]::io::write::Write>::write_fmt
[INFO] [stdout]    3:     0x63391e88aef6 - std[617be2ca0a6fd877]::panicking::default_hook::{closure#0}
[INFO] [stdout]    4:     0x63391e8a8a89 - std[617be2ca0a6fd877]::panicking::default_hook
[INFO] [stdout]    5:     0x63391e7bd130 - test[aada8e7e76ba119b]::test_main_inner::{closure#0}
[INFO] [stdout]    6:     0x63391e8a8db2 - std[617be2ca0a6fd877]::panicking::panic_with_hook
[INFO] [stdout]    7:     0x63391e88afa2 - std[617be2ca0a6fd877]::panicking::panic_handler::{closure#0}
[INFO] [stdout]    8:     0x63391e883a09 - std[617be2ca0a6fd877]::sys::backtrace::__rust_end_short_backtrace::<std[617be2ca0a6fd877]::panicking::panic_handler::{closure#0}, !>
[INFO] [stdout]    9:     0x63391e88bc4d - __rustc[ea4f61d10b84890b]::rust_begin_unwind
[INFO] [stdout]   10:     0x63391e8c683c - core[a373ad73a504971]::panicking::panic_fmt
[INFO] [stdout]   11:     0x63391e8c6612 - core[a373ad73a504971]::result::unwrap_failed
[INFO] [stdout]   12:     0x63391e7ae10c - <cli_test[c745607a63a0b24d]::test_patch_reads_piped_diff::{closure#0} as core[a373ad73a504971]::ops::function::FnOnce<()>>::call_once
[INFO] [stdout]   13:     0x63391e7b057b - test[aada8e7e76ba119b]::__rust_begin_short_backtrace::<core[a373ad73a504971]::result::Result<(), alloc[2e1b2a31b91974c5]::string::String>, fn() -> core[a373ad73a504971]::result::Result<(), alloc[2e1b2a31b91974c5]::string::String>>
[INFO] [stdout]   14:     0x63391e7bd755 - test[aada8e7e76ba119b]::run_test::{closure#0}
[INFO] [stdout]   15:     0x63391e7b7044 - std[617be2ca0a6fd877]::sys::backtrace::__rust_begin_short_backtrace::<test[aada8e7e76ba119b]::run_test::{closure#1}, ()>
[INFO] [stdout]   16:     0x63391e7c07e2 - <std[617be2ca0a6fd877]::thread::lifecycle::spawn_unchecked<test[aada8e7e76ba119b]::run_test::{closure#1}, ()>::{closure#1} as core[a373ad73a504971]::ops::function::FnOnce<()>>::call_once::{shim:vtable#0}
[INFO] [stdout]   17:     0x63391e8b05ef - <std[617be2ca0a6fd877]::sys::thread::unix::Thread>::new::thread_start
[INFO] [stdout]   18:     0x7beed1036dfa - <unknown>
[INFO] [stdout]   19:     0x7beed10ca3d4 - clone
[INFO] [stdout]   20:                0x0 - <unknown>
[INFO] [stdout] 
[INFO] [stdout] ---- test_no_stage_flag stdout ----
[INFO] [stdout] 
[INFO] [stdout] thread 'test_no_stage_flag' (3285) panicked at tests/cli_test.rs:25:10:
[INFO] [stdout] Failed to execute binary: Os { code: 2, kind: NotFound, message: "No such file or directory" }
[INFO] [stdout] stack backtrace:
[INFO] [stdout]    0:     0x63391e8b0f81 - <<std[617be2ca0a6fd877]::sys::backtrace::BacktraceLock>::print::DisplayBacktrace as core[a373ad73a504971]::fmt::Display>::fmt
[INFO] [stdout]    1:     0x63391e8c610a - core[a373ad73a504971]::fmt::write
[INFO] [stdout]    2:     0x63391e8b54dc - <alloc[2e1b2a31b91974c5]::vec::Vec<u8> as core[a373ad73a504971]::io::write::Write>::write_fmt
[INFO] [stdout]    3:     0x63391e88aef6 - std[617be2ca0a6fd877]::panicking::default_hook::{closure#0}
[INFO] [stdout]    4:     0x63391e8a8a89 - std[617be2ca0a6fd877]::panicking::default_hook
[INFO] [stdout]    5:     0x63391e7bd130 - test[aada8e7e76ba119b]::test_main_inner::{closure#0}
[INFO] [stdout]    6:     0x63391e8a8db2 - std[617be2ca0a6fd877]::panicking::panic_with_hook
[INFO] [stdout]    7:     0x63391e88afa2 - std[617be2ca0a6fd877]::panicking::panic_handler::{closure#0}
[INFO] [stdout]    8:     0x63391e883a09 - std[617be2ca0a6fd877]::sys::backtrace::__rust_end_short_backtrace::<std[617be2ca0a6fd877]::panicking::panic_handler::{closure#0}, !>
[INFO] [stdout]    9:     0x63391e88bc4d - __rustc[ea4f61d10b84890b]::rust_begin_unwind
[INFO] [stdout]   10:     0x63391e8c683c - core[a373ad73a504971]::panicking::panic_fmt
[INFO] [stdout]   11:     0x63391e8c6612 - core[a373ad73a504971]::result::unwrap_failed
[INFO] [stdout]   12:     0x63391e7ac08b - cli_test[c745607a63a0b24d]::run_binary
[INFO] [stdout]   13:     0x63391e7acff6 - <cli_test[c745607a63a0b24d]::test_no_stage_flag::{closure#0} as core[a373ad73a504971]::ops::function::FnOnce<()>>::call_once
[INFO] [stdout]   14:     0x63391e7b057b - test[aada8e7e76ba119b]::__rust_begin_short_backtrace::<core[a373ad73a504971]::result::Result<(), alloc[2e1b2a31b91974c5]::string::String>, fn() -> core[a373ad73a504971]::result::Result<(), alloc[2e1b2a31b91974c5]::string::String>>
[INFO] [stdout]   15:     0x63391e7bd755 - test[aada8e7e76ba119b]::run_test::{closure#0}
[INFO] [stdout]   16:     0x63391e7b7044 - std[617be2ca0a6fd877]::sys::backtrace::__rust_begin_short_backtrace::<test[aada8e7e76ba119b]::run_test::{closure#1}, ()>
[INFO] [stdout]   17:     0x63391e7c07e2 - <std[617be2ca0a6fd877]::thread::lifecycle::spawn_unchecked<test[aada8e7e76ba119b]::run_test::{closure#1}, ()>::{closure#1} as core[a373ad73a504971]::ops::function::FnOnce<()>>::call_once::{shim:vtable#0}
[INFO] [stdout]   18:     0x63391e8b05ef - <std[617be2ca0a6fd877]::sys::thread::unix::Thread>::new::thread_start
[INFO] [stdout]   19:     0x7beed1036dfa - <unknown>
[INFO] [stdout]   20:     0x7beed10ca3d4 - clone
[INFO] [stdout]   21:                0x0 - <unknown>
[INFO] [stdout] 
[INFO] [stdout] ---- test_files_glob_filter stdout ----
[INFO] [stdout] 
[INFO] [stdout] thread 'test_files_glob_filter' (3282) panicked at tests/cli_test.rs:25:10:
[INFO] [stdout] Failed to execute binary: Os { code: 2, kind: NotFound, message: "No such file or directory" }
[INFO] [stdout] stack backtrace:
[INFO] [stdout]    0:     0x63391e8b0f81 - <<std[617be2ca0a6fd877]::sys::backtrace::BacktraceLock>::print::DisplayBacktrace as core[a373ad73a504971]::fmt::Display>::fmt
[INFO] [stdout]    1:     0x63391e8c610a - core[a373ad73a504971]::fmt::write
[INFO] [stdout]    2:     0x63391e8b54dc - <alloc[2e1b2a31b91974c5]::vec::Vec<u8> as core[a373ad73a504971]::io::write::Write>::write_fmt
[INFO] [stdout]    3:     0x63391e88aef6 - std[617be2ca0a6fd877]::panicking::default_hook::{closure#0}
[INFO] [stdout]    4:     0x63391e8a8a89 - std[617be2ca0a6fd877]::panicking::default_hook
[INFO] [stdout]    5:     0x63391e7bd130 - test[aada8e7e76ba119b]::test_main_inner::{closure#0}
[INFO] [stdout]    6:     0x63391e8a8db2 - std[617be2ca0a6fd877]::panicking::panic_with_hook
[INFO] [stdout]    7:     0x63391e88afa2 - std[617be2ca0a6fd877]::panicking::panic_handler::{closure#0}
[INFO] [stdout]    8:     0x63391e883a09 - std[617be2ca0a6fd877]::sys::backtrace::__rust_end_short_backtrace::<std[617be2ca0a6fd877]::panicking::panic_handler::{closure#0}, !>
[INFO] [stdout]    9:     0x63391e88bc4d - __rustc[ea4f61d10b84890b]::rust_begin_unwind
[INFO] [stdout]   10:     0x63391e8c683c - core[a373ad73a504971]::panicking::panic_fmt
[INFO] [stdout]   11:     0x63391e8c6612 - core[a373ad73a504971]::result::unwrap_failed
[INFO] [stdout]   12:     0x63391e7ac08b - cli_test[c745607a63a0b24d]::run_binary
[INFO] [stdout]   13:     0x63391e7ad546 - <cli_test[c745607a63a0b24d]::test_files_glob_filter::{closure#0} as core[a373ad73a504971]::ops::function::FnOnce<()>>::call_once
[INFO] [stdout]   14:     0x63391e7b057b - test[aada8e7e76ba119b]::__rust_begin_short_backtrace::<core[a373ad73a504971]::result::Result<(), alloc[2e1b2a31b91974c5]::string::String>, fn() -> core[a373ad73a504971]::result::Result<(), alloc[2e1b2a31b91974c5]::string::String>>
[INFO] [stdout]   15:     0x63391e7bd755 - test[aada8e7e76ba119b]::run_test::{closure#0}
[INFO] [stdout]   16:     0x63391e7b7044 - std[617be2ca0a6fd877]::sys::backtrace::__rust_begin_short_backtrace::<test[aada8e7e76ba119b]::run_test::{closure#1}, ()>
[INFO] [stdout]   17:     0x63391e7c07e2 - <std[617be2ca0a6fd877]::thread::lifecycle::spawn_unchecked<test[aada8e7e76ba119b]::run_test::{closure#1}, ()>::{closure#1} as core[a373ad73a504971]::ops::function::FnOnce<()>>::call_once::{shim:vtable#0}
[INFO] [stdout]   18:     0x63391e8b05ef - <std[617be2ca0a6fd877]::sys::thread::unix::Thread>::new::thread_start
[INFO] [stdout]   19:     0x7beed1036dfa - <unknown>
[INFO] [stdout]   20:     0x7beed10ca3d4 - clone
[INFO] [stdout]   21:                0x0 - <unknown>
[INFO] [stdout] 
[INFO] [stdout] ---- test_patch_and_spawn_rejected stdout ----
[INFO] [stdout] 
[INFO] [stdout] thread 'test_patch_and_spawn_rejected' (3288) panicked at tests/cli_test.rs:190:10:
[INFO] [stdout] Failed to execute binary: Os { code: 2, kind: NotFound, message: "No such file or directory" }
[INFO] [stdout] stack backtrace:
[INFO] [stdout]    0:     0x63391e8b0f81 - <<std[617be2ca0a6fd877]::sys::backtrace::BacktraceLock>::print::DisplayBacktrace as core[a373ad73a504971]::fmt::Display>::fmt
[INFO] [stdout]    1:     0x63391e8c610a - core[a373ad73a504971]::fmt::write
[INFO] [stdout]    2:     0x63391e8b54dc - <alloc[2e1b2a31b91974c5]::vec::Vec<u8> as core[a373ad73a504971]::io::write::Write>::write_fmt
[INFO] [stdout]    3:     0x63391e88aef6 - std[617be2ca0a6fd877]::panicking::default_hook::{closure#0}
[INFO] [stdout]    4:     0x63391e8a8a89 - std[617be2ca0a6fd877]::panicking::default_hook
[INFO] [stdout]    5:     0x63391e7bd130 - test[aada8e7e76ba119b]::test_main_inner::{closure#0}
[INFO] [stdout]    6:     0x63391e8a8db2 - std[617be2ca0a6fd877]::panicking::panic_with_hook
[INFO] [stdout]    7:     0x63391e88afa2 - std[617be2ca0a6fd877]::panicking::panic_handler::{closure#0}
[INFO] [stdout]    8:     0x63391e883a09 - std[617be2ca0a6fd877]::sys::backtrace::__rust_end_short_backtrace::<std[617be2ca0a6fd877]::panicking::panic_handler::{closure#0}, !>
[INFO] [stdout]    9:     0x63391e88bc4d - __rustc[ea4f61d10b84890b]::rust_begin_unwind
[INFO] [stdout]   10:     0x63391e8c683c - core[a373ad73a504971]::panicking::panic_fmt
[INFO] [stdout]   11:     0x63391e8c6612 - core[a373ad73a504971]::result::unwrap_failed
[INFO] [stdout]   12:     0x63391e7ae46d - <cli_test[c745607a63a0b24d]::test_patch_and_spawn_rejected::{closure#0} as core[a373ad73a504971]::ops::function::FnOnce<()>>::call_once
[INFO] [stdout]   13:     0x63391e7b057b - test[aada8e7e76ba119b]::__rust_begin_short_backtrace::<core[a373ad73a504971]::result::Result<(), alloc[2e1b2a31b91974c5]::string::String>, fn() -> core[a373ad73a504971]::result::Result<(), alloc[2e1b2a31b91974c5]::string::String>>
[INFO] [stdout]   14:     0x63391e7bd755 - test[aada8e7e76ba119b]::run_test::{closure#0}
[INFO] [stdout]   15:     0x63391e7b7044 - std[617be2ca0a6fd877]::sys::backtrace::__rust_begin_short_backtrace::<test[aada8e7e76ba119b]::run_test::{closure#1}, ()>
[INFO] [stdout]   16:     0x63391e7c07e2 - <std[617be2ca0a6fd877]::thread::lifecycle::spawn_unchecked<test[aada8e7e76ba119b]::run_test::{closure#1}, ()>::{closure#1} as core[a373ad73a504971]::ops::function::FnOnce<()>>::call_once::{shim:vtable#0}
[INFO] [stdout]   17:     0x63391e8b05ef - <std[617be2ca0a6fd877]::sys::thread::unix::Thread>::new::thread_start
[INFO] [stdout]   18:     0x7beed1036dfa - <unknown>
[INFO] [stdout]   19:     0x7beed10ca3d4 - clone
[INFO] [stdout]   20:                0x0 - <unknown>
[INFO] [stdout] 
[INFO] [stdout] ---- test_unknown_flag_rejected stdout ----
[INFO] [stdout] 
[INFO] [stdout] thread 'test_unknown_flag_rejected' (3299) panicked at tests/cli_test.rs:25:10:
[INFO] [stdout] Failed to execute binary: Os { code: 2, kind: NotFound, message: "No such file or directory" }
[INFO] [stdout] stack backtrace:
[INFO] [stdout]    0:     0x63391e8b0f81 - <<std[617be2ca0a6fd877]::sys::backtrace::BacktraceLock>::print::DisplayBacktrace as core[a373ad73a504971]::fmt::Display>::fmt
[INFO] [stdout]    1:     0x63391e8c610a - core[a373ad73a504971]::fmt::write
[INFO] [stdout]    2:     0x63391e8b54dc - <alloc[2e1b2a31b91974c5]::vec::Vec<u8> as core[a373ad73a504971]::io::write::Write>::write_fmt
[INFO] [stdout]    3:     0x63391e88aef6 - std[617be2ca0a6fd877]::panicking::default_hook::{closure#0}
[INFO] [stdout]    4:     0x63391e8a8a89 - std[617be2ca0a6fd877]::panicking::default_hook
[INFO] [stdout]    5:     0x63391e7bd130 - test[aada8e7e76ba119b]::test_main_inner::{closure#0}
[INFO] [stdout]    6:     0x63391e8a8db2 - std[617be2ca0a6fd877]::panicking::panic_with_hook
[INFO] [stdout]    7:     0x63391e88afa2 - std[617be2ca0a6fd877]::panicking::panic_handler::{closure#0}
[INFO] [stdout]    8:     0x63391e883a09 - std[617be2ca0a6fd877]::sys::backtrace::__rust_end_short_backtrace::<std[617be2ca0a6fd877]::panicking::panic_handler::{closure#0}, !>
[INFO] [stdout]    9:     0x63391e88bc4d - __rustc[ea4f61d10b84890b]::rust_begin_unwind
[INFO] [stdout]   10:     0x63391e8c683c - core[a373ad73a504971]::panicking::panic_fmt
[INFO] [stdout]   11:     0x63391e8c6612 - core[a373ad73a504971]::result::unwrap_failed
[INFO] [stdout]   12:     0x63391e7ac08b - cli_test[c745607a63a0b24d]::run_binary
[INFO] [stdout]   13:     0x63391e7add26 - <cli_test[c745607a63a0b24d]::test_unknown_flag_rejected::{closure#0} as core[a373ad73a504971]::ops::function::FnOnce<()>>::call_once
[INFO] [stdout]   14:     0x63391e7b057b - test[aada8e7e76ba119b]::__rust_begin_short_backtrace::<core[a373ad73a504971]::result::Result<(), alloc[2e1b2a31b91974c5]::string::String>, fn() -> core[a373ad73a504971]::result::Result<(), alloc[2e1b2a31b91974c5]::string::String>>
[INFO] [stdout]   15:     0x63391e7bd755 - test[aada8e7e76ba119b]::run_test::{closure#0}
[INFO] [stdout]   16:     0x63391e7b7044 - std[617be2ca0a6fd877]::sys::backtrace::__rust_begin_short_backtrace::<test[aada8e7e76ba119b]::run_test::{closure#1}, ()>
[INFO] [stdout]   17:     0x63391e7c07e2 - <std[617be2ca0a6fd877]::thread::lifecycle::spawn_unchecked<test[aada8e7e76ba119b]::run_test::{closure#1}, ()>::{closure#1} as core[a373ad73a504971]::ops::function::FnOnce<()>>::call_once::{shim:vtable#0}
[INFO] [stdout]   18:     0x63391e8b05ef - <std[617be2ca0a6fd877]::sys::thread::unix::Thread>::new::thread_start
[INFO] [stdout]   19:     0x7beed1036dfa - <unknown>
[INFO] [stdout]   20:     0x7beed10ca3d4 - clone
[INFO] [stdout]   21:                0x0 - <unknown>
[INFO] [stdout] 
[INFO] [stdout] ---- test_no_changes_message stdout ----
[INFO] [stdout] 
[INFO] [stdout] thread 'test_no_changes_message' (3284) panicked at tests/cli_test.rs:35:10:
[INFO] [stdout] Failed to execute binary: Os { code: 2, kind: NotFound, message: "No such file or directory" }
[INFO] [stdout] stack backtrace:
[INFO] [stdout]    0:     0x63391e8b0f81 - <<std[617be2ca0a6fd877]::sys::backtrace::BacktraceLock>::print::DisplayBacktrace as core[a373ad73a504971]::fmt::Display>::fmt
[INFO] [stdout]    1:     0x63391e8c610a - core[a373ad73a504971]::fmt::write
[INFO] [stdout]    2:     0x63391e8b54dc - <alloc[2e1b2a31b91974c5]::vec::Vec<u8> as core[a373ad73a504971]::io::write::Write>::write_fmt
[INFO] [stdout]    3:     0x63391e88aef6 - std[617be2ca0a6fd877]::panicking::default_hook::{closure#0}
[INFO] [stdout]    4:     0x63391e8a8a89 - std[617be2ca0a6fd877]::panicking::default_hook
[INFO] [stdout]    5:     0x63391e7bd130 - test[aada8e7e76ba119b]::test_main_inner::{closure#0}
[INFO] [stdout]    6:     0x63391e8a8db2 - std[617be2ca0a6fd877]::panicking::panic_with_hook
[INFO] [stdout]    7:     0x63391e88afa2 - std[617be2ca0a6fd877]::panicking::panic_handler::{closure#0}
[INFO] [stdout]    8:     0x63391e883a09 - std[617be2ca0a6fd877]::sys::backtrace::__rust_end_short_backtrace::<std[617be2ca0a6fd877]::panicking::panic_handler::{closure#0}, !>
[INFO] [stdout]    9:     0x63391e88bc4d - __rustc[ea4f61d10b84890b]::rust_begin_unwind
[INFO] [stdout]   10:     0x63391e8c683c - core[a373ad73a504971]::panicking::panic_fmt
[INFO] [stdout]   11:     0x63391e8c6612 - core[a373ad73a504971]::result::unwrap_failed
[INFO] [stdout]   12:     0x63391e7ac3d0 - cli_test[c745607a63a0b24d]::run_binary_in_dir
[INFO] [stdout]   13:     0x63391e7ad996 - <cli_test[c745607a63a0b24d]::test_no_changes_message::{closure#0} as core[a373ad73a504971]::ops::function::FnOnce<()>>::call_once
[INFO] [stdout]   14:     0x63391e7b057b - test[aada8e7e76ba119b]::__rust_begin_short_backtrace::<core[a373ad73a504971]::result::Result<(), alloc[2e1b2a31b91974c5]::string::String>, fn() -> core[a373ad73a504971]::result::Result<(), alloc[2e1b2a31b91974c5]::string::String>>
[INFO] [stdout]   15:     0x63391e7bd755 - test[aada8e7e76ba119b]::run_test::{closure#0}
[INFO] [stdout]   16:     0x63391e7b7044 - std[617be2ca0a6fd877]::sys::backtrace::__rust_begin_short_backtrace::<test[aada8e7e76ba119b]::run_test::{closure#1}, ()>
[INFO] [stdout]   17:     0x63391e7c07e2 - <std[617be2ca0a6fd877]::thread::lifecycle::spawn_unchecked<test[aada8e7e76ba119b]::run_test::{closure#1}, ()>::{closure#1} as core[a373ad73a504971]::ops::function::FnOnce<()>>::call_once::{shim:vtable#0}
[INFO] [stdout]   18:     0x63391e8b05ef - <std[617be2ca0a6fd877]::sys::thread::unix::Thread>::new::thread_start
[INFO] [stdout]   19:     0x7beed1036dfa - <unknown>
[INFO] [stdout]   20:     0x7beed10ca3d4 - clone
[INFO] [stdout]   21:                0x0 - <unknown>
[INFO] [stdout] 
[INFO] [stdout] ---- test_binary_file_skipped_via_glob stdout ----
[INFO] [stdout] 
[INFO] [stdout] thread 'test_binary_file_skipped_via_glob' (3281) panicked at tests/cli_test.rs:35:10:
[INFO] [stdout] Failed to execute binary: Os { code: 2, kind: NotFound, message: "No such file or directory" }
[INFO] [stdout] stack backtrace:
[INFO] [stdout]    0:     0x63391e8b0f81 - <<std[617be2ca0a6fd877]::sys::backtrace::BacktraceLock>::print::DisplayBacktrace as core[a373ad73a504971]::fmt::Display>::fmt
[INFO] [stdout]    1:     0x63391e8c610a - core[a373ad73a504971]::fmt::write
[INFO] [stdout]    2:     0x63391e8b54dc - <alloc[2e1b2a31b91974c5]::vec::Vec<u8> as core[a373ad73a504971]::io::write::Write>::write_fmt
[INFO] [stdout]    3:     0x63391e88aef6 - std[617be2ca0a6fd877]::panicking::default_hook::{closure#0}
[INFO] [stdout]    4:     0x63391e8a8a89 - std[617be2ca0a6fd877]::panicking::default_hook
[INFO] [stdout]    5:     0x63391e7bd130 - test[aada8e7e76ba119b]::test_main_inner::{closure#0}
[INFO] [stdout]    6:     0x63391e8a8db2 - std[617be2ca0a6fd877]::panicking::panic_with_hook
[INFO] [stdout]    7:     0x63391e88afa2 - std[617be2ca0a6fd877]::panicking::panic_handler::{closure#0}
[INFO] [stdout]    8:     0x63391e883a09 - std[617be2ca0a6fd877]::sys::backtrace::__rust_end_short_backtrace::<std[617be2ca0a6fd877]::panicking::panic_handler::{closure#0}, !>
[INFO] [stdout]    9:     0x63391e88bc4d - __rustc[ea4f61d10b84890b]::rust_begin_unwind
[INFO] [stdout]   10:     0x63391e8c683c - core[a373ad73a504971]::panicking::panic_fmt
[INFO] [stdout]   11:     0x63391e8c6612 - core[a373ad73a504971]::result::unwrap_failed
[INFO] [stdout]   12:     0x63391e7ac3d0 - cli_test[c745607a63a0b24d]::run_binary_in_dir
[INFO] [stdout]   13:     0x63391e7aea03 - <cli_test[c745607a63a0b24d]::test_binary_file_skipped_via_glob::{closure#0} as core[a373ad73a504971]::ops::function::FnOnce<()>>::call_once
[INFO] [stdout]   14:     0x63391e7b057b - test[aada8e7e76ba119b]::__rust_begin_short_backtrace::<core[a373ad73a504971]::result::Result<(), alloc[2e1b2a31b91974c5]::string::String>, fn() -> core[a373ad73a504971]::result::Result<(), alloc[2e1b2a31b91974c5]::string::String>>
[INFO] [stdout]   15:     0x63391e7bd755 - test[aada8e7e76ba119b]::run_test::{closure#0}
[INFO] [stdout]   16:     0x63391e7b7044 - std[617be2ca0a6fd877]::sys::backtrace::__rust_begin_short_backtrace::<test[aada8e7e76ba119b]::run_test::{closure#1}, ()>
[INFO] [stdout]   17:     0x63391e7c07e2 - <std[617be2ca0a6fd877]::thread::lifecycle::spawn_unchecked<test[aada8e7e76ba119b]::run_test::{closure#1}, ()>::{closure#1} as core[a373ad73a504971]::ops::function::FnOnce<()>>::call_once::{shim:vtable#0}
[INFO] [stdout]   18:     0x63391e8b05ef - <std[617be2ca0a6fd877]::sys::thread::unix::Thread>::new::thread_start
[INFO] [stdout]   19:     0x7beed1036dfa - <unknown>
[INFO] [stdout]   20:     0x7beed10ca3d4 - clone
[INFO] [stdout]   21:                0x0 - <unknown>
[INFO] [stdout] 
[INFO] [stdout] 
[INFO] [stdout] failures:
[INFO] [stdout]     test_binary_file_skipped_via_glob
[INFO] [stdout]     test_files_glob_filter
[INFO] [stdout]     test_help_flag
[INFO] [stdout]     test_no_changes_message
[INFO] [stdout]     test_no_stage_flag
[INFO] [stdout]     test_not_a_repo_error
[INFO] [stdout]     test_output_flag_parsed
[INFO] [stdout]     test_patch_and_spawn_rejected
[INFO] [stdout]     test_patch_empty_diff_from_stdin
[INFO] [stdout]     test_patch_flag_parsed
[INFO] [stdout]     test_patch_reads_piped_diff
[INFO] [stdout]     test_theme_flag_parsed
[INFO] [stdout]     test_unknown_flag_rejected
[INFO] [stdout] 
[INFO] [stdout] test result: FAILED. 0 passed; 13 failed; 0 ignored; 0 measured; 0 filtered out; finished in 0.06s
[INFO] [stdout] 
[INFO] [stderr] error: test failed, to rerun pass `--test cli_test`
[INFO] running `Command { std: "docker" "inspect" "b36f0668f71c1e10042b36147829d93a21acf3b6ddf558ac098f478cf164d07e", kill_on_drop: false }`
[INFO] running `Command { std: "docker" "rm" "-f" "b36f0668f71c1e10042b36147829d93a21acf3b6ddf558ac098f478cf164d07e", kill_on_drop: false }`
[INFO] [stdout] b36f0668f71c1e10042b36147829d93a21acf3b6ddf558ac098f478cf164d07e
