[INFO] cloning repository https://github.com/kaicoh/awscli-mfa
[INFO] running `Command { std: "git" "-c" "credential.helper=" "-c" "credential.helper=/workspace/cargo-home/bin/git-credential-null" "clone" "--bare" "https://github.com/kaicoh/awscli-mfa" "/workspace/cache/git-repos/https%3A%2F%2Fgithub.com%2Fkaicoh%2Fawscli-mfa", kill_on_drop: false }`
[INFO] [stderr] Cloning into bare repository '/workspace/cache/git-repos/https%3A%2F%2Fgithub.com%2Fkaicoh%2Fawscli-mfa'...
[INFO] running `Command { std: "git" "rev-parse" "HEAD", kill_on_drop: false }`
[INFO] [stdout] a1e04175cf9a7ef7093c08d737c4b9527680f31b
[INFO] testing kaicoh/awscli-mfa against 1.99.0-beta.8+cargoflags=--release for beta-release-1.100-2
[INFO] running `Command { std: "git" "clone" "/workspace/cache/git-repos/https%3A%2F%2Fgithub.com%2Fkaicoh%2Fawscli-mfa" "/workspace/builds/worker-7-tc1/source", kill_on_drop: false }`
[INFO] [stderr] Cloning into '/workspace/builds/worker-7-tc1/source'...
[INFO] [stderr] done.
[INFO] started tweaking git repo https://github.com/kaicoh/awscli-mfa
[INFO] finished tweaking git repo https://github.com/kaicoh/awscli-mfa
[INFO] tweaked toml for git repo https://github.com/kaicoh/awscli-mfa written to /workspace/builds/worker-7-tc1/source/Cargo.toml
[INFO] validating manifest of git repo https://github.com/kaicoh/awscli-mfa on toolchain 1.99.0-beta.8
[INFO] running `Command { std: CARGO_HOME="/workspace/cargo-home" RUSTUP_HOME="/workspace/rustup-home" "/workspace/cargo-home/bin/cargo" "+1.99.0-beta.8" "metadata" "--manifest-path" "Cargo.toml" "--no-deps", kill_on_drop: false }`
[INFO] crate git repo https://github.com/kaicoh/awscli-mfa already has a lockfile, it will not be regenerated
[INFO] running `Command { std: CARGO_HOME="/workspace/cargo-home" RUSTUP_HOME="/workspace/rustup-home" "/workspace/cargo-home/bin/cargo" "+1.99.0-beta.8" "fetch" "--manifest-path" "Cargo.toml", kill_on_drop: false }`
[INFO] [stderr]  Downloading crates ...
[INFO] [stderr]   Downloaded base32 v0.4.0
[INFO] [stderr]   Downloaded serde_yaml v0.9.17
[INFO] [stderr]   Downloaded constant_time_eq v0.2.4
[INFO] [stderr]   Downloaded unsafe-libyaml v0.2.5
[INFO] [stderr]   Downloaded totp-rs v4.2.0
[INFO] [stderr]   Downloaded io-lifetimes v1.0.4
[INFO] [stderr]   Downloaded aws-smithy-async v0.54.2
[INFO] [stderr]   Downloaded x11-clipboard v0.7.0
[INFO] [stderr]   Downloaded aws-smithy-types v0.54.2
[INFO] [stderr]   Downloaded aws-smithy-http-tower v0.54.2
[INFO] [stderr]   Downloaded aws-smithy-xml v0.54.2
[INFO] [stderr]   Downloaded aws-smithy-query v0.54.2
[INFO] [stderr]   Downloaded is-terminal v0.4.2
[INFO] [stderr]   Downloaded cxxbridge-flags v1.0.90
[INFO] [stderr]   Downloaded cli-clipboard v0.4.0
[INFO] [stderr]   Downloaded os_pipe v1.1.3
[INFO] [stderr]   Downloaded aws-smithy-json v0.54.2
[INFO] [stderr]   Downloaded wl-clipboard-rs v0.7.0
[INFO] [stderr]   Downloaded aws-smithy-client v0.54.2
[INFO] [stderr]   Downloaded aws-smithy-http v0.54.2
[INFO] [stderr]   Downloaded cxxbridge-macro v1.0.90
[INFO] [stderr]   Downloaded cxx-build v1.0.90
[INFO] [stderr]   Downloaded tokio-util v0.7.6
[INFO] [stderr]   Downloaded rustix v0.36.7
[INFO] [stderr]   Downloaded cxx v1.0.90
[INFO] running `Command { std: "docker" "create" "-v" "/var/lib/crater-agent-workspace/builds/worker-7-tc1/source:/opt/rustwide/workdir:ro,Z" "-v" "/var/lib/crater-agent-workspace/builds/worker-7-tc1/target:/opt/rustwide/target:rw,Z" "-v" "/var/lib/crater-agent-workspace/cargo-home:/opt/rustwide/cargo-home:ro,Z" "-v" "/var/lib/crater-agent-workspace/rustup-home:/opt/rustwide/rustup-home:ro,Z" "-m" "1610612736" "--network" "none" "ghcr.io/rust-lang/crates-build-env/linux@sha256:77db811e55d90add9212f6832c23229e3de5f1c1f9905e8cb07319ea15df73ac" "sleep" "infinity", kill_on_drop: false }`
[INFO] [stdout] ec29f1e1e5ce488c53ce4a4ce554ed18967d1c8d47fc6f4586ad7b1abc2d3093
[INFO] running `Command { std: "docker" "start" "ec29f1e1e5ce488c53ce4a4ce554ed18967d1c8d47fc6f4586ad7b1abc2d3093", kill_on_drop: false }`
[INFO] running `Command { std: "docker" "inspect" "ec29f1e1e5ce488c53ce4a4ce554ed18967d1c8d47fc6f4586ad7b1abc2d3093", kill_on_drop: false }`
[INFO] running `Command { std: "docker" "exec" "-e" "SOURCE_DIR=/opt/rustwide/workdir" "-e" "CARGO_HOME=/opt/rustwide/cargo-home" "-e" "RUSTUP_HOME=/opt/rustwide/rustup-home" "-e" "CARGO_TARGET_DIR=/opt/rustwide/target" "-w" "/opt/rustwide/workdir" "--user" "0:0" "ec29f1e1e5ce488c53ce4a4ce554ed18967d1c8d47fc6f4586ad7b1abc2d3093" "/opt/rustwide/cargo-home/bin/cargo" "+1.99.0-beta.8" "metadata" "--no-deps" "--format-version=1", kill_on_drop: false }`
[INFO] running `Command { std: "docker" "inspect" "ec29f1e1e5ce488c53ce4a4ce554ed18967d1c8d47fc6f4586ad7b1abc2d3093", kill_on_drop: false }`
[INFO] running `Command { std: "docker" "exec" "-e" "SOURCE_DIR=/opt/rustwide/workdir" "-e" "CARGO_HOME=/opt/rustwide/cargo-home" "-e" "RUSTUP_HOME=/opt/rustwide/rustup-home" "-e" "CARGO_TARGET_DIR=/opt/rustwide/target" "-e" "CARGO_INCREMENTAL=0" "-e" "RUST_BACKTRACE=full" "-e" "RUSTFLAGS=--cap-lints=warn" "-e" "RUSTDOCFLAGS=--cap-lints=warn" "-w" "/opt/rustwide/workdir" "--user" "0:0" "ec29f1e1e5ce488c53ce4a4ce554ed18967d1c8d47fc6f4586ad7b1abc2d3093" "/opt/rustwide/cargo-home/bin/cargo" "+1.99.0-beta.8" "build" "--frozen" "--message-format=json" "--release", kill_on_drop: false }`
[INFO] [stderr]    Compiling tokio v1.25.0
[INFO] [stderr]    Compiling indexmap v1.9.2
[INFO] [stderr]    Compiling num-traits v0.2.15
[INFO] [stderr]    Compiling futures-util v0.3.26
[INFO] [stderr]    Compiling num-integer v0.1.45
[INFO] [stderr]    Compiling parking_lot_core v0.9.7
[INFO] [stderr]    Compiling mio v0.8.5
[INFO] [stderr]    Compiling outref v0.1.0
[INFO] [stderr]    Compiling ryu v1.0.12
[INFO] [stderr]    Compiling ring v0.16.20
[INFO] [stderr]    Compiling http v0.2.8
[INFO] [stderr]    Compiling time v0.3.17
[INFO] [stderr]    Compiling futures-channel v0.3.26
[INFO] [stderr]    Compiling tracing v0.1.37
[INFO] [stderr]    Compiling want v0.3.0
[INFO] [stderr]    Compiling semver v1.0.16
[INFO] [stderr]    Compiling simd-abstraction v0.7.1
[INFO] [stderr]    Compiling rustls v0.20.8
[INFO] [stderr]    Compiling bytes-utils v0.1.3
[INFO] [stderr]    Compiling pin-project-internal v1.0.12
[INFO] [stderr]    Compiling parking_lot v0.12.1
[INFO] [stderr]    Compiling base64-simd v0.7.0
[INFO] [stderr]    Compiling crypto-common v0.1.6
[INFO] [stderr]    Compiling wayland-scanner v0.29.5
[INFO] [stderr]    Compiling digest v0.10.6
[INFO] [stderr]    Compiling nix v0.24.3
[INFO] [stderr]    Compiling zeroize v1.5.7
[INFO] [stderr]    Compiling rustc_version v0.4.0
[INFO] [stderr]    Compiling wayland-sys v0.29.5
[INFO] [stderr]    Compiling aho-corasick v0.7.20
[INFO] [stderr]    Compiling hmac v0.12.1
[INFO] [stderr]    Compiling sha2 v0.10.6
[INFO] [stderr]    Compiling io-lifetimes v1.0.4
[INFO] [stderr]    Compiling rustix v0.36.7
[INFO] [stderr]    Compiling aws-types v0.54.1
[INFO] [stderr]    Compiling petgraph v0.6.3
[INFO] [stderr]    Compiling gethostname v0.2.3
[INFO] [stderr]    Compiling serde v1.0.152
[INFO] [stderr]    Compiling xmlparser v0.13.5
[INFO] [stderr]    Compiling urlencoding v2.1.2
[INFO] [stderr]    Compiling pin-project v1.0.12
[INFO] [stderr]    Compiling derive-new v0.5.9
[INFO] [stderr]    Compiling os_pipe v1.1.3
[INFO] [stderr]    Compiling heck v0.4.0
[INFO] [stderr]    Compiling aws-smithy-xml v0.54.2
[INFO] [stderr]    Compiling wayland-client v0.29.5
[INFO] [stderr]    Compiling http-body v0.4.5
[INFO] [stderr]    Compiling regex v1.7.1
[INFO] [stderr]    Compiling aws-smithy-types v0.54.2
[INFO] [stderr]    Compiling wayland-protocols v0.29.5
[INFO] [stderr]    Compiling clap_derive v4.1.0
[INFO] [stderr]    Compiling aws-smithy-json v0.54.2
[INFO] [stderr]    Compiling aws-smithy-query v0.54.2
[INFO] [stderr]    Compiling is-terminal v0.4.2
[INFO] [stderr]    Compiling sha1 v0.10.5
[INFO] [stderr]    Compiling time v0.1.45
[INFO] [stderr]    Compiling iana-time-zone v0.1.53
[INFO] [stderr]    Compiling base32 v0.4.0
[INFO] [stderr]    Compiling constant_time_eq v0.2.4
[INFO] [stderr]    Compiling unsafe-libyaml v0.2.5
[INFO] [stderr]    Compiling totp-rs v4.2.0
[INFO] [stderr]    Compiling chrono v0.4.23
[INFO] [stderr]    Compiling tree_magic_mini v3.0.3
[INFO] [stderr]    Compiling clap v4.1.4
[INFO] [stderr]    Compiling serde_yaml v0.9.17
[INFO] [stderr]    Compiling wayland-commons v0.29.5
[INFO] [stderr]    Compiling x11rb-protocol v0.10.0
[INFO] [stderr]    Compiling tokio-util v0.7.6
[INFO] [stderr]    Compiling tokio-stream v0.1.11
[INFO] [stderr]    Compiling tower v0.4.13
[INFO] [stderr]    Compiling aws-smithy-async v0.54.2
[INFO] [stderr]    Compiling aws-credential-types v0.54.1
[INFO] [stderr]    Compiling h2 v0.3.15
[INFO] [stderr]    Compiling sct v0.7.0
[INFO] [stderr]    Compiling webpki v0.22.0
[INFO] [stderr]    Compiling tokio-rustls v0.23.4
[INFO] [stderr]    Compiling hyper v0.14.24
[INFO] [stderr]    Compiling x11rb v0.10.1
[INFO] [stderr]    Compiling x11-clipboard v0.7.0
[INFO] [stderr]    Compiling aws-smithy-http v0.54.2
[INFO] [stderr]    Compiling hyper-rustls v0.23.2
[INFO] [stderr]    Compiling aws-smithy-http-tower v0.54.2
[INFO] [stderr]    Compiling aws-sigv4 v0.54.1
[INFO] [stderr]    Compiling aws-smithy-client v0.54.2
[INFO] [stderr]    Compiling aws-sig-auth v0.54.1
[INFO] [stderr]    Compiling aws-http v0.54.1
[INFO] [stderr]    Compiling aws-endpoint v0.54.1
[INFO] [stderr]    Compiling aws-sdk-sts v0.24.0
[INFO] [stderr]    Compiling aws-sdk-sso v0.24.0
[INFO] [stderr]    Compiling wl-clipboard-rs v0.7.0
[INFO] [stderr]    Compiling cli-clipboard v0.4.0
[INFO] [stderr]    Compiling aws-config v0.54.1
[INFO] [stderr]    Compiling awsmfa v0.3.2 (/opt/rustwide/workdir)
[INFO] [stderr]     Finished `release` profile [optimized] target(s) in 2m 58s
[INFO] [stderr] warning: the following packages contain code that will be rejected by a future version of Rust: wl-clipboard-rs v0.7.0
[INFO] [stderr] note: to see what the problems were, use the option `--future-incompat-report`, or run `cargo report future-incompatibilities --id 6`
[INFO] running `Command { std: "docker" "inspect" "ec29f1e1e5ce488c53ce4a4ce554ed18967d1c8d47fc6f4586ad7b1abc2d3093", kill_on_drop: false }`
[INFO] running `Command { std: "docker" "exec" "-e" "SOURCE_DIR=/opt/rustwide/workdir" "-e" "CARGO_HOME=/opt/rustwide/cargo-home" "-e" "RUSTUP_HOME=/opt/rustwide/rustup-home" "-e" "CARGO_TARGET_DIR=/opt/rustwide/target" "-e" "CARGO_INCREMENTAL=0" "-e" "RUST_BACKTRACE=full" "-e" "RUSTFLAGS=--cap-lints=warn" "-e" "RUSTDOCFLAGS=--cap-lints=warn" "-w" "/opt/rustwide/workdir" "--user" "0:0" "ec29f1e1e5ce488c53ce4a4ce554ed18967d1c8d47fc6f4586ad7b1abc2d3093" "/opt/rustwide/cargo-home/bin/cargo" "+1.99.0-beta.8" "test" "--frozen" "--no-run" "--message-format=json" "--release", kill_on_drop: false }`
[INFO] [stderr]    Compiling awsmfa v0.3.2 (/opt/rustwide/workdir)
[INFO] [stderr]     Finished `release` profile [optimized] target(s) in 2.38s
[INFO] [stderr] warning: the following packages contain code that will be rejected by a future version of Rust: wl-clipboard-rs v0.7.0
[INFO] [stderr] note: to see what the problems were, use the option `--future-incompat-report`, or run `cargo report future-incompatibilities --id 6`
[INFO] running `Command { std: "docker" "inspect" "ec29f1e1e5ce488c53ce4a4ce554ed18967d1c8d47fc6f4586ad7b1abc2d3093", kill_on_drop: false }`
[INFO] running `Command { std: "docker" "exec" "-e" "SOURCE_DIR=/opt/rustwide/workdir" "-e" "CARGO_HOME=/opt/rustwide/cargo-home" "-e" "RUSTUP_HOME=/opt/rustwide/rustup-home" "-e" "CARGO_TARGET_DIR=/opt/rustwide/target" "-e" "CARGO_INCREMENTAL=0" "-e" "RUST_BACKTRACE=full" "-e" "RUSTFLAGS=--cap-lints=warn" "-e" "RUSTDOCFLAGS=--cap-lints=warn" "-w" "/opt/rustwide/workdir" "--user" "0:0" "ec29f1e1e5ce488c53ce4a4ce554ed18967d1c8d47fc6f4586ad7b1abc2d3093" "/opt/rustwide/cargo-home/bin/cargo" "+1.99.0-beta.8" "test" "--frozen" "--release", kill_on_drop: false }`
[INFO] [stderr]     Finished `release` profile [optimized] target(s) in 0.20s
[INFO] [stderr] warning: the following packages contain code that will be rejected by a future version of Rust: wl-clipboard-rs v0.7.0
[INFO] [stderr] note: to see what the problems were, use the option `--future-incompat-report`, or run `cargo report future-incompatibilities --id 6`
[INFO] [stderr]      Running unittests src/lib.rs (/opt/rustwide/target/release/deps/awsmfa-d5dfea37319429b9)
[INFO] [stdout] 
[INFO] [stdout] running 20 tests
[INFO] [stdout] test aws::base::profile::tests::it_removes_value ... ok
[INFO] [stdout] test aws::base::profile::tests::it_sets_value ... ok
[INFO] [stdout] test config::tests::it_gets_secret ... ok
[INFO] [stdout] test aws::credentials::tests::it_sets_profile_from_sts_credentials ... ok
[INFO] [stdout] test aws::config::tests::it_copies_profile_without_mfa_serial ... ok
[INFO] [stdout] test aws::base::file::tests::conf_file::it_regards_same_if_profiles_is_matched ... ok
[INFO] [stdout] test aws::credentials::tests::it_loads_credentials ... ok
[INFO] [stdout] test aws::base::file::tests::conf_file::it_loads_config_file ... ok
[INFO] [stdout] test aws::base::profile::tests::it_formats_to_string ... ok
[INFO] [stdout] test aws::base::profile::tests::it_gets_value_from_key ... ok
[INFO] [stdout] test aws::base::file::tests::conf_file::it_sets_new_profile ... ok
[INFO] [stdout] test config::tests::it_init_config_when_notfound ... ok
[INFO] [stdout] test config::tests::it_reads_config ... ok
[INFO] [stdout] test aws::base::profile::tests::it_equals_when_profile_and_key_values_are_all_matched ... ok
[INFO] [stdout] test config::tests::it_sets_new_device ... ok
[INFO] [stdout] test aws::config::tests::it_gets_mfa_serial_from_profile ... ok
[INFO] [stdout] test aws::base::file::tests::conf_file::it_writes_to_file ... FAILED
[INFO] [stdout] test aws::credentials::tests::it_writes_to_file ... FAILED
[INFO] [stdout] test config::tests::it_writes_contents ... FAILED
[INFO] [stdout] test aws::config::tests::it_writes_to_file ... FAILED
[INFO] [stdout] 
[INFO] [stdout] failures:
[INFO] [stdout] 
[INFO] [stdout] ---- aws::base::file::tests::conf_file::it_writes_to_file stdout ----
[INFO] [stdout] 
[INFO] [stdout] thread 'aws::base::file::tests::conf_file::it_writes_to_file' (8725) panicked at src/aws/base/file.rs:267:13:
[INFO] [stdout] assertion failed: result.is_ok()
[INFO] [stdout] stack backtrace:
[INFO] [stdout]    0:     0x585723c58fd1 - <<std[70759c8f55707aa4]::sys::backtrace::BacktraceLock>::print::DisplayBacktrace as core[df12db4294e9bfd3]::fmt::Display>::fmt
[INFO] [stdout]    1:     0x585723c6efba - core[df12db4294e9bfd3]::fmt::write
[INFO] [stdout]    2:     0x585723c5d59c - <alloc[2182bb758b4b3781]::vec::Vec<u8> as core[df12db4294e9bfd3]::io::write::Write>::write_fmt
[INFO] [stdout]    3:     0x585723c34ed6 - std[70759c8f55707aa4]::panicking::default_hook::{closure#0}
[INFO] [stdout]    4:     0x585723c511d9 - std[70759c8f55707aa4]::panicking::default_hook
[INFO] [stdout]    5:     0x585723b73910 - test[9d35eded1c95d3be]::test_main_inner::<test[9d35eded1c95d3be]::test_main_static::{closure#0}>::{closure#0}
[INFO] [stdout]    6:     0x585723c51392 - std[70759c8f55707aa4]::panicking::panic_with_hook
[INFO] [stdout]    7:     0x585723c34fb4 - std[70759c8f55707aa4]::panicking::panic_handler::{closure#0}
[INFO] [stdout]    8:     0x585723c2db49 - std[70759c8f55707aa4]::sys::backtrace::__rust_end_short_backtrace::<std[70759c8f55707aa4]::panicking::panic_handler::{closure#0}, !>
[INFO] [stdout]    9:     0x585723c35b7d - __rustc[8fa7c3cbc660c2b3]::rust_begin_unwind
[INFO] [stdout]   10:     0x585723c6f71c - core[df12db4294e9bfd3]::panicking::panic_fmt
[INFO] [stdout]   11:     0x585723c6f6e2 - core[df12db4294e9bfd3]::panicking::panic
[INFO] [stdout]   12:     0x585723b3fb93 - awsmfa[3234801b46ea26d0]::aws::base::file::tests::conf_file::it_writes_to_file
[INFO] [stdout]   13:     0x585723b46949 - <awsmfa[3234801b46ea26d0]::aws::base::file::tests::conf_file::it_writes_to_file::{closure#0} as core[df12db4294e9bfd3]::ops::function::FnOnce<()>>::call_once
[INFO] [stdout]   14:     0x585723b66bfb - test[9d35eded1c95d3be]::__rust_begin_short_backtrace::<core[df12db4294e9bfd3]::result::Result<(), alloc[2182bb758b4b3781]::string::String>, fn() -> core[df12db4294e9bfd3]::result::Result<(), alloc[2182bb758b4b3781]::string::String>>
[INFO] [stdout]   15:     0x585723b74265 - test[9d35eded1c95d3be]::run_test::{closure#0}
[INFO] [stdout]   16:     0x585723b6db24 - std[70759c8f55707aa4]::sys::backtrace::__rust_begin_short_backtrace::<test[9d35eded1c95d3be]::run_test::{closure#1}, ()>
[INFO] [stdout]   17:     0x585723b773c2 - <std[70759c8f55707aa4]::thread::lifecycle::spawn_unchecked<test[9d35eded1c95d3be]::run_test::{closure#1}, ()>::{closure#1} as core[df12db4294e9bfd3]::ops::function::FnOnce<()>>::call_once::{shim:vtable#0}
[INFO] [stdout]   18:     0x585723c58349 - <std[70759c8f55707aa4]::sys::thread::unix::Thread>::new::thread_start
[INFO] [stdout]   19:     0x766492c95dfa - <unknown>
[INFO] [stdout]   20:     0x766492d293d4 - clone
[INFO] [stdout]   21:                0x0 - <unknown>
[INFO] [stdout] 
[INFO] [stdout] ---- aws::credentials::tests::it_writes_to_file stdout ----
[INFO] [stdout] 
[INFO] [stdout] thread 'aws::credentials::tests::it_writes_to_file' (8736) panicked at src/aws/credentials.rs:114:9:
[INFO] [stdout] assertion failed: result.is_ok()
[INFO] [stdout] stack backtrace:
[INFO] [stdout]    0:     0x585723c58fd1 - <<std[70759c8f55707aa4]::sys::backtrace::BacktraceLock>::print::DisplayBacktrace as core[df12db4294e9bfd3]::fmt::Display>::fmt
[INFO] [stdout]    1:     0x585723c6efba - core[df12db4294e9bfd3]::fmt::write
[INFO] [stdout]    2:     0x585723c5d59c - <alloc[2182bb758b4b3781]::vec::Vec<u8> as core[df12db4294e9bfd3]::io::write::Write>::write_fmt
[INFO] [stdout]    3:     0x585723c34ed6 - std[70759c8f55707aa4]::panicking::default_hook::{closure#0}
[INFO] [stdout]    4:     0x585723c511d9 - std[70759c8f55707aa4]::panicking::default_hook
[INFO] [stdout]    5:     0x585723b73910 - test[9d35eded1c95d3be]::test_main_inner::<test[9d35eded1c95d3be]::test_main_static::{closure#0}>::{closure#0}
[INFO] [stdout]    6:     0x585723c51392 - std[70759c8f55707aa4]::panicking::panic_with_hook
[INFO] [stdout]    7:     0x585723c34fb4 - std[70759c8f55707aa4]::panicking::panic_handler::{closure#0}
[INFO] [stdout]    8:     0x585723c2db49 - std[70759c8f55707aa4]::sys::backtrace::__rust_end_short_backtrace::<std[70759c8f55707aa4]::panicking::panic_handler::{closure#0}, !>
[INFO] [stdout]    9:     0x585723c35b7d - __rustc[8fa7c3cbc660c2b3]::rust_begin_unwind
[INFO] [stdout]   10:     0x585723c6f71c - core[df12db4294e9bfd3]::panicking::panic_fmt
[INFO] [stdout]   11:     0x585723c6f6e2 - core[df12db4294e9bfd3]::panicking::panic
[INFO] [stdout]   12:     0x585723b4605e - <awsmfa[3234801b46ea26d0]::aws::credentials::tests::it_writes_to_file::{closure#0} as core[df12db4294e9bfd3]::ops::function::FnOnce<()>>::call_once
[INFO] [stdout]   13:     0x585723b66bfb - test[9d35eded1c95d3be]::__rust_begin_short_backtrace::<core[df12db4294e9bfd3]::result::Result<(), alloc[2182bb758b4b3781]::string::String>, fn() -> core[df12db4294e9bfd3]::result::Result<(), alloc[2182bb758b4b3781]::string::String>>
[INFO] [stdout]   14:     0x585723b74265 - test[9d35eded1c95d3be]::run_test::{closure#0}
[INFO] [stdout]   15:     0x585723b6db24 - std[70759c8f55707aa4]::sys::backtrace::__rust_begin_short_backtrace::<test[9d35eded1c95d3be]::run_test::{closure#1}, ()>
[INFO] [stdout]   16:     0x585723b773c2 - <std[70759c8f55707aa4]::thread::lifecycle::spawn_unchecked<test[9d35eded1c95d3be]::run_test::{closure#1}, ()>::{closure#1} as core[df12db4294e9bfd3]::ops::function::FnOnce<()>>::call_once::{shim:vtable#0}
[INFO] [stdout]   17:     0x585723c58349 - <std[70759c8f55707aa4]::sys::thread::unix::Thread>::new::thread_start
[INFO] [stdout]   18:     0x766492c95dfa - <unknown>
[INFO] [stdout]   19:     0x766492d293d4 - clone
[INFO] [stdout]   20:                0x0 - <unknown>
[INFO] [stdout] 
[INFO] [stdout] ---- config::tests::it_writes_contents stdout ----
[INFO] [stdout] 
[INFO] [stdout] thread 'config::tests::it_writes_contents' (8741) panicked at src/config.rs:171:14:
[INFO] [stdout] called `Result::unwrap()` on an `Err` value: Read-only file system (os error 30)
[INFO] [stdout] stack backtrace:
[INFO] [stdout]    0:     0x585723c58fd1 - <<std[70759c8f55707aa4]::sys::backtrace::BacktraceLock>::print::DisplayBacktrace as core[df12db4294e9bfd3]::fmt::Display>::fmt
[INFO] [stdout]    1:     0x585723c6efba - core[df12db4294e9bfd3]::fmt::write
[INFO] [stdout]    2:     0x585723c5d59c - <alloc[2182bb758b4b3781]::vec::Vec<u8> as core[df12db4294e9bfd3]::io::write::Write>::write_fmt
[INFO] [stdout]    3:     0x585723c34ed6 - std[70759c8f55707aa4]::panicking::default_hook::{closure#0}
[INFO] [stdout]    4:     0x585723c511d9 - std[70759c8f55707aa4]::panicking::default_hook
[INFO] [stdout]    5:     0x585723b73910 - test[9d35eded1c95d3be]::test_main_inner::<test[9d35eded1c95d3be]::test_main_static::{closure#0}>::{closure#0}
[INFO] [stdout]    6:     0x585723c51392 - std[70759c8f55707aa4]::panicking::panic_with_hook
[INFO] [stdout]    7:     0x585723c34f82 - std[70759c8f55707aa4]::panicking::panic_handler::{closure#0}
[INFO] [stdout]    8:     0x585723c2db49 - std[70759c8f55707aa4]::sys::backtrace::__rust_end_short_backtrace::<std[70759c8f55707aa4]::panicking::panic_handler::{closure#0}, !>
[INFO] [stdout]    9:     0x585723c35b7d - __rustc[8fa7c3cbc660c2b3]::rust_begin_unwind
[INFO] [stdout]   10:     0x585723c6f71c - core[df12db4294e9bfd3]::panicking::panic_fmt
[INFO] [stdout]   11:     0x585723c6f4f2 - core[df12db4294e9bfd3]::result::unwrap_failed
[INFO] [stdout]   12:     0x585723b3dfc5 - awsmfa[3234801b46ea26d0]::config::tests::it_writes_contents
[INFO] [stdout]   13:     0x585723b45dc9 - <awsmfa[3234801b46ea26d0]::config::tests::it_writes_contents::{closure#0} as core[df12db4294e9bfd3]::ops::function::FnOnce<()>>::call_once
[INFO] [stdout]   14:     0x585723b66bfb - test[9d35eded1c95d3be]::__rust_begin_short_backtrace::<core[df12db4294e9bfd3]::result::Result<(), alloc[2182bb758b4b3781]::string::String>, fn() -> core[df12db4294e9bfd3]::result::Result<(), alloc[2182bb758b4b3781]::string::String>>
[INFO] [stdout]   15:     0x585723b74265 - test[9d35eded1c95d3be]::run_test::{closure#0}
[INFO] [stdout]   16:     0x585723b6db24 - std[70759c8f55707aa4]::sys::backtrace::__rust_begin_short_backtrace::<test[9d35eded1c95d3be]::run_test::{closure#1}, ()>
[INFO] [stdout]   17:     0x585723b773c2 - <std[70759c8f55707aa4]::thread::lifecycle::spawn_unchecked<test[9d35eded1c95d3be]::run_test::{closure#1}, ()>::{closure#1} as core[df12db4294e9bfd3]::ops::function::FnOnce<()>>::call_once::{shim:vtable#0}
[INFO] [stdout]   18:     0x585723c58349 - <std[70759c8f55707aa4]::sys::thread::unix::Thread>::new::thread_start
[INFO] [stdout]   19:     0x766492c95dfa - <unknown>
[INFO] [stdout]   20:     0x766492d293d4 - clone
[INFO] [stdout]   21:                0x0 - <unknown>
[INFO] [stdout] 
[INFO] [stdout] ---- aws::config::tests::it_writes_to_file stdout ----
[INFO] [stdout] 
[INFO] [stdout] thread 'aws::config::tests::it_writes_to_file' (8733) panicked at src/aws/config.rs:138:9:
[INFO] [stdout] assertion failed: result.is_ok()
[INFO] [stdout] stack backtrace:
[INFO] [stdout]    0:     0x585723c58fd1 - <<std[70759c8f55707aa4]::sys::backtrace::BacktraceLock>::print::DisplayBacktrace as core[df12db4294e9bfd3]::fmt::Display>::fmt
[INFO] [stdout]    1:     0x585723c6efba - core[df12db4294e9bfd3]::fmt::write
[INFO] [stdout]    2:     0x585723c5d59c - <alloc[2182bb758b4b3781]::vec::Vec<u8> as core[df12db4294e9bfd3]::io::write::Write>::write_fmt
[INFO] [stdout]    3:     0x585723c34ed6 - std[70759c8f55707aa4]::panicking::default_hook::{closure#0}
[INFO] [stdout]    4:     0x585723c511d9 - std[70759c8f55707aa4]::panicking::default_hook
[INFO] [stdout]    5:     0x585723b73910 - test[9d35eded1c95d3be]::test_main_inner::<test[9d35eded1c95d3be]::test_main_static::{closure#0}>::{closure#0}
[INFO] [stdout]    6:     0x585723c51392 - std[70759c8f55707aa4]::panicking::panic_with_hook
[INFO] [stdout]    7:     0x585723c34fb4 - std[70759c8f55707aa4]::panicking::panic_handler::{closure#0}
[INFO] [stdout]    8:     0x585723c2db49 - std[70759c8f55707aa4]::sys::backtrace::__rust_end_short_backtrace::<std[70759c8f55707aa4]::panicking::panic_handler::{closure#0}, !>
[INFO] [stdout]    9:     0x585723c35b7d - __rustc[8fa7c3cbc660c2b3]::rust_begin_unwind
[INFO] [stdout]   10:     0x585723c6f71c - core[df12db4294e9bfd3]::panicking::panic_fmt
[INFO] [stdout]   11:     0x585723c6f6e2 - core[df12db4294e9bfd3]::panicking::panic
[INFO] [stdout]   12:     0x585723b3f16c - awsmfa[3234801b46ea26d0]::aws::config::tests::it_writes_to_file
[INFO] [stdout]   13:     0x585723b46849 - <awsmfa[3234801b46ea26d0]::aws::config::tests::it_writes_to_file::{closure#0} as core[df12db4294e9bfd3]::ops::function::FnOnce<()>>::call_once
[INFO] [stdout]   14:     0x585723b66bfb - test[9d35eded1c95d3be]::__rust_begin_short_backtrace::<core[df12db4294e9bfd3]::result::Result<(), alloc[2182bb758b4b3781]::string::String>, fn() -> core[df12db4294e9bfd3]::result::Result<(), alloc[2182bb758b4b3781]::string::String>>
[INFO] [stdout]   15:     0x585723b74265 - test[9d35eded1c95d3be]::run_test::{closure#0}
[INFO] [stdout]   16:     0x585723b6db24 - std[70759c8f55707aa4]::sys::backtrace::__rust_begin_short_backtrace::<test[9d35eded1c95d3be]::run_test::{closure#1}, ()>
[INFO] [stdout]   17:     0x585723b773c2 - <std[70759c8f55707aa4]::thread::lifecycle::spawn_unchecked<test[9d35eded1c95d3be]::run_test::{closure#1}, ()>::{closure#1} as core[df12db4294e9bfd3]::ops::function::FnOnce<()>>::call_once::{shim:vtable#0}
[INFO] [stdout]   18:     0x585723c58349 - <std[70759c8f55707aa4]::sys::thread::unix::Thread>::new::thread_start
[INFO] [stdout]   19:     0x766492c95dfa - <unknown>
[INFO] [stdout]   20:     0x766492d293d4 - clone
[INFO] [stdout]   21:                0x0 - <unknown>
[INFO] [stdout] 
[INFO] [stdout] 
[INFO] [stdout] failures:
[INFO] [stdout]     aws::base::file::tests::conf_file::it_writes_to_file
[INFO] [stdout]     aws::config::tests::it_writes_to_file
[INFO] [stdout]     aws::credentials::tests::it_writes_to_file
[INFO] [stdout]     config::tests::it_writes_contents
[INFO] [stdout] 
[INFO] [stdout] test result: FAILED. 16 passed; 4 failed; 0 ignored; 0 measured; 0 filtered out; finished in 0.01s
[INFO] [stdout] 
[INFO] [stderr] error: test failed, to rerun pass `--lib`
[INFO] running `Command { std: "docker" "inspect" "ec29f1e1e5ce488c53ce4a4ce554ed18967d1c8d47fc6f4586ad7b1abc2d3093", kill_on_drop: false }`
[INFO] running `Command { std: "docker" "rm" "-f" "ec29f1e1e5ce488c53ce4a4ce554ed18967d1c8d47fc6f4586ad7b1abc2d3093", kill_on_drop: false }`
[INFO] [stdout] ec29f1e1e5ce488c53ce4a4ce554ed18967d1c8d47fc6f4586ad7b1abc2d3093
