[INFO] cloning repository https://github.com/jw409/kp-sign
[INFO] running `Command { std: "git" "-c" "credential.helper=" "-c" "credential.helper=/workspace/cargo-home/bin/git-credential-null" "clone" "--bare" "https://github.com/jw409/kp-sign" "/workspace/cache/git-repos/https%3A%2F%2Fgithub.com%2Fjw409%2Fkp-sign", kill_on_drop: false }`
[INFO] [stderr] Cloning into bare repository '/workspace/cache/git-repos/https%3A%2F%2Fgithub.com%2Fjw409%2Fkp-sign'...
[INFO] running `Command { std: "git" "rev-parse" "HEAD", kill_on_drop: false }`
[INFO] [stdout] d1bf72dbff23915dd221b7f425ccce9b3a9d2379
[INFO] testing jw409/kp-sign against 1.100.0-beta.1+cargoflags=--release for beta-release-1.100-2
[INFO] running `Command { std: "git" "clone" "/workspace/cache/git-repos/https%3A%2F%2Fgithub.com%2Fjw409%2Fkp-sign" "/workspace/builds/worker-2-tc2/source", kill_on_drop: false }`
[INFO] [stderr] Cloning into '/workspace/builds/worker-2-tc2/source'...
[INFO] [stderr] done.
[INFO] started tweaking git repo https://github.com/jw409/kp-sign
[INFO] finished tweaking git repo https://github.com/jw409/kp-sign
[INFO] tweaked toml for git repo https://github.com/jw409/kp-sign written to /workspace/builds/worker-2-tc2/source/Cargo.toml
[INFO] validating manifest of git repo https://github.com/jw409/kp-sign on toolchain 1.100.0-beta.1
[INFO] running `Command { std: CARGO_HOME="/workspace/cargo-home" RUSTUP_HOME="/workspace/rustup-home" "/workspace/cargo-home/bin/cargo" "+1.100.0-beta.1" "metadata" "--manifest-path" "Cargo.toml" "--no-deps", kill_on_drop: false }`
[INFO] crate git repo https://github.com/jw409/kp-sign already has a lockfile, it will not be regenerated
[INFO] running `Command { std: CARGO_HOME="/workspace/cargo-home" RUSTUP_HOME="/workspace/rustup-home" "/workspace/cargo-home/bin/cargo" "+1.100.0-beta.1" "fetch" "--manifest-path" "Cargo.toml", kill_on_drop: false }`
[INFO] running `Command { std: "docker" "create" "-v" "/var/lib/crater-agent-workspace/builds/worker-2-tc2/source:/opt/rustwide/workdir:ro,Z" "-v" "/var/lib/crater-agent-workspace/builds/worker-2-tc2/target:/opt/rustwide/target:rw,Z" "-v" "/var/lib/crater-agent-workspace/cargo-home:/opt/rustwide/cargo-home:ro,Z" "-v" "/var/lib/crater-agent-workspace/rustup-home:/opt/rustwide/rustup-home:ro,Z" "-m" "1610612736" "--network" "none" "ghcr.io/rust-lang/crates-build-env/linux@sha256:77db811e55d90add9212f6832c23229e3de5f1c1f9905e8cb07319ea15df73ac" "sleep" "infinity", kill_on_drop: false }`
[INFO] [stdout] b51b8724b0ab6ddec1e513886d1c8ee21a9c601bdbbe22b1a1c384d490405e66
[INFO] running `Command { std: "docker" "start" "b51b8724b0ab6ddec1e513886d1c8ee21a9c601bdbbe22b1a1c384d490405e66", kill_on_drop: false }`
[INFO] running `Command { std: "docker" "inspect" "b51b8724b0ab6ddec1e513886d1c8ee21a9c601bdbbe22b1a1c384d490405e66", kill_on_drop: false }`
[INFO] running `Command { std: "docker" "exec" "-e" "SOURCE_DIR=/opt/rustwide/workdir" "-e" "CARGO_HOME=/opt/rustwide/cargo-home" "-e" "RUSTUP_HOME=/opt/rustwide/rustup-home" "-e" "CARGO_TARGET_DIR=/opt/rustwide/target" "-w" "/opt/rustwide/workdir" "--user" "0:0" "b51b8724b0ab6ddec1e513886d1c8ee21a9c601bdbbe22b1a1c384d490405e66" "/opt/rustwide/cargo-home/bin/cargo" "+1.100.0-beta.1" "metadata" "--no-deps" "--format-version=1", kill_on_drop: false }`
[INFO] running `Command { std: "docker" "inspect" "b51b8724b0ab6ddec1e513886d1c8ee21a9c601bdbbe22b1a1c384d490405e66", kill_on_drop: false }`
[INFO] running `Command { std: "docker" "exec" "-e" "SOURCE_DIR=/opt/rustwide/workdir" "-e" "CARGO_HOME=/opt/rustwide/cargo-home" "-e" "RUSTUP_HOME=/opt/rustwide/rustup-home" "-e" "CARGO_TARGET_DIR=/opt/rustwide/target" "-e" "CARGO_INCREMENTAL=0" "-e" "RUST_BACKTRACE=full" "-e" "RUSTFLAGS=--cap-lints=warn" "-e" "RUSTDOCFLAGS=--cap-lints=warn" "-w" "/opt/rustwide/workdir" "--user" "0:0" "b51b8724b0ab6ddec1e513886d1c8ee21a9c601bdbbe22b1a1c384d490405e66" "/opt/rustwide/cargo-home/bin/cargo" "+1.100.0-beta.1" "build" "--frozen" "--message-format=json" "--release", kill_on_drop: false }`
[INFO] [stderr]    Compiling proc-macro2 v1.0.106
[INFO] [stderr]    Compiling unicode-ident v1.0.24
[INFO] [stderr]    Compiling quote v1.0.44
[INFO] [stderr]    Compiling version_check v0.9.5
[INFO] [stderr]    Compiling typenum v1.19.0
[INFO] [stderr]    Compiling cfg-if v1.0.4
[INFO] [stderr]    Compiling libc v0.2.182
[INFO] [stderr]    Compiling serde_core v1.0.228
[INFO] [stderr]    Compiling semver v1.0.27
[INFO] [stderr]    Compiling zerocopy v0.8.39
[INFO] [stderr]    Compiling autocfg v1.5.0
[INFO] [stderr]    Compiling utf8parse v0.2.2
[INFO] [stderr]    Compiling generic-array v0.14.7
[INFO] [stderr]    Compiling rustc_version v0.4.1
[INFO] [stderr]    Compiling anstyle-parse v0.2.7
[INFO] [stderr]    Compiling curve25519-dalek v4.1.3
[INFO] [stderr]    Compiling colorchoice v1.0.4
[INFO] [stderr]    Compiling is_terminal_polyfill v1.70.2
[INFO] [stderr]    Compiling zmij v1.0.21
[INFO] [stderr]    Compiling num-traits v0.2.19
[INFO] [stderr]    Compiling serde v1.0.228
[INFO] [stderr]    Compiling cpufeatures v0.2.17
[INFO] [stderr]    Compiling anstyle-query v1.1.5
[INFO] [stderr]    Compiling anstyle v1.0.13
[INFO] [stderr]    Compiling anstream v0.6.21
[INFO] [stderr]    Compiling clap_lex v1.0.0
[INFO] [stderr]    Compiling signature v2.2.0
[INFO] [stderr]    Compiling syn v2.0.117
[INFO] [stderr]    Compiling strsim v0.11.1
[INFO] [stderr]    Compiling zeroize v1.8.2
[INFO] [stderr]    Compiling serde_json v1.0.149
[INFO] [stderr]    Compiling heck v0.5.0
[INFO] [stderr]    Compiling subtle v2.6.1
[INFO] [stderr]    Compiling getrandom v0.2.17
[INFO] [stderr]    Compiling clap_builder v4.5.60
[INFO] [stderr]    Compiling ed25519 v2.2.3
[INFO] [stderr]    Compiling rand_core v0.6.4
[INFO] [stderr]    Compiling memchr v2.8.0
[INFO] [stderr]    Compiling itoa v1.0.17
[INFO] [stderr]    Compiling block-buffer v0.10.4
[INFO] [stderr]    Compiling crypto-common v0.1.7
[INFO] [stderr]    Compiling digest v0.10.7
[INFO] [stderr]    Compiling iana-time-zone v0.1.65
[INFO] [stderr]    Compiling sha2 v0.10.9
[INFO] [stderr]    Compiling same-file v1.0.6
[INFO] [stderr]    Compiling base64 v0.21.7
[INFO] [stderr]    Compiling walkdir v2.5.0
[INFO] [stderr]    Compiling hex v0.4.3
[INFO] [stderr]    Compiling curve25519-dalek-derive v0.1.1
[INFO] [stderr]    Compiling serde_derive v1.0.228
[INFO] [stderr]    Compiling clap_derive v4.5.55
[INFO] [stderr]    Compiling ppv-lite86 v0.2.21
[INFO] [stderr]    Compiling rand_chacha v0.3.1
[INFO] [stderr]    Compiling rand v0.8.5
[INFO] [stderr]    Compiling clap v4.5.60
[INFO] [stderr]    Compiling ed25519-dalek v2.2.0
[INFO] [stderr]    Compiling chrono v0.4.43
[INFO] [stderr]    Compiling kp-sign v0.1.0 (/opt/rustwide/workdir)
[INFO] [stderr]     Finished `release` profile [optimized] target(s) in 51.24s
[INFO] running `Command { std: "docker" "inspect" "b51b8724b0ab6ddec1e513886d1c8ee21a9c601bdbbe22b1a1c384d490405e66", kill_on_drop: false }`
[INFO] running `Command { std: "docker" "exec" "-e" "SOURCE_DIR=/opt/rustwide/workdir" "-e" "CARGO_HOME=/opt/rustwide/cargo-home" "-e" "RUSTUP_HOME=/opt/rustwide/rustup-home" "-e" "CARGO_TARGET_DIR=/opt/rustwide/target" "-e" "CARGO_INCREMENTAL=0" "-e" "RUST_BACKTRACE=full" "-e" "RUSTFLAGS=--cap-lints=warn" "-e" "RUSTDOCFLAGS=--cap-lints=warn" "-w" "/opt/rustwide/workdir" "--user" "0:0" "b51b8724b0ab6ddec1e513886d1c8ee21a9c601bdbbe22b1a1c384d490405e66" "/opt/rustwide/cargo-home/bin/cargo" "+1.100.0-beta.1" "test" "--frozen" "--no-run" "--message-format=json" "--release", kill_on_drop: false }`
[INFO] [stderr]    Compiling getrandom v0.4.1
[INFO] [stderr]    Compiling rustix v1.1.3
[INFO] [stderr]    Compiling bitflags v2.11.0
[INFO] [stderr]    Compiling linux-raw-sys v0.11.0
[INFO] [stderr]    Compiling fastrand v2.3.0
[INFO] [stderr]    Compiling once_cell v1.21.3
[INFO] [stderr]    Compiling tempfile v3.25.0
[INFO] [stderr]    Compiling kp-sign v0.1.0 (/opt/rustwide/workdir)
[INFO] [stderr]     Finished `release` profile [optimized] target(s) in 19.20s
[INFO] running `Command { std: "docker" "inspect" "b51b8724b0ab6ddec1e513886d1c8ee21a9c601bdbbe22b1a1c384d490405e66", kill_on_drop: false }`
[INFO] running `Command { std: "docker" "exec" "-e" "SOURCE_DIR=/opt/rustwide/workdir" "-e" "CARGO_HOME=/opt/rustwide/cargo-home" "-e" "RUSTUP_HOME=/opt/rustwide/rustup-home" "-e" "CARGO_TARGET_DIR=/opt/rustwide/target" "-e" "CARGO_INCREMENTAL=0" "-e" "RUST_BACKTRACE=full" "-e" "RUSTFLAGS=--cap-lints=warn" "-e" "RUSTDOCFLAGS=--cap-lints=warn" "-w" "/opt/rustwide/workdir" "--user" "0:0" "b51b8724b0ab6ddec1e513886d1c8ee21a9c601bdbbe22b1a1c384d490405e66" "/opt/rustwide/cargo-home/bin/cargo" "+1.100.0-beta.1" "test" "--frozen" "--release", kill_on_drop: false }`
[INFO] [stderr]     Finished `release` profile [optimized] target(s) in 0.14s
[INFO] [stderr]      Running unittests src/main.rs (/opt/rustwide/target/release/build/kp-sign/3fdc61d5b3c612c9/out/kp_sign-3fdc61d5b3c612c9)
[INFO] [stderr]      Running tests/integration.rs (/opt/rustwide/target/release/build/kp-sign/828978dcfd9e417f/out/integration-828978dcfd9e417f)
[INFO] [stdout] 
[INFO] [stdout] running 0 tests
[INFO] [stdout] 
[INFO] [stdout] test result: ok. 0 passed; 0 failed; 0 ignored; 0 measured; 0 filtered out; finished in 0.00s
[INFO] [stdout] 
[INFO] [stdout] 
[INFO] [stdout] running 8 tests
[INFO] [stdout] test test_show_key ... FAILED
[INFO] [stdout] test test_init_generates_keypair ... FAILED
[INFO] [stdout] test test_init_refuses_overwrite_without_force ... FAILED
[INFO] [stdout] test test_tamper_detection_modified_file ... FAILED
[INFO] [stdout] test test_missing_file_detection ... FAILED
[INFO] [stdout] test test_init_force_overwrites ... FAILED
[INFO] [stdout] test test_sign_and_verify_roundtrip ... FAILED
[INFO] [stdout] test test_extra_file_detection ... FAILED
[INFO] [stdout] 
[INFO] [stdout] failures:
[INFO] [stdout] 
[INFO] [stdout] ---- test_show_key stdout ----
[INFO] [stdout] 
[INFO] [stdout] thread 'test_show_key' (1084) panicked at tests/integration.rs:21:10:
[INFO] [stdout] Failed to run kp-sign: Os { code: 2, kind: NotFound, message: "No such file or directory" }
[INFO] [stdout] stack backtrace:
[INFO] [stdout]    0:     0x63b797a170b5 - <unknown>
[INFO] [stdout]    1:     0x63b797a00764 - <unknown>
[INFO] [stdout]    2:     0x63b797a1675b - <unknown>
[INFO] [stdout]    3:     0x63b797a16359 - <unknown>
[INFO] [stdout]    4:     0x63b797a15fda - <unknown>
[INFO] [stdout]    5:     0x63b797a15b0b - <unknown>
[INFO] [stdout]    6:     0x63b797a3b961 - <unknown>
[INFO] [stdout]    7:     0x63b797a3b919 - <unknown>
[INFO] [stdout]    8:     0x63b797a3be0c - <unknown>
[INFO] [stdout]    9:     0x63b797a005fb - <unknown>
[INFO] [stdout]   10:     0x63b797a032f1 - <unknown>
[INFO] [stdout]   11:     0x63b7979fc0a6 - <unknown>
[INFO] [stdout]   12:     0x63b7979fd619 - <unknown>
[INFO] [stdout]   13:     0x63b797a547db - <unknown>
[INFO] [stdout]   14:     0x63b797a50a66 - <unknown>
[INFO] [stdout]   15:     0x63b797a5028c - <unknown>
[INFO] [stdout]   16:     0x63b797a6e6bc - <unknown>
[INFO] [stdout]   17:     0x63b797a3d5c8 - <unknown>
[INFO] [stdout]   18:     0x7ed9d3820dfa - <unknown>
[INFO] [stdout]   19:     0x7ed9d38b43d4 - clone
[INFO] [stdout]   20:                0x0 - <unknown>
[INFO] [stdout] 
[INFO] [stdout] ---- test_init_generates_keypair stdout ----
[INFO] [stdout] 
[INFO] [stdout] thread 'test_init_generates_keypair' (1081) panicked at tests/integration.rs:21:10:
[INFO] [stdout] Failed to run kp-sign: Os { code: 2, kind: NotFound, message: "No such file or directory" }
[INFO] [stdout] stack backtrace:
[INFO] [stdout]    0:     0x63b797a170b5 - <unknown>
[INFO] [stdout]    1:     0x63b797a00764 - <unknown>
[INFO] [stdout]    2:     0x63b797a1675b - <unknown>
[INFO] [stdout]    3:     0x63b797a16359 - <unknown>
[INFO] [stdout]    4:     0x63b797a15fda - <unknown>
[INFO] [stdout]    5:     0x63b797a15b0b - <unknown>
[INFO] [stdout]    6:     0x63b797a3b961 - <unknown>
[INFO] [stdout]    7:     0x63b797a3b919 - <unknown>
[INFO] [stdout]    8:     0x63b797a3be0c - <unknown>
[INFO] [stdout]    9:     0x63b797a005fb - <unknown>
[INFO] [stdout]   10:     0x63b797a032f1 - <unknown>
[INFO] [stdout]   11:     0x63b7979fc0a6 - <unknown>
[INFO] [stdout]   12:     0x63b7979fddf3 - <unknown>
[INFO] [stdout]   13:     0x63b797a547db - <unknown>
[INFO] [stdout]   14:     0x63b797a50a66 - <unknown>
[INFO] [stdout]   15:     0x63b797a5028c - <unknown>
[INFO] [stdout]   16:     0x63b797a6e6bc - <unknown>
[INFO] [stdout]   17:     0x63b797a3d5c8 - <unknown>
[INFO] [stdout]   18:     0x7ed9d3820dfa - <unknown>
[INFO] [stdout]   19:     0x7ed9d38b43d4 - clone
[INFO] [stdout]   20:                0x0 - <unknown>
[INFO] [stdout] 
[INFO] [stdout] ---- test_init_refuses_overwrite_without_force stdout ----
[INFO] [stdout] 
[INFO] [stdout] thread 'test_init_refuses_overwrite_without_force' (1082) panicked at tests/integration.rs:21:10:
[INFO] [stdout] Failed to run kp-sign: Os { code: 2, kind: NotFound, message: "No such file or directory" }
[INFO] [stdout] stack backtrace:
[INFO] [stdout]    0:     0x63b797a170b5 - <unknown>
[INFO] [stdout]    1:     0x63b797a00764 - <unknown>
[INFO] [stdout]    2:     0x63b797a1675b - <unknown>
[INFO] [stdout]    3:     0x63b797a16359 - <unknown>
[INFO] [stdout]    4:     0x63b797a15fda - <unknown>
[INFO] [stdout]    5:     0x63b797a15b0b - <unknown>
[INFO] [stdout]    6:     0x63b797a3b961 - <unknown>
[INFO] [stdout]    7:     0x63b797a3b919 - <unknown>
[INFO] [stdout]    8:     0x63b797a3be0c - <unknown>
[INFO] [stdout]    9:     0x63b797a005fb - <unknown>
[INFO] [stdout]   10:     0x63b797a032f1 - <unknown>
[INFO] [stdout]   11:     0x63b7979fc0a6 - <unknown>
[INFO] [stdout]   12:     0x63b7979fef69 - <unknown>
[INFO] [stdout]   13:     0x63b797a547db - <unknown>
[INFO] [stdout]   14:     0x63b797a50a66 - <unknown>
[INFO] [stdout]   15:     0x63b797a5028c - <unknown>
[INFO] [stdout]   16:     0x63b797a6e6bc - <unknown>
[INFO] [stdout]   17:     0x63b797a3d5c8 - <unknown>
[INFO] [stdout]   18:     0x7ed9d3820dfa - <unknown>
[INFO] [stdout]   19:     0x7ed9d38b43d4 - clone
[INFO] [stdout]   20:                0x0 - <unknown>
[INFO] [stdout] 
[INFO] [stdout] ---- test_tamper_detection_modified_file stdout ----
[INFO] [stdout] 
[INFO] [stdout] thread 'test_tamper_detection_modified_file' (1086) panicked at tests/integration.rs:21:10:
[INFO] [stdout] Failed to run kp-sign: Os { code: 2, kind: NotFound, message: "No such file or directory" }
[INFO] [stdout] stack backtrace:
[INFO] [stdout]    0:     0x63b797a170b5 - <unknown>
[INFO] [stdout]    1:     0x63b797a00764 - <unknown>
[INFO] [stdout]    2:     0x63b797a1675b - <unknown>
[INFO] [stdout]    3:     0x63b797a16359 - <unknown>
[INFO] [stdout]    4:     0x63b797a15fda - <unknown>
[INFO] [stdout]    5:     0x63b797a15b0b - <unknown>
[INFO] [stdout]    6:     0x63b797a3b961 - <unknown>
[INFO] [stdout]    7:     0x63b797a3b919 - <unknown>
[INFO] [stdout]    8:     0x63b797a3be0c - <unknown>
[INFO] [stdout]    9:     0x63b797a005fb - <unknown>
[INFO] [stdout]   10:     0x63b797a032f1 - <unknown>
[INFO] [stdout]   11:     0x63b7979fc0a6 - <unknown>
[INFO] [stdout]   12:     0x63b7979feba3 - <unknown>
[INFO] [stdout]   13:     0x63b797a547db - <unknown>
[INFO] [stdout]   14:     0x63b797a50a66 - <unknown>
[INFO] [stdout]   15:     0x63b797a5028c - <unknown>
[INFO] [stdout]   16:     0x63b797a6e6bc - <unknown>
[INFO] [stdout]   17:     0x63b797a3d5c8 - <unknown>
[INFO] [stdout]   18:     0x7ed9d3820dfa - <unknown>
[INFO] [stdout]   19:     0x7ed9d38b43d4 - clone
[INFO] [stdout]   20:                0x0 - <unknown>
[INFO] [stdout] 
[INFO] [stdout] ---- test_missing_file_detection stdout ----
[INFO] [stdout] 
[INFO] [stdout] thread 'test_missing_file_detection' (1083) panicked at tests/integration.rs:21:10:
[INFO] [stdout] Failed to run kp-sign: Os { code: 2, kind: NotFound, message: "No such file or directory" }
[INFO] [stdout] stack backtrace:
[INFO] [stdout]    0:     0x63b797a170b5 - <unknown>
[INFO] [stdout]    1:     0x63b797a00764 - <unknown>
[INFO] [stdout]    2:     0x63b797a1675b - <unknown>
[INFO] [stdout]    3:     0x63b797a16359 - <unknown>
[INFO] [stdout]    4:     0x63b797a15fda - <unknown>
[INFO] [stdout]    5:     0x63b797a15b0b - <unknown>
[INFO] [stdout]    6:     0x63b797a3b961 - <unknown>
[INFO] [stdout]    7:     0x63b797a3b919 - <unknown>
[INFO] [stdout]    8:     0x63b797a3be0c - <unknown>
[INFO] [stdout]    9:     0x63b797a005fb - <unknown>
[INFO] [stdout]   10:     0x63b797a032f1 - <unknown>
[INFO] [stdout]   11:     0x63b7979fc0a6 - <unknown>
[INFO] [stdout]   12:     0x63b7979fe247 - <unknown>
[INFO] [stdout]   13:     0x63b797a547db - <unknown>
[INFO] [stdout]   14:     0x63b797a50a66 - <unknown>
[INFO] [stdout]   15:     0x63b797a5028c - <unknown>
[INFO] [stdout]   16:     0x63b797a6e6bc - <unknown>
[INFO] [stdout]   17:     0x63b797a3d5c8 - <unknown>
[INFO] [stdout]   18:     0x7ed9d3820dfa - <unknown>
[INFO] [stdout]   19:     0x7ed9d38b43d4 - clone
[INFO] [stdout]   20:                0x0 - <unknown>
[INFO] [stdout] 
[INFO] [stdout] ---- test_init_force_overwrites stdout ----
[INFO] [stdout] 
[INFO] [stdout] thread 'test_init_force_overwrites' (1080) panicked at tests/integration.rs:21:10:
[INFO] [stdout] Failed to run kp-sign: Os { code: 2, kind: NotFound, message: "No such file or directory" }
[INFO] [stdout] stack backtrace:
[INFO] [stdout]    0:     0x63b797a170b5 - <unknown>
[INFO] [stdout]    1:     0x63b797a00764 - <unknown>
[INFO] [stdout]    2:     0x63b797a1675b - <unknown>
[INFO] [stdout]    3:     0x63b797a16359 - <unknown>
[INFO] [stdout]    4:     0x63b797a15fda - <unknown>
[INFO] [stdout]    5:     0x63b797a15b0b - <unknown>
[INFO] [stdout]    6:     0x63b797a3b961 - <unknown>
[INFO] [stdout]    7:     0x63b797a3b919 - <unknown>
[INFO] [stdout]    8:     0x63b797a3be0c - <unknown>
[INFO] [stdout]    9:     0x63b797a005fb - <unknown>
[INFO] [stdout]   10:     0x63b797a032f1 - <unknown>
[INFO] [stdout]   11:     0x63b7979fc0a6 - <unknown>
[INFO] [stdout]   12:     0x63b7979fdc92 - <unknown>
[INFO] [stdout]   13:     0x63b797a547db - <unknown>
[INFO] [stdout]   14:     0x63b797a50a66 - <unknown>
[INFO] [stdout]   15:     0x63b797a5028c - <unknown>
[INFO] [stdout]   16:     0x63b797a6e6bc - <unknown>
[INFO] [stdout]   17:     0x63b797a3d5c8 - <unknown>
[INFO] [stdout]   18:     0x7ed9d3820dfa - <unknown>
[INFO] [stdout]   19:     0x7ed9d38b43d4 - clone
[INFO] [stdout]   20:                0x0 - <unknown>
[INFO] [stdout] 
[INFO] [stdout] ---- test_sign_and_verify_roundtrip stdout ----
[INFO] [stdout] 
[INFO] [stdout] thread 'test_sign_and_verify_roundtrip' (1085) panicked at tests/integration.rs:21:10:
[INFO] [stdout] Failed to run kp-sign: Os { code: 2, kind: NotFound, message: "No such file or directory" }
[INFO] [stdout] stack backtrace:
[INFO] [stdout]    0:     0x63b797a170b5 - <unknown>
[INFO] [stdout]    1:     0x63b797a00764 - <unknown>
[INFO] [stdout]    2:     0x63b797a1675b - <unknown>
[INFO] [stdout]    3:     0x63b797a16359 - <unknown>
[INFO] [stdout]    4:     0x63b797a15fda - <unknown>
[INFO] [stdout]    5:     0x63b797a15b0b - <unknown>
[INFO] [stdout]    6:     0x63b797a3b961 - <unknown>
[INFO] [stdout]    7:     0x63b797a3b919 - <unknown>
[INFO] [stdout]    8:     0x63b797a3be0c - <unknown>
[INFO] [stdout]    9:     0x63b797a005fb - <unknown>
[INFO] [stdout]   10:     0x63b797a032f1 - <unknown>
[INFO] [stdout]   11:     0x63b7979fc0a6 - <unknown>
[INFO] [stdout]   12:     0x63b7979fe7b4 - <unknown>
[INFO] [stdout]   13:     0x63b797a547db - <unknown>
[INFO] [stdout]   14:     0x63b797a50a66 - <unknown>
[INFO] [stdout]   15:     0x63b797a5028c - <unknown>
[INFO] [stdout]   16:     0x63b797a6e6bc - <unknown>
[INFO] [stdout]   17:     0x63b797a3d5c8 - <unknown>
[INFO] [stdout]   18:     0x7ed9d3820dfa - <unknown>
[INFO] [stdout]   19:     0x7ed9d38b43d4 - clone
[INFO] [stdout]   20:                0x0 - <unknown>
[INFO] [stdout] 
[INFO] [stdout] ---- test_extra_file_detection stdout ----
[INFO] [stdout] 
[INFO] [stdout] thread 'test_extra_file_detection' (1079) panicked at tests/integration.rs:21:10:
[INFO] [stdout] Failed to run kp-sign: Os { code: 2, kind: NotFound, message: "No such file or directory" }
[INFO] [stdout] stack backtrace:
[INFO] [stdout]    0:     0x63b797a170b5 - <unknown>
[INFO] [stdout]    1:     0x63b797a00764 - <unknown>
[INFO] [stdout]    2:     0x63b797a1675b - <unknown>
[INFO] [stdout]    3:     0x63b797a16359 - <unknown>
[INFO] [stdout]    4:     0x63b797a15fda - <unknown>
[INFO] [stdout]    5:     0x63b797a15b0b - <unknown>
[INFO] [stdout]    6:     0x63b797a3b961 - <unknown>
[INFO] [stdout]    7:     0x63b797a3b919 - <unknown>
[INFO] [stdout]    8:     0x63b797a3be0c - <unknown>
[INFO] [stdout]    9:     0x63b797a005fb - <unknown>
[INFO] [stdout]   10:     0x63b797a032f1 - <unknown>
[INFO] [stdout]   11:     0x63b7979fc0a6 - <unknown>
[INFO] [stdout]   12:     0x63b7979fd8cc - <unknown>
[INFO] [stdout]   13:     0x63b797a547db - <unknown>
[INFO] [stdout]   14:     0x63b797a50a66 - <unknown>
[INFO] [stdout]   15:     0x63b797a5028c - <unknown>
[INFO] [stdout]   16:     0x63b797a6e6bc - <unknown>
[INFO] [stdout]   17:     0x63b797a3d5c8 - <unknown>
[INFO] [stdout]   18:     0x7ed9d3820dfa - <unknown>
[INFO] [stdout]   19:     0x7ed9d38b43d4 - clone
[INFO] [stdout]   20:                0x0 - <unknown>
[INFO] [stdout] 
[INFO] [stdout] 
[INFO] [stdout] failures:
[INFO] [stdout]     test_extra_file_detection
[INFO] [stdout]     test_init_force_overwrites
[INFO] [stdout]     test_init_generates_keypair
[INFO] [stdout]     test_init_refuses_overwrite_without_force
[INFO] [stdout]     test_missing_file_detection
[INFO] [stdout]     test_show_key
[INFO] [stdout]     test_sign_and_verify_roundtrip
[INFO] [stdout]     test_tamper_detection_modified_file
[INFO] [stdout] 
[INFO] [stdout] test result: FAILED. 0 passed; 8 failed; 0 ignored; 0 measured; 0 filtered out; finished in 0.01s
[INFO] [stdout] 
[INFO] [stderr] error: test failed, to rerun pass `--test integration`
[INFO] running `Command { std: "docker" "inspect" "b51b8724b0ab6ddec1e513886d1c8ee21a9c601bdbbe22b1a1c384d490405e66", kill_on_drop: false }`
[INFO] running `Command { std: "docker" "rm" "-f" "b51b8724b0ab6ddec1e513886d1c8ee21a9c601bdbbe22b1a1c384d490405e66", kill_on_drop: false }`
[INFO] [stdout] b51b8724b0ab6ddec1e513886d1c8ee21a9c601bdbbe22b1a1c384d490405e66
