[INFO] cloning repository https://github.com/jtprogru/hostsctl
[INFO] running `Command { std: "git" "-c" "credential.helper=" "-c" "credential.helper=/workspace/cargo-home/bin/git-credential-null" "clone" "--bare" "https://github.com/jtprogru/hostsctl" "/workspace/cache/git-repos/https%3A%2F%2Fgithub.com%2Fjtprogru%2Fhostsctl", kill_on_drop: false }`
[INFO] [stderr] Cloning into bare repository '/workspace/cache/git-repos/https%3A%2F%2Fgithub.com%2Fjtprogru%2Fhostsctl'...
[INFO] running `Command { std: "git" "rev-parse" "HEAD", kill_on_drop: false }`
[INFO] [stdout] 8ba2a72dc798978d1a0fab7e066571a1358d614a
[INFO] testing jtprogru/hostsctl against 1.100.0-beta.1+cargoflags=--release for beta-release-1.100-2
[INFO] running `Command { std: "git" "clone" "/workspace/cache/git-repos/https%3A%2F%2Fgithub.com%2Fjtprogru%2Fhostsctl" "/workspace/builds/worker-1-tc2/source", kill_on_drop: false }`
[INFO] [stderr] Cloning into '/workspace/builds/worker-1-tc2/source'...
[INFO] [stderr] done.
[INFO] started tweaking git repo https://github.com/jtprogru/hostsctl
[INFO] finished tweaking git repo https://github.com/jtprogru/hostsctl
[INFO] tweaked toml for git repo https://github.com/jtprogru/hostsctl written to /workspace/builds/worker-1-tc2/source/Cargo.toml
[INFO] validating manifest of git repo https://github.com/jtprogru/hostsctl on toolchain 1.100.0-beta.1
[INFO] running `Command { std: CARGO_HOME="/workspace/cargo-home" RUSTUP_HOME="/workspace/rustup-home" "/workspace/cargo-home/bin/cargo" "+1.100.0-beta.1" "metadata" "--manifest-path" "Cargo.toml" "--no-deps", kill_on_drop: false }`
[INFO] crate git repo https://github.com/jtprogru/hostsctl already has a lockfile, it will not be regenerated
[INFO] running `Command { std: CARGO_HOME="/workspace/cargo-home" RUSTUP_HOME="/workspace/rustup-home" "/workspace/cargo-home/bin/cargo" "+1.100.0-beta.1" "fetch" "--manifest-path" "Cargo.toml", kill_on_drop: false }`
[INFO] [stderr] warning: `package.homepage` is redundant with `package.documentation`
[INFO] [stderr]   --> Cargo.toml:31:12
[INFO] [stderr]    |
[INFO] [stderr] 28 | documentation = "https://jtprogru.github.io/hostsctl/"
[INFO] [stderr]    |                 --------------------------------------
[INFO] [stderr] ...
[INFO] [stderr] 31 | homepage = "https://jtprogru.github.io/hostsctl/"
[INFO] [stderr]    |            ^^^^^^^^^^^^^^^^^^^^^^^^^^^^^^^^^^^^^^
[INFO] [stderr]    |
[INFO] [stderr]    = note: `cargo::redundant_homepage` is set to `warn` by default
[INFO] [stderr] help: consider removing `package.homepage`
[INFO] [stderr] warning: `hostsctl` (manifest) generated 1 warning
[INFO] [stderr]     Blocking waiting for file lock on package cache
[INFO] [stderr]     Blocking waiting for file lock on package cache
[INFO] running `Command { std: "docker" "create" "-v" "/var/lib/crater-agent-workspace/builds/worker-1-tc2/source:/opt/rustwide/workdir:ro,Z" "-v" "/var/lib/crater-agent-workspace/builds/worker-1-tc2/target:/opt/rustwide/target:rw,Z" "-v" "/var/lib/crater-agent-workspace/cargo-home:/opt/rustwide/cargo-home:ro,Z" "-v" "/var/lib/crater-agent-workspace/rustup-home:/opt/rustwide/rustup-home:ro,Z" "-m" "1610612736" "--network" "none" "ghcr.io/rust-lang/crates-build-env/linux@sha256:77db811e55d90add9212f6832c23229e3de5f1c1f9905e8cb07319ea15df73ac" "sleep" "infinity", kill_on_drop: false }`
[INFO] [stdout] e83ced212643fd2849d003168db6a82132f9e885def30558f69c23bafe5ac311
[INFO] running `Command { std: "docker" "start" "e83ced212643fd2849d003168db6a82132f9e885def30558f69c23bafe5ac311", kill_on_drop: false }`
[INFO] running `Command { std: "docker" "inspect" "e83ced212643fd2849d003168db6a82132f9e885def30558f69c23bafe5ac311", kill_on_drop: false }`
[INFO] running `Command { std: "docker" "exec" "-e" "SOURCE_DIR=/opt/rustwide/workdir" "-e" "CARGO_HOME=/opt/rustwide/cargo-home" "-e" "RUSTUP_HOME=/opt/rustwide/rustup-home" "-e" "CARGO_TARGET_DIR=/opt/rustwide/target" "-w" "/opt/rustwide/workdir" "--user" "0:0" "e83ced212643fd2849d003168db6a82132f9e885def30558f69c23bafe5ac311" "/opt/rustwide/cargo-home/bin/cargo" "+1.100.0-beta.1" "metadata" "--no-deps" "--format-version=1", kill_on_drop: false }`
[INFO] running `Command { std: "docker" "inspect" "e83ced212643fd2849d003168db6a82132f9e885def30558f69c23bafe5ac311", kill_on_drop: false }`
[INFO] running `Command { std: "docker" "exec" "-e" "SOURCE_DIR=/opt/rustwide/workdir" "-e" "CARGO_HOME=/opt/rustwide/cargo-home" "-e" "RUSTUP_HOME=/opt/rustwide/rustup-home" "-e" "CARGO_TARGET_DIR=/opt/rustwide/target" "-e" "CARGO_INCREMENTAL=0" "-e" "RUST_BACKTRACE=full" "-e" "RUSTFLAGS=--cap-lints=warn" "-e" "RUSTDOCFLAGS=--cap-lints=warn" "-w" "/opt/rustwide/workdir" "--user" "0:0" "e83ced212643fd2849d003168db6a82132f9e885def30558f69c23bafe5ac311" "/opt/rustwide/cargo-home/bin/cargo" "+1.100.0-beta.1" "build" "--frozen" "--message-format=json" "--release", kill_on_drop: false }`
[INFO] [stderr] warning: `package.homepage` is redundant with `package.documentation`
[INFO] [stderr]   --> Cargo.toml:31:12
[INFO] [stderr]    |
[INFO] [stderr] 28 | documentation = "https://jtprogru.github.io/hostsctl/"
[INFO] [stderr]    |                 --------------------------------------
[INFO] [stderr] ...
[INFO] [stderr] 31 | homepage = "https://jtprogru.github.io/hostsctl/"
[INFO] [stderr]    |            ^^^^^^^^^^^^^^^^^^^^^^^^^^^^^^^^^^^^^^
[INFO] [stderr]    |
[INFO] [stderr]    = note: `cargo::redundant_homepage` is set to `warn` by default
[INFO] [stderr] help: consider removing `package.homepage`
[INFO] [stderr] warning: `hostsctl` (manifest) generated 1 warning
[INFO] [stderr]    Compiling proc-macro2 v1.0.107
[INFO] [stderr]    Compiling unicode-ident v1.0.24
[INFO] [stderr]    Compiling quote v1.0.47
[INFO] [stderr]    Compiling libc v0.2.189
[INFO] [stderr]    Compiling cfg-if v1.0.4
[INFO] [stderr]    Compiling shlex v2.0.1
[INFO] [stderr]    Compiling find-msvc-tools v0.1.10
[INFO] [stderr]    Compiling utf8parse v0.2.2
[INFO] [stderr]    Compiling is_terminal_polyfill v1.70.2
[INFO] [stderr]    Compiling anstyle v1.0.14
[INFO] [stderr]    Compiling colorchoice v1.0.5
[INFO] [stderr]    Compiling zeroize v1.9.0
[INFO] [stderr]    Compiling anstyle-query v1.1.5
[INFO] [stderr]    Compiling httparse v1.10.1
[INFO] [stderr]    Compiling clap_lex v1.1.0
[INFO] [stderr]    Compiling crc32fast v1.5.0
[INFO] [stderr]    Compiling anstyle-parse v1.0.0
[INFO] [stderr]    Compiling untrusted v0.9.0
[INFO] [stderr]    Compiling heck v0.5.0
[INFO] [stderr]    Compiling serde_core v1.0.229
[INFO] [stderr]    Compiling strsim v0.11.1
[INFO] [stderr]    Compiling itoa v1.0.18
[INFO] [stderr]    Compiling rustls-pki-types v1.15.1
[INFO] [stderr]    Compiling log v0.4.33
[INFO] [stderr]    Compiling serde v1.0.229
[INFO] [stderr]    Compiling cc v1.4.2
[INFO] [stderr]    Compiling rustls v0.23.43
[INFO] [stderr]    Compiling rustix v1.1.4
[INFO] [stderr]    Compiling getrandom v0.4.3
[INFO] [stderr]    Compiling simd-adler32 v0.3.10
[INFO] [stderr]    Compiling bytes v1.12.1
[INFO] [stderr]    Compiling once_cell v1.21.4
[INFO] [stderr]    Compiling adler2 v2.0.1
[INFO] [stderr]    Compiling anstream v1.0.0
[INFO] [stderr]    Compiling miniz_oxide v0.8.9
[INFO] [stderr]    Compiling equivalent v1.0.2
[INFO] [stderr]    Compiling anyhow v1.0.104
[INFO] [stderr]    Compiling bitflags v2.13.1
[INFO] [stderr]    Compiling base64 v0.23.1
[INFO] [stderr]    Compiling hashbrown v0.17.1
[INFO] [stderr]    Compiling clap_builder v4.6.6
[INFO] [stderr]    Compiling subtle v2.6.1
[INFO] [stderr]    Compiling time-core v0.1.9
[INFO] [stderr]    Compiling num-conv v0.2.2
[INFO] [stderr]    Compiling linux-raw-sys v0.12.1
[INFO] [stderr]    Compiling webpki-roots v1.0.9
[INFO] [stderr]    Compiling ryu v1.0.23
[INFO] [stderr]    Compiling powerfmt v0.2.0
[INFO] [stderr]    Compiling utf8-zero v0.8.1
[INFO] [stderr]    Compiling time-macros v0.2.32
[INFO] [stderr]    Compiling syn v3.0.3
[INFO] [stderr]    Compiling flate2 v1.1.9
[INFO] [stderr]    Compiling percent-encoding v2.3.2
[INFO] [stderr]    Compiling unsafe-libyaml v0.2.11
[INFO] [stderr]    Compiling fastrand v2.5.0
[INFO] [stderr]    Compiling http v1.5.0
[INFO] [stderr]    Compiling num_threads v0.1.7
[INFO] [stderr]    Compiling roff v1.1.1
[INFO] [stderr]    Compiling deranged v0.5.8
[INFO] [stderr]    Compiling indexmap v2.14.0
[INFO] [stderr]    Compiling getrandom v0.2.17
[INFO] [stderr]    Compiling similar v3.2.0
[INFO] [stderr]    Compiling glob v0.3.4
[INFO] [stderr]    Compiling ring v0.17.14
[INFO] [stderr]    Compiling ureq-proto v0.6.1
[INFO] [stderr]    Compiling tempfile v3.27.0
[INFO] [stderr]    Compiling time v0.3.55
[INFO] [stderr]    Compiling clap_derive v4.6.4
[INFO] [stderr]    Compiling serde_derive v1.0.229
[INFO] [stderr]    Compiling clap v4.6.6
[INFO] [stderr]    Compiling clap_mangen v0.3.3
[INFO] [stderr]    Compiling clap_complete v4.6.9
[INFO] [stderr]    Compiling serde_yaml v0.9.34+deprecated
[INFO] [stderr]    Compiling rustls-webpki v0.103.13
[INFO] [stderr]    Compiling ureq v3.4.0
[INFO] [stderr]    Compiling hostsctl v0.2.0 (/opt/rustwide/workdir)
[INFO] [stderr]     Finished `release` profile [optimized] target(s) in 1m 52s
[INFO] running `Command { std: "docker" "inspect" "e83ced212643fd2849d003168db6a82132f9e885def30558f69c23bafe5ac311", kill_on_drop: false }`
[INFO] running `Command { std: "docker" "exec" "-e" "SOURCE_DIR=/opt/rustwide/workdir" "-e" "CARGO_HOME=/opt/rustwide/cargo-home" "-e" "RUSTUP_HOME=/opt/rustwide/rustup-home" "-e" "CARGO_TARGET_DIR=/opt/rustwide/target" "-e" "CARGO_INCREMENTAL=0" "-e" "RUST_BACKTRACE=full" "-e" "RUSTFLAGS=--cap-lints=warn" "-e" "RUSTDOCFLAGS=--cap-lints=warn" "-w" "/opt/rustwide/workdir" "--user" "0:0" "e83ced212643fd2849d003168db6a82132f9e885def30558f69c23bafe5ac311" "/opt/rustwide/cargo-home/bin/cargo" "+1.100.0-beta.1" "test" "--frozen" "--no-run" "--message-format=json" "--release", kill_on_drop: false }`
[INFO] [stderr] warning: `package.homepage` is redundant with `package.documentation`
[INFO] [stderr]   --> Cargo.toml:31:12
[INFO] [stderr]    |
[INFO] [stderr] 28 | documentation = "https://jtprogru.github.io/hostsctl/"
[INFO] [stderr]    |                 --------------------------------------
[INFO] [stderr] ...
[INFO] [stderr] 31 | homepage = "https://jtprogru.github.io/hostsctl/"
[INFO] [stderr]    |            ^^^^^^^^^^^^^^^^^^^^^^^^^^^^^^^^^^^^^^
[INFO] [stderr]    |
[INFO] [stderr]    = note: `cargo::redundant_homepage` is set to `warn` by default
[INFO] [stderr] help: consider removing `package.homepage`
[INFO] [stderr] warning: `hostsctl` (manifest) generated 1 warning
[INFO] [stderr]    Compiling cfg-if v1.0.4
[INFO] [stderr]    Compiling libc v0.2.189
[INFO] [stderr]    Compiling utf8parse v0.2.2
[INFO] [stderr]    Compiling anstyle v1.0.14
[INFO] [stderr]    Compiling colorchoice v1.0.5
[INFO] [stderr]    Compiling anstyle-query v1.1.5
[INFO] [stderr]    Compiling zeroize v1.9.0
[INFO] [stderr]    Compiling is_terminal_polyfill v1.70.2
[INFO] [stderr]    Compiling strsim v0.11.1
[INFO] [stderr]    Compiling untrusted v0.9.0
[INFO] [stderr]    Compiling itoa v1.0.18
[INFO] [stderr]    Compiling clap_lex v1.1.0
[INFO] [stderr]    Compiling adler2 v2.0.1
[INFO] [stderr]    Compiling anstyle-parse v1.0.0
[INFO] [stderr]    Compiling rustls-pki-types v1.15.1
[INFO] [stderr]    Compiling simd-adler32 v0.3.10
[INFO] [stderr]    Compiling bytes v1.12.1
[INFO] [stderr]    Compiling log v0.4.33
[INFO] [stderr]    Compiling once_cell v1.21.4
[INFO] [stderr]    Compiling crc32fast v1.5.0
[INFO] [stderr]    Compiling httparse v1.10.1
[INFO] [stderr]    Compiling serde_core v1.0.229
[INFO] [stderr]    Compiling base64 v0.23.1
[INFO] [stderr]    Compiling subtle v2.6.1
[INFO] [stderr]    Compiling linux-raw-sys v0.12.1
[INFO] [stderr]    Compiling miniz_oxide v0.8.9
[INFO] [stderr]    Compiling bitflags v2.13.1
[INFO] [stderr]    Compiling anstream v1.0.0
[INFO] [stderr]    Compiling equivalent v1.0.2
[INFO] [stderr]    Compiling hashbrown v0.17.1
[INFO] [stderr]    Compiling ryu v1.0.23
[INFO] [stderr]    Compiling time-core v0.1.9
[INFO] [stderr]    Compiling num_threads v0.1.7
[INFO] [stderr]    Compiling fastrand v2.5.0
[INFO] [stderr]    Compiling powerfmt v0.2.0
[INFO] [stderr]    Compiling webpki-roots v1.0.9
[INFO] [stderr]    Compiling roff v1.1.1
[INFO] [stderr]    Compiling deranged v0.5.8
[INFO] [stderr]    Compiling rustix v1.1.4
[INFO] [stderr]    Compiling utf8-zero v0.8.1
[INFO] [stderr]    Compiling clap_builder v4.6.6
[INFO] [stderr]    Compiling unsafe-libyaml v0.2.11
[INFO] [stderr]    Compiling percent-encoding v2.3.2
[INFO] [stderr]    Compiling num-conv v0.2.2
[INFO] [stderr]    Compiling anyhow v1.0.104
[INFO] [stderr]    Compiling glob v0.3.4
[INFO] [stderr]    Compiling similar v3.2.0
[INFO] [stderr]    Compiling http v1.5.0
[INFO] [stderr]    Compiling flate2 v1.1.9
[INFO] [stderr]    Compiling indexmap v2.14.0
[INFO] [stderr]    Compiling getrandom v0.2.17
[INFO] [stderr]    Compiling getrandom v0.4.3
[INFO] [stderr]    Compiling ring v0.17.14
[INFO] [stderr]    Compiling ureq-proto v0.6.1
[INFO] [stderr]    Compiling time v0.3.55
[INFO] [stderr]    Compiling tempfile v3.27.0
[INFO] [stderr]    Compiling serde v1.0.229
[INFO] [stderr]    Compiling clap v4.6.6
[INFO] [stderr]    Compiling rustls-webpki v0.103.13
[INFO] [stderr]    Compiling clap_mangen v0.3.3
[INFO] [stderr]    Compiling clap_complete v4.6.9
[INFO] [stderr]    Compiling serde_yaml v0.9.34+deprecated
[INFO] [stderr]    Compiling rustls v0.23.43
[INFO] [stderr]    Compiling ureq v3.4.0
[INFO] [stderr]    Compiling hostsctl v0.2.0 (/opt/rustwide/workdir)
[INFO] [stderr]     Finished `release` profile [optimized] target(s) in 1m 05s
[INFO] running `Command { std: "docker" "inspect" "e83ced212643fd2849d003168db6a82132f9e885def30558f69c23bafe5ac311", kill_on_drop: false }`
[INFO] running `Command { std: "docker" "exec" "-e" "SOURCE_DIR=/opt/rustwide/workdir" "-e" "CARGO_HOME=/opt/rustwide/cargo-home" "-e" "RUSTUP_HOME=/opt/rustwide/rustup-home" "-e" "CARGO_TARGET_DIR=/opt/rustwide/target" "-e" "CARGO_INCREMENTAL=0" "-e" "RUST_BACKTRACE=full" "-e" "RUSTFLAGS=--cap-lints=warn" "-e" "RUSTDOCFLAGS=--cap-lints=warn" "-w" "/opt/rustwide/workdir" "--user" "0:0" "e83ced212643fd2849d003168db6a82132f9e885def30558f69c23bafe5ac311" "/opt/rustwide/cargo-home/bin/cargo" "+1.100.0-beta.1" "test" "--frozen" "--release", kill_on_drop: false }`
[INFO] [stderr] warning: `package.homepage` is redundant with `package.documentation`
[INFO] [stderr]   --> Cargo.toml:31:12
[INFO] [stderr]    |
[INFO] [stderr] 28 | documentation = "https://jtprogru.github.io/hostsctl/"
[INFO] [stderr]    |                 --------------------------------------
[INFO] [stderr] ...
[INFO] [stderr] 31 | homepage = "https://jtprogru.github.io/hostsctl/"
[INFO] [stderr]    |            ^^^^^^^^^^^^^^^^^^^^^^^^^^^^^^^^^^^^^^
[INFO] [stderr]    |
[INFO] [stderr]    = note: `cargo::redundant_homepage` is set to `warn` by default
[INFO] [stderr] help: consider removing `package.homepage`
[INFO] [stderr] warning: `hostsctl` (manifest) generated 1 warning
[INFO] [stderr]     Finished `release` profile [optimized] target(s) in 0.23s
[INFO] [stderr]      Running unittests src/main.rs (/opt/rustwide/target/release/build/hostsctl/d090b80c02c58821/out/hostsctl-d090b80c02c58821)
[INFO] [stdout] 
[INFO] [stdout] running 38 tests
[INFO] [stdout] test hostsfile::tests::keeps_unmanaged_content_verbatim ... ok
[INFO] [stdout] test hostsfile::tests::parses_line_with_comment ... ok
[INFO] [stdout] test hostsfile::tests::replaces_block_in_place_and_keeps_tail ... ok
[INFO] [stdout] test hostsfile::tests::unterminated_marker_is_not_duplicated ... ok
[INFO] [stdout] test hostsfile::tests::legacy_block_survives_unless_asked ... ok
[INFO] [stdout] test exit::tests::coded_errors_keep_their_code_and_message ... ok
[INFO] [stdout] test hostsfile::tests::text_is_not_a_host_line ... ok
[INFO] [stdout] test exit::tests::plain_errors_are_generic_failures ... ok
[INFO] [stdout] test hostsfile::tests::removes_block_without_leaving_blank ... ok
[INFO] [stdout] test render::tests::timestamp_alone_is_not_a_change ... ok
[INFO] [stdout] test commands::setup::tests::group_name_drops_numeric_prefix ... ok
[INFO] [stdout] test commands::setup::tests::collects_dir_into_groups_by_file ... ok
[INFO] [stdout] test render::tests::timestamp_updates_when_content_changes ... ok
[INFO] [stdout] test hostsfile::tests::sanity_check_guards_localhost ... ok
[INFO] [stdout] test remote::tests::multiple_hostnames_per_line_expand ... ok
[INFO] [stdout] test hostsfile::tests::appends_block_when_absent ... ok
[INFO] [stdout] test validate::tests::rejects_port_in_hostname ... ok
[INFO] [stdout] test validate::tests::trailing_dot_is_fine ... ok
[INFO] [stdout] test commands::setup::tests::parses_comments_and_disabled_entries ... ok
[INFO] [stdout] test validate::tests::rejects_wildcards_and_bad_ip ... ok
[INFO] [stdout] test zones::tests::hosts_zone_roundtrips ... ok
[INFO] [stdout] test exit::tests::a_code_survives_further_context ... ok
[INFO] [stdout] test zones::tests::disabled_group_survives_hosts_roundtrip ... ok
[INFO] [stdout] test zones::tests::name_from_path_strips_prefix ... ok
[INFO] [stdout] test zones::tests::hosts_zone_rejects_remote_group ... ok
[INFO] [stdout] test render::tests::one_hostname_on_many_ips_renders_every_line ... ok
[INFO] [stdout] test render::tests::renders_enabled_entries_only ... ok
[INFO] [stdout] test render::tests::disabled_group_is_skipped ... ok
[INFO] [stdout] test render::tests::exact_duplicate_pair_is_dropped_once ... ok
[INFO] [stdout] test remote::tests::rewrite_ip_and_allowlist ... ok
[INFO] [stdout] test render::tests::block_is_marker_wrapped ... ok
[INFO] [stdout] test render::tests::same_hostname_in_two_groups_is_kept_and_warned ... ok
[INFO] [stdout] test zones::tests::include_order_follows_patterns_then_names ... ok
[INFO] [stdout] test validate::tests::accepts_normal_entry ... ok
[INFO] [stdout] test zones::tests::yaml_zone_accepts_three_shapes ... ok
[INFO] [stdout] test zones::tests::yaml_zone_typo_is_an_error ... ok
[INFO] [stdout] test remote::tests::strips_localhost_comments_and_dupes ... ok
[INFO] [stdout] test validate::tests::checks_every_ip_of_an_entry ... ok
[INFO] [stdout] 
[INFO] [stdout] test result: ok. 38 passed; 0 failed; 0 ignored; 0 measured; 0 filtered out; finished in 0.03s
[INFO] [stdout] 
[INFO] [stderr]      Running tests/cli.rs (/opt/rustwide/target/release/build/hostsctl/26cc22e8da83534c/out/cli-26cc22e8da83534c)
[INFO] [stdout] 
[INFO] [stdout] running 21 tests
[INFO] [stdout] test generated_docs_cover_every_command ... FAILED
[INFO] [stdout] test import_reads_legacy_hosts_files ... FAILED
[INFO] [stdout] test conflict_with_unmanaged_line_warns ... FAILED
[INFO] [stdout] test refuses_config_that_would_break_hosts ... FAILED
[INFO] [stdout] test backup_and_restore_roundtrip ... FAILED
[INFO] [stdout] test missing_config_hints_init ... FAILED
[INFO] [stdout] test exit_codes_tell_failures_apart ... FAILED
[INFO] [stdout] test one_ip_keeps_many_hostnames ... FAILED
[INFO] [stdout] test dry_run_writes_nothing ... FAILED
[INFO] [stdout] test completions_are_generated ... FAILED
[INFO] [stdout] test check_reports_a_broken_config_as_a_config_error ... FAILED
[INFO] [stdout] test legacy_hosts_sync_block_is_left_alone ... FAILED
[INFO] [stdout] test rm_removes_single_hostname_from_entry ... FAILED
[INFO] [stdout] test unwritable_target_asks_for_sudo ... FAILED
[INFO] [stdout] test full_lifecycle_keeps_system_lines ... FAILED
[INFO] [stdout] test status_and_check_report_state ... FAILED
[INFO] [stdout] test manual_edits_outside_block_survive_apply ... FAILED
[INFO] [stdout] test groups_toggle_whole_sets ... FAILED
[INFO] [stdout] test stale_timestamp_alone_is_not_drift ... FAILED
[INFO] [stdout] test target_stays_a_regular_file_with_same_perms ... FAILED
[INFO] [stderr] error: test failed, to rerun pass `--test cli`
[INFO] [stdout] test same_hostname_on_several_ips_is_allowed ... FAILED
[INFO] [stdout] 
[INFO] [stdout] failures:
[INFO] [stdout] 
[INFO] [stdout] ---- generated_docs_cover_every_command stdout ----
[INFO] [stdout] 
[INFO] [stdout] thread 'generated_docs_cover_every_command' (1841) panicked at tests/cli.rs:369:66:
[INFO] [stdout] called `Result::unwrap()` on an `Err` value: Os { code: 2, kind: NotFound, message: "No such file or directory" }
[INFO] [stdout] stack backtrace:
[INFO] [stdout]    0:     0x5adc53668095 - <unknown>
[INFO] [stdout]    1:     0x5adc5364feca - <unknown>
[INFO] [stdout]    2:     0x5adc5366772b - <unknown>
[INFO] [stdout]    3:     0x5adc5366720f - <unknown>
[INFO] [stdout]    4:     0x5adc53666e3a - <unknown>
[INFO] [stdout]    5:     0x5adc53666975 - <unknown>
[INFO] [stdout]    6:     0x5adc5368d7b1 - <unknown>
[INFO] [stdout]    7:     0x5adc5368d769 - <unknown>
[INFO] [stdout]    8:     0x5adc5368dc6c - <unknown>
[INFO] [stdout]    9:     0x5adc5364fd5b - <unknown>
[INFO] [stdout]   10:     0x5adc53653011 - <unknown>
[INFO] [stdout]   11:     0x5adc5364bec5 - <unknown>
[INFO] [stdout]   12:     0x5adc536a8dab - <unknown>
[INFO] [stdout]   13:     0x5adc536a4d71 - <unknown>
[INFO] [stdout]   14:     0x5adc536a455c - <unknown>
[INFO] [stdout]   15:     0x5adc536c41fc - <unknown>
[INFO] [stdout]   16:     0x5adc5368f4e4 - <unknown>
[INFO] [stdout]   17:     0x7c43079ffdfa - <unknown>
[INFO] [stdout]   18:     0x7c4307a933d4 - clone
[INFO] [stdout]   19:                0x0 - <unknown>
[INFO] [stdout] 
[INFO] [stdout] ---- import_reads_legacy_hosts_files stdout ----
[INFO] [stdout] 
[INFO] [stdout] thread 'import_reads_legacy_hosts_files' (1843) panicked at tests/common/mod.rs:53:14:
[INFO] [stdout] the binary started: Os { code: 2, kind: NotFound, message: "No such file or directory" }
[INFO] [stdout] stack backtrace:
[INFO] [stdout]    0:     0x5adc53668095 - <unknown>
[INFO] [stdout]    1:     0x5adc5364feca - <unknown>
[INFO] [stdout]    2:     0x5adc5366772b - <unknown>
[INFO] [stdout]    3:     0x5adc5366720f - <unknown>
[INFO] [stdout]    4:     0x5adc53666e3a - <unknown>
[INFO] [stdout]    5:     0x5adc53666975 - <unknown>
[INFO] [stdout]    6:     0x5adc5368d7b1 - <unknown>
[INFO] [stdout]    7:     0x5adc5368d769 - <unknown>
[INFO] [stdout]    8:     0x5adc5368dc6c - <unknown>
[INFO] [stdout]    9:     0x5adc5364fd5b - <unknown>
[INFO] [stdout]   10:     0x5adc53653011 - <unknown>
[INFO] [stdout]   11:     0x5adc5364548a - <unknown>
[INFO] [stdout]   12:     0x5adc53644eb6 - <unknown>
[INFO] [stdout]   13:     0x5adc53645558 - <unknown>
[INFO] [stdout]   14:     0x5adc5364a2b6 - <unknown>
[INFO] [stdout]   15:     0x5adc536a8dab - <unknown>
[INFO] [stdout]   16:     0x5adc536a4d71 - <unknown>
[INFO] [stdout]   17:     0x5adc536a455c - <unknown>
[INFO] [stdout]   18:     0x5adc536c41fc - <unknown>
[INFO] [stdout]   19:     0x5adc5368f4e4 - <unknown>
[INFO] [stdout]   20:     0x7c43079ffdfa - <unknown>
[INFO] [stdout]   21:     0x7c4307a933d4 - clone
[INFO] [stdout]   22:                0x0 - <unknown>
[INFO] [stdout] 
[INFO] [stdout] ---- conflict_with_unmanaged_line_warns stdout ----
[INFO] [stdout] 
[INFO] [stdout] thread 'conflict_with_unmanaged_line_warns' (1837) panicked at tests/common/mod.rs:53:14:
[INFO] [stdout] the binary started: Os { code: 2, kind: NotFound, message: "No such file or directory" }
[INFO] [stdout] stack backtrace:
[INFO] [stdout]    0:     0x5adc53668095 - <unknown>
[INFO] [stdout]    1:     0x5adc5364feca - <unknown>
[INFO] [stdout]    2:     0x5adc5366772b - <unknown>
[INFO] [stdout]    3:     0x5adc5366720f - <unknown>
[INFO] [stdout]    4:     0x5adc53666e3a - <unknown>
[INFO] [stdout]    5:     0x5adc53666975 - <unknown>
[INFO] [stdout]    6:     0x5adc5368d7b1 - <unknown>
[INFO] [stdout]    7:     0x5adc5368d769 - <unknown>
[INFO] [stdout]    8:     0x5adc5368dc6c - <unknown>
[INFO] [stdout]    9:     0x5adc5364fd5b - <unknown>
[INFO] [stdout]   10:     0x5adc53653011 - <unknown>
[INFO] [stdout]   11:     0x5adc5364548a - <unknown>
[INFO] [stdout]   12:     0x5adc53644eb6 - <unknown>
[INFO] [stdout]   13:     0x5adc53645558 - <unknown>
[INFO] [stdout]   14:     0x5adc5364b559 - <unknown>
[INFO] [stdout]   15:     0x5adc536a8dab - <unknown>
[INFO] [stdout]   16:     0x5adc536a4d71 - <unknown>
[INFO] [stdout]   17:     0x5adc536a455c - <unknown>
[INFO] [stdout]   18:     0x5adc536c41fc - <unknown>
[INFO] [stdout]   19:     0x5adc5368f4e4 - <unknown>
[INFO] [stdout]   20:     0x7c43079ffdfa - <unknown>
[INFO] [stdout]   21:     0x7c4307a933d4 - clone
[INFO] [stdout]   22:                0x0 - <unknown>
[INFO] [stdout] 
[INFO] [stdout] ---- refuses_config_that_would_break_hosts stdout ----
[INFO] [stdout] 
[INFO] [stdout] thread 'refuses_config_that_would_break_hosts' (1853) panicked at tests/common/mod.rs:53:14:
[INFO] [stdout] the binary started: Os { code: 2, kind: NotFound, message: "No such file or directory" }
[INFO] [stdout] stack backtrace:
[INFO] [stdout]    0:     0x5adc53668095 - <unknown>
[INFO] [stdout]    1:     0x5adc5364feca - <unknown>
[INFO] [stdout]    2:     0x5adc5366772b - <unknown>
[INFO] [stdout]    3:     0x5adc5366720f - <unknown>
[INFO] [stdout]    4:     0x5adc53666e3a - <unknown>
[INFO] [stdout]    5:     0x5adc53666975 - <unknown>
[INFO] [stdout]    6:     0x5adc5368d7b1 - <unknown>
[INFO] [stdout]    7:     0x5adc5368d769 - <unknown>
[INFO] [stdout]    8:     0x5adc5368dc6c - <unknown>
[INFO] [stdout]    9:     0x5adc5364fd5b - <unknown>
[INFO] [stdout]   10:     0x5adc53653011 - <unknown>
[INFO] [stdout]   11:     0x5adc5364548a - <unknown>
[INFO] [stdout]   12:     0x5adc53644eb6 - <unknown>
[INFO] [stdout]   13:     0x5adc53645558 - <unknown>
[INFO] [stdout]   14:     0x5adc5364cf45 - <unknown>
[INFO] [stdout]   15:     0x5adc536a8dab - <unknown>
[INFO] [stdout]   16:     0x5adc536a4d71 - <unknown>
[INFO] [stdout]   17:     0x5adc536a455c - <unknown>
[INFO] [stdout]   18:     0x5adc536c41fc - <unknown>
[INFO] [stdout]   19:     0x5adc5368f4e4 - <unknown>
[INFO] [stdout]   20:     0x7c43079ffdfa - <unknown>
[INFO] [stdout]   21:     0x7c4307a933d4 - clone
[INFO] [stdout]   22:                0x0 - <unknown>
[INFO] [stdout] 
[INFO] [stdout] ---- backup_and_restore_roundtrip stdout ----
[INFO] [stdout] 
[INFO] [stdout] thread 'backup_and_restore_roundtrip' (1834) panicked at tests/common/mod.rs:53:14:
[INFO] [stdout] the binary started: Os { code: 2, kind: NotFound, message: "No such file or directory" }
[INFO] [stdout] stack backtrace:
[INFO] [stdout]    0:     0x5adc53668095 - <unknown>
[INFO] [stdout]    1:     0x5adc5364feca - <unknown>
[INFO] [stdout]    2:     0x5adc5366772b - <unknown>
[INFO] [stdout]    3:     0x5adc5366720f - <unknown>
[INFO] [stdout]    4:     0x5adc53666e3a - <unknown>
[INFO] [stdout]    5:     0x5adc53666975 - <unknown>
[INFO] [stdout]    6:     0x5adc5368d7b1 - <unknown>
[INFO] [stdout]    7:     0x5adc5368d769 - <unknown>
[INFO] [stdout]    8:     0x5adc5368dc6c - <unknown>
[INFO] [stdout]    9:     0x5adc5364fd5b - <unknown>
[INFO] [stdout]   10:     0x5adc53653011 - <unknown>
[INFO] [stdout]   11:     0x5adc5364548a - <unknown>
[INFO] [stdout]   12:     0x5adc53644eb6 - <unknown>
[INFO] [stdout]   13:     0x5adc53645558 - <unknown>
[INFO] [stdout]   14:     0x5adc53649639 - <unknown>
[INFO] [stdout]   15:     0x5adc536a8dab - <unknown>
[INFO] [stdout]   16:     0x5adc536a4d71 - <unknown>
[INFO] [stdout]   17:     0x5adc536a455c - <unknown>
[INFO] [stdout]   18:     0x5adc536c41fc - <unknown>
[INFO] [stdout]   19:     0x5adc5368f4e4 - <unknown>
[INFO] [stdout]   20:     0x7c43079ffdfa - <unknown>
[INFO] [stdout]   21:     0x7c4307a933d4 - clone
[INFO] [stdout]   22:                0x0 - <unknown>
[INFO] [stdout] 
[INFO] [stdout] ---- missing_config_hints_init stdout ----
[INFO] [stdout] 
[INFO] [stdout] thread 'missing_config_hints_init' (1851) panicked at tests/cli.rs:409:10:
[INFO] [stdout] called `Result::unwrap()` on an `Err` value: Os { code: 2, kind: NotFound, message: "No such file or directory" }
[INFO] [stdout] stack backtrace:
[INFO] [stdout]    0:     0x5adc53668095 - <unknown>
[INFO] [stdout]    1:     0x5adc5364feca - <unknown>
[INFO] [stdout]    2:     0x5adc5366772b - <unknown>
[INFO] [stdout]    3:     0x5adc5366720f - <unknown>
[INFO] [stdout]    4:     0x5adc53666e3a - <unknown>
[INFO] [stdout]    5:     0x5adc53666975 - <unknown>
[INFO] [stdout]    6:     0x5adc5368d7b1 - <unknown>
[INFO] [stdout]    7:     0x5adc5368d769 - <unknown>
[INFO] [stdout]    8:     0x5adc5368dc6c - <unknown>
[INFO] [stdout]    9:     0x5adc5364fd5b - <unknown>
[INFO] [stdout]   10:     0x5adc53653011 - <unknown>
[INFO] [stdout]   11:     0x5adc53648f7c - <unknown>
[INFO] [stdout]   12:     0x5adc536a8dab - <unknown>
[INFO] [stdout]   13:     0x5adc536a4d71 - <unknown>
[INFO] [stdout]   14:     0x5adc536a455c - <unknown>
[INFO] [stdout]   15:     0x5adc536c41fc - <unknown>
[INFO] [stdout]   16:     0x5adc5368f4e4 - <unknown>
[INFO] [stdout]   17:     0x7c43079ffdfa - <unknown>
[INFO] [stdout]   18:     0x7c4307a933d4 - clone
[INFO] [stdout]   19:                0x0 - <unknown>
[INFO] [stdout] 
[INFO] [stdout] ---- exit_codes_tell_failures_apart stdout ----
[INFO] [stdout] 
[INFO] [stdout] thread 'exit_codes_tell_failures_apart' (1839) panicked at tests/common/mod.rs:53:14:
[INFO] [stdout] the binary started: Os { code: 2, kind: NotFound, message: "No such file or directory" }
[INFO] [stdout] stack backtrace:
[INFO] [stdout]    0:     0x5adc53668095 - <unknown>
[INFO] [stdout]    1:     0x5adc5364feca - <unknown>
[INFO] [stdout]    2:     0x5adc5366772b - <unknown>
[INFO] [stdout]    3:     0x5adc5366720f - <unknown>
[INFO] [stdout]    4:     0x5adc53666e3a - <unknown>
[INFO] [stdout]    5:     0x5adc53666975 - <unknown>
[INFO] [stdout]    6:     0x5adc5368d7b1 - <unknown>
[INFO] [stdout]    7:     0x5adc5368d769 - <unknown>
[INFO] [stdout]    8:     0x5adc5368dc6c - <unknown>
[INFO] [stdout]    9:     0x5adc5364fd5b - <unknown>
[INFO] [stdout]   10:     0x5adc53653011 - <unknown>
[INFO] [stdout]   11:     0x5adc5364548a - <unknown>
[INFO] [stdout]   12:     0x5adc53644eb6 - <unknown>
[INFO] [stdout]   13:     0x5adc53645558 - <unknown>
[INFO] [stdout]   14:     0x5adc53649d84 - <unknown>
[INFO] [stdout]   15:     0x5adc536a8dab - <unknown>
[INFO] [stdout]   16:     0x5adc536a4d71 - <unknown>
[INFO] [stdout]   17:     0x5adc536a455c - <unknown>
[INFO] [stdout]   18:     0x5adc536c41fc - <unknown>
[INFO] [stdout]   19:     0x5adc5368f4e4 - <unknown>
[INFO] [stdout]   20:     0x7c43079ffdfa - <unknown>
[INFO] [stdout]   21:     0x7c4307a933d4 - clone
[INFO] [stdout]   22:                0x0 - <unknown>
[INFO] [stdout] 
[INFO] [stdout] ---- one_ip_keeps_many_hostnames stdout ----
[INFO] [stdout] 
[INFO] [stdout] thread 'one_ip_keeps_many_hostnames' (1852) panicked at tests/common/mod.rs:53:14:
[INFO] [stdout] the binary started: Os { code: 2, kind: NotFound, message: "No such file or directory" }
[INFO] [stdout] stack backtrace:
[INFO] [stdout]    0:     0x5adc53668095 - <unknown>
[INFO] [stdout]    1:     0x5adc5364feca - <unknown>
[INFO] [stdout]    2:     0x5adc5366772b - <unknown>
[INFO] [stdout]    3:     0x5adc5366720f - <unknown>
[INFO] [stdout]    4:     0x5adc53666e3a - <unknown>
[INFO] [stdout]    5:     0x5adc53666975 - <unknown>
[INFO] [stdout]    6:     0x5adc5368d7b1 - <unknown>
[INFO] [stdout]    7:     0x5adc5368d769 - <unknown>
[INFO] [stdout]    8:     0x5adc5368dc6c - <unknown>
[INFO] [stdout]    9:     0x5adc5364fd5b - <unknown>
[INFO] [stdout]   10:     0x5adc53653011 - <unknown>
[INFO] [stdout]   11:     0x5adc5364548a - <unknown>
[INFO] [stdout]   12:     0x5adc53644eb6 - <unknown>
[INFO] [stdout]   13:     0x5adc53645558 - <unknown>
[INFO] [stdout]   14:     0x5adc536490e8 - <unknown>
[INFO] [stdout]   15:     0x5adc536a8dab - <unknown>
[INFO] [stdout]   16:     0x5adc536a4d71 - <unknown>
[INFO] [stdout]   17:     0x5adc536a455c - <unknown>
[INFO] [stdout]   18:     0x5adc536c41fc - <unknown>
[INFO] [stdout]   19:     0x5adc5368f4e4 - <unknown>
[INFO] [stdout]   20:     0x7c43079ffdfa - <unknown>
[INFO] [stdout]   21:     0x7c4307a933d4 - clone
[INFO] [stdout]   22:                0x0 - <unknown>
[INFO] [stdout] 
[INFO] [stdout] ---- dry_run_writes_nothing stdout ----
[INFO] [stdout] 
[INFO] [stdout] thread 'dry_run_writes_nothing' (1838) panicked at tests/common/mod.rs:53:14:
[INFO] [stdout] the binary started: Os { code: 2, kind: NotFound, message: "No such file or directory" }
[INFO] [stdout] stack backtrace:
[INFO] [stdout]    0:     0x5adc53668095 - <unknown>
[INFO] [stdout]    1:     0x5adc5364feca - <unknown>
[INFO] [stdout]    2:     0x5adc5366772b - <unknown>
[INFO] [stdout]    3:     0x5adc5366720f - <unknown>
[INFO] [stdout]    4:     0x5adc53666e3a - <unknown>
[INFO] [stdout]    5:     0x5adc53666975 - <unknown>
[INFO] [stdout]    6:     0x5adc5368d7b1 - <unknown>
[INFO] [stdout]    7:     0x5adc5368d769 - <unknown>
[INFO] [stdout]    8:     0x5adc5368dc6c - <unknown>
[INFO] [stdout]    9:     0x5adc5364fd5b - <unknown>
[INFO] [stdout]   10:     0x5adc53653011 - <unknown>
[INFO] [stdout]   11:     0x5adc5364548a - <unknown>
[INFO] [stdout]   12:     0x5adc53644eb6 - <unknown>
[INFO] [stdout]   13:     0x5adc53645558 - <unknown>
[INFO] [stdout]   14:     0x5adc53648213 - <unknown>
[INFO] [stdout]   15:     0x5adc536a8dab - <unknown>
[INFO] [stdout]   16:     0x5adc536a4d71 - <unknown>
[INFO] [stdout]   17:     0x5adc536a455c - <unknown>
[INFO] [stdout]   18:     0x5adc536c41fc - <unknown>
[INFO] [stdout]   19:     0x5adc5368f4e4 - <unknown>
[INFO] [stdout]   20:     0x7c43079ffdfa - <unknown>
[INFO] [stdout]   21:     0x7c4307a933d4 - clone
[INFO] [stdout]   22:                0x0 - <unknown>
[INFO] [stdout] 
[INFO] [stdout] ---- completions_are_generated stdout ----
[INFO] [stdout] 
[INFO] [stdout] thread 'completions_are_generated' (1836) panicked at tests/cli.rs:420:10:
[INFO] [stdout] called `Result::unwrap()` on an `Err` value: Os { code: 2, kind: NotFound, message: "No such file or directory" }
[INFO] [stdout] stack backtrace:
[INFO] [stdout]    0:     0x5adc53668095 - <unknown>
[INFO] [stdout]    1:     0x5adc5364feca - <unknown>
[INFO] [stdout]    2:     0x5adc5366772b - <unknown>
[INFO] [stdout]    3:     0x5adc5366720f - <unknown>
[INFO] [stdout]    4:     0x5adc53666e3a - <unknown>
[INFO] [stdout]    5:     0x5adc53666975 - <unknown>
[INFO] [stdout]    6:     0x5adc5368d7b1 - <unknown>
[INFO] [stdout]    7:     0x5adc5368d769 - <unknown>
[INFO] [stdout]    8:     0x5adc5368dc6c - <unknown>
[INFO] [stdout]    9:     0x5adc5364fd5b - <unknown>
[INFO] [stdout]   10:     0x5adc53653011 - <unknown>
[INFO] [stdout]   11:     0x5adc53648b2f - <unknown>
[INFO] [stdout]   12:     0x5adc536a8dab - <unknown>
[INFO] [stdout]   13:     0x5adc536a4d71 - <unknown>
[INFO] [stdout]   14:     0x5adc536a455c - <unknown>
[INFO] [stdout]   15:     0x5adc536c41fc - <unknown>
[INFO] [stdout]   16:     0x5adc5368f4e4 - <unknown>
[INFO] [stdout]   17:     0x7c43079ffdfa - <unknown>
[INFO] [stdout]   18:     0x7c4307a933d4 - clone
[INFO] [stdout]   19:                0x0 - <unknown>
[INFO] [stdout] 
[INFO] [stdout] ---- check_reports_a_broken_config_as_a_config_error stdout ----
[INFO] [stdout] 
[INFO] [stdout] thread 'check_reports_a_broken_config_as_a_config_error' (1835) panicked at tests/common/mod.rs:53:14:
[INFO] [stdout] the binary started: Os { code: 2, kind: NotFound, message: "No such file or directory" }
[INFO] [stdout] stack backtrace:
[INFO] [stdout]    0:     0x5adc53668095 - <unknown>
[INFO] [stdout]    1:     0x5adc5364feca - <unknown>
[INFO] [stdout]    2:     0x5adc5366772b - <unknown>
[INFO] [stdout]    3:     0x5adc5366720f - <unknown>
[INFO] [stdout]    4:     0x5adc53666e3a - <unknown>
[INFO] [stdout]    5:     0x5adc53666975 - <unknown>
[INFO] [stdout]    6:     0x5adc5368d7b1 - <unknown>
[INFO] [stdout]    7:     0x5adc5368d769 - <unknown>
[INFO] [stdout]    8:     0x5adc5368dc6c - <unknown>
[INFO] [stdout]    9:     0x5adc5364fd5b - <unknown>
[INFO] [stdout]   10:     0x5adc53653011 - <unknown>
[INFO] [stdout]   11:     0x5adc5364548a - <unknown>
[INFO] [stdout]   12:     0x5adc53644eb6 - <unknown>
[INFO] [stdout]   13:     0x5adc53645558 - <unknown>
[INFO] [stdout]   14:     0x5adc5364e169 - <unknown>
[INFO] [stdout]   15:     0x5adc536a8dab - <unknown>
[INFO] [stdout]   16:     0x5adc536a4d71 - <unknown>
[INFO] [stdout]   17:     0x5adc536a455c - <unknown>
[INFO] [stdout]   18:     0x5adc536c41fc - <unknown>
[INFO] [stdout]   19:     0x5adc5368f4e4 - <unknown>
[INFO] [stdout]   20:     0x7c43079ffdfa - <unknown>
[INFO] [stdout]   21:     0x7c4307a933d4 - clone
[INFO] [stdout]   22:                0x0 - <unknown>
[INFO] [stdout] 
[INFO] [stdout] ---- legacy_hosts_sync_block_is_left_alone stdout ----
[INFO] [stdout] 
[INFO] [stdout] thread 'legacy_hosts_sync_block_is_left_alone' (1844) panicked at tests/common/mod.rs:53:14:
[INFO] [stdout] the binary started: Os { code: 2, kind: NotFound, message: "No such file or directory" }
[INFO] [stdout] stack backtrace:
[INFO] [stdout]    0:     0x5adc53668095 - <unknown>
[INFO] [stdout]    1:     0x5adc5364feca - <unknown>
[INFO] [stdout]    2:     0x5adc5366772b - <unknown>
[INFO] [stdout]    3:     0x5adc5366720f - <unknown>
[INFO] [stdout]    4:     0x5adc53666e3a - <unknown>
[INFO] [stdout]    5:     0x5adc53666975 - <unknown>
[INFO] [stdout]    6:     0x5adc5368d7b1 - <unknown>
[INFO] [stdout]    7:     0x5adc5368d769 - <unknown>
[INFO] [stdout]    8:     0x5adc5368dc6c - <unknown>
[INFO] [stdout]    9:     0x5adc5364fd5b - <unknown>
[INFO] [stdout]   10:     0x5adc53653011 - <unknown>
[INFO] [stdout]   11:     0x5adc5364548a - <unknown>
[INFO] [stdout]   12:     0x5adc53644eb6 - <unknown>
[INFO] [stdout]   13:     0x5adc53645558 - <unknown>
[INFO] [stdout]   14:     0x5adc5364cad7 - <unknown>
[INFO] [stdout]   15:     0x5adc536a8dab - <unknown>
[INFO] [stdout]   16:     0x5adc536a4d71 - <unknown>
[INFO] [stdout]   17:     0x5adc536a455c - <unknown>
[INFO] [stdout]   18:     0x5adc536c41fc - <unknown>
[INFO] [stdout]   19:     0x5adc5368f4e4 - <unknown>
[INFO] [stdout]   20:     0x7c43079ffdfa - <unknown>
[INFO] [stdout]   21:     0x7c4307a933d4 - clone
[INFO] [stdout]   22:                0x0 - <unknown>
[INFO] [stdout] 
[INFO] [stdout] ---- rm_removes_single_hostname_from_entry stdout ----
[INFO] [stdout] 
[INFO] [stdout] thread 'rm_removes_single_hostname_from_entry' (1854) panicked at tests/common/mod.rs:53:14:
[INFO] [stdout] the binary started: Os { code: 2, kind: NotFound, message: "No such file or directory" }
[INFO] [stdout] stack backtrace:
[INFO] [stdout]    0:     0x5adc53668095 - <unknown>
[INFO] [stdout]    1:     0x5adc5364feca - <unknown>
[INFO] [stdout]    2:     0x5adc5366772b - <unknown>
[INFO] [stdout]    3:     0x5adc5366720f - <unknown>
[INFO] [stdout]    4:     0x5adc53666e3a - <unknown>
[INFO] [stdout]    5:     0x5adc53666975 - <unknown>
[INFO] [stdout]    6:     0x5adc5368d7b1 - <unknown>
[INFO] [stdout]    7:     0x5adc5368d769 - <unknown>
[INFO] [stdout]    8:     0x5adc5368dc6c - <unknown>
[INFO] [stdout]    9:     0x5adc5364fd5b - <unknown>
[INFO] [stdout]   10:     0x5adc53653011 - <unknown>
[INFO] [stdout]   11:     0x5adc5364548a - <unknown>
[INFO] [stdout]   12:     0x5adc53644eb6 - <unknown>
[INFO] [stdout]   13:     0x5adc53645558 - <unknown>
[INFO] [stdout]   14:     0x5adc5364d143 - <unknown>
[INFO] [stdout]   15:     0x5adc536a8dab - <unknown>
[INFO] [stdout]   16:     0x5adc536a4d71 - <unknown>
[INFO] [stdout]   17:     0x5adc536a455c - <unknown>
[INFO] [stdout]   18:     0x5adc536c41fc - <unknown>
[INFO] [stdout]   19:     0x5adc5368f4e4 - <unknown>
[INFO] [stdout]   20:     0x7c43079ffdfa - <unknown>
[INFO] [stdout]   21:     0x7c4307a933d4 - clone
[INFO] [stdout]   22:                0x0 - <unknown>
[INFO] [stdout] 
[INFO] [stdout] ---- unwritable_target_asks_for_sudo stdout ----
[INFO] [stdout] 
[INFO] [stdout] thread 'unwritable_target_asks_for_sudo' (1868) panicked at tests/common/mod.rs:53:14:
[INFO] [stdout] the binary started: Os { code: 2, kind: NotFound, message: "No such file or directory" }
[INFO] [stdout] stack backtrace:
[INFO] [stdout]    0:     0x5adc53668095 - <unknown>
[INFO] [stdout]    1:     0x5adc5364feca - <unknown>
[INFO] [stdout]    2:     0x5adc5366772b - <unknown>
[INFO] [stdout]    3:     0x5adc5366720f - <unknown>
[INFO] [stdout]    4:     0x5adc53666e3a - <unknown>
[INFO] [stdout]    5:     0x5adc53666975 - <unknown>
[INFO] [stdout]    6:     0x5adc5368d7b1 - <unknown>
[INFO] [stdout]    7:     0x5adc5368d769 - <unknown>
[INFO] [stdout]    8:     0x5adc5368dc6c - <unknown>
[INFO] [stdout]    9:     0x5adc5364fd5b - <unknown>
[INFO] [stdout]   10:     0x5adc53653011 - <unknown>
[INFO] [stdout]   11:     0x5adc5364548a - <unknown>
[INFO] [stdout]   12:     0x5adc53644eb6 - <unknown>
[INFO] [stdout]   13:     0x5adc53645558 - <unknown>
[INFO] [stdout]   14:     0x5adc5364a8c9 - <unknown>
[INFO] [stdout]   15:     0x5adc536a8dab - <unknown>
[INFO] [stdout]   16:     0x5adc536a4d71 - <unknown>
[INFO] [stdout]   17:     0x5adc536a455c - <unknown>
[INFO] [stdout]   18:     0x5adc536c41fc - <unknown>
[INFO] [stdout]   19:     0x5adc5368f4e4 - <unknown>
[INFO] [stdout]   20:     0x7c43079ffdfa - <unknown>
[INFO] [stdout]   21:     0x7c4307a933d4 - clone
[INFO] [stdout]   22:                0x0 - <unknown>
[INFO] [stdout] 
[INFO] [stdout] ---- full_lifecycle_keeps_system_lines stdout ----
[INFO] [stdout] 
[INFO] [stdout] thread 'full_lifecycle_keeps_system_lines' (1840) panicked at tests/common/mod.rs:53:14:
[INFO] [stdout] the binary started: Os { code: 2, kind: NotFound, message: "No such file or directory" }
[INFO] [stdout] stack backtrace:
[INFO] [stdout]    0:     0x5adc53668095 - <unknown>
[INFO] [stdout]    1:     0x5adc5364feca - <unknown>
[INFO] [stdout]    2:     0x5adc5366772b - <unknown>
[INFO] [stdout]    3:     0x5adc5366720f - <unknown>
[INFO] [stdout]    4:     0x5adc53666e3a - <unknown>
[INFO] [stdout]    5:     0x5adc53666975 - <unknown>
[INFO] [stdout]    6:     0x5adc5368d7b1 - <unknown>
[INFO] [stdout]    7:     0x5adc5368d769 - <unknown>
[INFO] [stdout]    8:     0x5adc5368dc6c - <unknown>
[INFO] [stdout]    9:     0x5adc5364fd5b - <unknown>
[INFO] [stdout]   10:     0x5adc53653011 - <unknown>
[INFO] [stdout]   11:     0x5adc5364548a - <unknown>
[INFO] [stdout]   12:     0x5adc53644eb6 - <unknown>
[INFO] [stdout]   13:     0x5adc53645558 - <unknown>
[INFO] [stdout]   14:     0x5adc5364aeec - <unknown>
[INFO] [stdout]   15:     0x5adc536a8dab - <unknown>
[INFO] [stdout]   16:     0x5adc536a4d71 - <unknown>
[INFO] [stdout]   17:     0x5adc536a455c - <unknown>
[INFO] [stdout]   18:     0x5adc536c41fc - <unknown>
[INFO] [stdout]   19:     0x5adc5368f4e4 - <unknown>
[INFO] [stdout]   20:     0x7c43079ffdfa - <unknown>
[INFO] [stdout]   21:     0x7c4307a933d4 - clone
[INFO] [stdout]   22:                0x0 - <unknown>
[INFO] [stdout] 
[INFO] [stdout] ---- status_and_check_report_state stdout ----
[INFO] [stdout] 
[INFO] [stdout] thread 'status_and_check_report_state' (1866) panicked at tests/common/mod.rs:53:14:
[INFO] [stdout] the binary started: Os { code: 2, kind: NotFound, message: "No such file or directory" }
[INFO] [stdout] stack backtrace:
[INFO] [stdout]    0:     0x5adc53668095 - <unknown>
[INFO] [stdout]    1:     0x5adc5364feca - <unknown>
[INFO] [stdout]    2:     0x5adc5366772b - <unknown>
[INFO] [stdout]    3:     0x5adc5366720f - <unknown>
[INFO] [stdout]    4:     0x5adc53666e3a - <unknown>
[INFO] [stdout]    5:     0x5adc53666975 - <unknown>
[INFO] [stdout]    6:     0x5adc5368d7b1 - <unknown>
[INFO] [stdout]    7:     0x5adc5368d769 - <unknown>
[INFO] [stdout]    8:     0x5adc5368dc6c - <unknown>
[INFO] [stdout]    9:     0x5adc5364fd5b - <unknown>
[INFO] [stdout]   10:     0x5adc53653011 - <unknown>
[INFO] [stdout]   11:     0x5adc5364548a - <unknown>
[INFO] [stdout]   12:     0x5adc53644eb6 - <unknown>
[INFO] [stdout]   13:     0x5adc53645558 - <unknown>
[INFO] [stdout]   14:     0x5adc53649a76 - <unknown>
[INFO] [stdout]   15:     0x5adc536a8dab - <unknown>
[INFO] [stdout]   16:     0x5adc536a4d71 - <unknown>
[INFO] [stdout]   17:     0x5adc536a455c - <unknown>
[INFO] [stdout]   18:     0x5adc536c41fc - <unknown>
[INFO] [stdout]   19:     0x5adc5368f4e4 - <unknown>
[INFO] [stdout]   20:     0x7c43079ffdfa - <unknown>
[INFO] [stdout]   21:     0x7c4307a933d4 - clone
[INFO] [stdout]   22:                0x0 - <unknown>
[INFO] [stdout] 
[INFO] [stdout] ---- manual_edits_outside_block_survive_apply stdout ----
[INFO] [stdout] 
[INFO] [stdout] thread 'manual_edits_outside_block_survive_apply' (1850) panicked at tests/common/mod.rs:53:14:
[INFO] [stdout] the binary started: Os { code: 2, kind: NotFound, message: "No such file or directory" }
[INFO] [stdout] stack backtrace:
[INFO] [stdout]    0:     0x5adc53668095 - <unknown>
[INFO] [stdout]    1:     0x5adc5364feca - <unknown>
[INFO] [stdout]    2:     0x5adc5366772b - <unknown>
[INFO] [stdout]    3:     0x5adc5366720f - <unknown>
[INFO] [stdout]    4:     0x5adc53666e3a - <unknown>
[INFO] [stdout]    5:     0x5adc53666975 - <unknown>
[INFO] [stdout]    6:     0x5adc5368d7b1 - <unknown>
[INFO] [stdout]    7:     0x5adc5368d769 - <unknown>
[INFO] [stdout]    8:     0x5adc5368dc6c - <unknown>
[INFO] [stdout]    9:     0x5adc5364fd5b - <unknown>
[INFO] [stdout]   10:     0x5adc53653011 - <unknown>
[INFO] [stdout]   11:     0x5adc5364548a - <unknown>
[INFO] [stdout]   12:     0x5adc53644eb6 - <unknown>
[INFO] [stdout]   13:     0x5adc53645558 - <unknown>
[INFO] [stdout]   14:     0x5adc5364d9c5 - <unknown>
[INFO] [stdout]   15:     0x5adc536a8dab - <unknown>
[INFO] [stdout]   16:     0x5adc536a4d71 - <unknown>
[INFO] [stdout]   17:     0x5adc536a455c - <unknown>
[INFO] [stdout]   18:     0x5adc536c41fc - <unknown>
[INFO] [stdout]   19:     0x5adc5368f4e4 - <unknown>
[INFO] [stdout]   20:     0x7c43079ffdfa - <unknown>
[INFO] [stdout]   21:     0x7c4307a933d4 - clone
[INFO] [stdout]   22:                0x0 - <unknown>
[INFO] [stdout] 
[INFO] [stdout] ---- groups_toggle_whole_sets stdout ----
[INFO] [stdout] 
[INFO] [stdout] thread 'groups_toggle_whole_sets' (1842) panicked at tests/common/mod.rs:53:14:
[INFO] [stdout] the binary started: Os { code: 2, kind: NotFound, message: "No such file or directory" }
[INFO] [stdout] stack backtrace:
[INFO] [stdout]    0:     0x5adc53668095 - <unknown>
[INFO] [stdout]    1:     0x5adc5364feca - <unknown>
[INFO] [stdout]    2:     0x5adc5366772b - <unknown>
[INFO] [stdout]    3:     0x5adc5366720f - <unknown>
[INFO] [stdout]    4:     0x5adc53666e3a - <unknown>
[INFO] [stdout]    5:     0x5adc53666975 - <unknown>
[INFO] [stdout]    6:     0x5adc5368d7b1 - <unknown>
[INFO] [stdout]    7:     0x5adc5368d769 - <unknown>
[INFO] [stdout]    8:     0x5adc5368dc6c - <unknown>
[INFO] [stdout]    9:     0x5adc5364fd5b - <unknown>
[INFO] [stdout]   10:     0x5adc53653011 - <unknown>
[INFO] [stdout]   11:     0x5adc5364548a - <unknown>
[INFO] [stdout]   12:     0x5adc53644eb6 - <unknown>
[INFO] [stdout]   13:     0x5adc53645558 - <unknown>
[INFO] [stdout]   14:     0x5adc53648465 - <unknown>
[INFO] [stdout]   15:     0x5adc536a8dab - <unknown>
[INFO] [stdout]   16:     0x5adc536a4d71 - <unknown>
[INFO] [stdout]   17:     0x5adc536a455c - <unknown>
[INFO] [stdout]   18:     0x5adc536c41fc - <unknown>
[INFO] [stdout]   19:     0x5adc5368f4e4 - <unknown>
[INFO] [stdout]   20:     0x7c43079ffdfa - <unknown>
[INFO] [stdout]   21:     0x7c4307a933d4 - clone
[INFO] [stdout]   22:                0x0 - <unknown>
[INFO] [stdout] 
[INFO] [stdout] ---- stale_timestamp_alone_is_not_drift stdout ----
[INFO] [stdout] 
[INFO] [stdout] thread 'stale_timestamp_alone_is_not_drift' (1865) panicked at tests/common/mod.rs:53:14:
[INFO] [stdout] the binary started: Os { code: 2, kind: NotFound, message: "No such file or directory" }
[INFO] [stdout] stack backtrace:
[INFO] [stdout]    0:     0x5adc53668095 - <unknown>
[INFO] [stdout]    1:     0x5adc5364feca - <unknown>
[INFO] [stdout]    2:     0x5adc5366772b - <unknown>
[INFO] [stdout]    3:     0x5adc5366720f - <unknown>
[INFO] [stdout]    4:     0x5adc53666e3a - <unknown>
[INFO] [stdout]    5:     0x5adc53666975 - <unknown>
[INFO] [stdout]    6:     0x5adc5368d7b1 - <unknown>
[INFO] [stdout]    7:     0x5adc5368d769 - <unknown>
[INFO] [stdout]    8:     0x5adc5368dc6c - <unknown>
[INFO] [stdout]    9:     0x5adc5364fd5b - <unknown>
[INFO] [stdout]   10:     0x5adc53653011 - <unknown>
[INFO] [stdout]   11:     0x5adc5364548a - <unknown>
[INFO] [stdout]   12:     0x5adc53644eb6 - <unknown>
[INFO] [stdout]   13:     0x5adc53645558 - <unknown>
[INFO] [stdout]   14:     0x5adc5364c19e - <unknown>
[INFO] [stdout]   15:     0x5adc536a8dab - <unknown>
[INFO] [stdout]   16:     0x5adc536a4d71 - <unknown>
[INFO] [stdout]   17:     0x5adc536a455c - <unknown>
[INFO] [stdout]   18:     0x5adc536c41fc - <unknown>
[INFO] [stdout]   19:     0x5adc5368f4e4 - <unknown>
[INFO] [stdout]   20:     0x7c43079ffdfa - <unknown>
[INFO] [stdout]   21:     0x7c4307a933d4 - clone
[INFO] [stdout]   22:                0x0 - <unknown>
[INFO] [stdout] 
[INFO] [stdout] ---- target_stays_a_regular_file_with_same_perms stdout ----
[INFO] [stdout] 
[INFO] [stdout] thread 'target_stays_a_regular_file_with_same_perms' (1867) panicked at tests/common/mod.rs:53:14:
[INFO] [stdout] the binary started: Os { code: 2, kind: NotFound, message: "No such file or directory" }
[INFO] [stdout] stack backtrace:
[INFO] [stdout]    0:     0x5adc53668095 - <unknown>
[INFO] [stdout]    1:     0x5adc5364feca - <unknown>
[INFO] [stdout]    2:     0x5adc5366772b - <unknown>
[INFO] [stdout]    3:     0x5adc5366720f - <unknown>
[INFO] [stdout]    4:     0x5adc53666e3a - <unknown>
[INFO] [stdout]    5:     0x5adc53666975 - <unknown>
[INFO] [stdout]    6:     0x5adc5368d7b1 - <unknown>
[INFO] [stdout]    7:     0x5adc5368d769 - <unknown>
[INFO] [stdout]    8:     0x5adc5368dc6c - <unknown>
[INFO] [stdout]    9:     0x5adc5364fd5b - <unknown>
[INFO] [stdout]   10:     0x5adc53653011 - <unknown>
[INFO] [stdout]   11:     0x5adc5364548a - <unknown>
[INFO] [stdout]   12:     0x5adc53644eb6 - <unknown>
[INFO] [stdout]   13:     0x5adc53645558 - <unknown>
[INFO] [stdout]   14:     0x5adc5364ddc9 - <unknown>
[INFO] [stdout]   15:     0x5adc536a8dab - <unknown>
[INFO] [stdout]   16:     0x5adc536a4d71 - <unknown>
[INFO] [stdout]   17:     0x5adc536a455c - <unknown>
[INFO] [stdout]   18:     0x5adc536c41fc - <unknown>
[INFO] [stdout]   19:     0x5adc5368f4e4 - <unknown>
[INFO] [stdout]   20:     0x7c43079ffdfa - <unknown>
[INFO] [stdout]   21:     0x7c4307a933d4 - clone
[INFO] [stdout]   22:                0x0 - <unknown>
[INFO] [stdout] 
[INFO] [stdout] ---- same_hostname_on_several_ips_is_allowed stdout ----
[INFO] [stdout] 
[INFO] [stdout] thread 'same_hostname_on_several_ips_is_allowed' (1864) panicked at tests/common/mod.rs:53:14:
[INFO] [stdout] the binary started: Os { code: 2, kind: NotFound, message: "No such file or directory" }
[INFO] [stdout] stack backtrace:
[INFO] [stdout]    0:     0x5adc53668095 - <unknown>
[INFO] [stdout]    1:     0x5adc5364feca - <unknown>
[INFO] [stdout]    2:     0x5adc5366772b - <unknown>
[INFO] [stdout]    3:     0x5adc5366720f - <unknown>
[INFO] [stdout]    4:     0x5adc53666e3a - <unknown>
[INFO] [stdout]    5:     0x5adc53666975 - <unknown>
[INFO] [stdout]    6:     0x5adc5368d7b1 - <unknown>
[INFO] [stdout]    7:     0x5adc5368d769 - <unknown>
[INFO] [stdout]    8:     0x5adc5368dc6c - <unknown>
[INFO] [stdout]    9:     0x5adc5364fd5b - <unknown>
[INFO] [stdout]   10:     0x5adc53653011 - <unknown>
[INFO] [stdout]   11:     0x5adc5364548a - <unknown>
[INFO] [stdout]   12:     0x5adc53644eb6 - <unknown>
[INFO] [stdout]   13:     0x5adc53645558 - <unknown>
[INFO] [stdout]   14:     0x5adc5364d33c - <unknown>
[INFO] [stdout]   15:     0x5adc536a8dab - <unknown>
[INFO] [stdout]   16:     0x5adc536a4d71 - <unknown>
[INFO] [stdout]   17:     0x5adc536a455c - <unknown>
[INFO] [stdout]   18:     0x5adc536c41fc - <unknown>
[INFO] [stdout]   19:     0x5adc5368f4e4 - <unknown>
[INFO] [stdout]   20:     0x7c43079ffdfa - <unknown>
[INFO] [stdout]   21:     0x7c4307a933d4 - clone
[INFO] [stdout]   22:                0x0 - <unknown>
[INFO] [stdout] 
[INFO] [stdout] 
[INFO] [stdout] failures:
[INFO] [stdout]     backup_and_restore_roundtrip
[INFO] [stdout]     check_reports_a_broken_config_as_a_config_error
[INFO] [stdout]     completions_are_generated
[INFO] [stdout]     conflict_with_unmanaged_line_warns
[INFO] [stdout]     dry_run_writes_nothing
[INFO] [stdout]     exit_codes_tell_failures_apart
[INFO] [stdout]     full_lifecycle_keeps_system_lines
[INFO] [stdout]     generated_docs_cover_every_command
[INFO] [stdout]     groups_toggle_whole_sets
[INFO] [stdout]     import_reads_legacy_hosts_files
[INFO] [stdout]     legacy_hosts_sync_block_is_left_alone
[INFO] [stdout]     manual_edits_outside_block_survive_apply
[INFO] [stdout]     missing_config_hints_init
[INFO] [stdout]     one_ip_keeps_many_hostnames
[INFO] [stdout]     refuses_config_that_would_break_hosts
[INFO] [stdout]     rm_removes_single_hostname_from_entry
[INFO] [stdout]     same_hostname_on_several_ips_is_allowed
[INFO] [stdout]     stale_timestamp_alone_is_not_drift
[INFO] [stdout]     status_and_check_report_state
[INFO] [stdout]     target_stays_a_regular_file_with_same_perms
[INFO] [stdout]     unwritable_target_asks_for_sudo
[INFO] [stdout] 
[INFO] [stdout] test result: FAILED. 0 passed; 21 failed; 0 ignored; 0 measured; 0 filtered out; finished in 0.03s
[INFO] [stdout] 
[INFO] running `Command { std: "docker" "inspect" "e83ced212643fd2849d003168db6a82132f9e885def30558f69c23bafe5ac311", kill_on_drop: false }`
[INFO] running `Command { std: "docker" "rm" "-f" "e83ced212643fd2849d003168db6a82132f9e885def30558f69c23bafe5ac311", kill_on_drop: false }`
[INFO] [stdout] e83ced212643fd2849d003168db6a82132f9e885def30558f69c23bafe5ac311
