[INFO] cloning repository https://github.com/jqnfxa/branchy-rs
[INFO] running `Command { std: "git" "-c" "credential.helper=" "-c" "credential.helper=/workspace/cargo-home/bin/git-credential-null" "clone" "--bare" "https://github.com/jqnfxa/branchy-rs" "/workspace/cache/git-repos/https%3A%2F%2Fgithub.com%2Fjqnfxa%2Fbranchy-rs", kill_on_drop: false }`
[INFO] [stderr] Cloning into bare repository '/workspace/cache/git-repos/https%3A%2F%2Fgithub.com%2Fjqnfxa%2Fbranchy-rs'...
[INFO] running `Command { std: "git" "rev-parse" "HEAD", kill_on_drop: false }`
[INFO] [stdout] 41b594ead0157d7fd6524874a37389f6bfa2b19c
[INFO] testing jqnfxa/branchy-rs against 1.100.0-beta.1+cargoflags=--release for beta-release-1.100-2
[INFO] running `Command { std: "git" "clone" "/workspace/cache/git-repos/https%3A%2F%2Fgithub.com%2Fjqnfxa%2Fbranchy-rs" "/workspace/builds/worker-0-tc2/source", kill_on_drop: false }`
[INFO] [stderr] Cloning into '/workspace/builds/worker-0-tc2/source'...
[INFO] [stderr] done.
[INFO] removed /workspace/builds/worker-0-tc2/source/rust-toolchain.toml
[INFO] started tweaking git repo https://github.com/jqnfxa/branchy-rs
[INFO] finished tweaking git repo https://github.com/jqnfxa/branchy-rs
[INFO] tweaked toml for git repo https://github.com/jqnfxa/branchy-rs written to /workspace/builds/worker-0-tc2/source/Cargo.toml
[INFO] validating manifest of git repo https://github.com/jqnfxa/branchy-rs on toolchain 1.100.0-beta.1
[INFO] running `Command { std: CARGO_HOME="/workspace/cargo-home" RUSTUP_HOME="/workspace/rustup-home" "/workspace/cargo-home/bin/cargo" "+1.100.0-beta.1" "metadata" "--manifest-path" "Cargo.toml" "--no-deps", kill_on_drop: false }`
[INFO] crate git repo https://github.com/jqnfxa/branchy-rs already has a lockfile, it will not be regenerated
[INFO] running `Command { std: CARGO_HOME="/workspace/cargo-home" RUSTUP_HOME="/workspace/rustup-home" "/workspace/cargo-home/bin/cargo" "+1.100.0-beta.1" "fetch" "--manifest-path" "Cargo.toml", kill_on_drop: false }`
[INFO] [stderr] warning: `package.homepage` is redundant with `package.repository`
[INFO] [stderr]  --> crates/branchy-core/Cargo.toml:9:1
[INFO] [stderr]   |
[INFO] [stderr] 8 | repository.workspace = true
[INFO] [stderr]   | ----------
[INFO] [stderr] 9 | homepage.workspace = true
[INFO] [stderr]   | ^^^^^^^^
[INFO] [stderr]   |
[INFO] [stderr]   = note: `cargo::redundant_homepage` is set to `warn` by default
[INFO] [stderr] help: consider removing `package.homepage`
[INFO] [stderr] warning: `branchy-core` (manifest) generated 1 warning
[INFO] [stderr] warning: `package.homepage` is redundant with `package.repository`
[INFO] [stderr]  --> crates/branchy-cli/Cargo.toml:9:1
[INFO] [stderr]   |
[INFO] [stderr] 8 | repository.workspace = true
[INFO] [stderr]   | ----------
[INFO] [stderr] 9 | homepage.workspace = true
[INFO] [stderr]   | ^^^^^^^^
[INFO] [stderr]   |
[INFO] [stderr]   = note: `cargo::redundant_homepage` is set to `warn` by default
[INFO] [stderr] help: consider removing `package.homepage`
[INFO] [stderr] warning: `branchy-cli` (manifest) generated 1 warning
[INFO] [stderr] warning: `package.homepage` is redundant with `package.repository`
[INFO] [stderr]  --> crates/branchy-app/Cargo.toml:9:1
[INFO] [stderr]   |
[INFO] [stderr] 8 | repository.workspace = true
[INFO] [stderr]   | ----------
[INFO] [stderr] 9 | homepage.workspace = true
[INFO] [stderr]   | ^^^^^^^^
[INFO] [stderr]   |
[INFO] [stderr]   = note: `cargo::redundant_homepage` is set to `warn` by default
[INFO] [stderr] help: consider removing `package.homepage`
[INFO] [stderr] warning: `branchy-app` (manifest) generated 1 warning
[INFO] running `Command { std: "docker" "create" "-v" "/var/lib/crater-agent-workspace/builds/worker-0-tc2/source:/opt/rustwide/workdir:ro,Z" "-v" "/var/lib/crater-agent-workspace/builds/worker-0-tc2/target:/opt/rustwide/target:rw,Z" "-v" "/var/lib/crater-agent-workspace/cargo-home:/opt/rustwide/cargo-home:ro,Z" "-v" "/var/lib/crater-agent-workspace/rustup-home:/opt/rustwide/rustup-home:ro,Z" "-m" "1610612736" "--network" "none" "ghcr.io/rust-lang/crates-build-env/linux@sha256:77db811e55d90add9212f6832c23229e3de5f1c1f9905e8cb07319ea15df73ac" "sleep" "infinity", kill_on_drop: false }`
[INFO] [stdout] 6b540166a323c7ca3431fc5edc4638cf4ce55358c1992b6f2ef7982d3b80765b
[INFO] running `Command { std: "docker" "start" "6b540166a323c7ca3431fc5edc4638cf4ce55358c1992b6f2ef7982d3b80765b", kill_on_drop: false }`
[INFO] running `Command { std: "docker" "inspect" "6b540166a323c7ca3431fc5edc4638cf4ce55358c1992b6f2ef7982d3b80765b", kill_on_drop: false }`
[INFO] running `Command { std: "docker" "exec" "-e" "SOURCE_DIR=/opt/rustwide/workdir" "-e" "CARGO_HOME=/opt/rustwide/cargo-home" "-e" "RUSTUP_HOME=/opt/rustwide/rustup-home" "-e" "CARGO_TARGET_DIR=/opt/rustwide/target" "-w" "/opt/rustwide/workdir" "--user" "0:0" "6b540166a323c7ca3431fc5edc4638cf4ce55358c1992b6f2ef7982d3b80765b" "/opt/rustwide/cargo-home/bin/cargo" "+1.100.0-beta.1" "metadata" "--no-deps" "--format-version=1", kill_on_drop: false }`
[INFO] running `Command { std: "docker" "inspect" "6b540166a323c7ca3431fc5edc4638cf4ce55358c1992b6f2ef7982d3b80765b", kill_on_drop: false }`
[INFO] running `Command { std: "docker" "exec" "-e" "SOURCE_DIR=/opt/rustwide/workdir" "-e" "CARGO_HOME=/opt/rustwide/cargo-home" "-e" "RUSTUP_HOME=/opt/rustwide/rustup-home" "-e" "CARGO_TARGET_DIR=/opt/rustwide/target" "-e" "CARGO_INCREMENTAL=0" "-e" "RUST_BACKTRACE=full" "-e" "RUSTFLAGS=--cap-lints=warn" "-e" "RUSTDOCFLAGS=--cap-lints=warn" "-w" "/opt/rustwide/workdir" "--user" "0:0" "6b540166a323c7ca3431fc5edc4638cf4ce55358c1992b6f2ef7982d3b80765b" "/opt/rustwide/cargo-home/bin/cargo" "+1.100.0-beta.1" "build" "--frozen" "--message-format=json" "--release", kill_on_drop: false }`
[INFO] [stderr] warning: `package.homepage` is redundant with `package.repository`
[INFO] [stderr]  --> crates/branchy-core/Cargo.toml:9:1
[INFO] [stderr]   |
[INFO] [stderr] 8 | repository.workspace = true
[INFO] [stderr]   | ----------
[INFO] [stderr] 9 | homepage.workspace = true
[INFO] [stderr]   | ^^^^^^^^
[INFO] [stderr]   |
[INFO] [stderr]   = note: `cargo::redundant_homepage` is set to `warn` by default
[INFO] [stderr] help: consider removing `package.homepage`
[INFO] [stderr] warning: `branchy-core` (manifest) generated 1 warning
[INFO] [stderr] warning: `package.homepage` is redundant with `package.repository`
[INFO] [stderr]  --> crates/branchy-cli/Cargo.toml:9:1
[INFO] [stderr]   |
[INFO] [stderr] 8 | repository.workspace = true
[INFO] [stderr]   | ----------
[INFO] [stderr] 9 | homepage.workspace = true
[INFO] [stderr]   | ^^^^^^^^
[INFO] [stderr]   |
[INFO] [stderr]   = note: `cargo::redundant_homepage` is set to `warn` by default
[INFO] [stderr] help: consider removing `package.homepage`
[INFO] [stderr] warning: `branchy-cli` (manifest) generated 1 warning
[INFO] [stderr] warning: `package.homepage` is redundant with `package.repository`
[INFO] [stderr]  --> crates/branchy-app/Cargo.toml:9:1
[INFO] [stderr]   |
[INFO] [stderr] 8 | repository.workspace = true
[INFO] [stderr]   | ----------
[INFO] [stderr] 9 | homepage.workspace = true
[INFO] [stderr]   | ^^^^^^^^
[INFO] [stderr]   |
[INFO] [stderr]   = note: `cargo::redundant_homepage` is set to `warn` by default
[INFO] [stderr] help: consider removing `package.homepage`
[INFO] [stderr] warning: `branchy-app` (manifest) generated 1 warning
[INFO] [stderr]    Compiling proc-macro2 v1.0.107
[INFO] [stderr]    Compiling quote v1.0.47
[INFO] [stderr]    Compiling unicode-ident v1.0.26
[INFO] [stderr]    Compiling libc v0.2.189
[INFO] [stderr]    Compiling serde_core v1.0.229
[INFO] [stderr]    Compiling zmij v1.0.23
[INFO] [stderr]    Compiling serde v1.0.229
[INFO] [stderr]    Compiling serde_json v1.0.151
[INFO] [stderr]    Compiling option-ext v0.2.0
[INFO] [stderr]    Compiling clap_lex v1.1.1
[INFO] [stderr]    Compiling memchr v2.8.3
[INFO] [stderr]    Compiling itoa v1.0.18
[INFO] [stderr]    Compiling branchy-core v0.3.2 (/opt/rustwide/workdir/crates/branchy-core)
[INFO] [stderr]    Compiling clap_builder v4.6.7
[INFO] [stderr]    Compiling syn v3.0.6
[INFO] [stderr]    Compiling dirs-sys v0.5.0
[INFO] [stderr]    Compiling directories v6.0.0
[INFO] [stderr]    Compiling serde_derive v1.0.229
[INFO] [stderr]    Compiling clap_derive v4.6.7
[INFO] [stderr]    Compiling clap v4.6.7
[INFO] [stderr]    Compiling branchy-app v0.3.2 (/opt/rustwide/workdir/crates/branchy-app)
[INFO] [stderr]    Compiling branchy-cli v0.3.2 (/opt/rustwide/workdir/crates/branchy-cli)
[INFO] [stderr]     Finished `release` profile [optimized] target(s) in 31.51s
[INFO] running `Command { std: "docker" "inspect" "6b540166a323c7ca3431fc5edc4638cf4ce55358c1992b6f2ef7982d3b80765b", kill_on_drop: false }`
[INFO] running `Command { std: "docker" "exec" "-e" "SOURCE_DIR=/opt/rustwide/workdir" "-e" "CARGO_HOME=/opt/rustwide/cargo-home" "-e" "RUSTUP_HOME=/opt/rustwide/rustup-home" "-e" "CARGO_TARGET_DIR=/opt/rustwide/target" "-e" "CARGO_INCREMENTAL=0" "-e" "RUST_BACKTRACE=full" "-e" "RUSTFLAGS=--cap-lints=warn" "-e" "RUSTDOCFLAGS=--cap-lints=warn" "-w" "/opt/rustwide/workdir" "--user" "0:0" "6b540166a323c7ca3431fc5edc4638cf4ce55358c1992b6f2ef7982d3b80765b" "/opt/rustwide/cargo-home/bin/cargo" "+1.100.0-beta.1" "test" "--frozen" "--no-run" "--message-format=json" "--release", kill_on_drop: false }`
[INFO] [stderr] warning: `package.homepage` is redundant with `package.repository`
[INFO] [stderr]  --> crates/branchy-core/Cargo.toml:9:1
[INFO] [stderr]   |
[INFO] [stderr] 8 | repository.workspace = true
[INFO] [stderr]   | ----------
[INFO] [stderr] 9 | homepage.workspace = true
[INFO] [stderr]   | ^^^^^^^^
[INFO] [stderr]   |
[INFO] [stderr]   = note: `cargo::redundant_homepage` is set to `warn` by default
[INFO] [stderr] help: consider removing `package.homepage`
[INFO] [stderr] warning: `branchy-core` (manifest) generated 1 warning
[INFO] [stderr] warning: `package.homepage` is redundant with `package.repository`
[INFO] [stderr]  --> crates/branchy-cli/Cargo.toml:9:1
[INFO] [stderr]   |
[INFO] [stderr] 8 | repository.workspace = true
[INFO] [stderr]   | ----------
[INFO] [stderr] 9 | homepage.workspace = true
[INFO] [stderr]   | ^^^^^^^^
[INFO] [stderr]   |
[INFO] [stderr]   = note: `cargo::redundant_homepage` is set to `warn` by default
[INFO] [stderr] help: consider removing `package.homepage`
[INFO] [stderr] warning: `branchy-cli` (manifest) generated 1 warning
[INFO] [stderr] warning: `package.homepage` is redundant with `package.repository`
[INFO] [stderr]  --> crates/branchy-app/Cargo.toml:9:1
[INFO] [stderr]   |
[INFO] [stderr] 8 | repository.workspace = true
[INFO] [stderr]   | ----------
[INFO] [stderr] 9 | homepage.workspace = true
[INFO] [stderr]   | ^^^^^^^^
[INFO] [stderr]   |
[INFO] [stderr]   = note: `cargo::redundant_homepage` is set to `warn` by default
[INFO] [stderr] help: consider removing `package.homepage`
[INFO] [stderr] warning: `branchy-app` (manifest) generated 1 warning
[INFO] [stderr]    Compiling branchy-core v0.3.2 (/opt/rustwide/workdir/crates/branchy-core)
[INFO] [stderr]    Compiling branchy-app v0.3.2 (/opt/rustwide/workdir/crates/branchy-app)
[INFO] [stderr]    Compiling branchy-cli v0.3.2 (/opt/rustwide/workdir/crates/branchy-cli)
[INFO] [stderr]     Finished `release` profile [optimized] target(s) in 7.34s
[INFO] running `Command { std: "docker" "inspect" "6b540166a323c7ca3431fc5edc4638cf4ce55358c1992b6f2ef7982d3b80765b", kill_on_drop: false }`
[INFO] running `Command { std: "docker" "exec" "-e" "SOURCE_DIR=/opt/rustwide/workdir" "-e" "CARGO_HOME=/opt/rustwide/cargo-home" "-e" "RUSTUP_HOME=/opt/rustwide/rustup-home" "-e" "CARGO_TARGET_DIR=/opt/rustwide/target" "-e" "CARGO_INCREMENTAL=0" "-e" "RUST_BACKTRACE=full" "-e" "RUSTFLAGS=--cap-lints=warn" "-e" "RUSTDOCFLAGS=--cap-lints=warn" "-w" "/opt/rustwide/workdir" "--user" "0:0" "6b540166a323c7ca3431fc5edc4638cf4ce55358c1992b6f2ef7982d3b80765b" "/opt/rustwide/cargo-home/bin/cargo" "+1.100.0-beta.1" "test" "--frozen" "--release", kill_on_drop: false }`
[INFO] [stderr] warning: `package.homepage` is redundant with `package.repository`
[INFO] [stderr]  --> crates/branchy-core/Cargo.toml:9:1
[INFO] [stderr]   |
[INFO] [stderr] 8 | repository.workspace = true
[INFO] [stderr]   | ----------
[INFO] [stderr] 9 | homepage.workspace = true
[INFO] [stderr]   | ^^^^^^^^
[INFO] [stderr]   |
[INFO] [stderr]   = note: `cargo::redundant_homepage` is set to `warn` by default
[INFO] [stderr] help: consider removing `package.homepage`
[INFO] [stderr] warning: `branchy-core` (manifest) generated 1 warning
[INFO] [stderr] warning: `package.homepage` is redundant with `package.repository`
[INFO] [stderr]  --> crates/branchy-cli/Cargo.toml:9:1
[INFO] [stderr]   |
[INFO] [stderr] 8 | repository.workspace = true
[INFO] [stderr]   | ----------
[INFO] [stderr] 9 | homepage.workspace = true
[INFO] [stderr]   | ^^^^^^^^
[INFO] [stderr]   |
[INFO] [stderr]   = note: `cargo::redundant_homepage` is set to `warn` by default
[INFO] [stderr] help: consider removing `package.homepage`
[INFO] [stderr] warning: `branchy-cli` (manifest) generated 1 warning
[INFO] [stderr] warning: `package.homepage` is redundant with `package.repository`
[INFO] [stderr]  --> crates/branchy-app/Cargo.toml:9:1
[INFO] [stderr]   |
[INFO] [stderr] 8 | repository.workspace = true
[INFO] [stderr]   | ----------
[INFO] [stderr] 9 | homepage.workspace = true
[INFO] [stderr]   | ^^^^^^^^
[INFO] [stderr]   |
[INFO] [stderr]   = note: `cargo::redundant_homepage` is set to `warn` by default
[INFO] [stderr] help: consider removing `package.homepage`
[INFO] [stderr] warning: `branchy-app` (manifest) generated 1 warning
[INFO] [stderr]     Finished `release` profile [optimized] target(s) in 0.06s
[INFO] [stderr]      Running unittests src/lib.rs (/opt/rustwide/target/release/build/branchy-app/c2d038e091bbcb2b/out/branchy_app-c2d038e091bbcb2b)
[INFO] [stdout] 
[INFO] [stdout] running 3 tests
[INFO] [stdout] test today::tests::the_clock_gives_a_plausible_day ... ok
[INFO] [stdout] test today::tests::urgency_has_no_gaps_and_no_overlaps ... ok
[INFO] [stdout] test store::tests::a_second_change_waits_for_the_first_and_then_gets_its_turn ... ok
[INFO] [stdout] 
[INFO] [stdout] test result: ok. 3 passed; 0 failed; 0 ignored; 0 measured; 0 filtered out; finished in 0.11s
[INFO] [stdout] 
[INFO] [stderr]      Running tests/history.rs (/opt/rustwide/target/release/build/branchy-app/ee7d15ea07ae05ff/out/history-ee7d15ea07ae05ff)
[INFO] [stdout] 
[INFO] [stdout] running 12 tests
[INFO] [stdout] test a_stage_this_build_does_not_know_is_reported ... ok
[INFO] [stdout] test a_format_one_document_loads_with_done_as_a_stage_and_saves_as_format_two ... ok
[INFO] [stdout] test a_change_is_taken_back_by_its_inverse ... ok
[INFO] [stdout] test a_direct_save_is_undone_from_its_copy ... ok
[INFO] [stdout] test a_stack_from_before_the_log_is_taken_back_after_it ... ok
[INFO] [stdout] test undo_is_a_stack_that_runs_out ... ok
[INFO] [stdout] test a_document_changed_outside_branchy_is_not_undone_into ... ok
[INFO] [stdout] test a_log_written_before_stages_still_undoes ... ok
[INFO] [stdout] test a_removal_comes_back_with_the_edges_that_pointed_at_it ... ok
[INFO] [stdout] test a_stage_change_is_undone ... ok
[INFO] [stdout] test only_the_newest_twenty_changes_are_kept ... ok
[INFO] [stderr]      Running tests/vault.rs (/opt/rustwide/target/release/build/branchy-app/a56af41e405f860a/out/vault-a56af41e405f860a)
[INFO] [stdout] test the_log_costs_far_less_than_a_copy_of_the_document ... ok
[INFO] [stdout] 
[INFO] [stdout] test result: ok. 12 passed; 0 failed; 0 ignored; 0 measured; 0 filtered out; finished in 0.08s
[INFO] [stdout] 
[INFO] [stdout] 
[INFO] [stdout] running 30 tests
[INFO] [stdout] test a_new_vault_is_a_folder_holding_an_empty_graph ... ok
[INFO] [stdout] test a_reload_sees_what_another_front_end_saved ... ok
[INFO] [stdout] test a_gone_vault_is_reported_rather_than_recreated_through_given_directories ... ok
[INFO] [stdout] test a_file_in_the_way_is_refused_too ... ok
[INFO] [stdout] test an_empty_folder_can_become_a_vault ... ok
[INFO] [stdout] test a_pre_vault_graph_is_adopted_from_the_data_directory_it_is_given ... ok
[INFO] [stdout] test a_missing_list_reads_as_empty ... ok
[INFO] [stdout] test a_moved_vault_stays_listed_as_missing ... ok
[INFO] [stdout] test nothing_is_adopted_from_a_folder_without_a_graph ... ok
[INFO] [stdout] test a_name_that_cannot_be_a_folder_everywhere_is_refused ... ok
[INFO] [stdout] test reopening_a_vault_moves_it_to_the_front_instead_of_repeating_it ... ok
[INFO] [stdout] test the_first_run_adopts_the_folder_older_versions_kept_the_graph_in ... ok
[INFO] [stdout] test a_vault_is_named_by_its_folder_name_or_by_its_folder ... ok
[INFO] [stdout] test the_list_sits_in_the_configuration_directory ... ok
[INFO] [stdout] test a_file_or_a_missing_folder_is_not_a_vault ... ok
[INFO] [stdout] test the_document_is_found_through_the_directories_it_is_given ... ok
[INFO] [stdout] test a_list_from_a_newer_version_is_refused_rather_than_overwritten ... ok
[INFO] [stdout] test forgetting_a_vault_takes_it_off_the_list_and_leaves_its_folder ... ok
[INFO] [stdout] test a_list_is_read_from_the_directories_it_is_given ... ok
[INFO] [stdout] test undo_copies_live_in_the_vaults_own_folder ... ok
[INFO] [stdout] test creating_a_vault_makes_the_folders_it_needs ... ok
[INFO] [stdout] test adoption_happens_once_so_a_forgotten_vault_stays_forgotten ... ok
[INFO] [stdout] test any_folder_opens_as_a_vault_and_writes_nothing_until_a_change ... ok
[INFO] [stdout] test the_list_survives_a_save_and_reload ... ok
[INFO] [stdout] test the_list_keeps_the_five_most_recent_newest_first ... ok
[INFO] [stdout] test surrounding_spaces_are_dropped_from_the_name ... ok
[INFO] [stdout] test two_sets_of_directories_keep_separate_lists ... ok
[INFO] [stdout] test two_recent_vaults_with_one_name_have_to_be_told_apart_by_folder ... ok
[INFO] [stdout] test an_undo_stack_left_by_an_older_version_moves_in_and_still_works ... ok
[INFO] [stdout] test a_vault_is_not_created_among_someone_elses_files ... ok
[INFO] [stdout] 
[INFO] [stdout] test result: ok. 30 passed; 0 failed; 0 ignored; 0 measured; 0 filtered out; finished in 0.03s
[INFO] [stdout] 
[INFO] [stdout] 
[INFO] [stdout] running 0 tests
[INFO] [stdout] 
[INFO] [stdout] test result: ok. 0 passed; 0 failed; 0 ignored; 0 measured; 0 filtered out; finished in 0.00s
[INFO] [stdout] 
[INFO] [stderr]      Running unittests src/main.rs (/opt/rustwide/target/release/build/branchy-cli/9e0b9d1109a12419/out/branchy-9e0b9d1109a12419)
[INFO] [stderr]      Running tests/cli.rs (/opt/rustwide/target/release/build/branchy-cli/0125d1ea06c63a1d/out/cli-0125d1ea06c63a1d)
[INFO] [stdout] 
[INFO] [stdout] running 72 tests
[INFO] [stdout] test a_corrupt_file_is_reported_not_ignored ... FAILED
[INFO] [stdout] test a_deleted_vault_is_reported_rather_than_recreated ... FAILED
[INFO] [stdout] test a_brand_new_graph_says_how_to_start_not_to_look_for_cycles ... FAILED
[INFO] [stdout] test a_missing_file_reads_as_an_empty_graph ... FAILED
[INFO] [stdout] test a_cycle_is_refused_by_name ... FAILED
[INFO] [stdout] test a_format_two_document_is_written_and_read_back ... FAILED
[INFO] [stdout] test a_deadline_survives_a_save_and_reload ... FAILED
[INFO] [stdout] test a_limit_says_how_much_was_left_out ... FAILED
[INFO] [stdout] test a_batch_of_comments_is_refused_as_empty ... FAILED
[INFO] [stdout] test a_new_vault_goes_in_the_current_directory_unless_told_otherwise ... FAILED
[INFO] [stdout] test a_document_written_before_deadlines_still_loads ... FAILED
[INFO] [stdout] test a_document_without_counters_continues_from_its_highest_id ... FAILED
[INFO] [stdout] test a_new_vault_is_where_the_next_commands_go ... FAILED
[INFO] [stdout] test a_batch_is_one_change_to_undo ... FAILED
[INFO] [stdout] test a_plain_batch_prints_what_it_made_with_labels ... FAILED
[INFO] [stdout] test a_batch_wires_up_tasks_that_had_no_id_when_it_was_written ... FAILED
[INFO] [stdout] test a_file_and_a_vault_cannot_both_be_named ... FAILED
[INFO] [stdout] test a_removed_task_keeps_its_id_after_a_reload ... FAILED
[INFO] [stdout] test a_deadline_can_be_cleared ... FAILED
[INFO] [stdout] test an_inherited_deadline_reorders_the_queue ... FAILED
[INFO] [stdout] test a_refused_line_leaves_the_whole_batch_unapplied ... FAILED
[INFO] [stdout] test an_ambiguous_name_is_refused ... FAILED
[INFO] [stdout] test an_ambiguous_name_lists_what_it_matched_with_ids ... FAILED
[INFO] [stdout] test a_plain_change_prints_the_row_it_changed ... FAILED
[INFO] [stdout] test an_impossible_date_is_refused_before_anything_is_written ... FAILED
[INFO] [stdout] test branchy_file_still_wins_over_the_current_vault ... FAILED
[INFO] [stdout] test a_long_list_of_matches_is_cut_short ... FAILED
[INFO] [stdout] test a_multi_word_name_stays_one_task ... FAILED
[INFO] [stdout] test a_removed_direction_keeps_its_id_after_a_reload ... FAILED
[INFO] [stdout] test a_save_through_a_symlink_keeps_the_link_and_updates_the_real_file ... FAILED
[INFO] [stdout] test branchy_file_decides_the_document ... FAILED
[INFO] [stdout] test a_link_to_a_document_that_does_not_exist_yet_creates_the_target ... FAILED
[INFO] [stdout] test a_reader_closing_the_pipe_is_not_a_crash ... FAILED
[INFO] [stdout] test a_newer_format_is_refused ... FAILED
[INFO] [stdout] test brief_gives_counts_directions_and_the_top_of_the_queue ... FAILED
[INFO] [stdout] test an_undone_addition_keeps_its_id_spent ... FAILED
[INFO] [stdout] test forgetting_a_vault_leaves_its_folder_alone ... FAILED
[INFO] [stdout] test brief_on_an_empty_graph_says_how_to_start ... FAILED
[INFO] [stdout] test list_filters_by_status ... FAILED
[INFO] [stdout] test find_looks_in_notes_only_when_asked_and_lists_them_after_names ... FAILED
[INFO] [stdout] test removing_a_task_strips_it_from_dependents ... FAILED
[INFO] [stdout] test overdue_work_is_counted_in_the_tally ... FAILED
[INFO] [stdout] test snapshot_of_an_empty_graph_is_still_valid ... FAILED
[INFO] [stdout] test snapshot_carries_the_derived_picture ... FAILED
[INFO] [stdout] test every_example_in_the_guide_runs ... FAILED
[INFO] [stdout] test find_says_how_much_a_limit_left_out ... FAILED
[INFO] [stdout] test plain_rows_carry_ids_and_whole_names ... FAILED
[INFO] [stdout] test the_calendar_marks_an_inherited_deadline ... FAILED
[INFO] [stdout] test plain_rows_refer_to_prerequisites_by_id ... FAILED
[INFO] [stdout] test opening_a_vault_moves_the_terminal_to_it ... FAILED
[INFO] [stdout] test plain_show_ends_with_the_note_as_written ... FAILED
[INFO] [stdout] test starting_a_locked_task_is_refused_by_name ... FAILED
[INFO] [stdout] test changes_made_at_the_same_moment_are_all_kept ... FAILED
[INFO] [stdout] test find_matches_names_ignoring_case ... FAILED
[INFO] [stdout] test the_board_shows_every_column ... FAILED
[INFO] [stdout] test the_guide_needs_no_vault ... FAILED
[INFO] [stdout] test help_points_agents_at_the_guide ... FAILED
[INFO] [stdout] test list_filters_by_stage ... FAILED
[INFO] [stdout] test the_list_marks_the_current_vault_and_keeps_five ... FAILED
[INFO] [stdout] test why_says_so_when_nothing_is_in_the_way ... FAILED
[INFO] [stdout] test the_queue_says_which_tasks_are_already_under_way ... FAILED
[INFO] [stdout] test undo_reverses_the_last_change ... FAILED
[INFO] [stdout] test undo_with_no_history_says_so ... FAILED
[INFO] [stdout] test with_no_vault_the_terminal_says_how_to_start ... FAILED
[INFO] [stdout] test the_vault_option_reaches_another_vault_for_one_command_only ... FAILED
[INFO] [stdout] test the_queue_holds_only_what_is_reachable ... FAILED
[INFO] [stdout] test undo_through_a_symlink_keeps_the_link_too ... FAILED
[INFO] [stdout] test the_stage_verbs_move_a_task_across_the_board ... FAILED
[INFO] [stdout] test why_lists_the_work_in_order ... FAILED
[INFO] [stdout] test undo_runs_out_rather_than_wrapping_around ... FAILED
[INFO] [stdout] test undo_is_a_stack_and_not_a_toggle ... FAILED
[INFO] [stdout] test work_survives_between_invocations ... FAILED
[INFO] [stdout] 
[INFO] [stdout] failures:
[INFO] [stdout] 
[INFO] [stdout] ---- a_corrupt_file_is_reported_not_ignored stdout ----
[INFO] [stdout] 
[INFO] [stdout] thread 'a_corrupt_file_is_reported_not_ignored' (1075) panicked at crates/branchy-cli/tests/cli.rs:68:10:
[INFO] [stdout] binary runs: Os { code: 2, kind: NotFound, message: "No such file or directory" }
[INFO] [stdout] stack backtrace:
[INFO] [stdout]    0:     0x631922af2331 - <<std[617be2ca0a6fd877]::sys::backtrace::BacktraceLock>::print::DisplayBacktrace as core[a373ad73a504971]::fmt::Display>::fmt
[INFO] [stdout]    1:     0x631922b0679a - core[a373ad73a504971]::fmt::write
[INFO] [stdout]    2:     0x631922af683c - <alloc[2e1b2a31b91974c5]::vec::Vec<u8> as core[a373ad73a504971]::io::write::Write>::write_fmt
[INFO] [stdout]    3:     0x631922acbe76 - std[617be2ca0a6fd877]::panicking::default_hook::{closure#0}
[INFO] [stdout]    4:     0x631922ae9ac9 - std[617be2ca0a6fd877]::panicking::default_hook
[INFO] [stdout]    5:     0x631922a83760 - test[aada8e7e76ba119b]::test_main_inner::{closure#0}
[INFO] [stdout]    6:     0x631922ae9c82 - std[617be2ca0a6fd877]::panicking::panic_with_hook
[INFO] [stdout]    7:     0x631922acbf22 - std[617be2ca0a6fd877]::panicking::panic_handler::{closure#0}
[INFO] [stdout]    8:     0x631922ac4929 - std[617be2ca0a6fd877]::sys::backtrace::__rust_end_short_backtrace::<std[617be2ca0a6fd877]::panicking::panic_handler::{closure#0}, !>
[INFO] [stdout]    9:     0x631922accc1d - __rustc[ea4f61d10b84890b]::rust_begin_unwind
[INFO] [stdout]   10:     0x631922b06ecc - core[a373ad73a504971]::panicking::panic_fmt
[INFO] [stdout]   11:     0x631922b06ca2 - core[a373ad73a504971]::result::unwrap_failed
[INFO] [stdout]   12:     0x631922a66922 - cli[6f37a32c0341dd78]::fails
[INFO] [stdout]   13:     0x631922a6d1d4 - <cli[6f37a32c0341dd78]::a_corrupt_file_is_reported_not_ignored::{closure#0} as core[a373ad73a504971]::ops::function::FnOnce<()>>::call_once
[INFO] [stdout]   14:     0x631922a76bab - test[aada8e7e76ba119b]::__rust_begin_short_backtrace::<core[a373ad73a504971]::result::Result<(), alloc[2e1b2a31b91974c5]::string::String>, fn() -> core[a373ad73a504971]::result::Result<(), alloc[2e1b2a31b91974c5]::string::String>>
[INFO] [stdout]   15:     0x631922a83d85 - test[aada8e7e76ba119b]::run_test::{closure#0}
[INFO] [stdout]   16:     0x631922a7d674 - std[617be2ca0a6fd877]::sys::backtrace::__rust_begin_short_backtrace::<test[aada8e7e76ba119b]::run_test::{closure#1}, ()>
[INFO] [stdout]   17:     0x631922a86e12 - <std[617be2ca0a6fd877]::thread::lifecycle::spawn_unchecked<test[aada8e7e76ba119b]::run_test::{closure#1}, ()>::{closure#1} as core[a373ad73a504971]::ops::function::FnOnce<()>>::call_once::{shim:vtable#0}
[INFO] [stdout]   18:     0x631922af164f - <std[617be2ca0a6fd877]::sys::thread::unix::Thread>::new::thread_start
[INFO] [stdout]   19:     0x7e38a4f96dfa - <unknown>
[INFO] [stdout]   20:     0x7e38a502a3d4 - clone
[INFO] [stdout]   21:                0x0 - <unknown>
[INFO] [stdout] 
[INFO] [stdout] ---- a_deleted_vault_is_reported_rather_than_recreated stdout ----
[INFO] [stdout] 
[INFO] [stdout] thread 'a_deleted_vault_is_reported_rather_than_recreated' (1079) panicked at crates/branchy-cli/tests/cli.rs:650:50:
[INFO] [stdout] binary runs: Os { code: 2, kind: NotFound, message: "No such file or directory" }
[INFO] [stdout] stack backtrace:
[INFO] [stdout]    0:     0x631922af2331 - <<std[617be2ca0a6fd877]::sys::backtrace::BacktraceLock>::print::DisplayBacktrace as core[a373ad73a504971]::fmt::Display>::fmt
[INFO] [stdout]    1:     0x631922b0679a - core[a373ad73a504971]::fmt::write
[INFO] [stdout]    2:     0x631922af683c - <alloc[2e1b2a31b91974c5]::vec::Vec<u8> as core[a373ad73a504971]::io::write::Write>::write_fmt
[INFO] [stdout]    3:     0x631922acbe76 - std[617be2ca0a6fd877]::panicking::default_hook::{closure#0}
[INFO] [stdout]    4:     0x631922ae9ac9 - std[617be2ca0a6fd877]::panicking::default_hook
[INFO] [stdout]    5:     0x631922a83760 - test[aada8e7e76ba119b]::test_main_inner::{closure#0}
[INFO] [stdout]    6:     0x631922ae9c82 - std[617be2ca0a6fd877]::panicking::panic_with_hook
[INFO] [stdout]    7:     0x631922acbf22 - std[617be2ca0a6fd877]::panicking::panic_handler::{closure#0}
[INFO] [stdout]    8:     0x631922ac4929 - std[617be2ca0a6fd877]::sys::backtrace::__rust_end_short_backtrace::<std[617be2ca0a6fd877]::panicking::panic_handler::{closure#0}, !>
[INFO] [stdout]    9:     0x631922accc1d - __rustc[ea4f61d10b84890b]::rust_begin_unwind
[INFO] [stdout]   10:     0x631922b06ecc - core[a373ad73a504971]::panicking::panic_fmt
[INFO] [stdout]   11:     0x631922b06ca2 - core[a373ad73a504971]::result::unwrap_failed
[INFO] [stdout]   12:     0x631922a66ffd - <cli[6f37a32c0341dd78]::Desk>::run
[INFO] [stdout]   13:     0x631922a67596 - <cli[6f37a32c0341dd78]::Desk>::vault
[INFO] [stdout]   14:     0x631922a726a1 - <cli[6f37a32c0341dd78]::a_deleted_vault_is_reported_rather_than_recreated::{closure#0} as core[a373ad73a504971]::ops::function::FnOnce<()>>::call_once
[INFO] [stdout]   15:     0x631922a76bab - test[aada8e7e76ba119b]::__rust_begin_short_backtrace::<core[a373ad73a504971]::result::Result<(), alloc[2e1b2a31b91974c5]::string::String>, fn() -> core[a373ad73a504971]::result::Result<(), alloc[2e1b2a31b91974c5]::string::String>>
[INFO] [stdout]   16:     0x631922a83d85 - test[aada8e7e76ba119b]::run_test::{closure#0}
[INFO] [stdout]   17:     0x631922a7d674 - std[617be2ca0a6fd877]::sys::backtrace::__rust_begin_short_backtrace::<test[aada8e7e76ba119b]::run_test::{closure#1}, ()>
[INFO] [stdout]   18:     0x631922a86e12 - <std[617be2ca0a6fd877]::thread::lifecycle::spawn_unchecked<test[aada8e7e76ba119b]::run_test::{closure#1}, ()>::{closure#1} as core[a373ad73a504971]::ops::function::FnOnce<()>>::call_once::{shim:vtable#0}
[INFO] [stdout]   19:     0x631922af164f - <std[617be2ca0a6fd877]::sys::thread::unix::Thread>::new::thread_start
[INFO] [stdout]   20:     0x7e38a4f96dfa - <unknown>
[INFO] [stdout]   21:     0x7e38a502a3d4 - clone
[INFO] [stdout]   22:                0x0 - <unknown>
[INFO] [stdout] 
[INFO] [stdout] ---- a_brand_new_graph_says_how_to_start_not_to_look_for_cycles stdout ----
[INFO] [stdout] 
[INFO] [stdout] thread 'a_brand_new_graph_says_how_to_start_not_to_look_for_cycles' (1074) panicked at crates/branchy-cli/tests/cli.rs:51:10:
[INFO] [stdout] binary runs: Os { code: 2, kind: NotFound, message: "No such file or directory" }
[INFO] [stdout] stack backtrace:
[INFO] [stdout]    0:     0x631922af2331 - <<std[617be2ca0a6fd877]::sys::backtrace::BacktraceLock>::print::DisplayBacktrace as core[a373ad73a504971]::fmt::Display>::fmt
[INFO] [stdout]    1:     0x631922b0679a - core[a373ad73a504971]::fmt::write
[INFO] [stdout]    2:     0x631922af683c - <alloc[2e1b2a31b91974c5]::vec::Vec<u8> as core[a373ad73a504971]::io::write::Write>::write_fmt
[INFO] [stdout]    3:     0x631922acbe76 - std[617be2ca0a6fd877]::panicking::default_hook::{closure#0}
[INFO] [stdout]    4:     0x631922ae9ac9 - std[617be2ca0a6fd877]::panicking::default_hook
[INFO] [stdout]    5:     0x631922a83760 - test[aada8e7e76ba119b]::test_main_inner::{closure#0}
[INFO] [stdout]    6:     0x631922ae9c82 - std[617be2ca0a6fd877]::panicking::panic_with_hook
[INFO] [stdout]    7:     0x631922acbf22 - std[617be2ca0a6fd877]::panicking::panic_handler::{closure#0}
[INFO] [stdout]    8:     0x631922ac4929 - std[617be2ca0a6fd877]::sys::backtrace::__rust_end_short_backtrace::<std[617be2ca0a6fd877]::panicking::panic_handler::{closure#0}, !>
[INFO] [stdout]    9:     0x631922accc1d - __rustc[ea4f61d10b84890b]::rust_begin_unwind
[INFO] [stdout]   10:     0x631922b06ecc - core[a373ad73a504971]::panicking::panic_fmt
[INFO] [stdout]   11:     0x631922b06ca2 - core[a373ad73a504971]::result::unwrap_failed
[INFO] [stdout]   12:     0x631922a6615f - cli[6f37a32c0341dd78]::run
[INFO] [stdout]   13:     0x631922a732d1 - <cli[6f37a32c0341dd78]::a_brand_new_graph_says_how_to_start_not_to_look_for_cycles::{closure#0} as core[a373ad73a504971]::ops::function::FnOnce<()>>::call_once
[INFO] [stdout]   14:     0x631922a76bab - test[aada8e7e76ba119b]::__rust_begin_short_backtrace::<core[a373ad73a504971]::result::Result<(), alloc[2e1b2a31b91974c5]::string::String>, fn() -> core[a373ad73a504971]::result::Result<(), alloc[2e1b2a31b91974c5]::string::String>>
[INFO] [stdout]   15:     0x631922a83d85 - test[aada8e7e76ba119b]::run_test::{closure#0}
[INFO] [stdout]   16:     0x631922a7d674 - std[617be2ca0a6fd877]::sys::backtrace::__rust_begin_short_backtrace::<test[aada8e7e76ba119b]::run_test::{closure#1}, ()>
[INFO] [stdout]   17:     0x631922a86e12 - <std[617be2ca0a6fd877]::thread::lifecycle::spawn_unchecked<test[aada8e7e76ba119b]::run_test::{closure#1}, ()>::{closure#1} as core[a373ad73a504971]::ops::function::FnOnce<()>>::call_once::{shim:vtable#0}
[INFO] [stdout]   18:     0x631922af164f - <std[617be2ca0a6fd877]::sys::thread::unix::Thread>::new::thread_start
[INFO] [stdout]   19:     0x7e38a4f96dfa - <unknown>
[INFO] [stdout]   20:     0x7e38a502a3d4 - clone
[INFO] [stdout]   21:                0x0 - <unknown>
[INFO] [stdout] 
[INFO] [stdout] ---- a_missing_file_reads_as_an_empty_graph stdout ----
[INFO] [stdout] 
[INFO] [stdout] thread 'a_missing_file_reads_as_an_empty_graph' (1094) panicked at crates/branchy-cli/tests/cli.rs:51:10:
[INFO] [stdout] binary runs: Os { code: 2, kind: NotFound, message: "No such file or directory" }
[INFO] [stdout] stack backtrace:
[INFO] [stdout]    0:     0x631922af2331 - <<std[617be2ca0a6fd877]::sys::backtrace::BacktraceLock>::print::DisplayBacktrace as core[a373ad73a504971]::fmt::Display>::fmt
[INFO] [stdout]    1:     0x631922b0679a - core[a373ad73a504971]::fmt::write
[INFO] [stdout]    2:     0x631922af683c - <alloc[2e1b2a31b91974c5]::vec::Vec<u8> as core[a373ad73a504971]::io::write::Write>::write_fmt
[INFO] [stdout]    3:     0x631922acbe76 - std[617be2ca0a6fd877]::panicking::default_hook::{closure#0}
[INFO] [stdout]    4:     0x631922ae9ac9 - std[617be2ca0a6fd877]::panicking::default_hook
[INFO] [stdout]    5:     0x631922a83760 - test[aada8e7e76ba119b]::test_main_inner::{closure#0}
[INFO] [stdout]    6:     0x631922ae9c82 - std[617be2ca0a6fd877]::panicking::panic_with_hook
[INFO] [stdout]    7:     0x631922acbf22 - std[617be2ca0a6fd877]::panicking::panic_handler::{closure#0}
[INFO] [stdout]    8:     0x631922ac4929 - std[617be2ca0a6fd877]::sys::backtrace::__rust_end_short_backtrace::<std[617be2ca0a6fd877]::panicking::panic_handler::{closure#0}, !>
[INFO] [stdout]    9:     0x631922accc1d - __rustc[ea4f61d10b84890b]::rust_begin_unwind
[INFO] [stdout]   10:     0x631922b06ecc - core[a373ad73a504971]::panicking::panic_fmt
[INFO] [stdout]   11:     0x631922b06ca2 - core[a373ad73a504971]::result::unwrap_failed
[INFO] [stdout]   12:     0x631922a6615f - cli[6f37a32c0341dd78]::run
[INFO] [stdout]   13:     0x631922a6d31b - <cli[6f37a32c0341dd78]::a_missing_file_reads_as_an_empty_graph::{closure#0} as core[a373ad73a504971]::ops::function::FnOnce<()>>::call_once
[INFO] [stdout]   14:     0x631922a76bab - test[aada8e7e76ba119b]::__rust_begin_short_backtrace::<core[a373ad73a504971]::result::Result<(), alloc[2e1b2a31b91974c5]::string::String>, fn() -> core[a373ad73a504971]::result::Result<(), alloc[2e1b2a31b91974c5]::string::String>>
[INFO] [stdout]   15:     0x631922a83d85 - test[aada8e7e76ba119b]::run_test::{closure#0}
[INFO] [stdout]   16:     0x631922a7d674 - std[617be2ca0a6fd877]::sys::backtrace::__rust_begin_short_backtrace::<test[aada8e7e76ba119b]::run_test::{closure#1}, ()>
[INFO] [stdout]   17:     0x631922a86e12 - <std[617be2ca0a6fd877]::thread::lifecycle::spawn_unchecked<test[aada8e7e76ba119b]::run_test::{closure#1}, ()>::{closure#1} as core[a373ad73a504971]::ops::function::FnOnce<()>>::call_once::{shim:vtable#0}
[INFO] [stdout]   18:     0x631922af164f - <std[617be2ca0a6fd877]::sys::thread::unix::Thread>::new::thread_start
[INFO] [stdout]   19:     0x7e38a4f96dfa - <unknown>
[INFO] [stdout]   20:     0x7e38a502a3d4 - clone
[INFO] [stdout]   21:                0x0 - <unknown>
[INFO] [stdout] 
[INFO] [stdout] ---- a_cycle_is_refused_by_name stdout ----
[INFO] [stdout] 
[INFO] [stdout] thread 'a_cycle_is_refused_by_name' (1076) panicked at crates/branchy-cli/tests/cli.rs:51:10:
[INFO] [stdout] binary runs: Os { code: 2, kind: NotFound, message: "No such file or directory" }
[INFO] [stdout] stack backtrace:
[INFO] [stdout]    0:     0x631922af2331 - <<std[617be2ca0a6fd877]::sys::backtrace::BacktraceLock>::print::DisplayBacktrace as core[a373ad73a504971]::fmt::Display>::fmt
[INFO] [stdout]    1:     0x631922b0679a - core[a373ad73a504971]::fmt::write
[INFO] [stdout]    2:     0x631922af683c - <alloc[2e1b2a31b91974c5]::vec::Vec<u8> as core[a373ad73a504971]::io::write::Write>::write_fmt
[INFO] [stdout]    3:     0x631922acbe76 - std[617be2ca0a6fd877]::panicking::default_hook::{closure#0}
[INFO] [stdout]    4:     0x631922ae9ac9 - std[617be2ca0a6fd877]::panicking::default_hook
[INFO] [stdout]    5:     0x631922a83760 - test[aada8e7e76ba119b]::test_main_inner::{closure#0}
[INFO] [stdout]    6:     0x631922ae9c82 - std[617be2ca0a6fd877]::panicking::panic_with_hook
[INFO] [stdout]    7:     0x631922acbf22 - std[617be2ca0a6fd877]::panicking::panic_handler::{closure#0}
[INFO] [stdout]    8:     0x631922ac4929 - std[617be2ca0a6fd877]::sys::backtrace::__rust_end_short_backtrace::<std[617be2ca0a6fd877]::panicking::panic_handler::{closure#0}, !>
[INFO] [stdout]    9:     0x631922accc1d - __rustc[ea4f61d10b84890b]::rust_begin_unwind
[INFO] [stdout]   10:     0x631922b06ecc - core[a373ad73a504971]::panicking::panic_fmt
[INFO] [stdout]   11:     0x631922b06ca2 - core[a373ad73a504971]::result::unwrap_failed
[INFO] [stdout]   12:     0x631922a6615f - cli[6f37a32c0341dd78]::run
[INFO] [stdout]   13:     0x631922a66beb - cli[6f37a32c0341dd78]::seeded
[INFO] [stdout]   14:     0x631922a69267 - <cli[6f37a32c0341dd78]::a_cycle_is_refused_by_name::{closure#0} as core[a373ad73a504971]::ops::function::FnOnce<()>>::call_once
[INFO] [stdout]   15:     0x631922a76bab - test[aada8e7e76ba119b]::__rust_begin_short_backtrace::<core[a373ad73a504971]::result::Result<(), alloc[2e1b2a31b91974c5]::string::String>, fn() -> core[a373ad73a504971]::result::Result<(), alloc[2e1b2a31b91974c5]::string::String>>
[INFO] [stdout]   16:     0x631922a83d85 - test[aada8e7e76ba119b]::run_test::{closure#0}
[INFO] [stdout]   17:     0x631922a7d674 - std[617be2ca0a6fd877]::sys::backtrace::__rust_begin_short_backtrace::<test[aada8e7e76ba119b]::run_test::{closure#1}, ()>
[INFO] [stdout]   18:     0x631922a86e12 - <std[617be2ca0a6fd877]::thread::lifecycle::spawn_unchecked<test[aada8e7e76ba119b]::run_test::{closure#1}, ()>::{closure#1} as core[a373ad73a504971]::ops::function::FnOnce<()>>::call_once::{shim:vtable#0}
[INFO] [stdout]   19:     0x631922af164f - <std[617be2ca0a6fd877]::sys::thread::unix::Thread>::new::thread_start
[INFO] [stdout]   20:     0x7e38a4f96dfa - <unknown>
[INFO] [stdout]   21:     0x7e38a502a3d4 - clone
[INFO] [stdout]   22:                0x0 - <unknown>
[INFO] [stdout] 
[INFO] [stdout] ---- a_format_two_document_is_written_and_read_back stdout ----
[INFO] [stdout] 
[INFO] [stdout] thread 'a_format_two_document_is_written_and_read_back' (1083) panicked at crates/branchy-cli/tests/cli.rs:51:10:
[INFO] [stdout] binary runs: Os { code: 2, kind: NotFound, message: "No such file or directory" }
[INFO] [stdout] stack backtrace:
[INFO] [stdout]    0:     0x631922af2331 - <<std[617be2ca0a6fd877]::sys::backtrace::BacktraceLock>::print::DisplayBacktrace as core[a373ad73a504971]::fmt::Display>::fmt
[INFO] [stdout]    1:     0x631922b0679a - core[a373ad73a504971]::fmt::write
[INFO] [stdout]    2:     0x631922af683c - <alloc[2e1b2a31b91974c5]::vec::Vec<u8> as core[a373ad73a504971]::io::write::Write>::write_fmt
[INFO] [stdout]    3:     0x631922acbe76 - std[617be2ca0a6fd877]::panicking::default_hook::{closure#0}
[INFO] [stdout]    4:     0x631922ae9ac9 - std[617be2ca0a6fd877]::panicking::default_hook
[INFO] [stdout]    5:     0x631922a83760 - test[aada8e7e76ba119b]::test_main_inner::{closure#0}
[INFO] [stdout]    6:     0x631922ae9c82 - std[617be2ca0a6fd877]::panicking::panic_with_hook
[INFO] [stdout]    7:     0x631922acbf22 - std[617be2ca0a6fd877]::panicking::panic_handler::{closure#0}
[INFO] [stdout]    8:     0x631922ac4929 - std[617be2ca0a6fd877]::sys::backtrace::__rust_end_short_backtrace::<std[617be2ca0a6fd877]::panicking::panic_handler::{closure#0}, !>
[INFO] [stdout]    9:     0x631922accc1d - __rustc[ea4f61d10b84890b]::rust_begin_unwind
[INFO] [stdout]   10:     0x631922b06ecc - core[a373ad73a504971]::panicking::panic_fmt
[INFO] [stdout]   11:     0x631922b06ca2 - core[a373ad73a504971]::result::unwrap_failed
[INFO] [stdout]   12:     0x631922a6615f - cli[6f37a32c0341dd78]::run
[INFO] [stdout]   13:     0x631922a66beb - cli[6f37a32c0341dd78]::seeded
[INFO] [stdout]   14:     0x631922a71024 - <cli[6f37a32c0341dd78]::a_format_two_document_is_written_and_read_back::{closure#0} as core[a373ad73a504971]::ops::function::FnOnce<()>>::call_once
[INFO] [stdout]   15:     0x631922a76bab - test[aada8e7e76ba119b]::__rust_begin_short_backtrace::<core[a373ad73a504971]::result::Result<(), alloc[2e1b2a31b91974c5]::string::String>, fn() -> core[a373ad73a504971]::result::Result<(), alloc[2e1b2a31b91974c5]::string::String>>
[INFO] [stdout]   16:     0x631922a83d85 - test[aada8e7e76ba119b]::run_test::{closure#0}
[INFO] [stdout]   17:     0x631922a7d674 - std[617be2ca0a6fd877]::sys::backtrace::__rust_begin_short_backtrace::<test[aada8e7e76ba119b]::run_test::{closure#1}, ()>
[INFO] [stdout]   18:     0x631922a86e12 - <std[617be2ca0a6fd877]::thread::lifecycle::spawn_unchecked<test[aada8e7e76ba119b]::run_test::{closure#1}, ()>::{closure#1} as core[a373ad73a504971]::ops::function::FnOnce<()>>::call_once::{shim:vtable#0}
[INFO] [stdout]   19:     0x631922af164f - <std[617be2ca0a6fd877]::sys::thread::unix::Thread>::new::thread_start
[INFO] [stdout]   20:     0x7e38a4f96dfa - <unknown>
[INFO] [stdout]   21:     0x7e38a502a3d4 - clone
[INFO] [stdout]   22:                0x0 - <unknown>
[INFO] [stdout] 
[INFO] [stdout] ---- a_deadline_survives_a_save_and_reload stdout ----
[INFO] [stdout] 
[INFO] [stdout] thread 'a_deadline_survives_a_save_and_reload' (1078) panicked at crates/branchy-cli/tests/cli.rs:51:10:
[INFO] [stdout] binary runs: Os { code: 2, kind: NotFound, message: "No such file or directory" }
[INFO] [stdout] stack backtrace:
[INFO] [stdout]    0:     0x631922af2331 - <<std[617be2ca0a6fd877]::sys::backtrace::BacktraceLock>::print::DisplayBacktrace as core[a373ad73a504971]::fmt::Display>::fmt
[INFO] [stdout]    1:     0x631922b0679a - core[a373ad73a504971]::fmt::write
[INFO] [stdout]    2:     0x631922af683c - <alloc[2e1b2a31b91974c5]::vec::Vec<u8> as core[a373ad73a504971]::io::write::Write>::write_fmt
[INFO] [stdout]    3:     0x631922acbe76 - std[617be2ca0a6fd877]::panicking::default_hook::{closure#0}
[INFO] [stdout]    4:     0x631922ae9ac9 - std[617be2ca0a6fd877]::panicking::default_hook
[INFO] [stdout]    5:     0x631922a83760 - test[aada8e7e76ba119b]::test_main_inner::{closure#0}
[INFO] [stdout]    6:     0x631922ae9c82 - std[617be2ca0a6fd877]::panicking::panic_with_hook
[INFO] [stdout]    7:     0x631922acbf22 - std[617be2ca0a6fd877]::panicking::panic_handler::{closure#0}
[INFO] [stdout]    8:     0x631922ac4929 - std[617be2ca0a6fd877]::sys::backtrace::__rust_end_short_backtrace::<std[617be2ca0a6fd877]::panicking::panic_handler::{closure#0}, !>
[INFO] [stdout]    9:     0x631922accc1d - __rustc[ea4f61d10b84890b]::rust_begin_unwind
[INFO] [stdout]   10:     0x631922b06ecc - core[a373ad73a504971]::panicking::panic_fmt
[INFO] [stdout]   11:     0x631922b06ca2 - core[a373ad73a504971]::result::unwrap_failed
[INFO] [stdout]   12:     0x631922a6615f - cli[6f37a32c0341dd78]::run
[INFO] [stdout]   13:     0x631922a66beb - cli[6f37a32c0341dd78]::seeded
[INFO] [stdout]   14:     0x631922a6cd44 - <cli[6f37a32c0341dd78]::a_deadline_survives_a_save_and_reload::{closure#0} as core[a373ad73a504971]::ops::function::FnOnce<()>>::call_once
[INFO] [stdout]   15:     0x631922a76bab - test[aada8e7e76ba119b]::__rust_begin_short_backtrace::<core[a373ad73a504971]::result::Result<(), alloc[2e1b2a31b91974c5]::string::String>, fn() -> core[a373ad73a504971]::result::Result<(), alloc[2e1b2a31b91974c5]::string::String>>
[INFO] [stdout]   16:     0x631922a83d85 - test[aada8e7e76ba119b]::run_test::{closure#0}
[INFO] [stdout]   17:     0x631922a7d674 - std[617be2ca0a6fd877]::sys::backtrace::__rust_begin_short_backtrace::<test[aada8e7e76ba119b]::run_test::{closure#1}, ()>
[INFO] [stdout]   18:     0x631922a86e12 - <std[617be2ca0a6fd877]::thread::lifecycle::spawn_unchecked<test[aada8e7e76ba119b]::run_test::{closure#1}, ()>::{closure#1} as core[a373ad73a504971]::ops::function::FnOnce<()>>::call_once::{shim:vtable#0}
[INFO] [stdout]   19:     0x631922af164f - <std[617be2ca0a6fd877]::sys::thread::unix::Thread>::new::thread_start
[INFO] [stdout]   20:     0x7e38a4f96dfa - <unknown>
[INFO] [stdout]   21:     0x7e38a502a3d4 - clone
[INFO] [stdout]   22:                0x0 - <unknown>
[INFO] [stdout] 
[INFO] [stdout] ---- a_limit_says_how_much_was_left_out stdout ----
[INFO] [stdout] 
[INFO] [stdout] thread 'a_limit_says_how_much_was_left_out' (1084) panicked at crates/branchy-cli/tests/cli.rs:51:10:
[INFO] [stdout] binary runs: Os { code: 2, kind: NotFound, message: "No such file or directory" }
[INFO] [stdout] stack backtrace:
[INFO] [stdout]    0:     0x631922af2331 - <<std[617be2ca0a6fd877]::sys::backtrace::BacktraceLock>::print::DisplayBacktrace as core[a373ad73a504971]::fmt::Display>::fmt
[INFO] [stdout]    1:     0x631922b0679a - core[a373ad73a504971]::fmt::write
[INFO] [stdout]    2:     0x631922af683c - <alloc[2e1b2a31b91974c5]::vec::Vec<u8> as core[a373ad73a504971]::io::write::Write>::write_fmt
[INFO] [stdout]    3:     0x631922acbe76 - std[617be2ca0a6fd877]::panicking::default_hook::{closure#0}
[INFO] [stdout]    4:     0x631922ae9ac9 - std[617be2ca0a6fd877]::panicking::default_hook
[INFO] [stdout]    5:     0x631922a83760 - test[aada8e7e76ba119b]::test_main_inner::{closure#0}
[INFO] [stdout]    6:     0x631922ae9c82 - std[617be2ca0a6fd877]::panicking::panic_with_hook
[INFO] [stdout]    7:     0x631922acbf22 - std[617be2ca0a6fd877]::panicking::panic_handler::{closure#0}
[INFO] [stdout]    8:     0x631922ac4929 - std[617be2ca0a6fd877]::sys::backtrace::__rust_end_short_backtrace::<std[617be2ca0a6fd877]::panicking::panic_handler::{closure#0}, !>
[INFO] [stdout]    9:     0x631922accc1d - __rustc[ea4f61d10b84890b]::rust_begin_unwind
[INFO] [stdout]   10:     0x631922b06ecc - core[a373ad73a504971]::panicking::panic_fmt
[INFO] [stdout]   11:     0x631922b06ca2 - core[a373ad73a504971]::result::unwrap_failed
[INFO] [stdout]   12:     0x631922a6615f - cli[6f37a32c0341dd78]::run
[INFO] [stdout]   13:     0x631922a6bc1a - <cli[6f37a32c0341dd78]::a_limit_says_how_much_was_left_out::{closure#0} as core[a373ad73a504971]::ops::function::FnOnce<()>>::call_once
[INFO] [stdout]   14:     0x631922a76bab - test[aada8e7e76ba119b]::__rust_begin_short_backtrace::<core[a373ad73a504971]::result::Result<(), alloc[2e1b2a31b91974c5]::string::String>, fn() -> core[a373ad73a504971]::result::Result<(), alloc[2e1b2a31b91974c5]::string::String>>
[INFO] [stdout]   15:     0x631922a83d85 - test[aada8e7e76ba119b]::run_test::{closure#0}
[INFO] [stdout]   16:     0x631922a7d674 - std[617be2ca0a6fd877]::sys::backtrace::__rust_begin_short_backtrace::<test[aada8e7e76ba119b]::run_test::{closure#1}, ()>
[INFO] [stdout]   17:     0x631922a86e12 - <std[617be2ca0a6fd877]::thread::lifecycle::spawn_unchecked<test[aada8e7e76ba119b]::run_test::{closure#1}, ()>::{closure#1} as core[a373ad73a504971]::ops::function::FnOnce<()>>::call_once::{shim:vtable#0}
[INFO] [stdout]   18:     0x631922af164f - <std[617be2ca0a6fd877]::sys::thread::unix::Thread>::new::thread_start
[INFO] [stdout]   19:     0x7e38a4f96dfa - <unknown>
[INFO] [stdout]   20:     0x7e38a502a3d4 - clone
[INFO] [stdout]   21:                0x0 - <unknown>
[INFO] [stdout] 
[INFO] [stdout] ---- a_batch_of_comments_is_refused_as_empty stdout ----
[INFO] [stdout] 
[INFO] [stdout] thread 'a_batch_of_comments_is_refused_as_empty' (1072) panicked at crates/branchy-cli/tests/cli.rs:51:10:
[INFO] [stdout] binary runs: Os { code: 2, kind: NotFound, message: "No such file or directory" }
[INFO] [stdout] stack backtrace:
[INFO] [stdout]    0:     0x631922af2331 - <<std[617be2ca0a6fd877]::sys::backtrace::BacktraceLock>::print::DisplayBacktrace as core[a373ad73a504971]::fmt::Display>::fmt
[INFO] [stdout]    1:     0x631922b0679a - core[a373ad73a504971]::fmt::write
[INFO] [stdout]    2:     0x631922af683c - <alloc[2e1b2a31b91974c5]::vec::Vec<u8> as core[a373ad73a504971]::io::write::Write>::write_fmt
[INFO] [stdout]    3:     0x631922acbe76 - std[617be2ca0a6fd877]::panicking::default_hook::{closure#0}
[INFO] [stdout]    4:     0x631922ae9ac9 - std[617be2ca0a6fd877]::panicking::default_hook
[INFO] [stdout]    5:     0x631922a83760 - test[aada8e7e76ba119b]::test_main_inner::{closure#0}
[INFO] [stdout]    6:     0x631922ae9c82 - std[617be2ca0a6fd877]::panicking::panic_with_hook
[INFO] [stdout]    7:     0x631922acbf22 - std[617be2ca0a6fd877]::panicking::panic_handler::{closure#0}
[INFO] [stdout]    8:     0x631922ac4929 - std[617be2ca0a6fd877]::sys::backtrace::__rust_end_short_backtrace::<std[617be2ca0a6fd877]::panicking::panic_handler::{closure#0}, !>
[INFO] [stdout]    9:     0x631922accc1d - __rustc[ea4f61d10b84890b]::rust_begin_unwind
[INFO] [stdout]   10:     0x631922b06ecc - core[a373ad73a504971]::panicking::panic_fmt
[INFO] [stdout]   11:     0x631922b06ca2 - core[a373ad73a504971]::result::unwrap_failed
[INFO] [stdout]   12:     0x631922a6615f - cli[6f37a32c0341dd78]::run
[INFO] [stdout]   13:     0x631922a6d82a - <cli[6f37a32c0341dd78]::a_batch_of_comments_is_refused_as_empty::{closure#0} as core[a373ad73a504971]::ops::function::FnOnce<()>>::call_once
[INFO] [stdout]   14:     0x631922a76bab - test[aada8e7e76ba119b]::__rust_begin_short_backtrace::<core[a373ad73a504971]::result::Result<(), alloc[2e1b2a31b91974c5]::string::String>, fn() -> core[a373ad73a504971]::result::Result<(), alloc[2e1b2a31b91974c5]::string::String>>
[INFO] [stdout]   15:     0x631922a83d85 - test[aada8e7e76ba119b]::run_test::{closure#0}
[INFO] [stdout]   16:     0x631922a7d674 - std[617be2ca0a6fd877]::sys::backtrace::__rust_begin_short_backtrace::<test[aada8e7e76ba119b]::run_test::{closure#1}, ()>
[INFO] [stdout]   17:     0x631922a86e12 - <std[617be2ca0a6fd877]::thread::lifecycle::spawn_unchecked<test[aada8e7e76ba119b]::run_test::{closure#1}, ()>::{closure#1} as core[a373ad73a504971]::ops::function::FnOnce<()>>::call_once::{shim:vtable#0}
[INFO] [stdout]   18:     0x631922af164f - <std[617be2ca0a6fd877]::sys::thread::unix::Thread>::new::thread_start
[INFO] [stdout]   19:     0x7e38a4f96dfa - <unknown>
[INFO] [stdout]   20:     0x7e38a502a3d4 - clone
[INFO] [stdout]   21:                0x0 - <unknown>
[INFO] [stdout] 
[INFO] [stdout] ---- a_new_vault_goes_in_the_current_directory_unless_told_otherwise stdout ----
[INFO] [stdout] 
[INFO] [stdout] thread 'a_new_vault_goes_in_the_current_directory_unless_told_otherwise' (1100) panicked at crates/branchy-cli/tests/cli.rs:650:50:
[INFO] [stdout] binary runs: Os { code: 2, kind: NotFound, message: "No such file or directory" }
[INFO] [stdout] stack backtrace:
[INFO] [stdout]    0:     0x631922af2331 - <<std[617be2ca0a6fd877]::sys::backtrace::BacktraceLock>::print::DisplayBacktrace as core[a373ad73a504971]::fmt::Display>::fmt
[INFO] [stdout]    1:     0x631922b0679a - core[a373ad73a504971]::fmt::write
[INFO] [stdout]    2:     0x631922af683c - <alloc[2e1b2a31b91974c5]::vec::Vec<u8> as core[a373ad73a504971]::io::write::Write>::write_fmt
[INFO] [stdout]    3:     0x631922acbe76 - std[617be2ca0a6fd877]::panicking::default_hook::{closure#0}
[INFO] [stdout]    4:     0x631922ae9ac9 - std[617be2ca0a6fd877]::panicking::default_hook
[INFO] [stdout]    5:     0x631922a83760 - test[aada8e7e76ba119b]::test_main_inner::{closure#0}
[INFO] [stdout]    6:     0x631922ae9c82 - std[617be2ca0a6fd877]::panicking::panic_with_hook
[INFO] [stdout]    7:     0x631922acbf22 - std[617be2ca0a6fd877]::panicking::panic_handler::{closure#0}
[INFO] [stdout]    8:     0x631922ac4929 - std[617be2ca0a6fd877]::sys::backtrace::__rust_end_short_backtrace::<std[617be2ca0a6fd877]::panicking::panic_handler::{closure#0}, !>
[INFO] [stdout]    9:     0x631922accc1d - __rustc[ea4f61d10b84890b]::rust_begin_unwind
[INFO] [stdout]   10:     0x631922b06ecc - core[a373ad73a504971]::panicking::panic_fmt
[INFO] [stdout]   11:     0x631922b06ca2 - core[a373ad73a504971]::result::unwrap_failed
[INFO] [stdout]   12:     0x631922a66ffd - <cli[6f37a32c0341dd78]::Desk>::run
[INFO] [stdout]   13:     0x631922a73e19 - <cli[6f37a32c0341dd78]::a_new_vault_goes_in_the_current_directory_unless_told_otherwise::{closure#0} as core[a373ad73a504971]::ops::function::FnOnce<()>>::call_once
[INFO] [stdout]   14:     0x631922a76bab - test[aada8e7e76ba119b]::__rust_begin_short_backtrace::<core[a373ad73a504971]::result::Result<(), alloc[2e1b2a31b91974c5]::string::String>, fn() -> core[a373ad73a504971]::result::Result<(), alloc[2e1b2a31b91974c5]::string::String>>
[INFO] [stdout]   15:     0x631922a83d85 - test[aada8e7e76ba119b]::run_test::{closure#0}
[INFO] [stdout]   16:     0x631922a7d674 - std[617be2ca0a6fd877]::sys::backtrace::__rust_begin_short_backtrace::<test[aada8e7e76ba119b]::run_test::{closure#1}, ()>
[INFO] [stdout]   17:     0x631922a86e12 - <std[617be2ca0a6fd877]::thread::lifecycle::spawn_unchecked<test[aada8e7e76ba119b]::run_test::{closure#1}, ()>::{closure#1} as core[a373ad73a504971]::ops::function::FnOnce<()>>::call_once::{shim:vtable#0}
[INFO] [stdout]   18:     0x631922af164f - <std[617be2ca0a6fd877]::sys::thread::unix::Thread>::new::thread_start
[INFO] [stdout]   19:     0x7e38a4f96dfa - <unknown>
[INFO] [stdout]   20:     0x7e38a502a3d4 - clone
[INFO] [stdout]   21:                0x0 - <unknown>
[INFO] [stdout] 
[INFO] [stdout] ---- a_document_written_before_deadlines_still_loads stdout ----
[INFO] [stdout] 
[INFO] [stdout] thread 'a_document_written_before_deadlines_still_loads' (1081) panicked at crates/branchy-cli/tests/cli.rs:51:10:
[INFO] [stdout] binary runs: Os { code: 2, kind: NotFound, message: "No such file or directory" }
[INFO] [stdout] stack backtrace:
[INFO] [stdout]    0:     0x631922af2331 - <<std[617be2ca0a6fd877]::sys::backtrace::BacktraceLock>::print::DisplayBacktrace as core[a373ad73a504971]::fmt::Display>::fmt
[INFO] [stdout]    1:     0x631922b0679a - core[a373ad73a504971]::fmt::write
[INFO] [stdout]    2:     0x631922af683c - <alloc[2e1b2a31b91974c5]::vec::Vec<u8> as core[a373ad73a504971]::io::write::Write>::write_fmt
[INFO] [stdout]    3:     0x631922acbe76 - std[617be2ca0a6fd877]::panicking::default_hook::{closure#0}
[INFO] [stdout]    4:     0x631922ae9ac9 - std[617be2ca0a6fd877]::panicking::default_hook
[INFO] [stdout]    5:     0x631922a83760 - test[aada8e7e76ba119b]::test_main_inner::{closure#0}
[INFO] [stdout]    6:     0x631922ae9c82 - std[617be2ca0a6fd877]::panicking::panic_with_hook
[INFO] [stdout]    7:     0x631922acbf22 - std[617be2ca0a6fd877]::panicking::panic_handler::{closure#0}
[INFO] [stdout]    8:     0x631922ac4929 - std[617be2ca0a6fd877]::sys::backtrace::__rust_end_short_backtrace::<std[617be2ca0a6fd877]::panicking::panic_handler::{closure#0}, !>
[INFO] [stdout]    9:     0x631922accc1d - __rustc[ea4f61d10b84890b]::rust_begin_unwind
[INFO] [stdout]   10:     0x631922b06ecc - core[a373ad73a504971]::panicking::panic_fmt
[INFO] [stdout]   11:     0x631922b06ca2 - core[a373ad73a504971]::result::unwrap_failed
[INFO] [stdout]   12:     0x631922a6615f - cli[6f37a32c0341dd78]::run
[INFO] [stdout]   13:     0x631922a7173c - <cli[6f37a32c0341dd78]::a_document_written_before_deadlines_still_loads::{closure#0} as core[a373ad73a504971]::ops::function::FnOnce<()>>::call_once
[INFO] [stdout]   14:     0x631922a76bab - test[aada8e7e76ba119b]::__rust_begin_short_backtrace::<core[a373ad73a504971]::result::Result<(), alloc[2e1b2a31b91974c5]::string::String>, fn() -> core[a373ad73a504971]::result::Result<(), alloc[2e1b2a31b91974c5]::string::String>>
[INFO] [stdout]   15:     0x631922a83d85 - test[aada8e7e76ba119b]::run_test::{closure#0}
[INFO] [stdout]   16:     0x631922a7d674 - std[617be2ca0a6fd877]::sys::backtrace::__rust_begin_short_backtrace::<test[aada8e7e76ba119b]::run_test::{closure#1}, ()>
[INFO] [stdout]   17:     0x631922a86e12 - <std[617be2ca0a6fd877]::thread::lifecycle::spawn_unchecked<test[aada8e7e76ba119b]::run_test::{closure#1}, ()>::{closure#1} as core[a373ad73a504971]::ops::function::FnOnce<()>>::call_once::{shim:vtable#0}
[INFO] [stdout]   18:     0x631922af164f - <std[617be2ca0a6fd877]::sys::thread::unix::Thread>::new::thread_start
[INFO] [stdout]   19:     0x7e38a4f96dfa - <unknown>
[INFO] [stdout]   20:     0x7e38a502a3d4 - clone
[INFO] [stdout]   21:                0x0 - <unknown>
[INFO] [stdout] 
[INFO] [stdout] ---- a_document_without_counters_continues_from_its_highest_id stdout ----
[INFO] [stdout] 
[INFO] [stdout] thread 'a_document_without_counters_continues_from_its_highest_id' (1080) panicked at crates/branchy-cli/tests/cli.rs:51:10:
[INFO] [stdout] binary runs: Os { code: 2, kind: NotFound, message: "No such file or directory" }
[INFO] [stdout] stack backtrace:
[INFO] [stdout]    0:     0x631922af2331 - <<std[617be2ca0a6fd877]::sys::backtrace::BacktraceLock>::print::DisplayBacktrace as core[a373ad73a504971]::fmt::Display>::fmt
[INFO] [stdout]    1:     0x631922b0679a - core[a373ad73a504971]::fmt::write
[INFO] [stdout]    2:     0x631922af683c - <alloc[2e1b2a31b91974c5]::vec::Vec<u8> as core[a373ad73a504971]::io::write::Write>::write_fmt
[INFO] [stdout]    3:     0x631922acbe76 - std[617be2ca0a6fd877]::panicking::default_hook::{closure#0}
[INFO] [stdout]    4:     0x631922ae9ac9 - std[617be2ca0a6fd877]::panicking::default_hook
[INFO] [stdout]    5:     0x631922a83760 - test[aada8e7e76ba119b]::test_main_inner::{closure#0}
[INFO] [stdout]    6:     0x631922ae9c82 - std[617be2ca0a6fd877]::panicking::panic_with_hook
[INFO] [stdout]    7:     0x631922acbf22 - std[617be2ca0a6fd877]::panicking::panic_handler::{closure#0}
[INFO] [stdout]    8:     0x631922ac4929 - std[617be2ca0a6fd877]::sys::backtrace::__rust_end_short_backtrace::<std[617be2ca0a6fd877]::panicking::panic_handler::{closure#0}, !>
[INFO] [stdout]    9:     0x631922accc1d - __rustc[ea4f61d10b84890b]::rust_begin_unwind
[INFO] [stdout]   10:     0x631922b06ecc - core[a373ad73a504971]::panicking::panic_fmt
[INFO] [stdout]   11:     0x631922b06ca2 - core[a373ad73a504971]::result::unwrap_failed
[INFO] [stdout]   12:     0x631922a6615f - cli[6f37a32c0341dd78]::run
[INFO] [stdout]   13:     0x631922a73184 - <cli[6f37a32c0341dd78]::a_document_without_counters_continues_from_its_highest_id::{closure#0} as core[a373ad73a504971]::ops::function::FnOnce<()>>::call_once
[INFO] [stdout]   14:     0x631922a76bab - test[aada8e7e76ba119b]::__rust_begin_short_backtrace::<core[a373ad73a504971]::result::Result<(), alloc[2e1b2a31b91974c5]::string::String>, fn() -> core[a373ad73a504971]::result::Result<(), alloc[2e1b2a31b91974c5]::string::String>>
[INFO] [stdout]   15:     0x631922a83d85 - test[aada8e7e76ba119b]::run_test::{closure#0}
[INFO] [stdout]   16:     0x631922a7d674 - std[617be2ca0a6fd877]::sys::backtrace::__rust_begin_short_backtrace::<test[aada8e7e76ba119b]::run_test::{closure#1}, ()>
[INFO] [stdout]   17:     0x631922a86e12 - <std[617be2ca0a6fd877]::thread::lifecycle::spawn_unchecked<test[aada8e7e76ba119b]::run_test::{closure#1}, ()>::{closure#1} as core[a373ad73a504971]::ops::function::FnOnce<()>>::call_once::{shim:vtable#0}
[INFO] [stdout]   18:     0x631922af164f - <std[617be2ca0a6fd877]::sys::thread::unix::Thread>::new::thread_start
[INFO] [stdout]   19:     0x7e38a4f96dfa - <unknown>
[INFO] [stdout]   20:     0x7e38a502a3d4 - clone
[INFO] [stdout]   21:                0x0 - <unknown>
[INFO] [stdout] 
[INFO] [stdout] ---- a_new_vault_is_where_the_next_commands_go stdout ----
[INFO] [stdout] 
[INFO] [stdout] thread 'a_new_vault_is_where_the_next_commands_go' (1101) panicked at crates/branchy-cli/tests/cli.rs:650:50:
[INFO] [stdout] binary runs: Os { code: 2, kind: NotFound, message: "No such file or directory" }
[INFO] [stdout] stack backtrace:
[INFO] [stdout]    0:     0x631922af2331 - <<std[617be2ca0a6fd877]::sys::backtrace::BacktraceLock>::print::DisplayBacktrace as core[a373ad73a504971]::fmt::Display>::fmt
[INFO] [stdout]    1:     0x631922b0679a - core[a373ad73a504971]::fmt::write
[INFO] [stdout]    2:     0x631922af683c - <alloc[2e1b2a31b91974c5]::vec::Vec<u8> as core[a373ad73a504971]::io::write::Write>::write_fmt
[INFO] [stdout]    3:     0x631922acbe76 - std[617be2ca0a6fd877]::panicking::default_hook::{closure#0}
[INFO] [stdout]    4:     0x631922ae9ac9 - std[617be2ca0a6fd877]::panicking::default_hook
[INFO] [stdout]    5:     0x631922a83760 - test[aada8e7e76ba119b]::test_main_inner::{closure#0}
[INFO] [stdout]    6:     0x631922ae9c82 - std[617be2ca0a6fd877]::panicking::panic_with_hook
[INFO] [stdout]    7:     0x631922acbf22 - std[617be2ca0a6fd877]::panicking::panic_handler::{closure#0}
[INFO] [stdout]    8:     0x631922ac4929 - std[617be2ca0a6fd877]::sys::backtrace::__rust_end_short_backtrace::<std[617be2ca0a6fd877]::panicking::panic_handler::{closure#0}, !>
[INFO] [stdout]    9:     0x631922accc1d - __rustc[ea4f61d10b84890b]::rust_begin_unwind
[INFO] [stdout]   10:     0x631922b06ecc - core[a373ad73a504971]::panicking::panic_fmt
[INFO] [stdout]   11:     0x631922b06ca2 - core[a373ad73a504971]::result::unwrap_failed
[INFO] [stdout]   12:     0x631922a66ffd - <cli[6f37a32c0341dd78]::Desk>::run
[INFO] [stdout]   13:     0x631922a67596 - <cli[6f37a32c0341dd78]::Desk>::vault
[INFO] [stdout]   14:     0x631922a6f0f0 - <cli[6f37a32c0341dd78]::a_new_vault_is_where_the_next_commands_go::{closure#0} as core[a373ad73a504971]::ops::function::FnOnce<()>>::call_once
[INFO] [stdout]   15:     0x631922a76bab - test[aada8e7e76ba119b]::__rust_begin_short_backtrace::<core[a373ad73a504971]::result::Result<(), alloc[2e1b2a31b91974c5]::string::String>, fn() -> core[a373ad73a504971]::result::Result<(), alloc[2e1b2a31b91974c5]::string::String>>
[INFO] [stdout]   16:     0x631922a83d85 - test[aada8e7e76ba119b]::run_test::{closure#0}
[INFO] [stdout]   17:     0x631922a7d674 - std[617be2ca0a6fd877]::sys::backtrace::__rust_begin_short_backtrace::<test[aada8e7e76ba119b]::run_test::{closure#1}, ()>
[INFO] [stdout]   18:     0x631922a86e12 - <std[617be2ca0a6fd877]::thread::lifecycle::spawn_unchecked<test[aada8e7e76ba119b]::run_test::{closure#1}, ()>::{closure#1} as core[a373ad73a504971]::ops::function::FnOnce<()>>::call_once::{shim:vtable#0}
[INFO] [stdout]   19:     0x631922af164f - <std[617be2ca0a6fd877]::sys::thread::unix::Thread>::new::thread_start
[INFO] [stdout]   20:     0x7e38a4f96dfa - <unknown>
[INFO] [stdout]   21:     0x7e38a502a3d4 - clone
[INFO] [stdout]   22:                0x0 - <unknown>
[INFO] [stdout] 
[INFO] [stdout] ---- a_batch_is_one_change_to_undo stdout ----
[INFO] [stdout] 
[INFO] [stdout] thread 'a_batch_is_one_change_to_undo' (1071) panicked at crates/branchy-cli/tests/cli.rs:51:10:
[INFO] [stdout] binary runs: Os { code: 2, kind: NotFound, message: "No such file or directory" }
[INFO] [stdout] stack backtrace:
[INFO] [stdout]    0:     0x631922af2331 - <<std[617be2ca0a6fd877]::sys::backtrace::BacktraceLock>::print::DisplayBacktrace as core[a373ad73a504971]::fmt::Display>::fmt
[INFO] [stdout]    1:     0x631922b0679a - core[a373ad73a504971]::fmt::write
[INFO] [stdout]    2:     0x631922af683c - <alloc[2e1b2a31b91974c5]::vec::Vec<u8> as core[a373ad73a504971]::io::write::Write>::write_fmt
[INFO] [stdout]    3:     0x631922acbe76 - std[617be2ca0a6fd877]::panicking::default_hook::{closure#0}
[INFO] [stdout]    4:     0x631922ae9ac9 - std[617be2ca0a6fd877]::panicking::default_hook
[INFO] [stdout]    5:     0x631922a83760 - test[aada8e7e76ba119b]::test_main_inner::{closure#0}
[INFO] [stdout]    6:     0x631922ae9c82 - std[617be2ca0a6fd877]::panicking::panic_with_hook
[INFO] [stdout]    7:     0x631922acbf22 - std[617be2ca0a6fd877]::panicking::panic_handler::{closure#0}
[INFO] [stdout]    8:     0x631922ac4929 - std[617be2ca0a6fd877]::sys::backtrace::__rust_end_short_backtrace::<std[617be2ca0a6fd877]::panicking::panic_handler::{closure#0}, !>
[INFO] [stdout]    9:     0x631922accc1d - __rustc[ea4f61d10b84890b]::rust_begin_unwind
[INFO] [stdout]   10:     0x631922b06ecc - core[a373ad73a504971]::panicking::panic_fmt
[INFO] [stdout]   11:     0x631922b06ca2 - core[a373ad73a504971]::result::unwrap_failed
[INFO] [stdout]   12:     0x631922a6615f - cli[6f37a32c0341dd78]::run
[INFO] [stdout]   13:     0x631922a69c5f - <cli[6f37a32c0341dd78]::a_batch_is_one_change_to_undo::{closure#0} as core[a373ad73a504971]::ops::function::FnOnce<()>>::call_once
[INFO] [stdout]   14:     0x631922a76bab - test[aada8e7e76ba119b]::__rust_begin_short_backtrace::<core[a373ad73a504971]::result::Result<(), alloc[2e1b2a31b91974c5]::string::String>, fn() -> core[a373ad73a504971]::result::Result<(), alloc[2e1b2a31b91974c5]::string::String>>
[INFO] [stdout]   15:     0x631922a83d85 - test[aada8e7e76ba119b]::run_test::{closure#0}
[INFO] [stdout]   16:     0x631922a7d674 - std[617be2ca0a6fd877]::sys::backtrace::__rust_begin_short_backtrace::<test[aada8e7e76ba119b]::run_test::{closure#1}, ()>
[INFO] [stdout]   17:     0x631922a86e12 - <std[617be2ca0a6fd877]::thread::lifecycle::spawn_unchecked<test[aada8e7e76ba119b]::run_test::{closure#1}, ()>::{closure#1} as core[a373ad73a504971]::ops::function::FnOnce<()>>::call_once::{shim:vtable#0}
[INFO] [stdout]   18:     0x631922af164f - <std[617be2ca0a6fd877]::sys::thread::unix::Thread>::new::thread_start
[INFO] [stdout]   19:     0x7e38a4f96dfa - <unknown>
[INFO] [stdout]   20:     0x7e38a502a3d4 - clone
[INFO] [stdout]   21:                0x0 - <unknown>
[INFO] [stdout] 
[INFO] [stdout] ---- a_plain_batch_prints_what_it_made_with_labels stdout ----
[INFO] [stdout] 
[INFO] [stdout] thread 'a_plain_batch_prints_what_it_made_with_labels' (1107) panicked at crates/branchy-cli/tests/cli.rs:827:10:
[INFO] [stdout] binary runs: Os { code: 2, kind: NotFound, message: "No such file or directory" }
[INFO] [stdout] stack backtrace:
[INFO] [stdout]    0:     0x631922af2331 - <<std[617be2ca0a6fd877]::sys::backtrace::BacktraceLock>::print::DisplayBacktrace as core[a373ad73a504971]::fmt::Display>::fmt
[INFO] [stdout]    1:     0x631922b0679a - core[a373ad73a504971]::fmt::write
[INFO] [stdout]    2:     0x631922af683c - <alloc[2e1b2a31b91974c5]::vec::Vec<u8> as core[a373ad73a504971]::io::write::Write>::write_fmt
[INFO] [stdout]    3:     0x631922acbe76 - std[617be2ca0a6fd877]::panicking::default_hook::{closure#0}
[INFO] [stdout]    4:     0x631922ae9ac9 - std[617be2ca0a6fd877]::panicking::default_hook
[INFO] [stdout]    5:     0x631922a83760 - test[aada8e7e76ba119b]::test_main_inner::{closure#0}
[INFO] [stdout]    6:     0x631922ae9c82 - std[617be2ca0a6fd877]::panicking::panic_with_hook
[INFO] [stdout]    7:     0x631922acbf22 - std[617be2ca0a6fd877]::panicking::panic_handler::{closure#0}
[INFO] [stdout]    8:     0x631922ac4929 - std[617be2ca0a6fd877]::sys::backtrace::__rust_end_short_backtrace::<std[617be2ca0a6fd877]::panicking::panic_handler::{closure#0}, !>
[INFO] [stdout]    9:     0x631922accc1d - __rustc[ea4f61d10b84890b]::rust_begin_unwind
[INFO] [stdout]   10:     0x631922b06ecc - core[a373ad73a504971]::panicking::panic_fmt
[INFO] [stdout]   11:     0x631922b06ca2 - core[a373ad73a504971]::result::unwrap_failed
[INFO] [stdout]   12:     0x631922a65cec - cli[6f37a32c0341dd78]::run_with_input
[INFO] [stdout]   13:     0x631922a70ea3 - <cli[6f37a32c0341dd78]::a_plain_batch_prints_what_it_made_with_labels::{closure#0} as core[a373ad73a504971]::ops::function::FnOnce<()>>::call_once
[INFO] [stdout]   14:     0x631922a76bab - test[aada8e7e76ba119b]::__rust_begin_short_backtrace::<core[a373ad73a504971]::result::Result<(), alloc[2e1b2a31b91974c5]::string::String>, fn() -> core[a373ad73a504971]::result::Result<(), alloc[2e1b2a31b91974c5]::string::String>>
[INFO] [stdout]   15:     0x631922a83d85 - test[aada8e7e76ba119b]::run_test::{closure#0}
[INFO] [stdout]   16:     0x631922a7d674 - std[617be2ca0a6fd877]::sys::backtrace::__rust_begin_short_backtrace::<test[aada8e7e76ba119b]::run_test::{closure#1}, ()>
[INFO] [stdout]   17:     0x631922a86e12 - <std[617be2ca0a6fd877]::thread::lifecycle::spawn_unchecked<test[aada8e7e76ba119b]::run_test::{closure#1}, ()>::{closure#1} as core[a373ad73a504971]::ops::function::FnOnce<()>>::call_once::{shim:vtable#0}
[INFO] [stdout]   18:     0x631922af164f - <std[617be2ca0a6fd877]::sys::thread::unix::Thread>::new::thread_start
[INFO] [stdout]   19:     0x7e38a4f96dfa - <unknown>
[INFO] [stdout]   20:     0x7e38a502a3d4 - clone
[INFO] [stdout]   21:                0x0 - <unknown>
[INFO] [stdout] 
[INFO] [stdout] ---- a_batch_wires_up_tasks_that_had_no_id_when_it_was_written stdout ----
[INFO] [stdout] 
[INFO] [stdout] thread 'a_batch_wires_up_tasks_that_had_no_id_when_it_was_written' (1073) panicked at crates/branchy-cli/tests/cli.rs:827:10:
[INFO] [stdout] binary runs: Os { code: 2, kind: NotFound, message: "No such file or directory" }
[INFO] [stdout] stack backtrace:
[INFO] [stdout]    0:     0x631922af2331 - <<std[617be2ca0a6fd877]::sys::backtrace::BacktraceLock>::print::DisplayBacktrace as core[a373ad73a504971]::fmt::Display>::fmt
[INFO] [stdout]    1:     0x631922b0679a - core[a373ad73a504971]::fmt::write
[INFO] [stdout]    2:     0x631922af683c - <alloc[2e1b2a31b91974c5]::vec::Vec<u8> as core[a373ad73a504971]::io::write::Write>::write_fmt
[INFO] [stdout]    3:     0x631922acbe76 - std[617be2ca0a6fd877]::panicking::default_hook::{closure#0}
[INFO] [stdout]    4:     0x631922ae9ac9 - std[617be2ca0a6fd877]::panicking::default_hook
[INFO] [stdout]    5:     0x631922a83760 - test[aada8e7e76ba119b]::test_main_inner::{closure#0}
[INFO] [stdout]    6:     0x631922ae9c82 - std[617be2ca0a6fd877]::panicking::panic_with_hook
[INFO] [stdout]    7:     0x631922acbf22 - std[617be2ca0a6fd877]::panicking::panic_handler::{closure#0}
[INFO] [stdout]    8:     0x631922ac4929 - std[617be2ca0a6fd877]::sys::backtrace::__rust_end_short_backtrace::<std[617be2ca0a6fd877]::panicking::panic_handler::{closure#0}, !>
[INFO] [stdout]    9:     0x631922accc1d - __rustc[ea4f61d10b84890b]::rust_begin_unwind
[INFO] [stdout]   10:     0x631922b06ecc - core[a373ad73a504971]::panicking::panic_fmt
[INFO] [stdout]   11:     0x631922b06ca2 - core[a373ad73a504971]::result::unwrap_failed
[INFO] [stdout]   12:     0x631922a65cec - cli[6f37a32c0341dd78]::run_with_input
[INFO] [stdout]   13:     0x631922a72ecc - <cli[6f37a32c0341dd78]::a_batch_wires_up_tasks_that_had_no_id_when_it_was_written::{closure#0} as core[a373ad73a504971]::ops::function::FnOnce<()>>::call_once
[INFO] [stdout]   14:     0x631922a76bab - test[aada8e7e76ba119b]::__rust_begin_short_backtrace::<core[a373ad73a504971]::result::Result<(), alloc[2e1b2a31b91974c5]::string::String>, fn() -> core[a373ad73a504971]::result::Result<(), alloc[2e1b2a31b91974c5]::string::String>>
[INFO] [stdout]   15:     0x631922a83d85 - test[aada8e7e76ba119b]::run_test::{closure#0}
[INFO] [stdout]   16:     0x631922a7d674 - std[617be2ca0a6fd877]::sys::backtrace::__rust_begin_short_backtrace::<test[aada8e7e76ba119b]::run_test::{closure#1}, ()>
[INFO] [stdout]   17:     0x631922a86e12 - <std[617be2ca0a6fd877]::thread::lifecycle::spawn_unchecked<test[aada8e7e76ba119b]::run_test::{closure#1}, ()>::{closure#1} as core[a373ad73a504971]::ops::function::FnOnce<()>>::call_once::{shim:vtable#0}
[INFO] [stdout]   18:     0x631922af164f - <std[617be2ca0a6fd877]::sys::thread::unix::Thread>::new::thread_start
[INFO] [stdout]   19:     0x7e38a4f96dfa - <unknown>
[INFO] [stdout]   20:     0x7e38a502a3d4 - clone
[INFO] [stdout]   21:                0x0 - <unknown>
[INFO] [stdout] 
[INFO] [stdout] ---- a_file_and_a_vault_cannot_both_be_named stdout ----
[INFO] [stdout] 
[INFO] [stdout] thread 'a_file_and_a_vault_cannot_both_be_named' (1082) panicked at crates/branchy-cli/tests/cli.rs:650:50:
[INFO] [stdout] binary runs: Os { code: 2, kind: NotFound, message: "No such file or directory" }
[INFO] [stdout] stack backtrace:
[INFO] [stdout]    0:     0x631922af2331 - <<std[617be2ca0a6fd877]::sys::backtrace::BacktraceLock>::print::DisplayBacktrace as core[a373ad73a504971]::fmt::Display>::fmt
[INFO] [stdout]    1:     0x631922b0679a - core[a373ad73a504971]::fmt::write
[INFO] [stdout]    2:     0x631922af683c - <alloc[2e1b2a31b91974c5]::vec::Vec<u8> as core[a373ad73a504971]::io::write::Write>::write_fmt
[INFO] [stdout]    3:     0x631922acbe76 - std[617be2ca0a6fd877]::panicking::default_hook::{closure#0}
[INFO] [stdout]    4:     0x631922ae9ac9 - std[617be2ca0a6fd877]::panicking::default_hook
[INFO] [stdout]    5:     0x631922a83760 - test[aada8e7e76ba119b]::test_main_inner::{closure#0}
[INFO] [stdout]    6:     0x631922ae9c82 - std[617be2ca0a6fd877]::panicking::panic_with_hook
[INFO] [stdout]    7:     0x631922acbf22 - std[617be2ca0a6fd877]::panicking::panic_handler::{closure#0}
[INFO] [stdout]    8:     0x631922ac4929 - std[617be2ca0a6fd877]::sys::backtrace::__rust_end_short_backtrace::<std[617be2ca0a6fd877]::panicking::panic_handler::{closure#0}, !>
[INFO] [stdout]    9:     0x631922accc1d - __rustc[ea4f61d10b84890b]::rust_begin_unwind
[INFO] [stdout]   10:     0x631922b06ecc - core[a373ad73a504971]::panicking::panic_fmt
[INFO] [stdout]   11:     0x631922b06ca2 - core[a373ad73a504971]::result::unwrap_failed
[INFO] [stdout]   12:     0x631922a66ffd - <cli[6f37a32c0341dd78]::Desk>::run
[INFO] [stdout]   13:     0x631922a67596 - <cli[6f37a32c0341dd78]::Desk>::vault
[INFO] [stdout]   14:     0x631922a6d9d7 - <cli[6f37a32c0341dd78]::a_file_and_a_vault_cannot_both_be_named::{closure#0} as core[a373ad73a504971]::ops::function::FnOnce<()>>::call_once
[INFO] [stdout]   15:     0x631922a76bab - test[aada8e7e76ba119b]::__rust_begin_short_backtrace::<core[a373ad73a504971]::result::Result<(), alloc[2e1b2a31b91974c5]::string::String>, fn() -> core[a373ad73a504971]::result::Result<(), alloc[2e1b2a31b91974c5]::string::String>>
[INFO] [stdout]   16:     0x631922a83d85 - test[aada8e7e76ba119b]::run_test::{closure#0}
[INFO] [stdout]   17:     0x631922a7d674 - std[617be2ca0a6fd877]::sys::backtrace::__rust_begin_short_backtrace::<test[aada8e7e76ba119b]::run_test::{closure#1}, ()>
[INFO] [stdout]   18:     0x631922a86e12 - <std[617be2ca0a6fd877]::thread::lifecycle::spawn_unchecked<test[aada8e7e76ba119b]::run_test::{closure#1}, ()>::{closure#1} as core[a373ad73a504971]::ops::function::FnOnce<()>>::call_once::{shim:vtable#0}
[INFO] [stdout]   19:     0x631922af164f - <std[617be2ca0a6fd877]::sys::thread::unix::Thread>::new::thread_start
[INFO] [stdout]   20:     0x7e38a4f96dfa - <unknown>
[INFO] [stdout]   21:     0x7e38a502a3d4 - clone
[INFO] [stdout]   22:                0x0 - <unknown>
[INFO] [stdout] 
[INFO] [stdout] ---- a_removed_task_keeps_its_id_after_a_reload stdout ----
[INFO] [stdout] 
[INFO] [stdout] thread 'a_removed_task_keeps_its_id_after_a_reload' (1114) panicked at crates/branchy-cli/tests/cli.rs:51:10:
[INFO] [stdout] binary runs: Os { code: 2, kind: NotFound, message: "No such file or directory" }
[INFO] [stdout] stack backtrace:
[INFO] [stdout]    0:     0x631922af2331 - <<std[617be2ca0a6fd877]::sys::backtrace::BacktraceLock>::print::DisplayBacktrace as core[a373ad73a504971]::fmt::Display>::fmt
[INFO] [stdout]    1:     0x631922b0679a - core[a373ad73a504971]::fmt::write
[INFO] [stdout]    2:     0x631922af683c - <alloc[2e1b2a31b91974c5]::vec::Vec<u8> as core[a373ad73a504971]::io::write::Write>::write_fmt
[INFO] [stdout]    3:     0x631922acbe76 - std[617be2ca0a6fd877]::panicking::default_hook::{closure#0}
[INFO] [stdout]    4:     0x631922ae9ac9 - std[617be2ca0a6fd877]::panicking::default_hook
[INFO] [stdout]    5:     0x631922a83760 - test[aada8e7e76ba119b]::test_main_inner::{closure#0}
[INFO] [stdout]    6:     0x631922ae9c82 - std[617be2ca0a6fd877]::panicking::panic_with_hook
[INFO] [stdout]    7:     0x631922acbf22 - std[617be2ca0a6fd877]::panicking::panic_handler::{closure#0}
[INFO] [stdout]    8:     0x631922ac4929 - std[617be2ca0a6fd877]::sys::backtrace::__rust_end_short_backtrace::<std[617be2ca0a6fd877]::panicking::panic_handler::{closure#0}, !>
[INFO] [stdout]    9:     0x631922accc1d - __rustc[ea4f61d10b84890b]::rust_begin_unwind
[INFO] [stdout]   10:     0x631922b06ecc - core[a373ad73a504971]::panicking::panic_fmt
[INFO] [stdout]   11:     0x631922b06ca2 - core[a373ad73a504971]::result::unwrap_failed
[INFO] [stdout]   12:     0x631922a6615f - cli[6f37a32c0341dd78]::run
[INFO] [stdout]   13:     0x631922a7008b - <cli[6f37a32c0341dd78]::a_removed_task_keeps_its_id_after_a_reload::{closure#0} as core[a373ad73a504971]::ops::function::FnOnce<()>>::call_once
[INFO] [stdout]   14:     0x631922a76bab - test[aada8e7e76ba119b]::__rust_begin_short_backtrace::<core[a373ad73a504971]::result::Result<(), alloc[2e1b2a31b91974c5]::string::String>, fn() -> core[a373ad73a504971]::result::Result<(), alloc[2e1b2a31b91974c5]::string::String>>
[INFO] [stdout]   15:     0x631922a83d85 - test[aada8e7e76ba119b]::run_test::{closure#0}
[INFO] [stdout]   16:     0x631922a7d674 - std[617be2ca0a6fd877]::sys::backtrace::__rust_begin_short_backtrace::<test[aada8e7e76ba119b]::run_test::{closure#1}, ()>
[INFO] [stdout]   17:     0x631922a86e12 - <std[617be2ca0a6fd877]::thread::lifecycle::spawn_unchecked<test[aada8e7e76ba119b]::run_test::{closure#1}, ()>::{closure#1} as core[a373ad73a504971]::ops::function::FnOnce<()>>::call_once::{shim:vtable#0}
[INFO] [stdout]   18:     0x631922af164f - <std[617be2ca0a6fd877]::sys::thread::unix::Thread>::new::thread_start
[INFO] [stdout]   19:     0x7e38a4f96dfa - <unknown>
[INFO] [stdout]   20:     0x7e38a502a3d4 - clone
[INFO] [stdout]   21:                0x0 - <unknown>
[INFO] [stdout] 
[INFO] [stdout] ---- a_deadline_can_be_cleared stdout ----
[INFO] [stdout] 
[INFO] [stdout] thread 'a_deadline_can_be_cleared' (1077) panicked at crates/branchy-cli/tests/cli.rs:51:10:
[INFO] [stdout] binary runs: Os { code: 2, kind: NotFound, message: "No such file or directory" }
[INFO] [stdout] stack backtrace:
[INFO] [stdout]    0:     0x631922af2331 - <<std[617be2ca0a6fd877]::sys::backtrace::BacktraceLock>::print::DisplayBacktrace as core[a373ad73a504971]::fmt::Display>::fmt
[INFO] [stdout]    1:     0x631922b0679a - core[a373ad73a504971]::fmt::write
[INFO] [stdout]    2:     0x631922af683c - <alloc[2e1b2a31b91974c5]::vec::Vec<u8> as core[a373ad73a504971]::io::write::Write>::write_fmt
[INFO] [stdout]    3:     0x631922acbe76 - std[617be2ca0a6fd877]::panicking::default_hook::{closure#0}
[INFO] [stdout]    4:     0x631922ae9ac9 - std[617be2ca0a6fd877]::panicking::default_hook
[INFO] [stdout]    5:     0x631922a83760 - test[aada8e7e76ba119b]::test_main_inner::{closure#0}
[INFO] [stdout]    6:     0x631922ae9c82 - std[617be2ca0a6fd877]::panicking::panic_with_hook
[INFO] [stdout]    7:     0x631922acbf22 - std[617be2ca0a6fd877]::panicking::panic_handler::{closure#0}
[INFO] [stdout]    8:     0x631922ac4929 - std[617be2ca0a6fd877]::sys::backtrace::__rust_end_short_backtrace::<std[617be2ca0a6fd877]::panicking::panic_handler::{closure#0}, !>
[INFO] [stdout]    9:     0x631922accc1d - __rustc[ea4f61d10b84890b]::rust_begin_unwind
[INFO] [stdout]   10:     0x631922b06ecc - core[a373ad73a504971]::panicking::panic_fmt
[INFO] [stdout]   11:     0x631922b06ca2 - core[a373ad73a504971]::result::unwrap_failed
[INFO] [stdout]   12:     0x631922a6615f - cli[6f37a32c0341dd78]::run
[INFO] [stdout]   13:     0x631922a66beb - cli[6f37a32c0341dd78]::seeded
[INFO] [stdout]   14:     0x631922a68f92 - <cli[6f37a32c0341dd78]::a_deadline_can_be_cleared::{closure#0} as core[a373ad73a504971]::ops::function::FnOnce<()>>::call_once
[INFO] [stdout]   15:     0x631922a76bab - test[aada8e7e76ba119b]::__rust_begin_short_backtrace::<core[a373ad73a504971]::result::Result<(), alloc[2e1b2a31b91974c5]::string::String>, fn() -> core[a373ad73a504971]::result::Result<(), alloc[2e1b2a31b91974c5]::string::String>>
[INFO] [stdout]   16:     0x631922a83d85 - test[aada8e7e76ba119b]::run_test::{closure#0}
[INFO] [stdout]   17:     0x631922a7d674 - std[617be2ca0a6fd877]::sys::backtrace::__rust_begin_short_backtrace::<test[aada8e7e76ba119b]::run_test::{closure#1}, ()>
[INFO] [stdout]   18:     0x631922a86e12 - <std[617be2ca0a6fd877]::thread::lifecycle::spawn_unchecked<test[aada8e7e76ba119b]::run_test::{closure#1}, ()>::{closure#1} as core[a373ad73a504971]::ops::function::FnOnce<()>>::call_once::{shim:vtable#0}
[INFO] [stdout]   19:     0x631922af164f - <std[617be2ca0a6fd877]::sys::thread::unix::Thread>::new::thread_start
[INFO] [stdout]   20:     0x7e38a4f96dfa - <unknown>
[INFO] [stdout]   21:     0x7e38a502a3d4 - clone
[INFO] [stdout]   22:                0x0 - <unknown>
[INFO] [stdout] 
[INFO] [stdout] ---- an_inherited_deadline_reorders_the_queue stdout ----
[INFO] [stdout] 
[INFO] [stdout] thread 'an_inherited_deadline_reorders_the_queue' (1121) panicked at crates/branchy-cli/tests/cli.rs:51:10:
[INFO] [stdout] binary runs: Os { code: 2, kind: NotFound, message: "No such file or directory" }
[INFO] [stdout] stack backtrace:
[INFO] [stdout]    0:     0x631922af2331 - <<std[617be2ca0a6fd877]::sys::backtrace::BacktraceLock>::print::DisplayBacktrace as core[a373ad73a504971]::fmt::Display>::fmt
[INFO] [stdout]    1:     0x631922b0679a - core[a373ad73a504971]::fmt::write
[INFO] [stdout]    2:     0x631922af683c - <alloc[2e1b2a31b91974c5]::vec::Vec<u8> as core[a373ad73a504971]::io::write::Write>::write_fmt
[INFO] [stdout]    3:     0x631922acbe76 - std[617be2ca0a6fd877]::panicking::default_hook::{closure#0}
[INFO] [stdout]    4:     0x631922ae9ac9 - std[617be2ca0a6fd877]::panicking::default_hook
[INFO] [stdout]    5:     0x631922a83760 - test[aada8e7e76ba119b]::test_main_inner::{closure#0}
[INFO] [stdout]    6:     0x631922ae9c82 - std[617be2ca0a6fd877]::panicking::panic_with_hook
[INFO] [stdout]    7:     0x631922acbf22 - std[617be2ca0a6fd877]::panicking::panic_handler::{closure#0}
[INFO] [stdout]    8:     0x631922ac4929 - std[617be2ca0a6fd877]::sys::backtrace::__rust_end_short_backtrace::<std[617be2ca0a6fd877]::panicking::panic_handler::{closure#0}, !>
[INFO] [stdout]    9:     0x631922accc1d - __rustc[ea4f61d10b84890b]::rust_begin_unwind
[INFO] [stdout]   10:     0x631922b06ecc - core[a373ad73a504971]::panicking::panic_fmt
[INFO] [stdout]   11:     0x631922b06ca2 - core[a373ad73a504971]::result::unwrap_failed
[INFO] [stdout]   12:     0x631922a6615f - cli[6f37a32c0341dd78]::run
[INFO] [stdout]   13:     0x631922a66beb - cli[6f37a32c0341dd78]::seeded
[INFO] [stdout]   14:     0x631922a6e2fa - <cli[6f37a32c0341dd78]::an_inherited_deadline_reorders_the_queue::{closure#0} as core[a373ad73a504971]::ops::function::FnOnce<()>>::call_once
[INFO] [stdout]   15:     0x631922a76bab - test[aada8e7e76ba119b]::__rust_begin_short_backtrace::<core[a373ad73a504971]::result::Result<(), alloc[2e1b2a31b91974c5]::string::String>, fn() -> core[a373ad73a504971]::result::Result<(), alloc[2e1b2a31b91974c5]::string::String>>
[INFO] [stdout]   16:     0x631922a83d85 - test[aada8e7e76ba119b]::run_test::{closure#0}
[INFO] [stdout]   17:     0x631922a7d674 - std[617be2ca0a6fd877]::sys::backtrace::__rust_begin_short_backtrace::<test[aada8e7e76ba119b]::run_test::{closure#1}, ()>
[INFO] [stdout]   18:     0x631922a86e12 - <std[617be2ca0a6fd877]::thread::lifecycle::spawn_unchecked<test[aada8e7e76ba119b]::run_test::{closure#1}, ()>::{closure#1} as core[a373ad73a504971]::ops::function::FnOnce<()>>::call_once::{shim:vtable#0}
[INFO] [stdout]   19:     0x631922af164f - <std[617be2ca0a6fd877]::sys::thread::unix::Thread>::new::thread_start
[INFO] [stdout]   20:     0x7e38a4f96dfa - <unknown>
[INFO] [stdout]   21:     0x7e38a502a3d4 - clone
[INFO] [stdout]   22:                0x0 - <unknown>
[INFO] [stdout] 
[INFO] [stdout] ---- a_refused_line_leaves_the_whole_batch_unapplied stdout ----
[INFO] [stdout] 
[INFO] [stdout] thread 'a_refused_line_leaves_the_whole_batch_unapplied' (1112) panicked at crates/branchy-cli/tests/cli.rs:51:10:
[INFO] [stdout] binary runs: Os { code: 2, kind: NotFound, message: "No such file or directory" }
[INFO] [stdout] stack backtrace:
[INFO] [stdout]    0:     0x631922af2331 - <<std[617be2ca0a6fd877]::sys::backtrace::BacktraceLock>::print::DisplayBacktrace as core[a373ad73a504971]::fmt::Display>::fmt
[INFO] [stdout]    1:     0x631922b0679a - core[a373ad73a504971]::fmt::write
[INFO] [stdout]    2:     0x631922af683c - <alloc[2e1b2a31b91974c5]::vec::Vec<u8> as core[a373ad73a504971]::io::write::Write>::write_fmt
[INFO] [stdout]    3:     0x631922acbe76 - std[617be2ca0a6fd877]::panicking::default_hook::{closure#0}
[INFO] [stdout]    4:     0x631922ae9ac9 - std[617be2ca0a6fd877]::panicking::default_hook
[INFO] [stdout]    5:     0x631922a83760 - test[aada8e7e76ba119b]::test_main_inner::{closure#0}
[INFO] [stdout]    6:     0x631922ae9c82 - std[617be2ca0a6fd877]::panicking::panic_with_hook
[INFO] [stdout]    7:     0x631922acbf22 - std[617be2ca0a6fd877]::panicking::panic_handler::{closure#0}
[INFO] [stdout]    8:     0x631922ac4929 - std[617be2ca0a6fd877]::sys::backtrace::__rust_end_short_backtrace::<std[617be2ca0a6fd877]::panicking::panic_handler::{closure#0}, !>
[INFO] [stdout]    9:     0x631922accc1d - __rustc[ea4f61d10b84890b]::rust_begin_unwind
[INFO] [stdout]   10:     0x631922b06ecc - core[a373ad73a504971]::panicking::panic_fmt
[INFO] [stdout]   11:     0x631922b06ca2 - core[a373ad73a504971]::result::unwrap_failed
[INFO] [stdout]   12:     0x631922a6615f - cli[6f37a32c0341dd78]::run
[INFO] [stdout]   13:     0x631922a71948 - <cli[6f37a32c0341dd78]::a_refused_line_leaves_the_whole_batch_unapplied::{closure#0} as core[a373ad73a504971]::ops::function::FnOnce<()>>::call_once
[INFO] [stdout]   14:     0x631922a76bab - test[aada8e7e76ba119b]::__rust_begin_short_backtrace::<core[a373ad73a504971]::result::Result<(), alloc[2e1b2a31b91974c5]::string::String>, fn() -> core[a373ad73a504971]::result::Result<(), alloc[2e1b2a31b91974c5]::string::String>>
[INFO] [stdout]   15:     0x631922a83d85 - test[aada8e7e76ba119b]::run_test::{closure#0}
[INFO] [stdout]   16:     0x631922a7d674 - std[617be2ca0a6fd877]::sys::backtrace::__rust_begin_short_backtrace::<test[aada8e7e76ba119b]::run_test::{closure#1}, ()>
[INFO] [stdout]   17:     0x631922a86e12 - <std[617be2ca0a6fd877]::thread::lifecycle::spawn_unchecked<test[aada8e7e76ba119b]::run_test::{closure#1}, ()>::{closure#1} as core[a373ad73a504971]::ops::function::FnOnce<()>>::call_once::{shim:vtable#0}
[INFO] [stdout]   18:     0x631922af164f - <std[617be2ca0a6fd877]::sys::thread::unix::Thread>::new::thread_start
[INFO] [stdout]   19:     0x7e38a4f96dfa - <unknown>
[INFO] [stdout]   20:     0x7e38a502a3d4 - clone
[INFO] [stdout]   21:                0x0 - <unknown>
[INFO] [stdout] 
[INFO] [stdout] ---- an_ambiguous_name_is_refused stdout ----
[INFO] [stdout] 
[INFO] [stdout] thread 'an_ambiguous_name_is_refused' (1116) panicked at crates/branchy-cli/tests/cli.rs:51:10:
[INFO] [stdout] binary runs: Os { code: 2, kind: NotFound, message: "No such file or directory" }
[INFO] [stdout] stack backtrace:
[INFO] [stdout]    0:     0x631922af2331 - <<std[617be2ca0a6fd877]::sys::backtrace::BacktraceLock>::print::DisplayBacktrace as core[a373ad73a504971]::fmt::Display>::fmt
[INFO] [stdout]    1:     0x631922b0679a - core[a373ad73a504971]::fmt::write
[INFO] [stdout]    2:     0x631922af683c - <alloc[2e1b2a31b91974c5]::vec::Vec<u8> as core[a373ad73a504971]::io::write::Write>::write_fmt
[INFO] [stdout]    3:     0x631922acbe76 - std[617be2ca0a6fd877]::panicking::default_hook::{closure#0}
[INFO] [stdout]    4:     0x631922ae9ac9 - std[617be2ca0a6fd877]::panicking::default_hook
[INFO] [stdout]    5:     0x631922a83760 - test[aada8e7e76ba119b]::test_main_inner::{closure#0}
[INFO] [stdout]    6:     0x631922ae9c82 - std[617be2ca0a6fd877]::panicking::panic_with_hook
[INFO] [stdout]    7:     0x631922acbf22 - std[617be2ca0a6fd877]::panicking::panic_handler::{closure#0}
[INFO] [stdout]    8:     0x631922ac4929 - std[617be2ca0a6fd877]::sys::backtrace::__rust_end_short_backtrace::<std[617be2ca0a6fd877]::panicking::panic_handler::{closure#0}, !>
[INFO] [stdout]    9:     0x631922accc1d - __rustc[ea4f61d10b84890b]::rust_begin_unwind
[INFO] [stdout]   10:     0x631922b06ecc - core[a373ad73a504971]::panicking::panic_fmt
[INFO] [stdout]   11:     0x631922b06ca2 - core[a373ad73a504971]::result::unwrap_failed
[INFO] [stdout]   12:     0x631922a6615f - cli[6f37a32c0341dd78]::run
[INFO] [stdout]   13:     0x631922a69657 - <cli[6f37a32c0341dd78]::an_ambiguous_name_is_refused::{closure#0} as core[a373ad73a504971]::ops::function::FnOnce<()>>::call_once
[INFO] [stdout]   14:     0x631922a76bab - test[aada8e7e76ba119b]::__rust_begin_short_backtrace::<core[a373ad73a504971]::result::Result<(), alloc[2e1b2a31b91974c5]::string::String>, fn() -> core[a373ad73a504971]::result::Result<(), alloc[2e1b2a31b91974c5]::string::String>>
[INFO] [stdout]   15:     0x631922a83d85 - test[aada8e7e76ba119b]::run_test::{closure#0}
[INFO] [stdout]   16:     0x631922a7d674 - std[617be2ca0a6fd877]::sys::backtrace::__rust_begin_short_backtrace::<test[aada8e7e76ba119b]::run_test::{closure#1}, ()>
[INFO] [stdout]   17:     0x631922a86e12 - <std[617be2ca0a6fd877]::thread::lifecycle::spawn_unchecked<test[aada8e7e76ba119b]::run_test::{closure#1}, ()>::{closure#1} as core[a373ad73a504971]::ops::function::FnOnce<()>>::call_once::{shim:vtable#0}
[INFO] [stdout]   18:     0x631922af164f - <std[617be2ca0a6fd877]::sys::thread::unix::Thread>::new::thread_start
[INFO] [stdout]   19:     0x7e38a4f96dfa - <unknown>
[INFO] [stdout]   20:     0x7e38a502a3d4 - clone
[INFO] [stdout]   21:                0x0 - <unknown>
[INFO] [stdout] 
[INFO] [stdout] ---- an_ambiguous_name_lists_what_it_matched_with_ids stdout ----
[INFO] [stdout] 
[INFO] [stdout] thread 'an_ambiguous_name_lists_what_it_matched_with_ids' (1117) panicked at crates/branchy-cli/tests/cli.rs:51:10:
[INFO] [stdout] binary runs: Os { code: 2, kind: NotFound, message: "No such file or directory" }
[INFO] [stdout] stack backtrace:
[INFO] [stdout]    0:     0x631922af2331 - <<std[617be2ca0a6fd877]::sys::backtrace::BacktraceLock>::print::DisplayBacktrace as core[a373ad73a504971]::fmt::Display>::fmt
[INFO] [stdout]    1:     0x631922b0679a - core[a373ad73a504971]::fmt::write
[INFO] [stdout]    2:     0x631922af683c - <alloc[2e1b2a31b91974c5]::vec::Vec<u8> as core[a373ad73a504971]::io::write::Write>::write_fmt
[INFO] [stdout]    3:     0x631922acbe76 - std[617be2ca0a6fd877]::panicking::default_hook::{closure#0}
[INFO] [stdout]    4:     0x631922ae9ac9 - std[617be2ca0a6fd877]::panicking::default_hook
[INFO] [stdout]    5:     0x631922a83760 - test[aada8e7e76ba119b]::test_main_inner::{closure#0}
[INFO] [stdout]    6:     0x631922ae9c82 - std[617be2ca0a6fd877]::panicking::panic_with_hook
[INFO] [stdout]    7:     0x631922acbf22 - std[617be2ca0a6fd877]::panicking::panic_handler::{closure#0}
[INFO] [stdout]    8:     0x631922ac4929 - std[617be2ca0a6fd877]::sys::backtrace::__rust_end_short_backtrace::<std[617be2ca0a6fd877]::panicking::panic_handler::{closure#0}, !>
[INFO] [stdout]    9:     0x631922accc1d - __rustc[ea4f61d10b84890b]::rust_begin_unwind
[INFO] [stdout]   10:     0x631922b06ecc - core[a373ad73a504971]::panicking::panic_fmt
[INFO] [stdout]   11:     0x631922b06ca2 - core[a373ad73a504971]::result::unwrap_failed
[INFO] [stdout]   12:     0x631922a6615f - cli[6f37a32c0341dd78]::run
[INFO] [stdout]   13:     0x631922a7237b - <cli[6f37a32c0341dd78]::an_ambiguous_name_lists_what_it_matched_with_ids::{closure#0} as core[a373ad73a504971]::ops::function::FnOnce<()>>::call_once
[INFO] [stdout]   14:     0x631922a76bab - test[aada8e7e76ba119b]::__rust_begin_short_backtrace::<core[a373ad73a504971]::result::Result<(), alloc[2e1b2a31b91974c5]::string::String>, fn() -> core[a373ad73a504971]::result::Result<(), alloc[2e1b2a31b91974c5]::string::String>>
[INFO] [stdout]   15:     0x631922a83d85 - test[aada8e7e76ba119b]::run_test::{closure#0}
[INFO] [stdout]   16:     0x631922a7d674 - std[617be2ca0a6fd877]::sys::backtrace::__rust_begin_short_backtrace::<test[aada8e7e76ba119b]::run_test::{closure#1}, ()>
[INFO] [stdout]   17:     0x631922a86e12 - <std[617be2ca0a6fd877]::thread::lifecycle::spawn_unchecked<test[aada8e7e76ba119b]::run_test::{closure#1}, ()>::{closure#1} as core[a373ad73a504971]::ops::function::FnOnce<()>>::call_once::{shim:vtable#0}
[INFO] [stdout]   18:     0x631922af164f - <std[617be2ca0a6fd877]::sys::thread::unix::Thread>::new::thread_start
[INFO] [stdout]   19:     0x7e38a4f96dfa - <unknown>
[INFO] [stdout]   20:     0x7e38a502a3d4 - clone
[INFO] [stdout]   21:                0x0 - <unknown>
[INFO] [stdout] 
[INFO] [stdout] ---- a_plain_change_prints_the_row_it_changed stdout ----
[INFO] [stdout] 
[INFO] [stdout] thread 'a_plain_change_prints_the_row_it_changed' (1108) panicked at crates/branchy-cli/tests/cli.rs:51:10:
[INFO] [stdout] binary runs: Os { code: 2, kind: NotFound, message: "No such file or directory" }
[INFO] [stdout] stack backtrace:
[INFO] [stdout]    0:     0x631922af2331 - <<std[617be2ca0a6fd877]::sys::backtrace::BacktraceLock>::print::DisplayBacktrace as core[a373ad73a504971]::fmt::Display>::fmt
[INFO] [stdout]    1:     0x631922b0679a - core[a373ad73a504971]::fmt::write
[INFO] [stdout]    2:     0x631922af683c - <alloc[2e1b2a31b91974c5]::vec::Vec<u8> as core[a373ad73a504971]::io::write::Write>::write_fmt
[INFO] [stdout]    3:     0x631922acbe76 - std[617be2ca0a6fd877]::panicking::default_hook::{closure#0}
[INFO] [stdout]    4:     0x631922ae9ac9 - std[617be2ca0a6fd877]::panicking::default_hook
[INFO] [stdout]    5:     0x631922a83760 - test[aada8e7e76ba119b]::test_main_inner::{closure#0}
[INFO] [stdout]    6:     0x631922ae9c82 - std[617be2ca0a6fd877]::panicking::panic_with_hook
[INFO] [stdout]    7:     0x631922acbf22 - std[617be2ca0a6fd877]::panicking::panic_handler::{closure#0}
[INFO] [stdout]    8:     0x631922ac4929 - std[617be2ca0a6fd877]::sys::backtrace::__rust_end_short_backtrace::<std[617be2ca0a6fd877]::panicking::panic_handler::{closure#0}, !>
[INFO] [stdout]    9:     0x631922accc1d - __rustc[ea4f61d10b84890b]::rust_begin_unwind
[INFO] [stdout]   10:     0x631922b06ecc - core[a373ad73a504971]::panicking::panic_fmt
[INFO] [stdout]   11:     0x631922b06ca2 - core[a373ad73a504971]::result::unwrap_failed
[INFO] [stdout]   12:     0x631922a6615f - cli[6f37a32c0341dd78]::run
[INFO] [stdout]   13:     0x631922a66beb - cli[6f37a32c0341dd78]::seeded
[INFO] [stdout]   14:     0x631922a6dc40 - <cli[6f37a32c0341dd78]::a_plain_change_prints_the_row_it_changed::{closure#0} as core[a373ad73a504971]::ops::function::FnOnce<()>>::call_once
[INFO] [stdout]   15:     0x631922a76bab - test[aada8e7e76ba119b]::__rust_begin_short_backtrace::<core[a373ad73a504971]::result::Result<(), alloc[2e1b2a31b91974c5]::string::String>, fn() -> core[a373ad73a504971]::result::Result<(), alloc[2e1b2a31b91974c5]::string::String>>
[INFO] [stdout]   16:     0x631922a83d85 - test[aada8e7e76ba119b]::run_test::{closure#0}
[INFO] [stdout]   17:     0x631922a7d674 - std[617be2ca0a6fd877]::sys::backtrace::__rust_begin_short_backtrace::<test[aada8e7e76ba119b]::run_test::{closure#1}, ()>
[INFO] [stdout]   18:     0x631922a86e12 - <std[617be2ca0a6fd877]::thread::lifecycle::spawn_unchecked<test[aada8e7e76ba119b]::run_test::{closure#1}, ()>::{closure#1} as core[a373ad73a504971]::ops::function::FnOnce<()>>::call_once::{shim:vtable#0}
[INFO] [stdout]   19:     0x631922af164f - <std[617be2ca0a6fd877]::sys::thread::unix::Thread>::new::thread_start
[INFO] [stdout]   20:     0x7e38a4f96dfa - <unknown>
[INFO] [stdout]   21:     0x7e38a502a3d4 - clone
[INFO] [stdout]   22:                0x0 - <unknown>
[INFO] [stdout] 
[INFO] [stdout] ---- an_impossible_date_is_refused_before_anything_is_written stdout ----
[INFO] [stdout] 
[INFO] [stdout] thread 'an_impossible_date_is_refused_before_anything_is_written' (1120) panicked at crates/branchy-cli/tests/cli.rs:51:10:
[INFO] [stdout] binary runs: Os { code: 2, kind: NotFound, message: "No such file or directory" }
[INFO] [stdout] stack backtrace:
[INFO] [stdout]    0:     0x631922af2331 - <<std[617be2ca0a6fd877]::sys::backtrace::BacktraceLock>::print::DisplayBacktrace as core[a373ad73a504971]::fmt::Display>::fmt
[INFO] [stdout]    1:     0x631922b0679a - core[a373ad73a504971]::fmt::write
[INFO] [stdout]    2:     0x631922af683c - <alloc[2e1b2a31b91974c5]::vec::Vec<u8> as core[a373ad73a504971]::io::write::Write>::write_fmt
[INFO] [stdout]    3:     0x631922acbe76 - std[617be2ca0a6fd877]::panicking::default_hook::{closure#0}
[INFO] [stdout]    4:     0x631922ae9ac9 - std[617be2ca0a6fd877]::panicking::default_hook
[INFO] [stdout]    5:     0x631922a83760 - test[aada8e7e76ba119b]::test_main_inner::{closure#0}
[INFO] [stdout]    6:     0x631922ae9c82 - std[617be2ca0a6fd877]::panicking::panic_with_hook
[INFO] [stdout]    7:     0x631922acbf22 - std[617be2ca0a6fd877]::panicking::panic_handler::{closure#0}
[INFO] [stdout]    8:     0x631922ac4929 - std[617be2ca0a6fd877]::sys::backtrace::__rust_end_short_backtrace::<std[617be2ca0a6fd877]::panicking::panic_handler::{closure#0}, !>
[INFO] [stdout]    9:     0x631922accc1d - __rustc[ea4f61d10b84890b]::rust_begin_unwind
[INFO] [stdout]   10:     0x631922b06ecc - core[a373ad73a504971]::panicking::panic_fmt
[INFO] [stdout]   11:     0x631922b06ca2 - core[a373ad73a504971]::result::unwrap_failed
[INFO] [stdout]   12:     0x631922a6615f - cli[6f37a32c0341dd78]::run
[INFO] [stdout]   13:     0x631922a66beb - cli[6f37a32c0341dd78]::seeded
[INFO] [stdout]   14:     0x631922a72cd4 - <cli[6f37a32c0341dd78]::an_impossible_date_is_refused_before_anything_is_written::{closure#0} as core[a373ad73a504971]::ops::function::FnOnce<()>>::call_once
[INFO] [stdout]   15:     0x631922a76bab - test[aada8e7e76ba119b]::__rust_begin_short_backtrace::<core[a373ad73a504971]::result::Result<(), alloc[2e1b2a31b91974c5]::string::String>, fn() -> core[a373ad73a504971]::result::Result<(), alloc[2e1b2a31b91974c5]::string::String>>
[INFO] [stdout]   16:     0x631922a83d85 - test[aada8e7e76ba119b]::run_test::{closure#0}
[INFO] [stdout]   17:     0x631922a7d674 - std[617be2ca0a6fd877]::sys::backtrace::__rust_begin_short_backtrace::<test[aada8e7e76ba119b]::run_test::{closure#1}, ()>
[INFO] [stdout]   18:     0x631922a86e12 - <std[617be2ca0a6fd877]::thread::lifecycle::spawn_unchecked<test[aada8e7e76ba119b]::run_test::{closure#1}, ()>::{closure#1} as core[a373ad73a504971]::ops::function::FnOnce<()>>::call_once::{shim:vtable#0}
[INFO] [stdout]   19:     0x631922af164f - <std[617be2ca0a6fd877]::sys::thread::unix::Thread>::new::thread_start
[INFO] [stdout]   20:     0x7e38a4f96dfa - <unknown>
[INFO] [stdout]   21:     0x7e38a502a3d4 - clone
[INFO] [stdout]   22:                0x0 - <unknown>
[INFO] [stdout] 
[INFO] [stdout] ---- branchy_file_still_wins_over_the_current_vault stdout ----
[INFO] [stdout] 
[INFO] [stdout] thread 'branchy_file_still_wins_over_the_current_vault' (1133) panicked at crates/branchy-cli/tests/cli.rs:650:50:
[INFO] [stdout] binary runs: Os { code: 2, kind: NotFound, message: "No such file or directory" }
[INFO] [stdout] stack backtrace:
[INFO] [stdout]    0:     0x631922af2331 - <<std[617be2ca0a6fd877]::sys::backtrace::BacktraceLock>::print::DisplayBacktrace as core[a373ad73a504971]::fmt::Display>::fmt
[INFO] [stdout]    1:     0x631922b0679a - core[a373ad73a504971]::fmt::write
[INFO] [stdout]    2:     0x631922af683c - <alloc[2e1b2a31b91974c5]::vec::Vec<u8> as core[a373ad73a504971]::io::write::Write>::write_fmt
[INFO] [stdout]    3:     0x631922acbe76 - std[617be2ca0a6fd877]::panicking::default_hook::{closure#0}
[INFO] [stdout]    4:     0x631922ae9ac9 - std[617be2ca0a6fd877]::panicking::default_hook
[INFO] [stdout]    5:     0x631922a83760 - test[aada8e7e76ba119b]::test_main_inner::{closure#0}
[INFO] [stdout]    6:     0x631922ae9c82 - std[617be2ca0a6fd877]::panicking::panic_with_hook
[INFO] [stdout]    7:     0x631922acbf22 - std[617be2ca0a6fd877]::panicking::panic_handler::{closure#0}
[INFO] [stdout]    8:     0x631922ac4929 - std[617be2ca0a6fd877]::sys::backtrace::__rust_end_short_backtrace::<std[617be2ca0a6fd877]::panicking::panic_handler::{closure#0}, !>
[INFO] [stdout]    9:     0x631922accc1d - __rustc[ea4f61d10b84890b]::rust_begin_unwind
[INFO] [stdout]   10:     0x631922b06ecc - core[a373ad73a504971]::panicking::panic_fmt
[INFO] [stdout]   11:     0x631922b06ca2 - core[a373ad73a504971]::result::unwrap_failed
[INFO] [stdout]   12:     0x631922a66ffd - <cli[6f37a32c0341dd78]::Desk>::run
[INFO] [stdout]   13:     0x631922a67596 - <cli[6f37a32c0341dd78]::Desk>::vault
[INFO] [stdout]   14:     0x631922a712ad - <cli[6f37a32c0341dd78]::branchy_file_still_wins_over_the_current_vault::{closure#0} as core[a373ad73a504971]::ops::function::FnOnce<()>>::call_once
[INFO] [stdout]   15:     0x631922a76bab - test[aada8e7e76ba119b]::__rust_begin_short_backtrace::<core[a373ad73a504971]::result::Result<(), alloc[2e1b2a31b91974c5]::string::String>, fn() -> core[a373ad73a504971]::result::Result<(), alloc[2e1b2a31b91974c5]::string::String>>
[INFO] [stdout]   16:     0x631922a83d85 - test[aada8e7e76ba119b]::run_test::{closure#0}
[INFO] [stdout]   17:     0x631922a7d674 - std[617be2ca0a6fd877]::sys::backtrace::__rust_begin_short_backtrace::<test[aada8e7e76ba119b]::run_test::{closure#1}, ()>
[INFO] [stdout]   18:     0x631922a86e12 - <std[617be2ca0a6fd877]::thread::lifecycle::spawn_unchecked<test[aada8e7e76ba119b]::run_test::{closure#1}, ()>::{closure#1} as core[a373ad73a504971]::ops::function::FnOnce<()>>::call_once::{shim:vtable#0}
[INFO] [stdout]   19:     0x631922af164f - <std[617be2ca0a6fd877]::sys::thread::unix::Thread>::new::thread_start
[INFO] [stdout]   20:     0x7e38a4f96dfa - <unknown>
[INFO] [stdout]   21:     0x7e38a502a3d4 - clone
[INFO] [stdout]   22:                0x0 - <unknown>
[INFO] [stdout] 
[INFO] [stdout] ---- a_long_list_of_matches_is_cut_short stdout ----
[INFO] [stdout] 
[INFO] [stdout] thread 'a_long_list_of_matches_is_cut_short' (1086) panicked at crates/branchy-cli/tests/cli.rs:51:10:
[INFO] [stdout] binary runs: Os { code: 2, kind: NotFound, message: "No such file or directory" }
[INFO] [stdout] stack backtrace:
[INFO] [stdout]    0:     0x631922af2331 - <<std[617be2ca0a6fd877]::sys::backtrace::BacktraceLock>::print::DisplayBacktrace as core[a373ad73a504971]::fmt::Display>::fmt
[INFO] [stdout]    1:     0x631922b0679a - core[a373ad73a504971]::fmt::write
[INFO] [stdout]    2:     0x631922af683c - <alloc[2e1b2a31b91974c5]::vec::Vec<u8> as core[a373ad73a504971]::io::write::Write>::write_fmt
[INFO] [stdout]    3:     0x631922acbe76 - std[617be2ca0a6fd877]::panicking::default_hook::{closure#0}
[INFO] [stdout]    4:     0x631922ae9ac9 - std[617be2ca0a6fd877]::panicking::default_hook
[INFO] [stdout]    5:     0x631922a83760 - test[aada8e7e76ba119b]::test_main_inner::{closure#0}
[INFO] [stdout]    6:     0x631922ae9c82 - std[617be2ca0a6fd877]::panicking::panic_with_hook
[INFO] [stdout]    7:     0x631922acbf22 - std[617be2ca0a6fd877]::panicking::panic_handler::{closure#0}
[INFO] [stdout]    8:     0x631922ac4929 - std[617be2ca0a6fd877]::sys::backtrace::__rust_end_short_backtrace::<std[617be2ca0a6fd877]::panicking::panic_handler::{closure#0}, !>
[INFO] [stdout]    9:     0x631922accc1d - __rustc[ea4f61d10b84890b]::rust_begin_unwind
[INFO] [stdout]   10:     0x631922b06ecc - core[a373ad73a504971]::panicking::panic_fmt
[INFO] [stdout]   11:     0x631922b06ca2 - core[a373ad73a504971]::result::unwrap_failed
[INFO] [stdout]   12:     0x631922a6615f - cli[6f37a32c0341dd78]::run
[INFO] [stdout]   13:     0x631922a6c120 - <cli[6f37a32c0341dd78]::a_long_list_of_matches_is_cut_short::{closure#0} as core[a373ad73a504971]::ops::function::FnOnce<()>>::call_once
[INFO] [stdout]   14:     0x631922a76bab - test[aada8e7e76ba119b]::__rust_begin_short_backtrace::<core[a373ad73a504971]::result::Result<(), alloc[2e1b2a31b91974c5]::string::String>, fn() -> core[a373ad73a504971]::result::Result<(), alloc[2e1b2a31b91974c5]::string::String>>
[INFO] [stdout]   15:     0x631922a83d85 - test[aada8e7e76ba119b]::run_test::{closure#0}
[INFO] [stdout]   16:     0x631922a7d674 - std[617be2ca0a6fd877]::sys::backtrace::__rust_begin_short_backtrace::<test[aada8e7e76ba119b]::run_test::{closure#1}, ()>
[INFO] [stdout]   17:     0x631922a86e12 - <std[617be2ca0a6fd877]::thread::lifecycle::spawn_unchecked<test[aada8e7e76ba119b]::run_test::{closure#1}, ()>::{closure#1} as core[a373ad73a504971]::ops::function::FnOnce<()>>::call_once::{shim:vtable#0}
[INFO] [stdout]   18:     0x631922af164f - <std[617be2ca0a6fd877]::sys::thread::unix::Thread>::new::thread_start
[INFO] [stdout]   19:     0x7e38a4f96dfa - <unknown>
[INFO] [stdout]   20:     0x7e38a502a3d4 - clone
[INFO] [stdout]   21:                0x0 - <unknown>
[INFO] [stdout] 
[INFO] [stdout] ---- a_multi_word_name_stays_one_task stdout ----
[INFO] [stdout] 
[INFO] [stdout] thread 'a_multi_word_name_stays_one_task' (1095) panicked at crates/branchy-cli/tests/cli.rs:51:10:
[INFO] [stdout] binary runs: Os { code: 2, kind: NotFound, message: "No such file or directory" }
[INFO] [stdout] stack backtrace:
[INFO] [stdout]    0:     0x631922af2331 - <<std[617be2ca0a6fd877]::sys::backtrace::BacktraceLock>::print::DisplayBacktrace as core[a373ad73a504971]::fmt::Display>::fmt
[INFO] [stdout]    1:     0x631922b0679a - core[a373ad73a504971]::fmt::write
[INFO] [stdout]    2:     0x631922af683c - <alloc[2e1b2a31b91974c5]::vec::Vec<u8> as core[a373ad73a504971]::io::write::Write>::write_fmt
[INFO] [stdout]    3:     0x631922acbe76 - std[617be2ca0a6fd877]::panicking::default_hook::{closure#0}
[INFO] [stdout]    4:     0x631922ae9ac9 - std[617be2ca0a6fd877]::panicking::default_hook
[INFO] [stdout]    5:     0x631922a83760 - test[aada8e7e76ba119b]::test_main_inner::{closure#0}
[INFO] [stdout]    6:     0x631922ae9c82 - std[617be2ca0a6fd877]::panicking::panic_with_hook
[INFO] [stdout]    7:     0x631922acbf22 - std[617be2ca0a6fd877]::panicking::panic_handler::{closure#0}
[INFO] [stdout]    8:     0x631922ac4929 - std[617be2ca0a6fd877]::sys::backtrace::__rust_end_short_backtrace::<std[617be2ca0a6fd877]::panicking::panic_handler::{closure#0}, !>
[INFO] [stdout]    9:     0x631922accc1d - __rustc[ea4f61d10b84890b]::rust_begin_unwind
[INFO] [stdout]   10:     0x631922b06ecc - core[a373ad73a504971]::panicking::panic_fmt
[INFO] [stdout]   11:     0x631922b06ca2 - core[a373ad73a504971]::result::unwrap_failed
[INFO] [stdout]   12:     0x631922a6615f - cli[6f37a32c0341dd78]::run
[INFO] [stdout]   13:     0x631922a66beb - cli[6f37a32c0341dd78]::seeded
[INFO] [stdout]   14:     0x631922a6ae09 - <cli[6f37a32c0341dd78]::a_multi_word_name_stays_one_task::{closure#0} as core[a373ad73a504971]::ops::function::FnOnce<()>>::call_once
[INFO] [stdout]   15:     0x631922a76bab - test[aada8e7e76ba119b]::__rust_begin_short_backtrace::<core[a373ad73a504971]::result::Result<(), alloc[2e1b2a31b91974c5]::string::String>, fn() -> core[a373ad73a504971]::result::Result<(), alloc[2e1b2a31b91974c5]::string::String>>
[INFO] [stdout]   16:     0x631922a83d85 - test[aada8e7e76ba119b]::run_test::{closure#0}
[INFO] [stdout]   17:     0x631922a7d674 - std[617be2ca0a6fd877]::sys::backtrace::__rust_begin_short_backtrace::<test[aada8e7e76ba119b]::run_test::{closure#1}, ()>
[INFO] [stdout]   18:     0x631922a86e12 - <std[617be2ca0a6fd877]::thread::lifecycle::spawn_unchecked<test[aada8e7e76ba119b]::run_test::{closure#1}, ()>::{closure#1} as core[a373ad73a504971]::ops::function::FnOnce<()>>::call_once::{shim:vtable#0}
[INFO] [stdout]   19:     0x631922af164f - <std[617be2ca0a6fd877]::sys::thread::unix::Thread>::new::thread_start
[INFO] [stdout]   20:     0x7e38a4f96dfa - <unknown>
[INFO] [stdout]   21:     0x7e38a502a3d4 - clone
[INFO] [stdout]   22:                0x0 - <unknown>
[INFO] [stdout] 
[INFO] [stdout] ---- a_removed_direction_keeps_its_id_after_a_reload stdout ----
[INFO] [stdout] 
[INFO] [stdout] thread 'a_removed_direction_keeps_its_id_after_a_reload' (1113) panicked at crates/branchy-cli/tests/cli.rs:51:10:
[INFO] [stdout] binary runs: Os { code: 2, kind: NotFound, message: "No such file or directory" }
[INFO] [stdout] stack backtrace:
[INFO] [stdout]    0:     0x631922af2331 - <<std[617be2ca0a6fd877]::sys::backtrace::BacktraceLock>::print::DisplayBacktrace as core[a373ad73a504971]::fmt::Display>::fmt
[INFO] [stdout]    1:     0x631922b0679a - core[a373ad73a504971]::fmt::write
[INFO] [stdout]    2:     0x631922af683c - <alloc[2e1b2a31b91974c5]::vec::Vec<u8> as core[a373ad73a504971]::io::write::Write>::write_fmt
[INFO] [stdout]    3:     0x631922acbe76 - std[617be2ca0a6fd877]::panicking::default_hook::{closure#0}
[INFO] [stdout]    4:     0x631922ae9ac9 - std[617be2ca0a6fd877]::panicking::default_hook
[INFO] [stdout]    5:     0x631922a83760 - test[aada8e7e76ba119b]::test_main_inner::{closure#0}
[INFO] [stdout]    6:     0x631922ae9c82 - std[617be2ca0a6fd877]::panicking::panic_with_hook
[INFO] [stdout]    7:     0x631922acbf22 - std[617be2ca0a6fd877]::panicking::panic_handler::{closure#0}
[INFO] [stdout]    8:     0x631922ac4929 - std[617be2ca0a6fd877]::sys::backtrace::__rust_end_short_backtrace::<std[617be2ca0a6fd877]::panicking::panic_handler::{closure#0}, !>
[INFO] [stdout]    9:     0x631922accc1d - __rustc[ea4f61d10b84890b]::rust_begin_unwind
[INFO] [stdout]   10:     0x631922b06ecc - core[a373ad73a504971]::panicking::panic_fmt
[INFO] [stdout]   11:     0x631922b06ca2 - core[a373ad73a504971]::result::unwrap_failed
[INFO] [stdout]   12:     0x631922a6615f - cli[6f37a32c0341dd78]::run
[INFO] [stdout]   13:     0x631922a71ccb - <cli[6f37a32c0341dd78]::a_removed_direction_keeps_its_id_after_a_reload::{closure#0} as core[a373ad73a504971]::ops::function::FnOnce<()>>::call_once
[INFO] [stdout]   14:     0x631922a76bab - test[aada8e7e76ba119b]::__rust_begin_short_backtrace::<core[a373ad73a504971]::result::Result<(), alloc[2e1b2a31b91974c5]::string::String>, fn() -> core[a373ad73a504971]::result::Result<(), alloc[2e1b2a31b91974c5]::string::String>>
[INFO] [stdout]   15:     0x631922a83d85 - test[aada8e7e76ba119b]::run_test::{closure#0}
[INFO] [stdout]   16:     0x631922a7d674 - std[617be2ca0a6fd877]::sys::backtrace::__rust_begin_short_backtrace::<test[aada8e7e76ba119b]::run_test::{closure#1}, ()>
[INFO] [stdout]   17:     0x631922a86e12 - <std[617be2ca0a6fd877]::thread::lifecycle::spawn_unchecked<test[aada8e7e76ba119b]::run_test::{closure#1}, ()>::{closure#1} as core[a373ad73a504971]::ops::function::FnOnce<()>>::call_once::{shim:vtable#0}
[INFO] [stdout]   18:     0x631922af164f - <std[617be2ca0a6fd877]::sys::thread::unix::Thread>::new::thread_start
[INFO] [stdout]   19:     0x7e38a4f96dfa - <unknown>
[INFO] [stdout]   20:     0x7e38a502a3d4 - clone
[INFO] [stdout]   21:                0x0 - <unknown>
[INFO] [stdout] 
[INFO] [stdout] ---- a_save_through_a_symlink_keeps_the_link_and_updates_the_real_file stdout ----
[INFO] [stdout] 
[INFO] [stdout] thread 'a_save_through_a_symlink_keeps_the_link_and_updates_the_real_file' (1115) panicked at crates/branchy-cli/tests/cli.rs:51:10:
[INFO] [stdout] binary runs: Os { code: 2, kind: NotFound, message: "No such file or directory" }
[INFO] [stdout] stack backtrace:
[INFO] [stdout]    0:     0x631922af2331 - <<std[617be2ca0a6fd877]::sys::backtrace::BacktraceLock>::print::DisplayBacktrace as core[a373ad73a504971]::fmt::Display>::fmt
[INFO] [stdout]    1:     0x631922b0679a - core[a373ad73a504971]::fmt::write
[INFO] [stdout]    2:     0x631922af683c - <alloc[2e1b2a31b91974c5]::vec::Vec<u8> as core[a373ad73a504971]::io::write::Write>::write_fmt
[INFO] [stdout]    3:     0x631922acbe76 - std[617be2ca0a6fd877]::panicking::default_hook::{closure#0}
[INFO] [stdout]    4:     0x631922ae9ac9 - std[617be2ca0a6fd877]::panicking::default_hook
[INFO] [stdout]    5:     0x631922a83760 - test[aada8e7e76ba119b]::test_main_inner::{closure#0}
[INFO] [stdout]    6:     0x631922ae9c82 - std[617be2ca0a6fd877]::panicking::panic_with_hook
[INFO] [stdout]    7:     0x631922acbf22 - std[617be2ca0a6fd877]::panicking::panic_handler::{closure#0}
[INFO] [stdout]    8:     0x631922ac4929 - std[617be2ca0a6fd877]::sys::backtrace::__rust_end_short_backtrace::<std[617be2ca0a6fd877]::panicking::panic_handler::{closure#0}, !>
[INFO] [stdout]    9:     0x631922accc1d - __rustc[ea4f61d10b84890b]::rust_begin_unwind
[INFO] [stdout]   10:     0x631922b06ecc - core[a373ad73a504971]::panicking::panic_fmt
[INFO] [stdout]   11:     0x631922b06ca2 - core[a373ad73a504971]::result::unwrap_failed
[INFO] [stdout]   12:     0x631922a6615f - cli[6f37a32c0341dd78]::run
[INFO] [stdout]   13:     0x631922a73ffe - <cli[6f37a32c0341dd78]::a_save_through_a_symlink_keeps_the_link_and_updates_the_real_file::{closure#0} as core[a373ad73a504971]::ops::function::FnOnce<()>>::call_once
[INFO] [stdout]   14:     0x631922a76bab - test[aada8e7e76ba119b]::__rust_begin_short_backtrace::<core[a373ad73a504971]::result::Result<(), alloc[2e1b2a31b91974c5]::string::String>, fn() -> core[a373ad73a504971]::result::Result<(), alloc[2e1b2a31b91974c5]::string::String>>
[INFO] [stdout]   15:     0x631922a83d85 - test[aada8e7e76ba119b]::run_test::{closure#0}
[INFO] [stdout]   16:     0x631922a7d674 - std[617be2ca0a6fd877]::sys::backtrace::__rust_begin_short_backtrace::<test[aada8e7e76ba119b]::run_test::{closure#1}, ()>
[INFO] [stdout]   17:     0x631922a86e12 - <std[617be2ca0a6fd877]::thread::lifecycle::spawn_unchecked<test[aada8e7e76ba119b]::run_test::{closure#1}, ()>::{closure#1} as core[a373ad73a504971]::ops::function::FnOnce<()>>::call_once::{shim:vtable#0}
[INFO] [stdout]   18:     0x631922af164f - <std[617be2ca0a6fd877]::sys::thread::unix::Thread>::new::thread_start
[INFO] [stdout]   19:     0x7e38a4f96dfa - <unknown>
[INFO] [stdout]   20:     0x7e38a502a3d4 - clone
[INFO] [stdout]   21:                0x0 - <unknown>
[INFO] [stdout] 
[INFO] [stdout] ---- branchy_file_decides_the_document stdout ----
[INFO] [stdout] 
[INFO] [stdout] thread 'branchy_file_decides_the_document' (1124) panicked at crates/branchy-cli/tests/cli.rs:51:10:
[INFO] [stdout] binary runs: Os { code: 2, kind: NotFound, message: "No such file or directory" }
[INFO] [stdout] stack backtrace:
[INFO] [stdout]    0:     0x631922af2331 - <<std[617be2ca0a6fd877]::sys::backtrace::BacktraceLock>::print::DisplayBacktrace as core[a373ad73a504971]::fmt::Display>::fmt
[INFO] [stdout]    1:     0x631922b0679a - core[a373ad73a504971]::fmt::write
[INFO] [stdout]    2:     0x631922af683c - <alloc[2e1b2a31b91974c5]::vec::Vec<u8> as core[a373ad73a504971]::io::write::Write>::write_fmt
[INFO] [stdout]    3:     0x631922acbe76 - std[617be2ca0a6fd877]::panicking::default_hook::{closure#0}
[INFO] [stdout]    4:     0x631922ae9ac9 - std[617be2ca0a6fd877]::panicking::default_hook
[INFO] [stdout]    5:     0x631922a83760 - test[aada8e7e76ba119b]::test_main_inner::{closure#0}
[INFO] [stdout]    6:     0x631922ae9c82 - std[617be2ca0a6fd877]::panicking::panic_with_hook
[INFO] [stdout]    7:     0x631922acbf22 - std[617be2ca0a6fd877]::panicking::panic_handler::{closure#0}
[INFO] [stdout]    8:     0x631922ac4929 - std[617be2ca0a6fd877]::sys::backtrace::__rust_end_short_backtrace::<std[617be2ca0a6fd877]::panicking::panic_handler::{closure#0}, !>
[INFO] [stdout]    9:     0x631922accc1d - __rustc[ea4f61d10b84890b]::rust_begin_unwind
[INFO] [stdout]   10:     0x631922b06ecc - core[a373ad73a504971]::panicking::panic_fmt
[INFO] [stdout]   11:     0x631922b06ca2 - core[a373ad73a504971]::result::unwrap_failed
[INFO] [stdout]   12:     0x631922a6615f - cli[6f37a32c0341dd78]::run
[INFO] [stdout]   13:     0x631922a66beb - cli[6f37a32c0341dd78]::seeded
[INFO] [stdout]   14:     0x631922a6b6aa - <cli[6f37a32c0341dd78]::branchy_file_decides_the_document::{closure#0} as core[a373ad73a504971]::ops::function::FnOnce<()>>::call_once
[INFO] [stdout]   15:     0x631922a76bab - test[aada8e7e76ba119b]::__rust_begin_short_backtrace::<core[a373ad73a504971]::result::Result<(), alloc[2e1b2a31b91974c5]::string::String>, fn() -> core[a373ad73a504971]::result::Result<(), alloc[2e1b2a31b91974c5]::string::String>>
[INFO] [stdout]   16:     0x631922a83d85 - test[aada8e7e76ba119b]::run_test::{closure#0}
[INFO] [stdout]   17:     0x631922a7d674 - std[617be2ca0a6fd877]::sys::backtrace::__rust_begin_short_backtrace::<test[aada8e7e76ba119b]::run_test::{closure#1}, ()>
[INFO] [stdout]   18:     0x631922a86e12 - <std[617be2ca0a6fd877]::thread::lifecycle::spawn_unchecked<test[aada8e7e76ba119b]::run_test::{closure#1}, ()>::{closure#1} as core[a373ad73a504971]::ops::function::FnOnce<()>>::call_once::{shim:vtable#0}
[INFO] [stdout]   19:     0x631922af164f - <std[617be2ca0a6fd877]::sys::thread::unix::Thread>::new::thread_start
[INFO] [stdout]   20:     0x7e38a4f96dfa - <unknown>
[INFO] [stdout]   21:     0x7e38a502a3d4 - clone
[INFO] [stdout]   22:                0x0 - <unknown>
[INFO] [stdout] 
[INFO] [stdout] ---- a_link_to_a_document_that_does_not_exist_yet_creates_the_target stdout ----
[INFO] [stdout] 
[INFO] [stdout] thread 'a_link_to_a_document_that_does_not_exist_yet_creates_the_target' (1085) panicked at crates/branchy-cli/tests/cli.rs:51:10:
[INFO] [stdout] binary runs: Os { code: 2, kind: NotFound, message: "No such file or directory" }
[INFO] [stdout] stack backtrace:
[INFO] [stdout]    0:     0x631922af2331 - <<std[617be2ca0a6fd877]::sys::backtrace::BacktraceLock>::print::DisplayBacktrace as core[a373ad73a504971]::fmt::Display>::fmt
[INFO] [stdout]    1:     0x631922b0679a - core[a373ad73a504971]::fmt::write
[INFO] [stdout]    2:     0x631922af683c - <alloc[2e1b2a31b91974c5]::vec::Vec<u8> as core[a373ad73a504971]::io::write::Write>::write_fmt
[INFO] [stdout]    3:     0x631922acbe76 - std[617be2ca0a6fd877]::panicking::default_hook::{closure#0}
[INFO] [stdout]    4:     0x631922ae9ac9 - std[617be2ca0a6fd877]::panicking::default_hook
[INFO] [stdout]    5:     0x631922a83760 - test[aada8e7e76ba119b]::test_main_inner::{closure#0}
[INFO] [stdout]    6:     0x631922ae9c82 - std[617be2ca0a6fd877]::panicking::panic_with_hook
[INFO] [stdout]    7:     0x631922acbf22 - std[617be2ca0a6fd877]::panicking::panic_handler::{closure#0}
[INFO] [stdout]    8:     0x631922ac4929 - std[617be2ca0a6fd877]::sys::backtrace::__rust_end_short_backtrace::<std[617be2ca0a6fd877]::panicking::panic_handler::{closure#0}, !>
[INFO] [stdout]    9:     0x631922accc1d - __rustc[ea4f61d10b84890b]::rust_begin_unwind
[INFO] [stdout]   10:     0x631922b06ecc - core[a373ad73a504971]::panicking::panic_fmt
[INFO] [stdout]   11:     0x631922b06ca2 - core[a373ad73a504971]::result::unwrap_failed
[INFO] [stdout]   12:     0x631922a6615f - cli[6f37a32c0341dd78]::run
[INFO] [stdout]   13:     0x631922a73c44 - <cli[6f37a32c0341dd78]::a_link_to_a_document_that_does_not_exist_yet_creates_the_target::{closure#0} as core[a373ad73a504971]::ops::function::FnOnce<()>>::call_once
[INFO] [stdout]   14:     0x631922a76bab - test[aada8e7e76ba119b]::__rust_begin_short_backtrace::<core[a373ad73a504971]::result::Result<(), alloc[2e1b2a31b91974c5]::string::String>, fn() -> core[a373ad73a504971]::result::Result<(), alloc[2e1b2a31b91974c5]::string::String>>
[INFO] [stdout]   15:     0x631922a83d85 - test[aada8e7e76ba119b]::run_test::{closure#0}
[INFO] [stdout]   16:     0x631922a7d674 - std[617be2ca0a6fd877]::sys::backtrace::__rust_begin_short_backtrace::<test[aada8e7e76ba119b]::run_test::{closure#1}, ()>
[INFO] [stdout]   17:     0x631922a86e12 - <std[617be2ca0a6fd877]::thread::lifecycle::spawn_unchecked<test[aada8e7e76ba119b]::run_test::{closure#1}, ()>::{closure#1} as core[a373ad73a504971]::ops::function::FnOnce<()>>::call_once::{shim:vtable#0}
[INFO] [stdout]   18:     0x631922af164f - <std[617be2ca0a6fd877]::sys::thread::unix::Thread>::new::thread_start
[INFO] [stdout]   19:     0x7e38a4f96dfa - <unknown>
[INFO] [stdout]   20:     0x7e38a502a3d4 - clone
[INFO] [stdout]   21:                0x0 - <unknown>
[INFO] [stdout] 
[INFO] [stdout] ---- a_reader_closing_the_pipe_is_not_a_crash stdout ----
[INFO] [stdout] 
[INFO] [stdout] thread 'a_reader_closing_the_pipe_is_not_a_crash' (1109) panicked at crates/branchy-cli/tests/cli.rs:538:10:
[INFO] [stdout] binary runs: Os { code: 2, kind: NotFound, message: "No such file or directory" }
[INFO] [stdout] stack backtrace:
[INFO] [stdout]    0:     0x631922af2331 - <<std[617be2ca0a6fd877]::sys::backtrace::BacktraceLock>::print::DisplayBacktrace as core[a373ad73a504971]::fmt::Display>::fmt
[INFO] [stdout]    1:     0x631922b0679a - core[a373ad73a504971]::fmt::write
[INFO] [stdout]    2:     0x631922af683c - <alloc[2e1b2a31b91974c5]::vec::Vec<u8> as core[a373ad73a504971]::io::write::Write>::write_fmt
[INFO] [stdout]    3:     0x631922acbe76 - std[617be2ca0a6fd877]::panicking::default_hook::{closure#0}
[INFO] [stdout]    4:     0x631922ae9ac9 - std[617be2ca0a6fd877]::panicking::default_hook
[INFO] [stdout]    5:     0x631922a83760 - test[aada8e7e76ba119b]::test_main_inner::{closure#0}
[INFO] [stdout]    6:     0x631922ae9c82 - std[617be2ca0a6fd877]::panicking::panic_with_hook
[INFO] [stdout]    7:     0x631922acbf22 - std[617be2ca0a6fd877]::panicking::panic_handler::{closure#0}
[INFO] [stdout]    8:     0x631922ac4929 - std[617be2ca0a6fd877]::sys::backtrace::__rust_end_short_backtrace::<std[617be2ca0a6fd877]::panicking::panic_handler::{closure#0}, !>
[INFO] [stdout]    9:     0x631922accc1d - __rustc[ea4f61d10b84890b]::rust_begin_unwind
[INFO] [stdout]   10:     0x631922b06ecc - core[a373ad73a504971]::panicking::panic_fmt
[INFO] [stdout]   11:     0x631922b06ca2 - core[a373ad73a504971]::result::unwrap_failed
[INFO] [stdout]   12:     0x631922a6e14b - <cli[6f37a32c0341dd78]::a_reader_closing_the_pipe_is_not_a_crash::{closure#0} as core[a373ad73a504971]::ops::function::FnOnce<()>>::call_once
[INFO] [stdout]   13:     0x631922a76bab - test[aada8e7e76ba119b]::__rust_begin_short_backtrace::<core[a373ad73a504971]::result::Result<(), alloc[2e1b2a31b91974c5]::string::String>, fn() -> core[a373ad73a504971]::result::Result<(), alloc[2e1b2a31b91974c5]::string::String>>
[INFO] [stdout]   14:     0x631922a83d85 - test[aada8e7e76ba119b]::run_test::{closure#0}
[INFO] [stdout]   15:     0x631922a7d674 - std[617be2ca0a6fd877]::sys::backtrace::__rust_begin_short_backtrace::<test[aada8e7e76ba119b]::run_test::{closure#1}, ()>
[INFO] [stdout]   16:     0x631922a86e12 - <std[617be2ca0a6fd877]::thread::lifecycle::spawn_unchecked<test[aada8e7e76ba119b]::run_test::{closure#1}, ()>::{closure#1} as core[a373ad73a504971]::ops::function::FnOnce<()>>::call_once::{shim:vtable#0}
[INFO] [stdout]   17:     0x631922af164f - <std[617be2ca0a6fd877]::sys::thread::unix::Thread>::new::thread_start
[INFO] [stdout]   18:     0x7e38a4f96dfa - <unknown>
[INFO] [stdout]   19:     0x7e38a502a3d4 - clone
[INFO] [stdout]   20:                0x0 - <unknown>
[INFO] [stdout] 
[INFO] [stdout] ---- a_newer_format_is_refused stdout ----
[INFO] [stdout] 
[INFO] [stdout] thread 'a_newer_format_is_refused' (1105) panicked at crates/branchy-cli/tests/cli.rs:68:10:
[INFO] [stdout] binary runs: Os { code: 2, kind: NotFound, message: "No such file or directory" }
[INFO] [stdout] stack backtrace:
[INFO] [stdout]    0:     0x631922af2331 - <<std[617be2ca0a6fd877]::sys::backtrace::BacktraceLock>::print::DisplayBacktrace as core[a373ad73a504971]::fmt::Display>::fmt
[INFO] [stdout]    1:     0x631922b0679a - core[a373ad73a504971]::fmt::write
[INFO] [stdout]    2:     0x631922af683c - <alloc[2e1b2a31b91974c5]::vec::Vec<u8> as core[a373ad73a504971]::io::write::Write>::write_fmt
[INFO] [stdout]    3:     0x631922acbe76 - std[617be2ca0a6fd877]::panicking::default_hook::{closure#0}
[INFO] [stdout]    4:     0x631922ae9ac9 - std[617be2ca0a6fd877]::panicking::default_hook
[INFO] [stdout]    5:     0x631922a83760 - test[aada8e7e76ba119b]::test_main_inner::{closure#0}
[INFO] [stdout]    6:     0x631922ae9c82 - std[617be2ca0a6fd877]::panicking::panic_with_hook
[INFO] [stdout]    7:     0x631922acbf22 - std[617be2ca0a6fd877]::panicking::panic_handler::{closure#0}
[INFO] [stdout]    8:     0x631922ac4929 - std[617be2ca0a6fd877]::sys::backtrace::__rust_end_short_backtrace::<std[617be2ca0a6fd877]::panicking::panic_handler::{closure#0}, !>
[INFO] [stdout]    9:     0x631922accc1d - __rustc[ea4f61d10b84890b]::rust_begin_unwind
[INFO] [stdout]   10:     0x631922b06ecc - core[a373ad73a504971]::panicking::panic_fmt
[INFO] [stdout]   11:     0x631922b06ca2 - core[a373ad73a504971]::result::unwrap_failed
[INFO] [stdout]   12:     0x631922a66922 - cli[6f37a32c0341dd78]::fails
[INFO] [stdout]   13:     0x631922a69144 - <cli[6f37a32c0341dd78]::a_newer_format_is_refused::{closure#0} as core[a373ad73a504971]::ops::function::FnOnce<()>>::call_once
[INFO] [stdout]   14:     0x631922a76bab - test[aada8e7e76ba119b]::__rust_begin_short_backtrace::<core[a373ad73a504971]::result::Result<(), alloc[2e1b2a31b91974c5]::string::String>, fn() -> core[a373ad73a504971]::result::Result<(), alloc[2e1b2a31b91974c5]::string::String>>
[INFO] [stdout]   15:     0x631922a83d85 - test[aada8e7e76ba119b]::run_test::{closure#0}
[INFO] [stdout]   16:     0x631922a7d674 - std[617be2ca0a6fd877]::sys::backtrace::__rust_begin_short_backtrace::<test[aada8e7e76ba119b]::run_test::{closure#1}, ()>
[INFO] [stdout]   17:     0x631922a86e12 - <std[617be2ca0a6fd877]::thread::lifecycle::spawn_unchecked<test[aada8e7e76ba119b]::run_test::{closure#1}, ()>::{closure#1} as core[a373ad73a504971]::ops::function::FnOnce<()>>::call_once::{shim:vtable#0}
[INFO] [stdout]   18:     0x631922af164f - <std[617be2ca0a6fd877]::sys::thread::unix::Thread>::new::thread_start
[INFO] [stdout]   19:     0x7e38a4f96dfa - <unknown>
[INFO] [stdout]   20:     0x7e38a502a3d4 - clone
[INFO] [stdout]   21:                0x0 - <unknown>
[INFO] [stdout] 
[INFO] [stdout] ---- brief_gives_counts_directions_and_the_top_of_the_queue stdout ----
[INFO] [stdout] 
[INFO] [stdout] thread 'brief_gives_counts_directions_and_the_top_of_the_queue' (1134) panicked at crates/branchy-cli/tests/cli.rs:51:10:
[INFO] [stdout] binary runs: Os { code: 2, kind: NotFound, message: "No such file or directory" }
[INFO] [stdout] stack backtrace:
[INFO] [stdout]    0:     0x631922af2331 - <<std[617be2ca0a6fd877]::sys::backtrace::BacktraceLock>::print::DisplayBacktrace as core[a373ad73a504971]::fmt::Display>::fmt
[INFO] [stdout]    1:     0x631922b0679a - core[a373ad73a504971]::fmt::write
[INFO] [stdout]    2:     0x631922af683c - <alloc[2e1b2a31b91974c5]::vec::Vec<u8> as core[a373ad73a504971]::io::write::Write>::write_fmt
[INFO] [stdout]    3:     0x631922acbe76 - std[617be2ca0a6fd877]::panicking::default_hook::{closure#0}
[INFO] [stdout]    4:     0x631922ae9ac9 - std[617be2ca0a6fd877]::panicking::default_hook
[INFO] [stdout]    5:     0x631922a83760 - test[aada8e7e76ba119b]::test_main_inner::{closure#0}
[INFO] [stdout]    6:     0x631922ae9c82 - std[617be2ca0a6fd877]::panicking::panic_with_hook
[INFO] [stdout]    7:     0x631922acbf22 - std[617be2ca0a6fd877]::panicking::panic_handler::{closure#0}
[INFO] [stdout]    8:     0x631922ac4929 - std[617be2ca0a6fd877]::sys::backtrace::__rust_end_short_backtrace::<std[617be2ca0a6fd877]::panicking::panic_handler::{closure#0}, !>
[INFO] [stdout]    9:     0x631922accc1d - __rustc[ea4f61d10b84890b]::rust_begin_unwind
[INFO] [stdout]   10:     0x631922b06ecc - core[a373ad73a504971]::panicking::panic_fmt
[INFO] [stdout]   11:     0x631922b06ca2 - core[a373ad73a504971]::result::unwrap_failed
[INFO] [stdout]   12:     0x631922a6615f - cli[6f37a32c0341dd78]::run
[INFO] [stdout]   13:     0x631922a66beb - cli[6f37a32c0341dd78]::seeded
[INFO] [stdout]   14:     0x631922a7295a - <cli[6f37a32c0341dd78]::brief_gives_counts_directions_and_the_top_of_the_queue::{closure#0} as core[a373ad73a504971]::ops::function::FnOnce<()>>::call_once
[INFO] [stdout]   15:     0x631922a76bab - test[aada8e7e76ba119b]::__rust_begin_short_backtrace::<core[a373ad73a504971]::result::Result<(), alloc[2e1b2a31b91974c5]::string::String>, fn() -> core[a373ad73a504971]::result::Result<(), alloc[2e1b2a31b91974c5]::string::String>>
[INFO] [stdout]   16:     0x631922a83d85 - test[aada8e7e76ba119b]::run_test::{closure#0}
[INFO] [stdout]   17:     0x631922a7d674 - std[617be2ca0a6fd877]::sys::backtrace::__rust_begin_short_backtrace::<test[aada8e7e76ba119b]::run_test::{closure#1}, ()>
[INFO] [stdout]   18:     0x631922a86e12 - <std[617be2ca0a6fd877]::thread::lifecycle::spawn_unchecked<test[aada8e7e76ba119b]::run_test::{closure#1}, ()>::{closure#1} as core[a373ad73a504971]::ops::function::FnOnce<()>>::call_once::{shim:vtable#0}
[INFO] [stdout]   19:     0x631922af164f - <std[617be2ca0a6fd877]::sys::thread::unix::Thread>::new::thread_start
[INFO] [stdout]   20:     0x7e38a4f96dfa - <unknown>
[INFO] [stdout]   21:     0x7e38a502a3d4 - clone
[INFO] [stdout]   22:                0x0 - <unknown>
[INFO] [stdout] 
[INFO] [stdout] ---- an_undone_addition_keeps_its_id_spent stdout ----
[INFO] [stdout] 
[INFO] [stdout] thread 'an_undone_addition_keeps_its_id_spent' (1123) panicked at crates/branchy-cli/tests/cli.rs:51:10:
[INFO] [stdout] binary runs: Os { code: 2, kind: NotFound, message: "No such file or directory" }
[INFO] [stdout] stack backtrace:
[INFO] [stdout]    0:     0x631922af2331 - <<std[617be2ca0a6fd877]::sys::backtrace::BacktraceLock>::print::DisplayBacktrace as core[a373ad73a504971]::fmt::Display>::fmt
[INFO] [stdout]    1:     0x631922b0679a - core[a373ad73a504971]::fmt::write
[INFO] [stdout]    2:     0x631922af683c - <alloc[2e1b2a31b91974c5]::vec::Vec<u8> as core[a373ad73a504971]::io::write::Write>::write_fmt
[INFO] [stdout]    3:     0x631922acbe76 - std[617be2ca0a6fd877]::panicking::default_hook::{closure#0}
[INFO] [stdout]    4:     0x631922ae9ac9 - std[617be2ca0a6fd877]::panicking::default_hook
[INFO] [stdout]    5:     0x631922a83760 - test[aada8e7e76ba119b]::test_main_inner::{closure#0}
[INFO] [stdout]    6:     0x631922ae9c82 - std[617be2ca0a6fd877]::panicking::panic_with_hook
[INFO] [stdout]    7:     0x631922acbf22 - std[617be2ca0a6fd877]::panicking::panic_handler::{closure#0}
[INFO] [stdout]    8:     0x631922ac4929 - std[617be2ca0a6fd877]::sys::backtrace::__rust_end_short_backtrace::<std[617be2ca0a6fd877]::panicking::panic_handler::{closure#0}, !>
[INFO] [stdout]    9:     0x631922accc1d - __rustc[ea4f61d10b84890b]::rust_begin_unwind
[INFO] [stdout]   10:     0x631922b06ecc - core[a373ad73a504971]::panicking::panic_fmt
[INFO] [stdout]   11:     0x631922b06ca2 - core[a373ad73a504971]::result::unwrap_failed
[INFO] [stdout]   12:     0x631922a6615f - cli[6f37a32c0341dd78]::run
[INFO] [stdout]   13:     0x631922a6cf5b - <cli[6f37a32c0341dd78]::an_undone_addition_keeps_its_id_spent::{closure#0} as core[a373ad73a504971]::ops::function::FnOnce<()>>::call_once
[INFO] [stdout]   14:     0x631922a76bab - test[aada8e7e76ba119b]::__rust_begin_short_backtrace::<core[a373ad73a504971]::result::Result<(), alloc[2e1b2a31b91974c5]::string::String>, fn() -> core[a373ad73a504971]::result::Result<(), alloc[2e1b2a31b91974c5]::string::String>>
[INFO] [stdout]   15:     0x631922a83d85 - test[aada8e7e76ba119b]::run_test::{closure#0}
[INFO] [stdout]   16:     0x631922a7d674 - std[617be2ca0a6fd877]::sys::backtrace::__rust_begin_short_backtrace::<test[aada8e7e76ba119b]::run_test::{closure#1}, ()>
[INFO] [stdout]   17:     0x631922a86e12 - <std[617be2ca0a6fd877]::thread::lifecycle::spawn_unchecked<test[aada8e7e76ba119b]::run_test::{closure#1}, ()>::{closure#1} as core[a373ad73a504971]::ops::function::FnOnce<()>>::call_once::{shim:vtable#0}
[INFO] [stdout]   18:     0x631922af164f - <std[617be2ca0a6fd877]::sys::thread::unix::Thread>::new::thread_start
[INFO] [stdout]   19:     0x7e38a4f96dfa - <unknown>
[INFO] [stdout]   20:     0x7e38a502a3d4 - clone
[INFO] [stdout]   21:                0x0 - <unknown>
[INFO] [stdout] 
[INFO] [stdout] ---- forgetting_a_vault_leaves_its_folder_alone stdout ----
[INFO] [stdout] 
[INFO] [stdout] thread 'forgetting_a_vault_leaves_its_folder_alone' (1149) panicked at crates/branchy-cli/tests/cli.rs:650:50:
[INFO] [stdout] binary runs: Os { code: 2, kind: NotFound, message: "No such file or directory" }
[INFO] [stdout] stack backtrace:
[INFO] [stderr] error: test failed, to rerun pass `-p branchy-cli --test cli`
[INFO] [stdout]    0:     0x631922af2331 - <<std[617be2ca0a6fd877]::sys::backtrace::BacktraceLock>::print::DisplayBacktrace as core[a373ad73a504971]::fmt::Display>::fmt
[INFO] [stdout]    1:     0x631922b0679a - core[a373ad73a504971]::fmt::write
[INFO] [stdout]    2:     0x631922af683c - <alloc[2e1b2a31b91974c5]::vec::Vec<u8> as core[a373ad73a504971]::io::write::Write>::write_fmt
[INFO] [stdout]    3:     0x631922acbe76 - std[617be2ca0a6fd877]::panicking::default_hook::{closure#0}
[INFO] [stdout]    4:     0x631922ae9ac9 - std[617be2ca0a6fd877]::panicking::default_hook
[INFO] [stdout]    5:     0x631922a83760 - test[aada8e7e76ba119b]::test_main_inner::{closure#0}
[INFO] [stdout]    6:     0x631922ae9c82 - std[617be2ca0a6fd877]::panicking::panic_with_hook
[INFO] [stdout]    7:     0x631922acbf22 - std[617be2ca0a6fd877]::panicking::panic_handler::{closure#0}
[INFO] [stdout]    8:     0x631922ac4929 - std[617be2ca0a6fd877]::sys::backtrace::__rust_end_short_backtrace::<std[617be2ca0a6fd877]::panicking::panic_handler::{closure#0}, !>
[INFO] [stdout]    9:     0x631922accc1d - __rustc[ea4f61d10b84890b]::rust_begin_unwind
[INFO] [stdout]   10:     0x631922b06ecc - core[a373ad73a504971]::panicking::panic_fmt
[INFO] [stdout]   11:     0x631922b06ca2 - core[a373ad73a504971]::result::unwrap_failed
[INFO] [stdout]   12:     0x631922a66ffd - <cli[6f37a32c0341dd78]::Desk>::run
[INFO] [stdout]   13:     0x631922a67596 - <cli[6f37a32c0341dd78]::Desk>::vault
[INFO] [stdout]   14:     0x631922a702e9 - <cli[6f37a32c0341dd78]::forgetting_a_vault_leaves_its_folder_alone::{closure#0} as core[a373ad73a504971]::ops::function::FnOnce<()>>::call_once
[INFO] [stdout]   15:     0x631922a76bab - test[aada8e7e76ba119b]::__rust_begin_short_backtrace::<core[a373ad73a504971]::result::Result<(), alloc[2e1b2a31b91974c5]::string::String>, fn() -> core[a373ad73a504971]::result::Result<(), alloc[2e1b2a31b91974c5]::string::String>>
[INFO] [stdout]   16:     0x631922a83d85 - test[aada8e7e76ba119b]::run_test::{closure#0}
[INFO] [stdout]   17:     0x631922a7d674 - std[617be2ca0a6fd877]::sys::backtrace::__rust_begin_short_backtrace::<test[aada8e7e76ba119b]::run_test::{closure#1}, ()>
[INFO] [stdout]   18:     0x631922a86e12 - <std[617be2ca0a6fd877]::thread::lifecycle::spawn_unchecked<test[aada8e7e76ba119b]::run_test::{closure#1}, ()>::{closure#1} as core[a373ad73a504971]::ops::function::FnOnce<()>>::call_once::{shim:vtable#0}
[INFO] [stdout]   19:     0x631922af164f - <std[617be2ca0a6fd877]::sys::thread::unix::Thread>::new::thread_start
[INFO] [stdout]   20:     0x7e38a4f96dfa - <unknown>
[INFO] [stdout]   21:     0x7e38a502a3d4 - clone
[INFO] [stdout]   22:                0x0 - <unknown>
[INFO] [stdout] 
[INFO] [stdout] ---- brief_on_an_empty_graph_says_how_to_start stdout ----
[INFO] [stdout] 
[INFO] [stdout] thread 'brief_on_an_empty_graph_says_how_to_start' (1138) panicked at crates/branchy-cli/tests/cli.rs:51:10:
[INFO] [stdout] binary runs: Os { code: 2, kind: NotFound, message: "No such file or directory" }
[INFO] [stdout] stack backtrace:
[INFO] [stdout]    0:     0x631922af2331 - <<std[617be2ca0a6fd877]::sys::backtrace::BacktraceLock>::print::DisplayBacktrace as core[a373ad73a504971]::fmt::Display>::fmt
[INFO] [stdout]    1:     0x631922b0679a - core[a373ad73a504971]::fmt::write
[INFO] [stdout]    2:     0x631922af683c - <alloc[2e1b2a31b91974c5]::vec::Vec<u8> as core[a373ad73a504971]::io::write::Write>::write_fmt
[INFO] [stdout]    3:     0x631922acbe76 - std[617be2ca0a6fd877]::panicking::default_hook::{closure#0}
[INFO] [stdout]    4:     0x631922ae9ac9 - std[617be2ca0a6fd877]::panicking::default_hook
[INFO] [stdout]    5:     0x631922a83760 - test[aada8e7e76ba119b]::test_main_inner::{closure#0}
[INFO] [stdout]    6:     0x631922ae9c82 - std[617be2ca0a6fd877]::panicking::panic_with_hook
[INFO] [stdout]    7:     0x631922acbf22 - std[617be2ca0a6fd877]::panicking::panic_handler::{closure#0}
[INFO] [stdout]    8:     0x631922ac4929 - std[617be2ca0a6fd877]::sys::backtrace::__rust_end_short_backtrace::<std[617be2ca0a6fd877]::panicking::panic_handler::{closure#0}, !>
[INFO] [stdout]    9:     0x631922accc1d - __rustc[ea4f61d10b84890b]::rust_begin_unwind
[INFO] [stdout]   10:     0x631922b06ecc - core[a373ad73a504971]::panicking::panic_fmt
[INFO] [stdout]   11:     0x631922b06ca2 - core[a373ad73a504971]::result::unwrap_failed
[INFO] [stdout]   12:     0x631922a6615f - cli[6f37a32c0341dd78]::run
[INFO] [stdout]   13:     0x631922a6f411 - <cli[6f37a32c0341dd78]::brief_on_an_empty_graph_says_how_to_start::{closure#0} as core[a373ad73a504971]::ops::function::FnOnce<()>>::call_once
[INFO] [stdout]   14:     0x631922a76bab - test[aada8e7e76ba119b]::__rust_begin_short_backtrace::<core[a373ad73a504971]::result::Result<(), alloc[2e1b2a31b91974c5]::string::String>, fn() -> core[a373ad73a504971]::result::Result<(), alloc[2e1b2a31b91974c5]::string::String>>
[INFO] [stdout]   15:     0x631922a83d85 - test[aada8e7e76ba119b]::run_test::{closure#0}
[INFO] [stdout]   16:     0x631922a7d674 - std[617be2ca0a6fd877]::sys::backtrace::__rust_begin_short_backtrace::<test[aada8e7e76ba119b]::run_test::{closure#1}, ()>
[INFO] [stdout]   17:     0x631922a86e12 - <std[617be2ca0a6fd877]::thread::lifecycle::spawn_unchecked<test[aada8e7e76ba119b]::run_test::{closure#1}, ()>::{closure#1} as core[a373ad73a504971]::ops::function::FnOnce<()>>::call_once::{shim:vtable#0}
[INFO] [stdout]   18:     0x631922af164f - <std[617be2ca0a6fd877]::sys::thread::unix::Thread>::new::thread_start
[INFO] [stdout]   19:     0x7e38a4f96dfa - <unknown>
[INFO] [stdout]   20:     0x7e38a502a3d4 - clone
[INFO] [stdout]   21:                0x0 - <unknown>
[INFO] [stdout] 
[INFO] [stdout] ---- list_filters_by_status stdout ----
[INFO] [stdout] 
[INFO] [stdout] thread 'list_filters_by_status' (1152) panicked at crates/branchy-cli/tests/cli.rs:51:10:
[INFO] [stdout] binary runs: Os { code: 2, kind: NotFound, message: "No such file or directory" }
[INFO] [stdout] stack backtrace:
[INFO] [stdout]    0:     0x631922af2331 - <<std[617be2ca0a6fd877]::sys::backtrace::BacktraceLock>::print::DisplayBacktrace as core[a373ad73a504971]::fmt::Display>::fmt
[INFO] [stdout]    1:     0x631922b0679a - core[a373ad73a504971]::fmt::write
[INFO] [stdout]    2:     0x631922af683c - <alloc[2e1b2a31b91974c5]::vec::Vec<u8> as core[a373ad73a504971]::io::write::Write>::write_fmt
[INFO] [stdout]    3:     0x631922acbe76 - std[617be2ca0a6fd877]::panicking::default_hook::{closure#0}
[INFO] [stdout]    4:     0x631922ae9ac9 - std[617be2ca0a6fd877]::panicking::default_hook
[INFO] [stdout]    5:     0x631922a83760 - test[aada8e7e76ba119b]::test_main_inner::{closure#0}
[INFO] [stdout]    6:     0x631922ae9c82 - std[617be2ca0a6fd877]::panicking::panic_with_hook
[INFO] [stdout]    7:     0x631922acbf22 - std[617be2ca0a6fd877]::panicking::panic_handler::{closure#0}
[INFO] [stdout]    8:     0x631922ac4929 - std[617be2ca0a6fd877]::sys::backtrace::__rust_end_short_backtrace::<std[617be2ca0a6fd877]::panicking::panic_handler::{closure#0}, !>
[INFO] [stdout]    9:     0x631922accc1d - __rustc[ea4f61d10b84890b]::rust_begin_unwind
[INFO] [stdout]   10:     0x631922b06ecc - core[a373ad73a504971]::panicking::panic_fmt
[INFO] [stdout]   11:     0x631922b06ca2 - core[a373ad73a504971]::result::unwrap_failed
[INFO] [stdout]   12:     0x631922a6615f - cli[6f37a32c0341dd78]::run
[INFO] [stdout]   13:     0x631922a66beb - cli[6f37a32c0341dd78]::seeded
[INFO] [stdout]   14:     0x631922a68ac6 - <cli[6f37a32c0341dd78]::list_filters_by_status::{closure#0} as core[a373ad73a504971]::ops::function::FnOnce<()>>::call_once
[INFO] [stdout]   15:     0x631922a76bab - test[aada8e7e76ba119b]::__rust_begin_short_backtrace::<core[a373ad73a504971]::result::Result<(), alloc[2e1b2a31b91974c5]::string::String>, fn() -> core[a373ad73a504971]::result::Result<(), alloc[2e1b2a31b91974c5]::string::String>>
[INFO] [stdout]   16:     0x631922a83d85 - test[aada8e7e76ba119b]::run_test::{closure#0}
[INFO] [stdout]   17:     0x631922a7d674 - std[617be2ca0a6fd877]::sys::backtrace::__rust_begin_short_backtrace::<test[aada8e7e76ba119b]::run_test::{closure#1}, ()>
[INFO] [stdout]   18:     0x631922a86e12 - <std[617be2ca0a6fd877]::thread::lifecycle::spawn_unchecked<test[aada8e7e76ba119b]::run_test::{closure#1}, ()>::{closure#1} as core[a373ad73a504971]::ops::function::FnOnce<()>>::call_once::{shim:vtable#0}
[INFO] [stdout]   19:     0x631922af164f - <std[617be2ca0a6fd877]::sys::thread::unix::Thread>::new::thread_start
[INFO] [stdout]   20:     0x7e38a4f96dfa - <unknown>
[INFO] [stdout]   21:     0x7e38a502a3d4 - clone
[INFO] [stdout]   22:                0x0 - <unknown>
[INFO] [stdout] 
[INFO] [stdout] ---- find_looks_in_notes_only_when_asked_and_lists_them_after_names stdout ----
[INFO] [stdout] 
[INFO] [stdout] thread 'find_looks_in_notes_only_when_asked_and_lists_them_after_names' (1144) panicked at crates/branchy-cli/tests/cli.rs:51:10:
[INFO] [stdout] binary runs: Os { code: 2, kind: NotFound, message: "No such file or directory" }
[INFO] [stdout] stack backtrace:
[INFO] [stdout]    0:     0x631922af2331 - <<std[617be2ca0a6fd877]::sys::backtrace::BacktraceLock>::print::DisplayBacktrace as core[a373ad73a504971]::fmt::Display>::fmt
[INFO] [stdout]    1:     0x631922b0679a - core[a373ad73a504971]::fmt::write
[INFO] [stdout]    2:     0x631922af683c - <alloc[2e1b2a31b91974c5]::vec::Vec<u8> as core[a373ad73a504971]::io::write::Write>::write_fmt
[INFO] [stdout]    3:     0x631922acbe76 - std[617be2ca0a6fd877]::panicking::default_hook::{closure#0}
[INFO] [stdout]    4:     0x631922ae9ac9 - std[617be2ca0a6fd877]::panicking::default_hook
[INFO] [stdout]    5:     0x631922a83760 - test[aada8e7e76ba119b]::test_main_inner::{closure#0}
[INFO] [stdout]    6:     0x631922ae9c82 - std[617be2ca0a6fd877]::panicking::panic_with_hook
[INFO] [stdout]    7:     0x631922acbf22 - std[617be2ca0a6fd877]::panicking::panic_handler::{closure#0}
[INFO] [stdout]    8:     0x631922ac4929 - std[617be2ca0a6fd877]::sys::backtrace::__rust_end_short_backtrace::<std[617be2ca0a6fd877]::panicking::panic_handler::{closure#0}, !>
[INFO] [stdout]    9:     0x631922accc1d - __rustc[ea4f61d10b84890b]::rust_begin_unwind
[INFO] [stdout]   10:     0x631922b06ecc - core[a373ad73a504971]::panicking::panic_fmt
[INFO] [stdout]   11:     0x631922b06ca2 - core[a373ad73a504971]::result::unwrap_failed
[INFO] [stdout]   12:     0x631922a6615f - cli[6f37a32c0341dd78]::run
[INFO] [stdout]   13:     0x631922a66beb - cli[6f37a32c0341dd78]::seeded
[INFO] [stdout]   14:     0x631922a738bc - <cli[6f37a32c0341dd78]::find_looks_in_notes_only_when_asked_and_lists_them_after_names::{closure#0} as core[a373ad73a504971]::ops::function::FnOnce<()>>::call_once
[INFO] [stdout]   15:     0x631922a76bab - test[aada8e7e76ba119b]::__rust_begin_short_backtrace::<core[a373ad73a504971]::result::Result<(), alloc[2e1b2a31b91974c5]::string::String>, fn() -> core[a373ad73a504971]::result::Result<(), alloc[2e1b2a31b91974c5]::string::String>>
[INFO] [stdout]   16:     0x631922a83d85 - test[aada8e7e76ba119b]::run_test::{closure#0}
[INFO] [stdout]   17:     0x631922a7d674 - std[617be2ca0a6fd877]::sys::backtrace::__rust_begin_short_backtrace::<test[aada8e7e76ba119b]::run_test::{closure#1}, ()>
[INFO] [stdout]   18:     0x631922a86e12 - <std[617be2ca0a6fd877]::thread::lifecycle::spawn_unchecked<test[aada8e7e76ba119b]::run_test::{closure#1}, ()>::{closure#1} as core[a373ad73a504971]::ops::function::FnOnce<()>>::call_once::{shim:vtable#0}
[INFO] [stdout]   19:     0x631922af164f - <std[617be2ca0a6fd877]::sys::thread::unix::Thread>::new::thread_start
[INFO] [stdout]   20:     0x7e38a4f96dfa - <unknown>
[INFO] [stdout]   21:     0x7e38a502a3d4 - clone
[INFO] [stdout]   22:                0x0 - <unknown>
[INFO] [stdout] 
[INFO] [stdout] ---- removing_a_task_strips_it_from_dependents stdout ----
[INFO] [stdout] 
[INFO] [stdout] thread 'removing_a_task_strips_it_from_dependents' (1166) panicked at crates/branchy-cli/tests/cli.rs:51:10:
[INFO] [stdout] binary runs: Os { code: 2, kind: NotFound, message: "No such file or directory" }
[INFO] [stdout] stack backtrace:
[INFO] [stdout]    0:     0x631922af2331 - <<std[617be2ca0a6fd877]::sys::backtrace::BacktraceLock>::print::DisplayBacktrace as core[a373ad73a504971]::fmt::Display>::fmt
[INFO] [stdout]    1:     0x631922b0679a - core[a373ad73a504971]::fmt::write
[INFO] [stdout]    2:     0x631922af683c - <alloc[2e1b2a31b91974c5]::vec::Vec<u8> as core[a373ad73a504971]::io::write::Write>::write_fmt
[INFO] [stdout]    3:     0x631922acbe76 - std[617be2ca0a6fd877]::panicking::default_hook::{closure#0}
[INFO] [stdout]    4:     0x631922ae9ac9 - std[617be2ca0a6fd877]::panicking::default_hook
[INFO] [stdout]    5:     0x631922a83760 - test[aada8e7e76ba119b]::test_main_inner::{closure#0}
[INFO] [stdout]    6:     0x631922ae9c82 - std[617be2ca0a6fd877]::panicking::panic_with_hook
[INFO] [stdout]    7:     0x631922acbf22 - std[617be2ca0a6fd877]::panicking::panic_handler::{closure#0}
[INFO] [stdout]    8:     0x631922ac4929 - std[617be2ca0a6fd877]::sys::backtrace::__rust_end_short_backtrace::<std[617be2ca0a6fd877]::panicking::panic_handler::{closure#0}, !>
[INFO] [stdout]    9:     0x631922accc1d - __rustc[ea4f61d10b84890b]::rust_begin_unwind
[INFO] [stdout]   10:     0x631922b06ecc - core[a373ad73a504971]::panicking::panic_fmt
[INFO] [stdout]   11:     0x631922b06ca2 - core[a373ad73a504971]::result::unwrap_failed
[INFO] [stdout]   12:     0x631922a6615f - cli[6f37a32c0341dd78]::run
[INFO] [stdout]   13:     0x631922a66beb - cli[6f37a32c0341dd78]::seeded
[INFO] [stdout]   14:     0x631922a6f504 - <cli[6f37a32c0341dd78]::removing_a_task_strips_it_from_dependents::{closure#0} as core[a373ad73a504971]::ops::function::FnOnce<()>>::call_once
[INFO] [stdout]   15:     0x631922a76bab - test[aada8e7e76ba119b]::__rust_begin_short_backtrace::<core[a373ad73a504971]::result::Result<(), alloc[2e1b2a31b91974c5]::string::String>, fn() -> core[a373ad73a504971]::result::Result<(), alloc[2e1b2a31b91974c5]::string::String>>
[INFO] [stdout]   16:     0x631922a83d85 - test[aada8e7e76ba119b]::run_test::{closure#0}
[INFO] [stdout]   17:     0x631922a7d674 - std[617be2ca0a6fd877]::sys::backtrace::__rust_begin_short_backtrace::<test[aada8e7e76ba119b]::run_test::{closure#1}, ()>
[INFO] [stdout]   18:     0x631922a86e12 - <std[617be2ca0a6fd877]::thread::lifecycle::spawn_unchecked<test[aada8e7e76ba119b]::run_test::{closure#1}, ()>::{closure#1} as core[a373ad73a504971]::ops::function::FnOnce<()>>::call_once::{shim:vtable#0}
[INFO] [stdout]   19:     0x631922af164f - <std[617be2ca0a6fd877]::sys::thread::unix::Thread>::new::thread_start
[INFO] [stdout]   20:     0x7e38a4f96dfa - <unknown>
[INFO] [stdout]   21:     0x7e38a502a3d4 - clone
[INFO] [stdout]   22:                0x0 - <unknown>
[INFO] [stdout] 
[INFO] [stdout] ---- overdue_work_is_counted_in_the_tally stdout ----
[INFO] [stdout] 
[INFO] [stdout] thread 'overdue_work_is_counted_in_the_tally' (1154) panicked at crates/branchy-cli/tests/cli.rs:51:10:
[INFO] [stdout] binary runs: Os { code: 2, kind: NotFound, message: "No such file or directory" }
[INFO] [stdout] stack backtrace:
[INFO] [stdout]    0:     0x631922af2331 - <<std[617be2ca0a6fd877]::sys::backtrace::BacktraceLock>::print::DisplayBacktrace as core[a373ad73a504971]::fmt::Display>::fmt
[INFO] [stdout]    1:     0x631922b0679a - core[a373ad73a504971]::fmt::write
[INFO] [stdout]    2:     0x631922af683c - <alloc[2e1b2a31b91974c5]::vec::Vec<u8> as core[a373ad73a504971]::io::write::Write>::write_fmt
[INFO] [stdout]    3:     0x631922acbe76 - std[617be2ca0a6fd877]::panicking::default_hook::{closure#0}
[INFO] [stdout]    4:     0x631922ae9ac9 - std[617be2ca0a6fd877]::panicking::default_hook
[INFO] [stdout]    5:     0x631922a83760 - test[aada8e7e76ba119b]::test_main_inner::{closure#0}
[INFO] [stdout]    6:     0x631922ae9c82 - std[617be2ca0a6fd877]::panicking::panic_with_hook
[INFO] [stdout]    7:     0x631922acbf22 - std[617be2ca0a6fd877]::panicking::panic_handler::{closure#0}
[INFO] [stdout]    8:     0x631922ac4929 - std[617be2ca0a6fd877]::sys::backtrace::__rust_end_short_backtrace::<std[617be2ca0a6fd877]::panicking::panic_handler::{closure#0}, !>
[INFO] [stdout]    9:     0x631922accc1d - __rustc[ea4f61d10b84890b]::rust_begin_unwind
[INFO] [stdout]   10:     0x631922b06ecc - core[a373ad73a504971]::panicking::panic_fmt
[INFO] [stdout]   11:     0x631922b06ca2 - core[a373ad73a504971]::result::unwrap_failed
[INFO] [stdout]   12:     0x631922a6615f - cli[6f37a32c0341dd78]::run
[INFO] [stdout]   13:     0x631922a66beb - cli[6f37a32c0341dd78]::seeded
[INFO] [stdout]   14:     0x631922a6c534 - <cli[6f37a32c0341dd78]::overdue_work_is_counted_in_the_tally::{closure#0} as core[a373ad73a504971]::ops::function::FnOnce<()>>::call_once
[INFO] [stdout]   15:     0x631922a76bab - test[aada8e7e76ba119b]::__rust_begin_short_backtrace::<core[a373ad73a504971]::result::Result<(), alloc[2e1b2a31b91974c5]::string::String>, fn() -> core[a373ad73a504971]::result::Result<(), alloc[2e1b2a31b91974c5]::string::String>>
[INFO] [stdout]   16:     0x631922a83d85 - test[aada8e7e76ba119b]::run_test::{closure#0}
[INFO] [stdout]   17:     0x631922a7d674 - std[617be2ca0a6fd877]::sys::backtrace::__rust_begin_short_backtrace::<test[aada8e7e76ba119b]::run_test::{closure#1}, ()>
[INFO] [stdout]   18:     0x631922a86e12 - <std[617be2ca0a6fd877]::thread::lifecycle::spawn_unchecked<test[aada8e7e76ba119b]::run_test::{closure#1}, ()>::{closure#1} as core[a373ad73a504971]::ops::function::FnOnce<()>>::call_once::{shim:vtable#0}
[INFO] [stdout]   19:     0x631922af164f - <std[617be2ca0a6fd877]::sys::thread::unix::Thread>::new::thread_start
[INFO] [stdout]   20:     0x7e38a4f96dfa - <unknown>
[INFO] [stdout]   21:     0x7e38a502a3d4 - clone
[INFO] [stdout]   22:                0x0 - <unknown>
[INFO] [stdout] 
[INFO] [stdout] ---- snapshot_of_an_empty_graph_is_still_valid stdout ----
[INFO] [stdout] 
[INFO] [stdout] thread 'snapshot_of_an_empty_graph_is_still_valid' (1172) panicked at crates/branchy-cli/tests/cli.rs:51:10:
[INFO] [stdout] binary runs: Os { code: 2, kind: NotFound, message: "No such file or directory" }
[INFO] [stdout] stack backtrace:
[INFO] [stdout]    0:     0x631922af2331 - <<std[617be2ca0a6fd877]::sys::backtrace::BacktraceLock>::print::DisplayBacktrace as core[a373ad73a504971]::fmt::Display>::fmt
[INFO] [stdout]    1:     0x631922b0679a - core[a373ad73a504971]::fmt::write
[INFO] [stdout]    2:     0x631922af683c - <alloc[2e1b2a31b91974c5]::vec::Vec<u8> as core[a373ad73a504971]::io::write::Write>::write_fmt
[INFO] [stdout]    3:     0x631922acbe76 - std[617be2ca0a6fd877]::panicking::default_hook::{closure#0}
[INFO] [stdout]    4:     0x631922ae9ac9 - std[617be2ca0a6fd877]::panicking::default_hook
[INFO] [stdout]    5:     0x631922a83760 - test[aada8e7e76ba119b]::test_main_inner::{closure#0}
[INFO] [stdout]    6:     0x631922ae9c82 - std[617be2ca0a6fd877]::panicking::panic_with_hook
[INFO] [stdout]    7:     0x631922acbf22 - std[617be2ca0a6fd877]::panicking::panic_handler::{closure#0}
[INFO] [stdout]    8:     0x631922ac4929 - std[617be2ca0a6fd877]::sys::backtrace::__rust_end_short_backtrace::<std[617be2ca0a6fd877]::panicking::panic_handler::{closure#0}, !>
[INFO] [stdout]    9:     0x631922accc1d - __rustc[ea4f61d10b84890b]::rust_begin_unwind
[INFO] [stdout]   10:     0x631922b06ecc - core[a373ad73a504971]::panicking::panic_fmt
[INFO] [stdout]   11:     0x631922b06ca2 - core[a373ad73a504971]::result::unwrap_failed
[INFO] [stdout]   12:     0x631922a6615f - cli[6f37a32c0341dd78]::run
[INFO] [stdout]   13:     0x631922a6f701 - <cli[6f37a32c0341dd78]::snapshot_of_an_empty_graph_is_still_valid::{closure#0} as core[a373ad73a504971]::ops::function::FnOnce<()>>::call_once
[INFO] [stdout]   14:     0x631922a76bab - test[aada8e7e76ba119b]::__rust_begin_short_backtrace::<core[a373ad73a504971]::result::Result<(), alloc[2e1b2a31b91974c5]::string::String>, fn() -> core[a373ad73a504971]::result::Result<(), alloc[2e1b2a31b91974c5]::string::String>>
[INFO] [stdout]   15:     0x631922a83d85 - test[aada8e7e76ba119b]::run_test::{closure#0}
[INFO] [stdout]   16:     0x631922a7d674 - std[617be2ca0a6fd877]::sys::backtrace::__rust_begin_short_backtrace::<test[aada8e7e76ba119b]::run_test::{closure#1}, ()>
[INFO] [stdout]   17:     0x631922a86e12 - <std[617be2ca0a6fd877]::thread::lifecycle::spawn_unchecked<test[aada8e7e76ba119b]::run_test::{closure#1}, ()>::{closure#1} as core[a373ad73a504971]::ops::function::FnOnce<()>>::call_once::{shim:vtable#0}
[INFO] [stdout]   18:     0x631922af164f - <std[617be2ca0a6fd877]::sys::thread::unix::Thread>::new::thread_start
[INFO] [stdout]   19:     0x7e38a4f96dfa - <unknown>
[INFO] [stdout]   20:     0x7e38a502a3d4 - clone
[INFO] [stdout]   21:                0x0 - <unknown>
[INFO] [stdout] 
[INFO] [stdout] ---- snapshot_carries_the_derived_picture stdout ----
[INFO] [stdout] 
[INFO] [stdout] thread 'snapshot_carries_the_derived_picture' (1171) panicked at crates/branchy-cli/tests/cli.rs:51:10:
[INFO] [stdout] binary runs: Os { code: 2, kind: NotFound, message: "No such file or directory" }
[INFO] [stdout] stack backtrace:
[INFO] [stdout]    0:     0x631922af2331 - <<std[617be2ca0a6fd877]::sys::backtrace::BacktraceLock>::print::DisplayBacktrace as core[a373ad73a504971]::fmt::Display>::fmt
[INFO] [stdout]    1:     0x631922b0679a - core[a373ad73a504971]::fmt::write
[INFO] [stdout]    2:     0x631922af683c - <alloc[2e1b2a31b91974c5]::vec::Vec<u8> as core[a373ad73a504971]::io::write::Write>::write_fmt
[INFO] [stdout]    3:     0x631922acbe76 - std[617be2ca0a6fd877]::panicking::default_hook::{closure#0}
[INFO] [stdout]    4:     0x631922ae9ac9 - std[617be2ca0a6fd877]::panicking::default_hook
[INFO] [stdout]    5:     0x631922a83760 - test[aada8e7e76ba119b]::test_main_inner::{closure#0}
[INFO] [stdout]    6:     0x631922ae9c82 - std[617be2ca0a6fd877]::panicking::panic_with_hook
[INFO] [stdout]    7:     0x631922acbf22 - std[617be2ca0a6fd877]::panicking::panic_handler::{closure#0}
[INFO] [stdout]    8:     0x631922ac4929 - std[617be2ca0a6fd877]::sys::backtrace::__rust_end_short_backtrace::<std[617be2ca0a6fd877]::panicking::panic_handler::{closure#0}, !>
[INFO] [stdout]    9:     0x631922accc1d - __rustc[ea4f61d10b84890b]::rust_begin_unwind
[INFO] [stdout]   10:     0x631922b06ecc - core[a373ad73a504971]::panicking::panic_fmt
[INFO] [stdout]   11:     0x631922b06ca2 - core[a373ad73a504971]::result::unwrap_failed
[INFO] [stdout]   12:     0x631922a6615f - cli[6f37a32c0341dd78]::run
[INFO] [stdout]   13:     0x631922a66beb - cli[6f37a32c0341dd78]::seeded
[INFO] [stdout]   14:     0x631922a6ca94 - <cli[6f37a32c0341dd78]::snapshot_carries_the_derived_picture::{closure#0} as core[a373ad73a504971]::ops::function::FnOnce<()>>::call_once
[INFO] [stdout]   15:     0x631922a76bab - test[aada8e7e76ba119b]::__rust_begin_short_backtrace::<core[a373ad73a504971]::result::Result<(), alloc[2e1b2a31b91974c5]::string::String>, fn() -> core[a373ad73a504971]::result::Result<(), alloc[2e1b2a31b91974c5]::string::String>>
[INFO] [stdout]   16:     0x631922a83d85 - test[aada8e7e76ba119b]::run_test::{closure#0}
[INFO] [stdout]   17:     0x631922a7d674 - std[617be2ca0a6fd877]::sys::backtrace::__rust_begin_short_backtrace::<test[aada8e7e76ba119b]::run_test::{closure#1}, ()>
[INFO] [stdout]   18:     0x631922a86e12 - <std[617be2ca0a6fd877]::thread::lifecycle::spawn_unchecked<test[aada8e7e76ba119b]::run_test::{closure#1}, ()>::{closure#1} as core[a373ad73a504971]::ops::function::FnOnce<()>>::call_once::{shim:vtable#0}
[INFO] [stdout]   19:     0x631922af164f - <std[617be2ca0a6fd877]::sys::thread::unix::Thread>::new::thread_start
[INFO] [stdout]   20:     0x7e38a4f96dfa - <unknown>
[INFO] [stdout]   21:     0x7e38a502a3d4 - clone
[INFO] [stdout]   22:                0x0 - <unknown>
[INFO] [stdout] 
[INFO] [stdout] ---- every_example_in_the_guide_runs stdout ----
[INFO] [stdout] 
[INFO] [stdout] thread 'every_example_in_the_guide_runs' (1143) panicked at crates/branchy-cli/tests/cli.rs:51:10:
[INFO] [stdout] binary runs: Os { code: 2, kind: NotFound, message: "No such file or directory" }
[INFO] [stdout] stack backtrace:
[INFO] [stdout]    0:     0x631922af2331 - <<std[617be2ca0a6fd877]::sys::backtrace::BacktraceLock>::print::DisplayBacktrace as core[a373ad73a504971]::fmt::Display>::fmt
[INFO] [stdout]    1:     0x631922b0679a - core[a373ad73a504971]::fmt::write
[INFO] [stdout]    2:     0x631922af683c - <alloc[2e1b2a31b91974c5]::vec::Vec<u8> as core[a373ad73a504971]::io::write::Write>::write_fmt
[INFO] [stdout]    3:     0x631922acbe76 - std[617be2ca0a6fd877]::panicking::default_hook::{closure#0}
[INFO] [stdout]    4:     0x631922ae9ac9 - std[617be2ca0a6fd877]::panicking::default_hook
[INFO] [stdout]    5:     0x631922a83760 - test[aada8e7e76ba119b]::test_main_inner::{closure#0}
[INFO] [stdout]    6:     0x631922ae9c82 - std[617be2ca0a6fd877]::panicking::panic_with_hook
[INFO] [stdout]    7:     0x631922acbf22 - std[617be2ca0a6fd877]::panicking::panic_handler::{closure#0}
[INFO] [stdout]    8:     0x631922ac4929 - std[617be2ca0a6fd877]::sys::backtrace::__rust_end_short_backtrace::<std[617be2ca0a6fd877]::panicking::panic_handler::{closure#0}, !>
[INFO] [stdout]    9:     0x631922accc1d - __rustc[ea4f61d10b84890b]::rust_begin_unwind
[INFO] [stdout]   10:     0x631922b06ecc - core[a373ad73a504971]::panicking::panic_fmt
[INFO] [stdout]   11:     0x631922b06ca2 - core[a373ad73a504971]::result::unwrap_failed
[INFO] [stdout]   12:     0x631922a6615f - cli[6f37a32c0341dd78]::run
[INFO] [stdout]   13:     0x631922a6a136 - <cli[6f37a32c0341dd78]::every_example_in_the_guide_runs::{closure#0} as core[a373ad73a504971]::ops::function::FnOnce<()>>::call_once
[INFO] [stdout]   14:     0x631922a76bab - test[aada8e7e76ba119b]::__rust_begin_short_backtrace::<core[a373ad73a504971]::result::Result<(), alloc[2e1b2a31b91974c5]::string::String>, fn() -> core[a373ad73a504971]::result::Result<(), alloc[2e1b2a31b91974c5]::string::String>>
[INFO] [stdout]   15:     0x631922a83d85 - test[aada8e7e76ba119b]::run_test::{closure#0}
[INFO] [stdout]   16:     0x631922a7d674 - std[617be2ca0a6fd877]::sys::backtrace::__rust_begin_short_backtrace::<test[aada8e7e76ba119b]::run_test::{closure#1}, ()>
[INFO] [stdout]   17:     0x631922a86e12 - <std[617be2ca0a6fd877]::thread::lifecycle::spawn_unchecked<test[aada8e7e76ba119b]::run_test::{closure#1}, ()>::{closure#1} as core[a373ad73a504971]::ops::function::FnOnce<()>>::call_once::{shim:vtable#0}
[INFO] [stdout]   18:     0x631922af164f - <std[617be2ca0a6fd877]::sys::thread::unix::Thread>::new::thread_start
[INFO] [stdout]   19:     0x7e38a4f96dfa - <unknown>
[INFO] [stdout]   20:     0x7e38a502a3d4 - clone
[INFO] [stdout]   21:                0x0 - <unknown>
[INFO] [stdout] 
[INFO] [stdout] ---- find_says_how_much_a_limit_left_out stdout ----
[INFO] [stdout] 
[INFO] [stdout] thread 'find_says_how_much_a_limit_left_out' (1148) panicked at crates/branchy-cli/tests/cli.rs:51:10:
[INFO] [stdout] binary runs: Os { code: 2, kind: NotFound, message: "No such file or directory" }
[INFO] [stdout] stack backtrace:
[INFO] [stdout]    0:     0x631922af2331 - <<std[617be2ca0a6fd877]::sys::backtrace::BacktraceLock>::print::DisplayBacktrace as core[a373ad73a504971]::fmt::Display>::fmt
[INFO] [stdout]    1:     0x631922b0679a - core[a373ad73a504971]::fmt::write
[INFO] [stdout]    2:     0x631922af683c - <alloc[2e1b2a31b91974c5]::vec::Vec<u8> as core[a373ad73a504971]::io::write::Write>::write_fmt
[INFO] [stdout]    3:     0x631922acbe76 - std[617be2ca0a6fd877]::panicking::default_hook::{closure#0}
[INFO] [stdout]    4:     0x631922ae9ac9 - std[617be2ca0a6fd877]::panicking::default_hook
[INFO] [stdout]    5:     0x631922a83760 - test[aada8e7e76ba119b]::test_main_inner::{closure#0}
[INFO] [stdout]    6:     0x631922ae9c82 - std[617be2ca0a6fd877]::panicking::panic_with_hook
[INFO] [stdout]    7:     0x631922acbf22 - std[617be2ca0a6fd877]::panicking::panic_handler::{closure#0}
[INFO] [stdout]    8:     0x631922ac4929 - std[617be2ca0a6fd877]::sys::backtrace::__rust_end_short_backtrace::<std[617be2ca0a6fd877]::panicking::panic_handler::{closure#0}, !>
[INFO] [stdout]    9:     0x631922accc1d - __rustc[ea4f61d10b84890b]::rust_begin_unwind
[INFO] [stdout]   10:     0x631922b06ecc - core[a373ad73a504971]::panicking::panic_fmt
[INFO] [stdout]   11:     0x631922b06ca2 - core[a373ad73a504971]::result::unwrap_failed
[INFO] [stdout]   12:     0x631922a6615f - cli[6f37a32c0341dd78]::run
[INFO] [stdout]   13:     0x631922a66beb - cli[6f37a32c0341dd78]::seeded
[INFO] [stdout]   14:     0x631922a6c356 - <cli[6f37a32c0341dd78]::find_says_how_much_a_limit_left_out::{closure#0} as core[a373ad73a504971]::ops::function::FnOnce<()>>::call_once
[INFO] [stdout]   15:     0x631922a76bab - test[aada8e7e76ba119b]::__rust_begin_short_backtrace::<core[a373ad73a504971]::result::Result<(), alloc[2e1b2a31b91974c5]::string::String>, fn() -> core[a373ad73a504971]::result::Result<(), alloc[2e1b2a31b91974c5]::string::String>>
[INFO] [stdout]   16:     0x631922a83d85 - test[aada8e7e76ba119b]::run_test::{closure#0}
[INFO] [stdout]   17:     0x631922a7d674 - std[617be2ca0a6fd877]::sys::backtrace::__rust_begin_short_backtrace::<test[aada8e7e76ba119b]::run_test::{closure#1}, ()>
[INFO] [stdout]   18:     0x631922a86e12 - <std[617be2ca0a6fd877]::thread::lifecycle::spawn_unchecked<test[aada8e7e76ba119b]::run_test::{closure#1}, ()>::{closure#1} as core[a373ad73a504971]::ops::function::FnOnce<()>>::call_once::{shim:vtable#0}
[INFO] [stdout]   19:     0x631922af164f - <std[617be2ca0a6fd877]::sys::thread::unix::Thread>::new::thread_start
[INFO] [stdout]   20:     0x7e38a4f96dfa - <unknown>
[INFO] [stdout]   21:     0x7e38a502a3d4 - clone
[INFO] [stdout]   22:                0x0 - <unknown>
[INFO] [stdout] 
[INFO] [stdout] ---- plain_rows_carry_ids_and_whole_names stdout ----
[INFO] [stdout] 
[INFO] [stdout] thread 'plain_rows_carry_ids_and_whole_names' (1155) panicked at crates/branchy-cli/tests/cli.rs:51:10:
[INFO] [stdout] binary runs: Os { code: 2, kind: NotFound, message: "No such file or directory" }
[INFO] [stdout] stack backtrace:
[INFO] [stdout]    0:     0x631922af2331 - <<std[617be2ca0a6fd877]::sys::backtrace::BacktraceLock>::print::DisplayBacktrace as core[a373ad73a504971]::fmt::Display>::fmt
[INFO] [stdout]    1:     0x631922b0679a - core[a373ad73a504971]::fmt::write
[INFO] [stdout]    2:     0x631922af683c - <alloc[2e1b2a31b91974c5]::vec::Vec<u8> as core[a373ad73a504971]::io::write::Write>::write_fmt
[INFO] [stdout]    3:     0x631922acbe76 - std[617be2ca0a6fd877]::panicking::default_hook::{closure#0}
[INFO] [stdout]    4:     0x631922ae9ac9 - std[617be2ca0a6fd877]::panicking::default_hook
[INFO] [stdout]    5:     0x631922a83760 - test[aada8e7e76ba119b]::test_main_inner::{closure#0}
[INFO] [stdout]    6:     0x631922ae9c82 - std[617be2ca0a6fd877]::panicking::panic_with_hook
[INFO] [stdout]    7:     0x631922acbf22 - std[617be2ca0a6fd877]::panicking::panic_handler::{closure#0}
[INFO] [stdout]    8:     0x631922ac4929 - std[617be2ca0a6fd877]::sys::backtrace::__rust_end_short_backtrace::<std[617be2ca0a6fd877]::panicking::panic_handler::{closure#0}, !>
[INFO] [stdout]    9:     0x631922accc1d - __rustc[ea4f61d10b84890b]::rust_begin_unwind
[INFO] [stdout]   10:     0x631922b06ecc - core[a373ad73a504971]::panicking::panic_fmt
[INFO] [stdout]   11:     0x631922b06ca2 - core[a373ad73a504971]::result::unwrap_failed
[INFO] [stdout]   12:     0x631922a6615f - cli[6f37a32c0341dd78]::run
[INFO] [stdout]   13:     0x631922a66beb - cli[6f37a32c0341dd78]::seeded
[INFO] [stdout]   14:     0x631922a6c7ba - <cli[6f37a32c0341dd78]::plain_rows_carry_ids_and_whole_names::{closure#0} as core[a373ad73a504971]::ops::function::FnOnce<()>>::call_once
[INFO] [stdout]   15:     0x631922a76bab - test[aada8e7e76ba119b]::__rust_begin_short_backtrace::<core[a373ad73a504971]::result::Result<(), alloc[2e1b2a31b91974c5]::string::String>, fn() -> core[a373ad73a504971]::result::Result<(), alloc[2e1b2a31b91974c5]::string::String>>
[INFO] [stdout]   16:     0x631922a83d85 - test[aada8e7e76ba119b]::run_test::{closure#0}
[INFO] [stdout]   17:     0x631922a7d674 - std[617be2ca0a6fd877]::sys::backtrace::__rust_begin_short_backtrace::<test[aada8e7e76ba119b]::run_test::{closure#1}, ()>
[INFO] [stdout]   18:     0x631922a86e12 - <std[617be2ca0a6fd877]::thread::lifecycle::spawn_unchecked<test[aada8e7e76ba119b]::run_test::{closure#1}, ()>::{closure#1} as core[a373ad73a504971]::ops::function::FnOnce<()>>::call_once::{shim:vtable#0}
[INFO] [stdout]   19:     0x631922af164f - <std[617be2ca0a6fd877]::sys::thread::unix::Thread>::new::thread_start
[INFO] [stdout]   20:     0x7e38a4f96dfa - <unknown>
[INFO] [stdout]   21:     0x7e38a502a3d4 - clone
[INFO] [stdout]   22:                0x0 - <unknown>
[INFO] [stdout] 
[INFO] [stdout] ---- the_calendar_marks_an_inherited_deadline stdout ----
[INFO] [stdout] 
[INFO] [stdout] thread 'the_calendar_marks_an_inherited_deadline' (1177) panicked at crates/branchy-cli/tests/cli.rs:51:10:
[INFO] [stdout] binary runs: Os { code: 2, kind: NotFound, message: "No such file or directory" }
[INFO] [stdout] stack backtrace:
[INFO] [stdout]    0:     0x631922af2331 - <<std[617be2ca0a6fd877]::sys::backtrace::BacktraceLock>::print::DisplayBacktrace as core[a373ad73a504971]::fmt::Display>::fmt
[INFO] [stdout]    1:     0x631922b0679a - core[a373ad73a504971]::fmt::write
[INFO] [stdout]    2:     0x631922af683c - <alloc[2e1b2a31b91974c5]::vec::Vec<u8> as core[a373ad73a504971]::io::write::Write>::write_fmt
[INFO] [stdout]    3:     0x631922acbe76 - std[617be2ca0a6fd877]::panicking::default_hook::{closure#0}
[INFO] [stdout]    4:     0x631922ae9ac9 - std[617be2ca0a6fd877]::panicking::default_hook
[INFO] [stdout]    5:     0x631922a83760 - test[aada8e7e76ba119b]::test_main_inner::{closure#0}
[INFO] [stdout]    6:     0x631922ae9c82 - std[617be2ca0a6fd877]::panicking::panic_with_hook
[INFO] [stdout]    7:     0x631922acbf22 - std[617be2ca0a6fd877]::panicking::panic_handler::{closure#0}
[INFO] [stdout]    8:     0x631922ac4929 - std[617be2ca0a6fd877]::sys::backtrace::__rust_end_short_backtrace::<std[617be2ca0a6fd877]::panicking::panic_handler::{closure#0}, !>
[INFO] [stdout]    9:     0x631922accc1d - __rustc[ea4f61d10b84890b]::rust_begin_unwind
[INFO] [stdout]   10:     0x631922b06ecc - core[a373ad73a504971]::panicking::panic_fmt
[INFO] [stdout]   11:     0x631922b06ca2 - core[a373ad73a504971]::result::unwrap_failed
[INFO] [stdout]   12:     0x631922a6615f - cli[6f37a32c0341dd78]::run
[INFO] [stdout]   13:     0x631922a66beb - cli[6f37a32c0341dd78]::seeded
[INFO] [stdout]   14:     0x631922a6ee1a - <cli[6f37a32c0341dd78]::the_calendar_marks_an_inherited_deadline::{closure#0} as core[a373ad73a504971]::ops::function::FnOnce<()>>::call_once
[INFO] [stdout]   15:     0x631922a76bab - test[aada8e7e76ba119b]::__rust_begin_short_backtrace::<core[a373ad73a504971]::result::Result<(), alloc[2e1b2a31b91974c5]::string::String>, fn() -> core[a373ad73a504971]::result::Result<(), alloc[2e1b2a31b91974c5]::string::String>>
[INFO] [stdout]   16:     0x631922a83d85 - test[aada8e7e76ba119b]::run_test::{closure#0}
[INFO] [stdout]   17:     0x631922a7d674 - std[617be2ca0a6fd877]::sys::backtrace::__rust_begin_short_backtrace::<test[aada8e7e76ba119b]::run_test::{closure#1}, ()>
[INFO] [stdout]   18:     0x631922a86e12 - <std[617be2ca0a6fd877]::thread::lifecycle::spawn_unchecked<test[aada8e7e76ba119b]::run_test::{closure#1}, ()>::{closure#1} as core[a373ad73a504971]::ops::function::FnOnce<()>>::call_once::{shim:vtable#0}
[INFO] [stdout]   19:     0x631922af164f - <std[617be2ca0a6fd877]::sys::thread::unix::Thread>::new::thread_start
[INFO] [stdout]   20:     0x7e38a4f96dfa - <unknown>
[INFO] [stdout]   21:     0x7e38a502a3d4 - clone
[INFO] [stdout]   22:                0x0 - <unknown>
[INFO] [stdout] 
[INFO] [stdout] ---- plain_rows_refer_to_prerequisites_by_id stdout ----
[INFO] [stdout] 
[INFO] [stdout] thread 'plain_rows_refer_to_prerequisites_by_id' (1157) panicked at crates/branchy-cli/tests/cli.rs:51:10:
[INFO] [stdout] binary runs: Os { code: 2, kind: NotFound, message: "No such file or directory" }
[INFO] [stdout] stack backtrace:
[INFO] [stdout]    0:     0x631922af2331 - <<std[617be2ca0a6fd877]::sys::backtrace::BacktraceLock>::print::DisplayBacktrace as core[a373ad73a504971]::fmt::Display>::fmt
[INFO] [stdout]    1:     0x631922b0679a - core[a373ad73a504971]::fmt::write
[INFO] [stdout]    2:     0x631922af683c - <alloc[2e1b2a31b91974c5]::vec::Vec<u8> as core[a373ad73a504971]::io::write::Write>::write_fmt
[INFO] [stdout]    3:     0x631922acbe76 - std[617be2ca0a6fd877]::panicking::default_hook::{closure#0}
[INFO] [stdout]    4:     0x631922ae9ac9 - std[617be2ca0a6fd877]::panicking::default_hook
[INFO] [stdout]    5:     0x631922a83760 - test[aada8e7e76ba119b]::test_main_inner::{closure#0}
[INFO] [stdout]    6:     0x631922ae9c82 - std[617be2ca0a6fd877]::panicking::panic_with_hook
[INFO] [stdout]    7:     0x631922acbf22 - std[617be2ca0a6fd877]::panicking::panic_handler::{closure#0}
[INFO] [stdout]    8:     0x631922ac4929 - std[617be2ca0a6fd877]::sys::backtrace::__rust_end_short_backtrace::<std[617be2ca0a6fd877]::panicking::panic_handler::{closure#0}, !>
[INFO] [stdout]    9:     0x631922accc1d - __rustc[ea4f61d10b84890b]::rust_begin_unwind
[INFO] [stdout]   10:     0x631922b06ecc - core[a373ad73a504971]::panicking::panic_fmt
[INFO] [stdout]   11:     0x631922b06ca2 - core[a373ad73a504971]::result::unwrap_failed
[INFO] [stdout]   12:     0x631922a6615f - cli[6f37a32c0341dd78]::run
[INFO] [stdout]   13:     0x631922a66beb - cli[6f37a32c0341dd78]::seeded
[INFO] [stdout]   14:     0x631922a6daf5 - <cli[6f37a32c0341dd78]::plain_rows_refer_to_prerequisites_by_id::{closure#0} as core[a373ad73a504971]::ops::function::FnOnce<()>>::call_once
[INFO] [stdout]   15:     0x631922a76bab - test[aada8e7e76ba119b]::__rust_begin_short_backtrace::<core[a373ad73a504971]::result::Result<(), alloc[2e1b2a31b91974c5]::string::String>, fn() -> core[a373ad73a504971]::result::Result<(), alloc[2e1b2a31b91974c5]::string::String>>
[INFO] [stdout]   16:     0x631922a83d85 - test[aada8e7e76ba119b]::run_test::{closure#0}
[INFO] [stdout]   17:     0x631922a7d674 - std[617be2ca0a6fd877]::sys::backtrace::__rust_begin_short_backtrace::<test[aada8e7e76ba119b]::run_test::{closure#1}, ()>
[INFO] [stdout]   18:     0x631922a86e12 - <std[617be2ca0a6fd877]::thread::lifecycle::spawn_unchecked<test[aada8e7e76ba119b]::run_test::{closure#1}, ()>::{closure#1} as core[a373ad73a504971]::ops::function::FnOnce<()>>::call_once::{shim:vtable#0}
[INFO] [stdout]   19:     0x631922af164f - <std[617be2ca0a6fd877]::sys::thread::unix::Thread>::new::thread_start
[INFO] [stdout]   20:     0x7e38a4f96dfa - <unknown>
[INFO] [stdout]   21:     0x7e38a502a3d4 - clone
[INFO] [stdout]   22:                0x0 - <unknown>
[INFO] [stdout] 
[INFO] [stdout] ---- opening_a_vault_moves_the_terminal_to_it stdout ----
[INFO] [stdout] 
[INFO] [stdout] thread 'opening_a_vault_moves_the_terminal_to_it' (1153) panicked at crates/branchy-cli/tests/cli.rs:650:50:
[INFO] [stdout] binary runs: Os { code: 2, kind: NotFound, message: "No such file or directory" }
[INFO] [stdout] stack backtrace:
[INFO] [stdout]    0:     0x631922af2331 - <<std[617be2ca0a6fd877]::sys::backtrace::BacktraceLock>::print::DisplayBacktrace as core[a373ad73a504971]::fmt::Display>::fmt
[INFO] [stdout]    1:     0x631922b0679a - core[a373ad73a504971]::fmt::write
[INFO] [stdout]    2:     0x631922af683c - <alloc[2e1b2a31b91974c5]::vec::Vec<u8> as core[a373ad73a504971]::io::write::Write>::write_fmt
[INFO] [stdout]    3:     0x631922acbe76 - std[617be2ca0a6fd877]::panicking::default_hook::{closure#0}
[INFO] [stdout]    4:     0x631922ae9ac9 - std[617be2ca0a6fd877]::panicking::default_hook
[INFO] [stdout]    5:     0x631922a83760 - test[aada8e7e76ba119b]::test_main_inner::{closure#0}
[INFO] [stdout]    6:     0x631922ae9c82 - std[617be2ca0a6fd877]::panicking::panic_with_hook
[INFO] [stdout]    7:     0x631922acbf22 - std[617be2ca0a6fd877]::panicking::panic_handler::{closure#0}
[INFO] [stdout]    8:     0x631922ac4929 - std[617be2ca0a6fd877]::sys::backtrace::__rust_end_short_backtrace::<std[617be2ca0a6fd877]::panicking::panic_handler::{closure#0}, !>
[INFO] [stdout]    9:     0x631922accc1d - __rustc[ea4f61d10b84890b]::rust_begin_unwind
[INFO] [stdout]   10:     0x631922b06ecc - core[a373ad73a504971]::panicking::panic_fmt
[INFO] [stdout]   11:     0x631922b06ca2 - core[a373ad73a504971]::result::unwrap_failed
[INFO] [stdout]   12:     0x631922a66ffd - <cli[6f37a32c0341dd78]::Desk>::run
[INFO] [stdout]   13:     0x631922a67596 - <cli[6f37a32c0341dd78]::Desk>::vault
[INFO] [stdout]   14:     0x631922a6e68c - <cli[6f37a32c0341dd78]::opening_a_vault_moves_the_terminal_to_it::{closure#0} as core[a373ad73a504971]::ops::function::FnOnce<()>>::call_once
[INFO] [stdout]   15:     0x631922a76bab - test[aada8e7e76ba119b]::__rust_begin_short_backtrace::<core[a373ad73a504971]::result::Result<(), alloc[2e1b2a31b91974c5]::string::String>, fn() -> core[a373ad73a504971]::result::Result<(), alloc[2e1b2a31b91974c5]::string::String>>
[INFO] [stdout]   16:     0x631922a83d85 - test[aada8e7e76ba119b]::run_test::{closure#0}
[INFO] [stdout]   17:     0x631922a7d674 - std[617be2ca0a6fd877]::sys::backtrace::__rust_begin_short_backtrace::<test[aada8e7e76ba119b]::run_test::{closure#1}, ()>
[INFO] [stdout]   18:     0x631922a86e12 - <std[617be2ca0a6fd877]::thread::lifecycle::spawn_unchecked<test[aada8e7e76ba119b]::run_test::{closure#1}, ()>::{closure#1} as core[a373ad73a504971]::ops::function::FnOnce<()>>::call_once::{shim:vtable#0}
[INFO] [stdout]   19:     0x631922af164f - <std[617be2ca0a6fd877]::sys::thread::unix::Thread>::new::thread_start
[INFO] [stdout]   20:     0x7e38a4f96dfa - <unknown>
[INFO] [stdout]   21:     0x7e38a502a3d4 - clone
[INFO] [stdout]   22:                0x0 - <unknown>
[INFO] [stdout] 
[INFO] [stdout] ---- plain_show_ends_with_the_note_as_written stdout ----
[INFO] [stdout] 
[INFO] [stdout] thread 'plain_show_ends_with_the_note_as_written' (1165) panicked at crates/branchy-cli/tests/cli.rs:51:10:
[INFO] [stdout] binary runs: Os { code: 2, kind: NotFound, message: "No such file or directory" }
[INFO] [stdout] stack backtrace:
[INFO] [stdout]    0:     0x631922af2331 - <<std[617be2ca0a6fd877]::sys::backtrace::BacktraceLock>::print::DisplayBacktrace as core[a373ad73a504971]::fmt::Display>::fmt
[INFO] [stdout]    1:     0x631922b0679a - core[a373ad73a504971]::fmt::write
[INFO] [stdout]    2:     0x631922af683c - <alloc[2e1b2a31b91974c5]::vec::Vec<u8> as core[a373ad73a504971]::io::write::Write>::write_fmt
[INFO] [stdout]    3:     0x631922acbe76 - std[617be2ca0a6fd877]::panicking::default_hook::{closure#0}
[INFO] [stdout]    4:     0x631922ae9ac9 - std[617be2ca0a6fd877]::panicking::default_hook
[INFO] [stdout]    5:     0x631922a83760 - test[aada8e7e76ba119b]::test_main_inner::{closure#0}
[INFO] [stdout]    6:     0x631922ae9c82 - std[617be2ca0a6fd877]::panicking::panic_with_hook
[INFO] [stdout]    7:     0x631922acbf22 - std[617be2ca0a6fd877]::panicking::panic_handler::{closure#0}
[INFO] [stdout]    8:     0x631922ac4929 - std[617be2ca0a6fd877]::sys::backtrace::__rust_end_short_backtrace::<std[617be2ca0a6fd877]::panicking::panic_handler::{closure#0}, !>
[INFO] [stdout]    9:     0x631922accc1d - __rustc[ea4f61d10b84890b]::rust_begin_unwind
[INFO] [stdout]   10:     0x631922b06ecc - core[a373ad73a504971]::panicking::panic_fmt
[INFO] [stdout]   11:     0x631922b06ca2 - core[a373ad73a504971]::result::unwrap_failed
[INFO] [stdout]   12:     0x631922a6615f - cli[6f37a32c0341dd78]::run
[INFO] [stdout]   13:     0x631922a66beb - cli[6f37a32c0341dd78]::seeded
[INFO] [stdout]   14:     0x631922a6ec84 - <cli[6f37a32c0341dd78]::plain_show_ends_with_the_note_as_written::{closure#0} as core[a373ad73a504971]::ops::function::FnOnce<()>>::call_once
[INFO] [stdout]   15:     0x631922a76bab - test[aada8e7e76ba119b]::__rust_begin_short_backtrace::<core[a373ad73a504971]::result::Result<(), alloc[2e1b2a31b91974c5]::string::String>, fn() -> core[a373ad73a504971]::result::Result<(), alloc[2e1b2a31b91974c5]::string::String>>
[INFO] [stdout]   16:     0x631922a83d85 - test[aada8e7e76ba119b]::run_test::{closure#0}
[INFO] [stdout]   17:     0x631922a7d674 - std[617be2ca0a6fd877]::sys::backtrace::__rust_begin_short_backtrace::<test[aada8e7e76ba119b]::run_test::{closure#1}, ()>
[INFO] [stdout]   18:     0x631922a86e12 - <std[617be2ca0a6fd877]::thread::lifecycle::spawn_unchecked<test[aada8e7e76ba119b]::run_test::{closure#1}, ()>::{closure#1} as core[a373ad73a504971]::ops::function::FnOnce<()>>::call_once::{shim:vtable#0}
[INFO] [stdout]   19:     0x631922af164f - <std[617be2ca0a6fd877]::sys::thread::unix::Thread>::new::thread_start
[INFO] [stdout]   20:     0x7e38a4f96dfa - <unknown>
[INFO] [stdout]   21:     0x7e38a502a3d4 - clone
[INFO] [stdout]   22:                0x0 - <unknown>
[INFO] [stdout] 
[INFO] [stdout] ---- starting_a_locked_task_is_refused_by_name stdout ----
[INFO] [stdout] 
[INFO] [stdout] thread 'starting_a_locked_task_is_refused_by_name' (1173) panicked at crates/branchy-cli/tests/cli.rs:51:10:
[INFO] [stdout] binary runs: Os { code: 2, kind: NotFound, message: "No such file or directory" }
[INFO] [stdout] stack backtrace:
[INFO] [stdout]    0:     0x631922af2331 - <<std[617be2ca0a6fd877]::sys::backtrace::BacktraceLock>::print::DisplayBacktrace as core[a373ad73a504971]::fmt::Display>::fmt
[INFO] [stdout]    1:     0x631922b0679a - core[a373ad73a504971]::fmt::write
[INFO] [stdout]    2:     0x631922af683c - <alloc[2e1b2a31b91974c5]::vec::Vec<u8> as core[a373ad73a504971]::io::write::Write>::write_fmt
[INFO] [stdout]    3:     0x631922acbe76 - std[617be2ca0a6fd877]::panicking::default_hook::{closure#0}
[INFO] [stdout]    4:     0x631922ae9ac9 - std[617be2ca0a6fd877]::panicking::default_hook
[INFO] [stdout]    5:     0x631922a83760 - test[aada8e7e76ba119b]::test_main_inner::{closure#0}
[INFO] [stdout]    6:     0x631922ae9c82 - std[617be2ca0a6fd877]::panicking::panic_with_hook
[INFO] [stdout]    7:     0x631922acbf22 - std[617be2ca0a6fd877]::panicking::panic_handler::{closure#0}
[INFO] [stdout]    8:     0x631922ac4929 - std[617be2ca0a6fd877]::sys::backtrace::__rust_end_short_backtrace::<std[617be2ca0a6fd877]::panicking::panic_handler::{closure#0}, !>
[INFO] [stdout]    9:     0x631922accc1d - __rustc[ea4f61d10b84890b]::rust_begin_unwind
[INFO] [stdout]   10:     0x631922b06ecc - core[a373ad73a504971]::panicking::panic_fmt
[INFO] [stdout]   11:     0x631922b06ca2 - core[a373ad73a504971]::result::unwrap_failed
[INFO] [stdout]   12:     0x631922a6615f - cli[6f37a32c0341dd78]::run
[INFO] [stdout]   13:     0x631922a66beb - cli[6f37a32c0341dd78]::seeded
[INFO] [stdout]   14:     0x631922a6f806 - <cli[6f37a32c0341dd78]::starting_a_locked_task_is_refused_by_name::{closure#0} as core[a373ad73a504971]::ops::function::FnOnce<()>>::call_once
[INFO] [stdout]   15:     0x631922a76bab - test[aada8e7e76ba119b]::__rust_begin_short_backtrace::<core[a373ad73a504971]::result::Result<(), alloc[2e1b2a31b91974c5]::string::String>, fn() -> core[a373ad73a504971]::result::Result<(), alloc[2e1b2a31b91974c5]::string::String>>
[INFO] [stdout]   16:     0x631922a83d85 - test[aada8e7e76ba119b]::run_test::{closure#0}
[INFO] [stdout]   17:     0x631922a7d674 - std[617be2ca0a6fd877]::sys::backtrace::__rust_begin_short_backtrace::<test[aada8e7e76ba119b]::run_test::{closure#1}, ()>
[INFO] [stdout]   18:     0x631922a86e12 - <std[617be2ca0a6fd877]::thread::lifecycle::spawn_unchecked<test[aada8e7e76ba119b]::run_test::{closure#1}, ()>::{closure#1} as core[a373ad73a504971]::ops::function::FnOnce<()>>::call_once::{shim:vtable#0}
[INFO] [stdout]   19:     0x631922af164f - <std[617be2ca0a6fd877]::sys::thread::unix::Thread>::new::thread_start
[INFO] [stdout]   20:     0x7e38a4f96dfa - <unknown>
[INFO] [stdout]   21:     0x7e38a502a3d4 - clone
[INFO] [stdout]   22:                0x0 - <unknown>
[INFO] [stdout] 
[INFO] [stdout] ---- changes_made_at_the_same_moment_are_all_kept stdout ----
[INFO] [stdout] 
[INFO] [stdout] thread 'changes_made_at_the_same_moment_are_all_kept' (1139) panicked at crates/branchy-cli/tests/cli.rs:51:10:
[INFO] [stdout] binary runs: Os { code: 2, kind: NotFound, message: "No such file or directory" }
[INFO] [stdout] stack backtrace:
[INFO] [stdout]    0:     0x631922af2331 - <<std[617be2ca0a6fd877]::sys::backtrace::BacktraceLock>::print::DisplayBacktrace as core[a373ad73a504971]::fmt::Display>::fmt
[INFO] [stdout]    1:     0x631922b0679a - core[a373ad73a504971]::fmt::write
[INFO] [stdout]    2:     0x631922af683c - <alloc[2e1b2a31b91974c5]::vec::Vec<u8> as core[a373ad73a504971]::io::write::Write>::write_fmt
[INFO] [stdout]    3:     0x631922acbe76 - std[617be2ca0a6fd877]::panicking::default_hook::{closure#0}
[INFO] [stdout]    4:     0x631922ae9ac9 - std[617be2ca0a6fd877]::panicking::default_hook
[INFO] [stdout]    5:     0x631922a83760 - test[aada8e7e76ba119b]::test_main_inner::{closure#0}
[INFO] [stdout]    6:     0x631922ae9c82 - std[617be2ca0a6fd877]::panicking::panic_with_hook
[INFO] [stdout]    7:     0x631922acbf22 - std[617be2ca0a6fd877]::panicking::panic_handler::{closure#0}
[INFO] [stdout]    8:     0x631922ac4929 - std[617be2ca0a6fd877]::sys::backtrace::__rust_end_short_backtrace::<std[617be2ca0a6fd877]::panicking::panic_handler::{closure#0}, !>
[INFO] [stdout]    9:     0x631922accc1d - __rustc[ea4f61d10b84890b]::rust_begin_unwind
[INFO] [stdout]   10:     0x631922b06ecc - core[a373ad73a504971]::panicking::panic_fmt
[INFO] [stdout]   11:     0x631922b06ca2 - core[a373ad73a504971]::result::unwrap_failed
[INFO] [stdout]   12:     0x631922a6615f - cli[6f37a32c0341dd78]::run
[INFO] [stdout]   13:     0x631922a7055c - <cli[6f37a32c0341dd78]::changes_made_at_the_same_moment_are_all_kept::{closure#0} as core[a373ad73a504971]::ops::function::FnOnce<()>>::call_once
[INFO] [stdout]   14:     0x631922a76bab - test[aada8e7e76ba119b]::__rust_begin_short_backtrace::<core[a373ad73a504971]::result::Result<(), alloc[2e1b2a31b91974c5]::string::String>, fn() -> core[a373ad73a504971]::result::Result<(), alloc[2e1b2a31b91974c5]::string::String>>
[INFO] [stdout]   15:     0x631922a83d85 - test[aada8e7e76ba119b]::run_test::{closure#0}
[INFO] [stdout]   16:     0x631922a7d674 - std[617be2ca0a6fd877]::sys::backtrace::__rust_begin_short_backtrace::<test[aada8e7e76ba119b]::run_test::{closure#1}, ()>
[INFO] [stdout]   17:     0x631922a86e12 - <std[617be2ca0a6fd877]::thread::lifecycle::spawn_unchecked<test[aada8e7e76ba119b]::run_test::{closure#1}, ()>::{closure#1} as core[a373ad73a504971]::ops::function::FnOnce<()>>::call_once::{shim:vtable#0}
[INFO] [stdout]   18:     0x631922af164f - <std[617be2ca0a6fd877]::sys::thread::unix::Thread>::new::thread_start
[INFO] [stdout]   19:     0x7e38a4f96dfa - <unknown>
[INFO] [stdout]   20:     0x7e38a502a3d4 - clone
[INFO] [stdout]   21:                0x0 - <unknown>
[INFO] [stdout] 
[INFO] [stdout] ---- find_matches_names_ignoring_case stdout ----
[INFO] [stdout] 
[INFO] [stdout] thread 'find_matches_names_ignoring_case' (1145) panicked at crates/branchy-cli/tests/cli.rs:51:10:
[INFO] [stdout] binary runs: Os { code: 2, kind: NotFound, message: "No such file or directory" }
[INFO] [stdout] stack backtrace:
[INFO] [stdout]    0:     0x631922af2331 - <<std[617be2ca0a6fd877]::sys::backtrace::BacktraceLock>::print::DisplayBacktrace as core[a373ad73a504971]::fmt::Display>::fmt
[INFO] [stdout]    1:     0x631922b0679a - core[a373ad73a504971]::fmt::write
[INFO] [stdout]    2:     0x631922af683c - <alloc[2e1b2a31b91974c5]::vec::Vec<u8> as core[a373ad73a504971]::io::write::Write>::write_fmt
[INFO] [stdout]    3:     0x631922acbe76 - std[617be2ca0a6fd877]::panicking::default_hook::{closure#0}
[INFO] [stdout]    4:     0x631922ae9ac9 - std[617be2ca0a6fd877]::panicking::default_hook
[INFO] [stdout]    5:     0x631922a83760 - test[aada8e7e76ba119b]::test_main_inner::{closure#0}
[INFO] [stdout]    6:     0x631922ae9c82 - std[617be2ca0a6fd877]::panicking::panic_with_hook
[INFO] [stdout]    7:     0x631922acbf22 - std[617be2ca0a6fd877]::panicking::panic_handler::{closure#0}
[INFO] [stdout]    8:     0x631922ac4929 - std[617be2ca0a6fd877]::sys::backtrace::__rust_end_short_backtrace::<std[617be2ca0a6fd877]::panicking::panic_handler::{closure#0}, !>
[INFO] [stdout]    9:     0x631922accc1d - __rustc[ea4f61d10b84890b]::rust_begin_unwind
[INFO] [stdout]   10:     0x631922b06ecc - core[a373ad73a504971]::panicking::panic_fmt
[INFO] [stdout]   11:     0x631922b06ca2 - core[a373ad73a504971]::result::unwrap_failed
[INFO] [stdout]   12:     0x631922a6615f - cli[6f37a32c0341dd78]::run
[INFO] [stdout]   13:     0x631922a66beb - cli[6f37a32c0341dd78]::seeded
[INFO] [stdout]   14:     0x631922a6aff6 - <cli[6f37a32c0341dd78]::find_matches_names_ignoring_case::{closure#0} as core[a373ad73a504971]::ops::function::FnOnce<()>>::call_once
[INFO] [stdout]   15:     0x631922a76bab - test[aada8e7e76ba119b]::__rust_begin_short_backtrace::<core[a373ad73a504971]::result::Result<(), alloc[2e1b2a31b91974c5]::string::String>, fn() -> core[a373ad73a504971]::result::Result<(), alloc[2e1b2a31b91974c5]::string::String>>
[INFO] [stdout]   16:     0x631922a83d85 - test[aada8e7e76ba119b]::run_test::{closure#0}
[INFO] [stdout]   17:     0x631922a7d674 - std[617be2ca0a6fd877]::sys::backtrace::__rust_begin_short_backtrace::<test[aada8e7e76ba119b]::run_test::{closure#1}, ()>
[INFO] [stdout]   18:     0x631922a86e12 - <std[617be2ca0a6fd877]::thread::lifecycle::spawn_unchecked<test[aada8e7e76ba119b]::run_test::{closure#1}, ()>::{closure#1} as core[a373ad73a504971]::ops::function::FnOnce<()>>::call_once::{shim:vtable#0}
[INFO] [stdout]   19:     0x631922af164f - <std[617be2ca0a6fd877]::sys::thread::unix::Thread>::new::thread_start
[INFO] [stdout]   20:     0x7e38a4f96dfa - <unknown>
[INFO] [stdout]   21:     0x7e38a502a3d4 - clone
[INFO] [stdout]   22:                0x0 - <unknown>
[INFO] [stdout] 
[INFO] [stdout] ---- the_board_shows_every_column stdout ----
[INFO] [stdout] 
[INFO] [stdout] thread 'the_board_shows_every_column' (1176) panicked at crates/branchy-cli/tests/cli.rs:51:10:
[INFO] [stdout] binary runs: Os { code: 2, kind: NotFound, message: "No such file or directory" }
[INFO] [stdout] stack backtrace:
[INFO] [stdout]    0:     0x631922af2331 - <<std[617be2ca0a6fd877]::sys::backtrace::BacktraceLock>::print::DisplayBacktrace as core[a373ad73a504971]::fmt::Display>::fmt
[INFO] [stdout]    1:     0x631922b0679a - core[a373ad73a504971]::fmt::write
[INFO] [stdout]    2:     0x631922af683c - <alloc[2e1b2a31b91974c5]::vec::Vec<u8> as core[a373ad73a504971]::io::write::Write>::write_fmt
[INFO] [stdout]    3:     0x631922acbe76 - std[617be2ca0a6fd877]::panicking::default_hook::{closure#0}
[INFO] [stdout]    4:     0x631922ae9ac9 - std[617be2ca0a6fd877]::panicking::default_hook
[INFO] [stdout]    5:     0x631922a83760 - test[aada8e7e76ba119b]::test_main_inner::{closure#0}
[INFO] [stdout]    6:     0x631922ae9c82 - std[617be2ca0a6fd877]::panicking::panic_with_hook
[INFO] [stdout]    7:     0x631922acbf22 - std[617be2ca0a6fd877]::panicking::panic_handler::{closure#0}
[INFO] [stdout]    8:     0x631922ac4929 - std[617be2ca0a6fd877]::sys::backtrace::__rust_end_short_backtrace::<std[617be2ca0a6fd877]::panicking::panic_handler::{closure#0}, !>
[INFO] [stdout]    9:     0x631922accc1d - __rustc[ea4f61d10b84890b]::rust_begin_unwind
[INFO] [stdout]   10:     0x631922b06ecc - core[a373ad73a504971]::panicking::panic_fmt
[INFO] [stdout]   11:     0x631922b06ca2 - core[a373ad73a504971]::result::unwrap_failed
[INFO] [stdout]   12:     0x631922a6615f - cli[6f37a32c0341dd78]::run
[INFO] [stdout]   13:     0x631922a66beb - cli[6f37a32c0341dd78]::seeded
[INFO] [stdout]   14:     0x631922a697e7 - <cli[6f37a32c0341dd78]::the_board_shows_every_column::{closure#0} as core[a373ad73a504971]::ops::function::FnOnce<()>>::call_once
[INFO] [stdout]   15:     0x631922a76bab - test[aada8e7e76ba119b]::__rust_begin_short_backtrace::<core[a373ad73a504971]::result::Result<(), alloc[2e1b2a31b91974c5]::string::String>, fn() -> core[a373ad73a504971]::result::Result<(), alloc[2e1b2a31b91974c5]::string::String>>
[INFO] [stdout]   16:     0x631922a83d85 - test[aada8e7e76ba119b]::run_test::{closure#0}
[INFO] [stdout]   17:     0x631922a7d674 - std[617be2ca0a6fd877]::sys::backtrace::__rust_begin_short_backtrace::<test[aada8e7e76ba119b]::run_test::{closure#1}, ()>
[INFO] [stdout]   18:     0x631922a86e12 - <std[617be2ca0a6fd877]::thread::lifecycle::spawn_unchecked<test[aada8e7e76ba119b]::run_test::{closure#1}, ()>::{closure#1} as core[a373ad73a504971]::ops::function::FnOnce<()>>::call_once::{shim:vtable#0}
[INFO] [stdout]   19:     0x631922af164f - <std[617be2ca0a6fd877]::sys::thread::unix::Thread>::new::thread_start
[INFO] [stdout]   20:     0x7e38a4f96dfa - <unknown>
[INFO] [stdout]   21:     0x7e38a502a3d4 - clone
[INFO] [stdout]   22:                0x0 - <unknown>
[INFO] [stdout] 
[INFO] [stdout] ---- the_guide_needs_no_vault stdout ----
[INFO] [stdout] 
[INFO] [stdout] thread 'the_guide_needs_no_vault' (1179) panicked at crates/branchy-cli/tests/cli.rs:1087:10:
[INFO] [stdout] binary runs: Os { code: 2, kind: NotFound, message: "No such file or directory" }
[INFO] [stdout] stack backtrace:
[INFO] [stdout]    0:     0x631922af2331 - <<std[617be2ca0a6fd877]::sys::backtrace::BacktraceLock>::print::DisplayBacktrace as core[a373ad73a504971]::fmt::Display>::fmt
[INFO] [stdout]    1:     0x631922b0679a - core[a373ad73a504971]::fmt::write
[INFO] [stdout]    2:     0x631922af683c - <alloc[2e1b2a31b91974c5]::vec::Vec<u8> as core[a373ad73a504971]::io::write::Write>::write_fmt
[INFO] [stdout]    3:     0x631922acbe76 - std[617be2ca0a6fd877]::panicking::default_hook::{closure#0}
[INFO] [stdout]    4:     0x631922ae9ac9 - std[617be2ca0a6fd877]::panicking::default_hook
[INFO] [stdout]    5:     0x631922a83760 - test[aada8e7e76ba119b]::test_main_inner::{closure#0}
[INFO] [stdout]    6:     0x631922ae9c82 - std[617be2ca0a6fd877]::panicking::panic_with_hook
[INFO] [stdout]    7:     0x631922acbf22 - std[617be2ca0a6fd877]::panicking::panic_handler::{closure#0}
[INFO] [stdout]    8:     0x631922ac4929 - std[617be2ca0a6fd877]::sys::backtrace::__rust_end_short_backtrace::<std[617be2ca0a6fd877]::panicking::panic_handler::{closure#0}, !>
[INFO] [stdout]    9:     0x631922accc1d - __rustc[ea4f61d10b84890b]::rust_begin_unwind
[INFO] [stdout]   10:     0x631922b06ecc - core[a373ad73a504971]::panicking::panic_fmt
[INFO] [stdout]   11:     0x631922b06ca2 - core[a373ad73a504971]::result::unwrap_failed
[INFO] [stdout]   12:     0x631922a68eae - <cli[6f37a32c0341dd78]::the_guide_needs_no_vault::{closure#0} as core[a373ad73a504971]::ops::function::FnOnce<()>>::call_once
[INFO] [stdout]   13:     0x631922a76bab - test[aada8e7e76ba119b]::__rust_begin_short_backtrace::<core[a373ad73a504971]::result::Result<(), alloc[2e1b2a31b91974c5]::string::String>, fn() -> core[a373ad73a504971]::result::Result<(), alloc[2e1b2a31b91974c5]::string::String>>
[INFO] [stdout]   14:     0x631922a83d85 - test[aada8e7e76ba119b]::run_test::{closure#0}
[INFO] [stdout]   15:     0x631922a7d674 - std[617be2ca0a6fd877]::sys::backtrace::__rust_begin_short_backtrace::<test[aada8e7e76ba119b]::run_test::{closure#1}, ()>
[INFO] [stdout]   16:     0x631922a86e12 - <std[617be2ca0a6fd877]::thread::lifecycle::spawn_unchecked<test[aada8e7e76ba119b]::run_test::{closure#1}, ()>::{closure#1} as core[a373ad73a504971]::ops::function::FnOnce<()>>::call_once::{shim:vtable#0}
[INFO] [stdout]   17:     0x631922af164f - <std[617be2ca0a6fd877]::sys::thread::unix::Thread>::new::thread_start
[INFO] [stdout]   18:     0x7e38a4f96dfa - <unknown>
[INFO] [stdout]   19:     0x7e38a502a3d4 - clone
[INFO] [stdout]   20:                0x0 - <unknown>
[INFO] [stdout] 
[INFO] [stdout] ---- help_points_agents_at_the_guide stdout ----
[INFO] [stdout] 
[INFO] [stdout] thread 'help_points_agents_at_the_guide' (1150) panicked at crates/branchy-cli/tests/cli.rs:1210:10:
[INFO] [stdout] binary runs: Os { code: 2, kind: NotFound, message: "No such file or directory" }
[INFO] [stdout] stack backtrace:
[INFO] [stdout]    0:     0x631922af2331 - <<std[617be2ca0a6fd877]::sys::backtrace::BacktraceLock>::print::DisplayBacktrace as core[a373ad73a504971]::fmt::Display>::fmt
[INFO] [stdout]    1:     0x631922b0679a - core[a373ad73a504971]::fmt::write
[INFO] [stdout]    2:     0x631922af683c - <alloc[2e1b2a31b91974c5]::vec::Vec<u8> as core[a373ad73a504971]::io::write::Write>::write_fmt
[INFO] [stdout]    3:     0x631922acbe76 - std[617be2ca0a6fd877]::panicking::default_hook::{closure#0}
[INFO] [stdout]    4:     0x631922ae9ac9 - std[617be2ca0a6fd877]::panicking::default_hook
[INFO] [stdout]    5:     0x631922a83760 - test[aada8e7e76ba119b]::test_main_inner::{closure#0}
[INFO] [stdout]    6:     0x631922ae9c82 - std[617be2ca0a6fd877]::panicking::panic_with_hook
[INFO] [stdout]    7:     0x631922acbf22 - std[617be2ca0a6fd877]::panicking::panic_handler::{closure#0}
[INFO] [stdout]    8:     0x631922ac4929 - std[617be2ca0a6fd877]::sys::backtrace::__rust_end_short_backtrace::<std[617be2ca0a6fd877]::panicking::panic_handler::{closure#0}, !>
[INFO] [stdout]    9:     0x631922accc1d - __rustc[ea4f61d10b84890b]::rust_begin_unwind
[INFO] [stdout]   10:     0x631922b06ecc - core[a373ad73a504971]::panicking::panic_fmt
[INFO] [stdout]   11:     0x631922b06ca2 - core[a373ad73a504971]::result::unwrap_failed
[INFO] [stdout]   12:     0x631922a6ad15 - <cli[6f37a32c0341dd78]::help_points_agents_at_the_guide::{closure#0} as core[a373ad73a504971]::ops::function::FnOnce<()>>::call_once
[INFO] [stdout]   13:     0x631922a76bab - test[aada8e7e76ba119b]::__rust_begin_short_backtrace::<core[a373ad73a504971]::result::Result<(), alloc[2e1b2a31b91974c5]::string::String>, fn() -> core[a373ad73a504971]::result::Result<(), alloc[2e1b2a31b91974c5]::string::String>>
[INFO] [stdout]   14:     0x631922a83d85 - test[aada8e7e76ba119b]::run_test::{closure#0}
[INFO] [stdout]   15:     0x631922a7d674 - std[617be2ca0a6fd877]::sys::backtrace::__rust_begin_short_backtrace::<test[aada8e7e76ba119b]::run_test::{closure#1}, ()>
[INFO] [stdout]   16:     0x631922a86e12 - <std[617be2ca0a6fd877]::thread::lifecycle::spawn_unchecked<test[aada8e7e76ba119b]::run_test::{closure#1}, ()>::{closure#1} as core[a373ad73a504971]::ops::function::FnOnce<()>>::call_once::{shim:vtable#0}
[INFO] [stdout]   17:     0x631922af164f - <std[617be2ca0a6fd877]::sys::thread::unix::Thread>::new::thread_start
[INFO] [stdout]   18:     0x7e38a4f96dfa - <unknown>
[INFO] [stdout]   19:     0x7e38a502a3d4 - clone
[INFO] [stdout]   20:                0x0 - <unknown>
[INFO] [stdout] 
[INFO] [stdout] ---- list_filters_by_stage stdout ----
[INFO] [stdout] 
[INFO] [stdout] thread 'list_filters_by_stage' (1151) panicked at crates/branchy-cli/tests/cli.rs:51:10:
[INFO] [stdout] binary runs: Os { code: 2, kind: NotFound, message: "No such file or directory" }
[INFO] [stdout] stack backtrace:
[INFO] [stdout]    0:     0x631922af2331 - <<std[617be2ca0a6fd877]::sys::backtrace::BacktraceLock>::print::DisplayBacktrace as core[a373ad73a504971]::fmt::Display>::fmt
[INFO] [stdout]    1:     0x631922b0679a - core[a373ad73a504971]::fmt::write
[INFO] [stdout]    2:     0x631922af683c - <alloc[2e1b2a31b91974c5]::vec::Vec<u8> as core[a373ad73a504971]::io::write::Write>::write_fmt
[INFO] [stdout]    3:     0x631922acbe76 - std[617be2ca0a6fd877]::panicking::default_hook::{closure#0}
[INFO] [stdout]    4:     0x631922ae9ac9 - std[617be2ca0a6fd877]::panicking::default_hook
[INFO] [stdout]    5:     0x631922a83760 - test[aada8e7e76ba119b]::test_main_inner::{closure#0}
[INFO] [stdout]    6:     0x631922ae9c82 - std[617be2ca0a6fd877]::panicking::panic_with_hook
[INFO] [stdout]    7:     0x631922acbf22 - std[617be2ca0a6fd877]::panicking::panic_handler::{closure#0}
[INFO] [stdout]    8:     0x631922ac4929 - std[617be2ca0a6fd877]::sys::backtrace::__rust_end_short_backtrace::<std[617be2ca0a6fd877]::panicking::panic_handler::{closure#0}, !>
[INFO] [stdout]    9:     0x631922accc1d - __rustc[ea4f61d10b84890b]::rust_begin_unwind
[INFO] [stdout]   10:     0x631922b06ecc - core[a373ad73a504971]::panicking::panic_fmt
[INFO] [stdout]   11:     0x631922b06ca2 - core[a373ad73a504971]::result::unwrap_failed
[INFO] [stdout]   12:     0x631922a6615f - cli[6f37a32c0341dd78]::run
[INFO] [stdout]   13:     0x631922a66beb - cli[6f37a32c0341dd78]::seeded
[INFO] [stdout]   14:     0x631922a688c6 - <cli[6f37a32c0341dd78]::list_filters_by_stage::{closure#0} as core[a373ad73a504971]::ops::function::FnOnce<()>>::call_once
[INFO] [stdout]   15:     0x631922a76bab - test[aada8e7e76ba119b]::__rust_begin_short_backtrace::<core[a373ad73a504971]::result::Result<(), alloc[2e1b2a31b91974c5]::string::String>, fn() -> core[a373ad73a504971]::result::Result<(), alloc[2e1b2a31b91974c5]::string::String>>
[INFO] [stdout]   16:     0x631922a83d85 - test[aada8e7e76ba119b]::run_test::{closure#0}
[INFO] [stdout]   17:     0x631922a7d674 - std[617be2ca0a6fd877]::sys::backtrace::__rust_begin_short_backtrace::<test[aada8e7e76ba119b]::run_test::{closure#1}, ()>
[INFO] [stdout]   18:     0x631922a86e12 - <std[617be2ca0a6fd877]::thread::lifecycle::spawn_unchecked<test[aada8e7e76ba119b]::run_test::{closure#1}, ()>::{closure#1} as core[a373ad73a504971]::ops::function::FnOnce<()>>::call_once::{shim:vtable#0}
[INFO] [stdout]   19:     0x631922af164f - <std[617be2ca0a6fd877]::sys::thread::unix::Thread>::new::thread_start
[INFO] [stdout]   20:     0x7e38a4f96dfa - <unknown>
[INFO] [stdout]   21:     0x7e38a502a3d4 - clone
[INFO] [stdout]   22:                0x0 - <unknown>
[INFO] [stdout] 
[INFO] [stdout] ---- the_list_marks_the_current_vault_and_keeps_five stdout ----
[INFO] [stdout] 
[INFO] [stdout] thread 'the_list_marks_the_current_vault_and_keeps_five' (1180) panicked at crates/branchy-cli/tests/cli.rs:650:50:
[INFO] [stdout] binary runs: Os { code: 2, kind: NotFound, message: "No such file or directory" }
[INFO] [stdout] stack backtrace:
[INFO] [stdout]    0:     0x631922af2331 - <<std[617be2ca0a6fd877]::sys::backtrace::BacktraceLock>::print::DisplayBacktrace as core[a373ad73a504971]::fmt::Display>::fmt
[INFO] [stdout]    1:     0x631922b0679a - core[a373ad73a504971]::fmt::write
[INFO] [stdout]    2:     0x631922af683c - <alloc[2e1b2a31b91974c5]::vec::Vec<u8> as core[a373ad73a504971]::io::write::Write>::write_fmt
[INFO] [stdout]    3:     0x631922acbe76 - std[617be2ca0a6fd877]::panicking::default_hook::{closure#0}
[INFO] [stdout]    4:     0x631922ae9ac9 - std[617be2ca0a6fd877]::panicking::default_hook
[INFO] [stdout]    5:     0x631922a83760 - test[aada8e7e76ba119b]::test_main_inner::{closure#0}
[INFO] [stdout]    6:     0x631922ae9c82 - std[617be2ca0a6fd877]::panicking::panic_with_hook
[INFO] [stdout]    7:     0x631922acbf22 - std[617be2ca0a6fd877]::panicking::panic_handler::{closure#0}
[INFO] [stdout]    8:     0x631922ac4929 - std[617be2ca0a6fd877]::sys::backtrace::__rust_end_short_backtrace::<std[617be2ca0a6fd877]::panicking::panic_handler::{closure#0}, !>
[INFO] [stdout]    9:     0x631922accc1d - __rustc[ea4f61d10b84890b]::rust_begin_unwind
[INFO] [stdout]   10:     0x631922b06ecc - core[a373ad73a504971]::panicking::panic_fmt
[INFO] [stdout]   11:     0x631922b06ca2 - core[a373ad73a504971]::result::unwrap_failed
[INFO] [stdout]   12:     0x631922a66ffd - <cli[6f37a32c0341dd78]::Desk>::run
[INFO] [stdout]   13:     0x631922a67596 - <cli[6f37a32c0341dd78]::Desk>::vault
[INFO] [stdout]   14:     0x631922a71edf - <cli[6f37a32c0341dd78]::the_list_marks_the_current_vault_and_keeps_five::{closure#0} as core[a373ad73a504971]::ops::function::FnOnce<()>>::call_once
[INFO] [stdout]   15:     0x631922a76bab - test[aada8e7e76ba119b]::__rust_begin_short_backtrace::<core[a373ad73a504971]::result::Result<(), alloc[2e1b2a31b91974c5]::string::String>, fn() -> core[a373ad73a504971]::result::Result<(), alloc[2e1b2a31b91974c5]::string::String>>
[INFO] [stdout]   16:     0x631922a83d85 - test[aada8e7e76ba119b]::run_test::{closure#0}
[INFO] [stdout]   17:     0x631922a7d674 - std[617be2ca0a6fd877]::sys::backtrace::__rust_begin_short_backtrace::<test[aada8e7e76ba119b]::run_test::{closure#1}, ()>
[INFO] [stdout]   18:     0x631922a86e12 - <std[617be2ca0a6fd877]::thread::lifecycle::spawn_unchecked<test[aada8e7e76ba119b]::run_test::{closure#1}, ()>::{closure#1} as core[a373ad73a504971]::ops::function::FnOnce<()>>::call_once::{shim:vtable#0}
[INFO] [stdout]   19:     0x631922af164f - <std[617be2ca0a6fd877]::sys::thread::unix::Thread>::new::thread_start
[INFO] [stdout]   20:     0x7e38a4f96dfa - <unknown>
[INFO] [stdout]   21:     0x7e38a502a3d4 - clone
[INFO] [stdout]   22:                0x0 - <unknown>
[INFO] [stdout] 
[INFO] [stdout] ---- why_says_so_when_nothing_is_in_the_way stdout ----
[INFO] [stdout] 
[INFO] [stdout] thread 'why_says_so_when_nothing_is_in_the_way' (1204) panicked at crates/branchy-cli/tests/cli.rs:51:10:
[INFO] [stdout] binary runs: Os { code: 2, kind: NotFound, message: "No such file or directory" }
[INFO] [stdout] stack backtrace:
[INFO] [stdout]    0:     0x631922af2331 - <<std[617be2ca0a6fd877]::sys::backtrace::BacktraceLock>::print::DisplayBacktrace as core[a373ad73a504971]::fmt::Display>::fmt
[INFO] [stdout]    1:     0x631922b0679a - core[a373ad73a504971]::fmt::write
[INFO] [stdout]    2:     0x631922af683c - <alloc[2e1b2a31b91974c5]::vec::Vec<u8> as core[a373ad73a504971]::io::write::Write>::write_fmt
[INFO] [stdout]    3:     0x631922acbe76 - std[617be2ca0a6fd877]::panicking::default_hook::{closure#0}
[INFO] [stdout]    4:     0x631922ae9ac9 - std[617be2ca0a6fd877]::panicking::default_hook
[INFO] [stdout]    5:     0x631922a83760 - test[aada8e7e76ba119b]::test_main_inner::{closure#0}
[INFO] [stdout]    6:     0x631922ae9c82 - std[617be2ca0a6fd877]::panicking::panic_with_hook
[INFO] [stdout]    7:     0x631922acbf22 - std[617be2ca0a6fd877]::panicking::panic_handler::{closure#0}
[INFO] [stdout]    8:     0x631922ac4929 - std[617be2ca0a6fd877]::sys::backtrace::__rust_end_short_backtrace::<std[617be2ca0a6fd877]::panicking::panic_handler::{closure#0}, !>
[INFO] [stdout]    9:     0x631922accc1d - __rustc[ea4f61d10b84890b]::rust_begin_unwind
[INFO] [stdout]   10:     0x631922b06ecc - core[a373ad73a504971]::panicking::panic_fmt
[INFO] [stdout]   11:     0x631922b06ca2 - core[a373ad73a504971]::result::unwrap_failed
[INFO] [stdout]   12:     0x631922a6615f - cli[6f37a32c0341dd78]::run
[INFO] [stdout]   13:     0x631922a66beb - cli[6f37a32c0341dd78]::seeded
[INFO] [stdout]   14:     0x631922a6d6f0 - <cli[6f37a32c0341dd78]::why_says_so_when_nothing_is_in_the_way::{closure#0} as core[a373ad73a504971]::ops::function::FnOnce<()>>::call_once
[INFO] [stdout]   15:     0x631922a76bab - test[aada8e7e76ba119b]::__rust_begin_short_backtrace::<core[a373ad73a504971]::result::Result<(), alloc[2e1b2a31b91974c5]::string::String>, fn() -> core[a373ad73a504971]::result::Result<(), alloc[2e1b2a31b91974c5]::string::String>>
[INFO] [stdout]   16:     0x631922a83d85 - test[aada8e7e76ba119b]::run_test::{closure#0}
[INFO] [stdout]   17:     0x631922a7d674 - std[617be2ca0a6fd877]::sys::backtrace::__rust_begin_short_backtrace::<test[aada8e7e76ba119b]::run_test::{closure#1}, ()>
[INFO] [stdout]   18:     0x631922a86e12 - <std[617be2ca0a6fd877]::thread::lifecycle::spawn_unchecked<test[aada8e7e76ba119b]::run_test::{closure#1}, ()>::{closure#1} as core[a373ad73a504971]::ops::function::FnOnce<()>>::call_once::{shim:vtable#0}
[INFO] [stdout]   19:     0x631922af164f - <std[617be2ca0a6fd877]::sys::thread::unix::Thread>::new::thread_start
[INFO] [stdout]   20:     0x7e38a4f96dfa - <unknown>
[INFO] [stdout]   21:     0x7e38a502a3d4 - clone
[INFO] [stdout]   22:                0x0 - <unknown>
[INFO] [stdout] 
[INFO] [stdout] ---- the_queue_says_which_tasks_are_already_under_way stdout ----
[INFO] [stdout] 
[INFO] [stdout] thread 'the_queue_says_which_tasks_are_already_under_way' (1189) panicked at crates/branchy-cli/tests/cli.rs:51:10:
[INFO] [stdout] binary runs: Os { code: 2, kind: NotFound, message: "No such file or directory" }
[INFO] [stdout] stack backtrace:
[INFO] [stdout]    0:     0x631922af2331 - <<std[617be2ca0a6fd877]::sys::backtrace::BacktraceLock>::print::DisplayBacktrace as core[a373ad73a504971]::fmt::Display>::fmt
[INFO] [stdout]    1:     0x631922b0679a - core[a373ad73a504971]::fmt::write
[INFO] [stdout]    2:     0x631922af683c - <alloc[2e1b2a31b91974c5]::vec::Vec<u8> as core[a373ad73a504971]::io::write::Write>::write_fmt
[INFO] [stdout]    3:     0x631922acbe76 - std[617be2ca0a6fd877]::panicking::default_hook::{closure#0}
[INFO] [stdout]    4:     0x631922ae9ac9 - std[617be2ca0a6fd877]::panicking::default_hook
[INFO] [stdout]    5:     0x631922a83760 - test[aada8e7e76ba119b]::test_main_inner::{closure#0}
[INFO] [stdout]    6:     0x631922ae9c82 - std[617be2ca0a6fd877]::panicking::panic_with_hook
[INFO] [stdout]    7:     0x631922acbf22 - std[617be2ca0a6fd877]::panicking::panic_handler::{closure#0}
[INFO] [stdout]    8:     0x631922ac4929 - std[617be2ca0a6fd877]::sys::backtrace::__rust_end_short_backtrace::<std[617be2ca0a6fd877]::panicking::panic_handler::{closure#0}, !>
[INFO] [stdout]    9:     0x631922accc1d - __rustc[ea4f61d10b84890b]::rust_begin_unwind
[INFO] [stdout]   10:     0x631922b06ecc - core[a373ad73a504971]::panicking::panic_fmt
[INFO] [stdout]   11:     0x631922b06ca2 - core[a373ad73a504971]::result::unwrap_failed
[INFO] [stdout]   12:     0x631922a6615f - cli[6f37a32c0341dd78]::run
[INFO] [stdout]   13:     0x631922a66beb - cli[6f37a32c0341dd78]::seeded
[INFO] [stdout]   14:     0x631922a72532 - <cli[6f37a32c0341dd78]::the_queue_says_which_tasks_are_already_under_way::{closure#0} as core[a373ad73a504971]::ops::function::FnOnce<()>>::call_once
[INFO] [stdout]   15:     0x631922a76bab - test[aada8e7e76ba119b]::__rust_begin_short_backtrace::<core[a373ad73a504971]::result::Result<(), alloc[2e1b2a31b91974c5]::string::String>, fn() -> core[a373ad73a504971]::result::Result<(), alloc[2e1b2a31b91974c5]::string::String>>
[INFO] [stdout]   16:     0x631922a83d85 - test[aada8e7e76ba119b]::run_test::{closure#0}
[INFO] [stdout]   17:     0x631922a7d674 - std[617be2ca0a6fd877]::sys::backtrace::__rust_begin_short_backtrace::<test[aada8e7e76ba119b]::run_test::{closure#1}, ()>
[INFO] [stdout]   18:     0x631922a86e12 - <std[617be2ca0a6fd877]::thread::lifecycle::spawn_unchecked<test[aada8e7e76ba119b]::run_test::{closure#1}, ()>::{closure#1} as core[a373ad73a504971]::ops::function::FnOnce<()>>::call_once::{shim:vtable#0}
[INFO] [stdout]   19:     0x631922af164f - <std[617be2ca0a6fd877]::sys::thread::unix::Thread>::new::thread_start
[INFO] [stdout]   20:     0x7e38a4f96dfa - <unknown>
[INFO] [stdout]   21:     0x7e38a502a3d4 - clone
[INFO] [stdout]   22:                0x0 - <unknown>
[INFO] [stdout] 
[INFO] [stdout] ---- undo_reverses_the_last_change stdout ----
[INFO] [stdout] 
[INFO] [stdout] thread 'undo_reverses_the_last_change' (1195) panicked at crates/branchy-cli/tests/cli.rs:51:10:
[INFO] [stdout] binary runs: Os { code: 2, kind: NotFound, message: "No such file or directory" }
[INFO] [stdout] stack backtrace:
[INFO] [stdout]    0:     0x631922af2331 - <<std[617be2ca0a6fd877]::sys::backtrace::BacktraceLock>::print::DisplayBacktrace as core[a373ad73a504971]::fmt::Display>::fmt
[INFO] [stdout]    1:     0x631922b0679a - core[a373ad73a504971]::fmt::write
[INFO] [stdout]    2:     0x631922af683c - <alloc[2e1b2a31b91974c5]::vec::Vec<u8> as core[a373ad73a504971]::io::write::Write>::write_fmt
[INFO] [stdout]    3:     0x631922acbe76 - std[617be2ca0a6fd877]::panicking::default_hook::{closure#0}
[INFO] [stdout]    4:     0x631922ae9ac9 - std[617be2ca0a6fd877]::panicking::default_hook
[INFO] [stdout]    5:     0x631922a83760 - test[aada8e7e76ba119b]::test_main_inner::{closure#0}
[INFO] [stdout]    6:     0x631922ae9c82 - std[617be2ca0a6fd877]::panicking::panic_with_hook
[INFO] [stdout]    7:     0x631922acbf22 - std[617be2ca0a6fd877]::panicking::panic_handler::{closure#0}
[INFO] [stdout]    8:     0x631922ac4929 - std[617be2ca0a6fd877]::sys::backtrace::__rust_end_short_backtrace::<std[617be2ca0a6fd877]::panicking::panic_handler::{closure#0}, !>
[INFO] [stdout]    9:     0x631922accc1d - __rustc[ea4f61d10b84890b]::rust_begin_unwind
[INFO] [stdout]   10:     0x631922b06ecc - core[a373ad73a504971]::panicking::panic_fmt
[INFO] [stdout]   11:     0x631922b06ca2 - core[a373ad73a504971]::result::unwrap_failed
[INFO] [stdout]   12:     0x631922a6615f - cli[6f37a32c0341dd78]::run
[INFO] [stdout]   13:     0x631922a66beb - cli[6f37a32c0341dd78]::seeded
[INFO] [stdout]   14:     0x631922a69eb4 - <cli[6f37a32c0341dd78]::undo_reverses_the_last_change::{closure#0} as core[a373ad73a504971]::ops::function::FnOnce<()>>::call_once
[INFO] [stdout]   15:     0x631922a76bab - test[aada8e7e76ba119b]::__rust_begin_short_backtrace::<core[a373ad73a504971]::result::Result<(), alloc[2e1b2a31b91974c5]::string::String>, fn() -> core[a373ad73a504971]::result::Result<(), alloc[2e1b2a31b91974c5]::string::String>>
[INFO] [stdout]   16:     0x631922a83d85 - test[aada8e7e76ba119b]::run_test::{closure#0}
[INFO] [stdout]   17:     0x631922a7d674 - std[617be2ca0a6fd877]::sys::backtrace::__rust_begin_short_backtrace::<test[aada8e7e76ba119b]::run_test::{closure#1}, ()>
[INFO] [stdout]   18:     0x631922a86e12 - <std[617be2ca0a6fd877]::thread::lifecycle::spawn_unchecked<test[aada8e7e76ba119b]::run_test::{closure#1}, ()>::{closure#1} as core[a373ad73a504971]::ops::function::FnOnce<()>>::call_once::{shim:vtable#0}
[INFO] [stdout]   19:     0x631922af164f - <std[617be2ca0a6fd877]::sys::thread::unix::Thread>::new::thread_start
[INFO] [stdout]   20:     0x7e38a4f96dfa - <unknown>
[INFO] [stdout]   21:     0x7e38a502a3d4 - clone
[INFO] [stdout]   22:                0x0 - <unknown>
[INFO] [stdout] 
[INFO] [stdout] ---- undo_with_no_history_says_so stdout ----
[INFO] [stdout] 
[INFO] [stdout] thread 'undo_with_no_history_says_so' (1200) panicked at crates/branchy-cli/tests/cli.rs:68:10:
[INFO] [stdout] binary runs: Os { code: 2, kind: NotFound, message: "No such file or directory" }
[INFO] [stdout] stack backtrace:
[INFO] [stdout]    0:     0x631922af2331 - <<std[617be2ca0a6fd877]::sys::backtrace::BacktraceLock>::print::DisplayBacktrace as core[a373ad73a504971]::fmt::Display>::fmt
[INFO] [stdout]    1:     0x631922b0679a - core[a373ad73a504971]::fmt::write
[INFO] [stdout]    2:     0x631922af683c - <alloc[2e1b2a31b91974c5]::vec::Vec<u8> as core[a373ad73a504971]::io::write::Write>::write_fmt
[INFO] [stdout]    3:     0x631922acbe76 - std[617be2ca0a6fd877]::panicking::default_hook::{closure#0}
[INFO] [stdout]    4:     0x631922ae9ac9 - std[617be2ca0a6fd877]::panicking::default_hook
[INFO] [stdout]    5:     0x631922a83760 - test[aada8e7e76ba119b]::test_main_inner::{closure#0}
[INFO] [stdout]    6:     0x631922ae9c82 - std[617be2ca0a6fd877]::panicking::panic_with_hook
[INFO] [stdout]    7:     0x631922acbf22 - std[617be2ca0a6fd877]::panicking::panic_handler::{closure#0}
[INFO] [stdout]    8:     0x631922ac4929 - std[617be2ca0a6fd877]::sys::backtrace::__rust_end_short_backtrace::<std[617be2ca0a6fd877]::panicking::panic_handler::{closure#0}, !>
[INFO] [stdout]    9:     0x631922accc1d - __rustc[ea4f61d10b84890b]::rust_begin_unwind
[INFO] [stdout]   10:     0x631922b06ecc - core[a373ad73a504971]::panicking::panic_fmt
[INFO] [stdout]   11:     0x631922b06ca2 - core[a373ad73a504971]::result::unwrap_failed
[INFO] [stdout]   12:     0x631922a66922 - cli[6f37a32c0341dd78]::fails
[INFO] [stdout]   13:     0x631922a69b41 - <cli[6f37a32c0341dd78]::undo_with_no_history_says_so::{closure#0} as core[a373ad73a504971]::ops::function::FnOnce<()>>::call_once
[INFO] [stdout]   14:     0x631922a76bab - test[aada8e7e76ba119b]::__rust_begin_short_backtrace::<core[a373ad73a504971]::result::Result<(), alloc[2e1b2a31b91974c5]::string::String>, fn() -> core[a373ad73a504971]::result::Result<(), alloc[2e1b2a31b91974c5]::string::String>>
[INFO] [stdout]   15:     0x631922a83d85 - test[aada8e7e76ba119b]::run_test::{closure#0}
[INFO] [stdout]   16:     0x631922a7d674 - std[617be2ca0a6fd877]::sys::backtrace::__rust_begin_short_backtrace::<test[aada8e7e76ba119b]::run_test::{closure#1}, ()>
[INFO] [stdout]   17:     0x631922a86e12 - <std[617be2ca0a6fd877]::thread::lifecycle::spawn_unchecked<test[aada8e7e76ba119b]::run_test::{closure#1}, ()>::{closure#1} as core[a373ad73a504971]::ops::function::FnOnce<()>>::call_once::{shim:vtable#0}
[INFO] [stdout]   18:     0x631922af164f - <std[617be2ca0a6fd877]::sys::thread::unix::Thread>::new::thread_start
[INFO] [stdout]   19:     0x7e38a4f96dfa - <unknown>
[INFO] [stdout]   20:     0x7e38a502a3d4 - clone
[INFO] [stdout]   21:                0x0 - <unknown>
[INFO] [stdout] 
[INFO] [stdout] ---- with_no_vault_the_terminal_says_how_to_start stdout ----
[INFO] [stdout] 
[INFO] [stdout] thread 'with_no_vault_the_terminal_says_how_to_start' (1206) panicked at crates/branchy-cli/tests/cli.rs:661:50:
[INFO] [stdout] binary runs: Os { code: 2, kind: NotFound, message: "No such file or directory" }
[INFO] [stdout] stack backtrace:
[INFO] [stdout]    0:     0x631922af2331 - <<std[617be2ca0a6fd877]::sys::backtrace::BacktraceLock>::print::DisplayBacktrace as core[a373ad73a504971]::fmt::Display>::fmt
[INFO] [stdout]    1:     0x631922b0679a - core[a373ad73a504971]::fmt::write
[INFO] [stdout]    2:     0x631922af683c - <alloc[2e1b2a31b91974c5]::vec::Vec<u8> as core[a373ad73a504971]::io::write::Write>::write_fmt
[INFO] [stdout]    3:     0x631922acbe76 - std[617be2ca0a6fd877]::panicking::default_hook::{closure#0}
[INFO] [stdout]    4:     0x631922ae9ac9 - std[617be2ca0a6fd877]::panicking::default_hook
[INFO] [stdout]    5:     0x631922a83760 - test[aada8e7e76ba119b]::test_main_inner::{closure#0}
[INFO] [stdout]    6:     0x631922ae9c82 - std[617be2ca0a6fd877]::panicking::panic_with_hook
[INFO] [stdout]    7:     0x631922acbf22 - std[617be2ca0a6fd877]::panicking::panic_handler::{closure#0}
[INFO] [stdout]    8:     0x631922ac4929 - std[617be2ca0a6fd877]::sys::backtrace::__rust_end_short_backtrace::<std[617be2ca0a6fd877]::panicking::panic_handler::{closure#0}, !>
[INFO] [stdout]    9:     0x631922accc1d - __rustc[ea4f61d10b84890b]::rust_begin_unwind
[INFO] [stdout]   10:     0x631922b06ecc - core[a373ad73a504971]::panicking::panic_fmt
[INFO] [stdout]   11:     0x631922b06ca2 - core[a373ad73a504971]::result::unwrap_failed
[INFO] [stdout]   12:     0x631922a672f7 - <cli[6f37a32c0341dd78]::Desk>::fails
[INFO] [stdout]   13:     0x631922a70ceb - <cli[6f37a32c0341dd78]::with_no_vault_the_terminal_says_how_to_start::{closure#0} as core[a373ad73a504971]::ops::function::FnOnce<()>>::call_once
[INFO] [stdout]   14:     0x631922a76bab - test[aada8e7e76ba119b]::__rust_begin_short_backtrace::<core[a373ad73a504971]::result::Result<(), alloc[2e1b2a31b91974c5]::string::String>, fn() -> core[a373ad73a504971]::result::Result<(), alloc[2e1b2a31b91974c5]::string::String>>
[INFO] [stdout]   15:     0x631922a83d85 - test[aada8e7e76ba119b]::run_test::{closure#0}
[INFO] [stdout]   16:     0x631922a7d674 - std[617be2ca0a6fd877]::sys::backtrace::__rust_begin_short_backtrace::<test[aada8e7e76ba119b]::run_test::{closure#1}, ()>
[INFO] [stdout]   17:     0x631922a86e12 - <std[617be2ca0a6fd877]::thread::lifecycle::spawn_unchecked<test[aada8e7e76ba119b]::run_test::{closure#1}, ()>::{closure#1} as core[a373ad73a504971]::ops::function::FnOnce<()>>::call_once::{shim:vtable#0}
[INFO] [stdout]   18:     0x631922af164f - <std[617be2ca0a6fd877]::sys::thread::unix::Thread>::new::thread_start
[INFO] [stdout]   19:     0x7e38a4f96dfa - <unknown>
[INFO] [stdout]   20:     0x7e38a502a3d4 - clone
[INFO] [stdout]   21:                0x0 - <unknown>
[INFO] [stdout] 
[INFO] [stdout] ---- the_vault_option_reaches_another_vault_for_one_command_only stdout ----
[INFO] [stdout] 
[INFO] [stdout] thread 'the_vault_option_reaches_another_vault_for_one_command_only' (1192) panicked at crates/branchy-cli/tests/cli.rs:650:50:
[INFO] [stdout] binary runs: Os { code: 2, kind: NotFound, message: "No such file or directory" }
[INFO] [stdout] stack backtrace:
[INFO] [stdout]    0:     0x631922af2331 - <<std[617be2ca0a6fd877]::sys::backtrace::BacktraceLock>::print::DisplayBacktrace as core[a373ad73a504971]::fmt::Display>::fmt
[INFO] [stdout]    1:     0x631922b0679a - core[a373ad73a504971]::fmt::write
[INFO] [stdout]    2:     0x631922af683c - <alloc[2e1b2a31b91974c5]::vec::Vec<u8> as core[a373ad73a504971]::io::write::Write>::write_fmt
[INFO] [stdout]    3:     0x631922acbe76 - std[617be2ca0a6fd877]::panicking::default_hook::{closure#0}
[INFO] [stdout]    4:     0x631922ae9ac9 - std[617be2ca0a6fd877]::panicking::default_hook
[INFO] [stdout]    5:     0x631922a83760 - test[aada8e7e76ba119b]::test_main_inner::{closure#0}
[INFO] [stdout]    6:     0x631922ae9c82 - std[617be2ca0a6fd877]::panicking::panic_with_hook
[INFO] [stdout]    7:     0x631922acbf22 - std[617be2ca0a6fd877]::panicking::panic_handler::{closure#0}
[INFO] [stdout]    8:     0x631922ac4929 - std[617be2ca0a6fd877]::sys::backtrace::__rust_end_short_backtrace::<std[617be2ca0a6fd877]::panicking::panic_handler::{closure#0}, !>
[INFO] [stdout]    9:     0x631922accc1d - __rustc[ea4f61d10b84890b]::rust_begin_unwind
[INFO] [stdout]   10:     0x631922b06ecc - core[a373ad73a504971]::panicking::panic_fmt
[INFO] [stdout]   11:     0x631922b06ca2 - core[a373ad73a504971]::result::unwrap_failed
[INFO] [stdout]   12:     0x631922a66ffd - <cli[6f37a32c0341dd78]::Desk>::run
[INFO] [stdout]   13:     0x631922a67596 - <cli[6f37a32c0341dd78]::Desk>::vault
[INFO] [stdout]   14:     0x631922a734eb - <cli[6f37a32c0341dd78]::the_vault_option_reaches_another_vault_for_one_command_only::{closure#0} as core[a373ad73a504971]::ops::function::FnOnce<()>>::call_once
[INFO] [stdout]   15:     0x631922a76bab - test[aada8e7e76ba119b]::__rust_begin_short_backtrace::<core[a373ad73a504971]::result::Result<(), alloc[2e1b2a31b91974c5]::string::String>, fn() -> core[a373ad73a504971]::result::Result<(), alloc[2e1b2a31b91974c5]::string::String>>
[INFO] [stdout]   16:     0x631922a83d85 - test[aada8e7e76ba119b]::run_test::{closure#0}
[INFO] [stdout]   17:     0x631922a7d674 - std[617be2ca0a6fd877]::sys::backtrace::__rust_begin_short_backtrace::<test[aada8e7e76ba119b]::run_test::{closure#1}, ()>
[INFO] [stdout]   18:     0x631922a86e12 - <std[617be2ca0a6fd877]::thread::lifecycle::spawn_unchecked<test[aada8e7e76ba119b]::run_test::{closure#1}, ()>::{closure#1} as core[a373ad73a504971]::ops::function::FnOnce<()>>::call_once::{shim:vtable#0}
[INFO] [stdout]   19:     0x631922af164f - <std[617be2ca0a6fd877]::sys::thread::unix::Thread>::new::thread_start
[INFO] [stdout]   20:     0x7e38a4f96dfa - <unknown>
[INFO] [stdout]   21:     0x7e38a502a3d4 - clone
[INFO] [stdout]   22:                0x0 - <unknown>
[INFO] [stdout] 
[INFO] [stdout] ---- the_queue_holds_only_what_is_reachable stdout ----
[INFO] [stdout] 
[INFO] [stdout] thread 'the_queue_holds_only_what_is_reachable' (1181) panicked at crates/branchy-cli/tests/cli.rs:51:10:
[INFO] [stdout] binary runs: Os { code: 2, kind: NotFound, message: "No such file or directory" }
[INFO] [stdout] stack backtrace:
[INFO] [stdout]    0:     0x631922af2331 - <<std[617be2ca0a6fd877]::sys::backtrace::BacktraceLock>::print::DisplayBacktrace as core[a373ad73a504971]::fmt::Display>::fmt
[INFO] [stdout]    1:     0x631922b0679a - core[a373ad73a504971]::fmt::write
[INFO] [stdout]    2:     0x631922af683c - <alloc[2e1b2a31b91974c5]::vec::Vec<u8> as core[a373ad73a504971]::io::write::Write>::write_fmt
[INFO] [stdout]    3:     0x631922acbe76 - std[617be2ca0a6fd877]::panicking::default_hook::{closure#0}
[INFO] [stdout]    4:     0x631922ae9ac9 - std[617be2ca0a6fd877]::panicking::default_hook
[INFO] [stdout]    5:     0x631922a83760 - test[aada8e7e76ba119b]::test_main_inner::{closure#0}
[INFO] [stdout]    6:     0x631922ae9c82 - std[617be2ca0a6fd877]::panicking::panic_with_hook
[INFO] [stdout]    7:     0x631922acbf22 - std[617be2ca0a6fd877]::panicking::panic_handler::{closure#0}
[INFO] [stdout]    8:     0x631922ac4929 - std[617be2ca0a6fd877]::sys::backtrace::__rust_end_short_backtrace::<std[617be2ca0a6fd877]::panicking::panic_handler::{closure#0}, !>
[INFO] [stdout]    9:     0x631922accc1d - __rustc[ea4f61d10b84890b]::rust_begin_unwind
[INFO] [stdout]   10:     0x631922b06ecc - core[a373ad73a504971]::panicking::panic_fmt
[INFO] [stdout]   11:     0x631922b06ca2 - core[a373ad73a504971]::result::unwrap_failed
[INFO] [stdout]   12:     0x631922a6615f - cli[6f37a32c0341dd78]::run
[INFO] [stdout]   13:     0x631922a66beb - cli[6f37a32c0341dd78]::seeded
[INFO] [stdout]   14:     0x631922a6d4a6 - <cli[6f37a32c0341dd78]::the_queue_holds_only_what_is_reachable::{closure#0} as core[a373ad73a504971]::ops::function::FnOnce<()>>::call_once
[INFO] [stdout]   15:     0x631922a76bab - test[aada8e7e76ba119b]::__rust_begin_short_backtrace::<core[a373ad73a504971]::result::Result<(), alloc[2e1b2a31b91974c5]::string::String>, fn() -> core[a373ad73a504971]::result::Result<(), alloc[2e1b2a31b91974c5]::string::String>>
[INFO] [stdout]   16:     0x631922a83d85 - test[aada8e7e76ba119b]::run_test::{closure#0}
[INFO] [stdout]   17:     0x631922a7d674 - std[617be2ca0a6fd877]::sys::backtrace::__rust_begin_short_backtrace::<test[aada8e7e76ba119b]::run_test::{closure#1}, ()>
[INFO] [stdout]   18:     0x631922a86e12 - <std[617be2ca0a6fd877]::thread::lifecycle::spawn_unchecked<test[aada8e7e76ba119b]::run_test::{closure#1}, ()>::{closure#1} as core[a373ad73a504971]::ops::function::FnOnce<()>>::call_once::{shim:vtable#0}
[INFO] [stdout]   19:     0x631922af164f - <std[617be2ca0a6fd877]::sys::thread::unix::Thread>::new::thread_start
[INFO] [stdout]   20:     0x7e38a4f96dfa - <unknown>
[INFO] [stdout]   21:     0x7e38a502a3d4 - clone
[INFO] [stdout]   22:                0x0 - <unknown>
[INFO] [stdout] 
[INFO] [stdout] ---- undo_through_a_symlink_keeps_the_link_too stdout ----
[INFO] [stdout] 
[INFO] [stdout] thread 'undo_through_a_symlink_keeps_the_link_too' (1199) panicked at crates/branchy-cli/tests/cli.rs:51:10:
[INFO] [stdout] binary runs: Os { code: 2, kind: NotFound, message: "No such file or directory" }
[INFO] [stdout] stack backtrace:
[INFO] [stdout]    0:     0x631922af2331 - <<std[617be2ca0a6fd877]::sys::backtrace::BacktraceLock>::print::DisplayBacktrace as core[a373ad73a504971]::fmt::Display>::fmt
[INFO] [stdout]    1:     0x631922b0679a - core[a373ad73a504971]::fmt::write
[INFO] [stdout]    2:     0x631922af683c - <alloc[2e1b2a31b91974c5]::vec::Vec<u8> as core[a373ad73a504971]::io::write::Write>::write_fmt
[INFO] [stdout]    3:     0x631922acbe76 - std[617be2ca0a6fd877]::panicking::default_hook::{closure#0}
[INFO] [stdout]    4:     0x631922ae9ac9 - std[617be2ca0a6fd877]::panicking::default_hook
[INFO] [stdout]    5:     0x631922a83760 - test[aada8e7e76ba119b]::test_main_inner::{closure#0}
[INFO] [stdout]    6:     0x631922ae9c82 - std[617be2ca0a6fd877]::panicking::panic_with_hook
[INFO] [stdout]    7:     0x631922acbf22 - std[617be2ca0a6fd877]::panicking::panic_handler::{closure#0}
[INFO] [stdout]    8:     0x631922ac4929 - std[617be2ca0a6fd877]::sys::backtrace::__rust_end_short_backtrace::<std[617be2ca0a6fd877]::panicking::panic_handler::{closure#0}, !>
[INFO] [stdout]    9:     0x631922accc1d - __rustc[ea4f61d10b84890b]::rust_begin_unwind
[INFO] [stdout]   10:     0x631922b06ecc - core[a373ad73a504971]::panicking::panic_fmt
[INFO] [stdout]   11:     0x631922b06ca2 - core[a373ad73a504971]::result::unwrap_failed
[INFO] [stdout]   12:     0x631922a6615f - cli[6f37a32c0341dd78]::run
[INFO] [stdout]   13:     0x631922a6fd4e - <cli[6f37a32c0341dd78]::undo_through_a_symlink_keeps_the_link_too::{closure#0} as core[a373ad73a504971]::ops::function::FnOnce<()>>::call_once
[INFO] [stdout]   14:     0x631922a76bab - test[aada8e7e76ba119b]::__rust_begin_short_backtrace::<core[a373ad73a504971]::result::Result<(), alloc[2e1b2a31b91974c5]::string::String>, fn() -> core[a373ad73a504971]::result::Result<(), alloc[2e1b2a31b91974c5]::string::String>>
[INFO] [stdout]   15:     0x631922a83d85 - test[aada8e7e76ba119b]::run_test::{closure#0}
[INFO] [stdout]   16:     0x631922a7d674 - std[617be2ca0a6fd877]::sys::backtrace::__rust_begin_short_backtrace::<test[aada8e7e76ba119b]::run_test::{closure#1}, ()>
[INFO] [stdout]   17:     0x631922a86e12 - <std[617be2ca0a6fd877]::thread::lifecycle::spawn_unchecked<test[aada8e7e76ba119b]::run_test::{closure#1}, ()>::{closure#1} as core[a373ad73a504971]::ops::function::FnOnce<()>>::call_once::{shim:vtable#0}
[INFO] [stdout]   18:     0x631922af164f - <std[617be2ca0a6fd877]::sys::thread::unix::Thread>::new::thread_start
[INFO] [stdout]   19:     0x7e38a4f96dfa - <unknown>
[INFO] [stdout]   20:     0x7e38a502a3d4 - clone
[INFO] [stdout]   21:                0x0 - <unknown>
[INFO] [stdout] 
[INFO] [stdout] ---- the_stage_verbs_move_a_task_across_the_board stdout ----
[INFO] [stdout] 
[INFO] [stdout] thread 'the_stage_verbs_move_a_task_across_the_board' (1190) panicked at crates/branchy-cli/tests/cli.rs:51:10:
[INFO] [stdout] binary runs: Os { code: 2, kind: NotFound, message: "No such file or directory" }
[INFO] [stdout] stack backtrace:
[INFO] [stdout]    0:     0x631922af2331 - <<std[617be2ca0a6fd877]::sys::backtrace::BacktraceLock>::print::DisplayBacktrace as core[a373ad73a504971]::fmt::Display>::fmt
[INFO] [stdout]    1:     0x631922b0679a - core[a373ad73a504971]::fmt::write
[INFO] [stdout]    2:     0x631922af683c - <alloc[2e1b2a31b91974c5]::vec::Vec<u8> as core[a373ad73a504971]::io::write::Write>::write_fmt
[INFO] [stdout]    3:     0x631922acbe76 - std[617be2ca0a6fd877]::panicking::default_hook::{closure#0}
[INFO] [stdout]    4:     0x631922ae9ac9 - std[617be2ca0a6fd877]::panicking::default_hook
[INFO] [stdout]    5:     0x631922a83760 - test[aada8e7e76ba119b]::test_main_inner::{closure#0}
[INFO] [stdout]    6:     0x631922ae9c82 - std[617be2ca0a6fd877]::panicking::panic_with_hook
[INFO] [stdout]    7:     0x631922acbf22 - std[617be2ca0a6fd877]::panicking::panic_handler::{closure#0}
[INFO] [stdout]    8:     0x631922ac4929 - std[617be2ca0a6fd877]::sys::backtrace::__rust_end_short_backtrace::<std[617be2ca0a6fd877]::panicking::panic_handler::{closure#0}, !>
[INFO] [stdout]    9:     0x631922accc1d - __rustc[ea4f61d10b84890b]::rust_begin_unwind
[INFO] [stdout]   10:     0x631922b06ecc - core[a373ad73a504971]::panicking::panic_fmt
[INFO] [stdout]   11:     0x631922b06ca2 - core[a373ad73a504971]::result::unwrap_failed
[INFO] [stdout]   12:     0x631922a6615f - cli[6f37a32c0341dd78]::run
[INFO] [stdout]   13:     0x631922a66beb - cli[6f37a32c0341dd78]::seeded
[INFO] [stdout]   14:     0x631922a709a4 - <cli[6f37a32c0341dd78]::the_stage_verbs_move_a_task_across_the_board::{closure#0} as core[a373ad73a504971]::ops::function::FnOnce<()>>::call_once
[INFO] [stdout]   15:     0x631922a76bab - test[aada8e7e76ba119b]::__rust_begin_short_backtrace::<core[a373ad73a504971]::result::Result<(), alloc[2e1b2a31b91974c5]::string::String>, fn() -> core[a373ad73a504971]::result::Result<(), alloc[2e1b2a31b91974c5]::string::String>>
[INFO] [stdout]   16:     0x631922a83d85 - test[aada8e7e76ba119b]::run_test::{closure#0}
[INFO] [stdout]   17:     0x631922a7d674 - std[617be2ca0a6fd877]::sys::backtrace::__rust_begin_short_backtrace::<test[aada8e7e76ba119b]::run_test::{closure#1}, ()>
[INFO] [stdout]   18:     0x631922a86e12 - <std[617be2ca0a6fd877]::thread::lifecycle::spawn_unchecked<test[aada8e7e76ba119b]::run_test::{closure#1}, ()>::{closure#1} as core[a373ad73a504971]::ops::function::FnOnce<()>>::call_once::{shim:vtable#0}
[INFO] [stdout]   19:     0x631922af164f - <std[617be2ca0a6fd877]::sys::thread::unix::Thread>::new::thread_start
[INFO] [stdout]   20:     0x7e38a4f96dfa - <unknown>
[INFO] [stdout]   21:     0x7e38a502a3d4 - clone
[INFO] [stdout]   22:                0x0 - <unknown>
[INFO] [stdout] 
[INFO] [stdout] ---- why_lists_the_work_in_order stdout ----
[INFO] [stdout] 
[INFO] [stdout] thread 'why_lists_the_work_in_order' (1203) panicked at crates/branchy-cli/tests/cli.rs:51:10:
[INFO] [stdout] binary runs: Os { code: 2, kind: NotFound, message: "No such file or directory" }
[INFO] [stdout] stack backtrace:
[INFO] [stdout]    0:     0x631922af2331 - <<std[617be2ca0a6fd877]::sys::backtrace::BacktraceLock>::print::DisplayBacktrace as core[a373ad73a504971]::fmt::Display>::fmt
[INFO] [stdout]    1:     0x631922b0679a - core[a373ad73a504971]::fmt::write
[INFO] [stdout]    2:     0x631922af683c - <alloc[2e1b2a31b91974c5]::vec::Vec<u8> as core[a373ad73a504971]::io::write::Write>::write_fmt
[INFO] [stdout]    3:     0x631922acbe76 - std[617be2ca0a6fd877]::panicking::default_hook::{closure#0}
[INFO] [stdout]    4:     0x631922ae9ac9 - std[617be2ca0a6fd877]::panicking::default_hook
[INFO] [stdout]    5:     0x631922a83760 - test[aada8e7e76ba119b]::test_main_inner::{closure#0}
[INFO] [stdout]    6:     0x631922ae9c82 - std[617be2ca0a6fd877]::panicking::panic_with_hook
[INFO] [stdout]    7:     0x631922acbf22 - std[617be2ca0a6fd877]::panicking::panic_handler::{closure#0}
[INFO] [stdout]    8:     0x631922ac4929 - std[617be2ca0a6fd877]::sys::backtrace::__rust_end_short_backtrace::<std[617be2ca0a6fd877]::panicking::panic_handler::{closure#0}, !>
[INFO] [stdout]    9:     0x631922accc1d - __rustc[ea4f61d10b84890b]::rust_begin_unwind
[INFO] [stdout]   10:     0x631922b06ecc - core[a373ad73a504971]::panicking::panic_fmt
[INFO] [stdout]   11:     0x631922b06ca2 - core[a373ad73a504971]::result::unwrap_failed
[INFO] [stdout]   12:     0x631922a6615f - cli[6f37a32c0341dd78]::run
[INFO] [stdout]   13:     0x631922a66beb - cli[6f37a32c0341dd78]::seeded
[INFO] [stdout]   14:     0x631922a69467 - <cli[6f37a32c0341dd78]::why_lists_the_work_in_order::{closure#0} as core[a373ad73a504971]::ops::function::FnOnce<()>>::call_once
[INFO] [stdout]   15:     0x631922a76bab - test[aada8e7e76ba119b]::__rust_begin_short_backtrace::<core[a373ad73a504971]::result::Result<(), alloc[2e1b2a31b91974c5]::string::String>, fn() -> core[a373ad73a504971]::result::Result<(), alloc[2e1b2a31b91974c5]::string::String>>
[INFO] [stdout]   16:     0x631922a83d85 - test[aada8e7e76ba119b]::run_test::{closure#0}
[INFO] [stdout]   17:     0x631922a7d674 - std[617be2ca0a6fd877]::sys::backtrace::__rust_begin_short_backtrace::<test[aada8e7e76ba119b]::run_test::{closure#1}, ()>
[INFO] [stdout]   18:     0x631922a86e12 - <std[617be2ca0a6fd877]::thread::lifecycle::spawn_unchecked<test[aada8e7e76ba119b]::run_test::{closure#1}, ()>::{closure#1} as core[a373ad73a504971]::ops::function::FnOnce<()>>::call_once::{shim:vtable#0}
[INFO] [stdout]   19:     0x631922af164f - <std[617be2ca0a6fd877]::sys::thread::unix::Thread>::new::thread_start
[INFO] [stdout]   20:     0x7e38a4f96dfa - <unknown>
[INFO] [stdout]   21:     0x7e38a502a3d4 - clone
[INFO] [stdout]   22:                0x0 - <unknown>
[INFO] [stdout] 
[INFO] [stdout] ---- undo_runs_out_rather_than_wrapping_around stdout ----
[INFO] [stdout] 
[INFO] [stdout] thread 'undo_runs_out_rather_than_wrapping_around' (1196) panicked at crates/branchy-cli/tests/cli.rs:51:10:
[INFO] [stdout] binary runs: Os { code: 2, kind: NotFound, message: "No such file or directory" }
[INFO] [stdout] stack backtrace:
[INFO] [stdout]    0:     0x631922af2331 - <<std[617be2ca0a6fd877]::sys::backtrace::BacktraceLock>::print::DisplayBacktrace as core[a373ad73a504971]::fmt::Display>::fmt
[INFO] [stdout]    1:     0x631922b0679a - core[a373ad73a504971]::fmt::write
[INFO] [stdout]    2:     0x631922af683c - <alloc[2e1b2a31b91974c5]::vec::Vec<u8> as core[a373ad73a504971]::io::write::Write>::write_fmt
[INFO] [stdout]    3:     0x631922acbe76 - std[617be2ca0a6fd877]::panicking::default_hook::{closure#0}
[INFO] [stdout]    4:     0x631922ae9ac9 - std[617be2ca0a6fd877]::panicking::default_hook
[INFO] [stdout]    5:     0x631922a83760 - test[aada8e7e76ba119b]::test_main_inner::{closure#0}
[INFO] [stdout]    6:     0x631922ae9c82 - std[617be2ca0a6fd877]::panicking::panic_with_hook
[INFO] [stdout]    7:     0x631922acbf22 - std[617be2ca0a6fd877]::panicking::panic_handler::{closure#0}
[INFO] [stdout]    8:     0x631922ac4929 - std[617be2ca0a6fd877]::sys::backtrace::__rust_end_short_backtrace::<std[617be2ca0a6fd877]::panicking::panic_handler::{closure#0}, !>
[INFO] [stdout]    9:     0x631922accc1d - __rustc[ea4f61d10b84890b]::rust_begin_unwind
[INFO] [stdout]   10:     0x631922b06ecc - core[a373ad73a504971]::panicking::panic_fmt
[INFO] [stdout]   11:     0x631922b06ca2 - core[a373ad73a504971]::result::unwrap_failed
[INFO] [stdout]   12:     0x631922a6615f - cli[6f37a32c0341dd78]::run
[INFO] [stdout]   13:     0x631922a66beb - cli[6f37a32c0341dd78]::seeded
[INFO] [stdout]   14:     0x631922a6f95d - <cli[6f37a32c0341dd78]::undo_runs_out_rather_than_wrapping_around::{closure#0} as core[a373ad73a504971]::ops::function::FnOnce<()>>::call_once
[INFO] [stdout]   15:     0x631922a76bab - test[aada8e7e76ba119b]::__rust_begin_short_backtrace::<core[a373ad73a504971]::result::Result<(), alloc[2e1b2a31b91974c5]::string::String>, fn() -> core[a373ad73a504971]::result::Result<(), alloc[2e1b2a31b91974c5]::string::String>>
[INFO] [stdout]   16:     0x631922a83d85 - test[aada8e7e76ba119b]::run_test::{closure#0}
[INFO] [stdout]   17:     0x631922a7d674 - std[617be2ca0a6fd877]::sys::backtrace::__rust_begin_short_backtrace::<test[aada8e7e76ba119b]::run_test::{closure#1}, ()>
[INFO] [stdout]   18:     0x631922a86e12 - <std[617be2ca0a6fd877]::thread::lifecycle::spawn_unchecked<test[aada8e7e76ba119b]::run_test::{closure#1}, ()>::{closure#1} as core[a373ad73a504971]::ops::function::FnOnce<()>>::call_once::{shim:vtable#0}
[INFO] [stdout]   19:     0x631922af164f - <std[617be2ca0a6fd877]::sys::thread::unix::Thread>::new::thread_start
[INFO] [stdout]   20:     0x7e38a4f96dfa - <unknown>
[INFO] [stdout]   21:     0x7e38a502a3d4 - clone
[INFO] [stdout]   22:                0x0 - <unknown>
[INFO] [stdout] 
[INFO] [stdout] ---- undo_is_a_stack_and_not_a_toggle stdout ----
[INFO] [stdout] 
[INFO] [stdout] thread 'undo_is_a_stack_and_not_a_toggle' (1193) panicked at crates/branchy-cli/tests/cli.rs:51:10:
[INFO] [stdout] binary runs: Os { code: 2, kind: NotFound, message: "No such file or directory" }
[INFO] [stdout] stack backtrace:
[INFO] [stdout]    0:     0x631922af2331 - <<std[617be2ca0a6fd877]::sys::backtrace::BacktraceLock>::print::DisplayBacktrace as core[a373ad73a504971]::fmt::Display>::fmt
[INFO] [stdout]    1:     0x631922b0679a - core[a373ad73a504971]::fmt::write
[INFO] [stdout]    2:     0x631922af683c - <alloc[2e1b2a31b91974c5]::vec::Vec<u8> as core[a373ad73a504971]::io::write::Write>::write_fmt
[INFO] [stdout]    3:     0x631922acbe76 - std[617be2ca0a6fd877]::panicking::default_hook::{closure#0}
[INFO] [stdout]    4:     0x631922ae9ac9 - std[617be2ca0a6fd877]::panicking::default_hook
[INFO] [stdout]    5:     0x631922a83760 - test[aada8e7e76ba119b]::test_main_inner::{closure#0}
[INFO] [stdout]    6:     0x631922ae9c82 - std[617be2ca0a6fd877]::panicking::panic_with_hook
[INFO] [stdout]    7:     0x631922acbf22 - std[617be2ca0a6fd877]::panicking::panic_handler::{closure#0}
[INFO] [stdout]    8:     0x631922ac4929 - std[617be2ca0a6fd877]::sys::backtrace::__rust_end_short_backtrace::<std[617be2ca0a6fd877]::panicking::panic_handler::{closure#0}, !>
[INFO] [stdout]    9:     0x631922accc1d - __rustc[ea4f61d10b84890b]::rust_begin_unwind
[INFO] [stdout]   10:     0x631922b06ecc - core[a373ad73a504971]::panicking::panic_fmt
[INFO] [stdout]   11:     0x631922b06ca2 - core[a373ad73a504971]::result::unwrap_failed
[INFO] [stdout]   12:     0x631922a6615f - cli[6f37a32c0341dd78]::run
[INFO] [stdout]   13:     0x631922a66beb - cli[6f37a32c0341dd78]::seeded
[INFO] [stdout]   14:     0x631922a6b217 - <cli[6f37a32c0341dd78]::undo_is_a_stack_and_not_a_toggle::{closure#0} as core[a373ad73a504971]::ops::function::FnOnce<()>>::call_once
[INFO] [stdout]   15:     0x631922a76bab - test[aada8e7e76ba119b]::__rust_begin_short_backtrace::<core[a373ad73a504971]::result::Result<(), alloc[2e1b2a31b91974c5]::string::String>, fn() -> core[a373ad73a504971]::result::Result<(), alloc[2e1b2a31b91974c5]::string::String>>
[INFO] [stdout]   16:     0x631922a83d85 - test[aada8e7e76ba119b]::run_test::{closure#0}
[INFO] [stdout]   17:     0x631922a7d674 - std[617be2ca0a6fd877]::sys::backtrace::__rust_begin_short_backtrace::<test[aada8e7e76ba119b]::run_test::{closure#1}, ()>
[INFO] [stdout]   18:     0x631922a86e12 - <std[617be2ca0a6fd877]::thread::lifecycle::spawn_unchecked<test[aada8e7e76ba119b]::run_test::{closure#1}, ()>::{closure#1} as core[a373ad73a504971]::ops::function::FnOnce<()>>::call_once::{shim:vtable#0}
[INFO] [stdout]   19:     0x631922af164f - <std[617be2ca0a6fd877]::sys::thread::unix::Thread>::new::thread_start
[INFO] [stdout]   20:     0x7e38a4f96dfa - <unknown>
[INFO] [stdout]   21:     0x7e38a502a3d4 - clone
[INFO] [stdout]   22:                0x0 - <unknown>
[INFO] [stdout] 
[INFO] [stdout] ---- work_survives_between_invocations stdout ----
[INFO] [stdout] 
[INFO] [stdout] thread 'work_survives_between_invocations' (1207) panicked at crates/branchy-cli/tests/cli.rs:51:10:
[INFO] [stdout] binary runs: Os { code: 2, kind: NotFound, message: "No such file or directory" }
[INFO] [stdout] stack backtrace:
[INFO] [stdout]    0:     0x631922af2331 - <<std[617be2ca0a6fd877]::sys::backtrace::BacktraceLock>::print::DisplayBacktrace as core[a373ad73a504971]::fmt::Display>::fmt
[INFO] [stdout]    1:     0x631922b0679a - core[a373ad73a504971]::fmt::write
[INFO] [stdout]    2:     0x631922af683c - <alloc[2e1b2a31b91974c5]::vec::Vec<u8> as core[a373ad73a504971]::io::write::Write>::write_fmt
[INFO] [stdout]    3:     0x631922acbe76 - std[617be2ca0a6fd877]::panicking::default_hook::{closure#0}
[INFO] [stdout]    4:     0x631922ae9ac9 - std[617be2ca0a6fd877]::panicking::default_hook
[INFO] [stdout]    5:     0x631922a83760 - test[aada8e7e76ba119b]::test_main_inner::{closure#0}
[INFO] [stdout]    6:     0x631922ae9c82 - std[617be2ca0a6fd877]::panicking::panic_with_hook
[INFO] [stdout]    7:     0x631922acbf22 - std[617be2ca0a6fd877]::panicking::panic_handler::{closure#0}
[INFO] [stdout]    8:     0x631922ac4929 - std[617be2ca0a6fd877]::sys::backtrace::__rust_end_short_backtrace::<std[617be2ca0a6fd877]::panicking::panic_handler::{closure#0}, !>
[INFO] [stdout]    9:     0x631922accc1d - __rustc[ea4f61d10b84890b]::rust_begin_unwind
[INFO] [stdout]   10:     0x631922b06ecc - core[a373ad73a504971]::panicking::panic_fmt
[INFO] [stdout]   11:     0x631922b06ca2 - core[a373ad73a504971]::result::unwrap_failed
[INFO] [stdout]   12:     0x631922a6615f - cli[6f37a32c0341dd78]::run
[INFO] [stdout]   13:     0x631922a66beb - cli[6f37a32c0341dd78]::seeded
[INFO] [stdout]   14:     0x631922a6ba47 - <cli[6f37a32c0341dd78]::work_survives_between_invocations::{closure#0} as core[a373ad73a504971]::ops::function::FnOnce<()>>::call_once
[INFO] [stdout]   15:     0x631922a76bab - test[aada8e7e76ba119b]::__rust_begin_short_backtrace::<core[a373ad73a504971]::result::Result<(), alloc[2e1b2a31b91974c5]::string::String>, fn() -> core[a373ad73a504971]::result::Result<(), alloc[2e1b2a31b91974c5]::string::String>>
[INFO] [stdout]   16:     0x631922a83d85 - test[aada8e7e76ba119b]::run_test::{closure#0}
[INFO] [stdout]   17:     0x631922a7d674 - std[617be2ca0a6fd877]::sys::backtrace::__rust_begin_short_backtrace::<test[aada8e7e76ba119b]::run_test::{closure#1}, ()>
[INFO] [stdout]   18:     0x631922a86e12 - <std[617be2ca0a6fd877]::thread::lifecycle::spawn_unchecked<test[aada8e7e76ba119b]::run_test::{closure#1}, ()>::{closure#1} as core[a373ad73a504971]::ops::function::FnOnce<()>>::call_once::{shim:vtable#0}
[INFO] [stdout]   19:     0x631922af164f - <std[617be2ca0a6fd877]::sys::thread::unix::Thread>::new::thread_start
[INFO] [stdout]   20:     0x7e38a4f96dfa - <unknown>
[INFO] [stdout]   21:     0x7e38a502a3d4 - clone
[INFO] [stdout]   22:                0x0 - <unknown>
[INFO] [stdout] 
[INFO] [stdout] 
[INFO] [stdout] failures:
[INFO] [stdout]     a_batch_is_one_change_to_undo
[INFO] [stdout]     a_batch_of_comments_is_refused_as_empty
[INFO] [stdout]     a_batch_wires_up_tasks_that_had_no_id_when_it_was_written
[INFO] [stdout]     a_brand_new_graph_says_how_to_start_not_to_look_for_cycles
[INFO] [stdout]     a_corrupt_file_is_reported_not_ignored
[INFO] [stdout]     a_cycle_is_refused_by_name
[INFO] [stdout]     a_deadline_can_be_cleared
[INFO] [stdout]     a_deadline_survives_a_save_and_reload
[INFO] [stdout]     a_deleted_vault_is_reported_rather_than_recreated
[INFO] [stdout]     a_document_without_counters_continues_from_its_highest_id
[INFO] [stdout]     a_document_written_before_deadlines_still_loads
[INFO] [stdout]     a_file_and_a_vault_cannot_both_be_named
[INFO] [stdout]     a_format_two_document_is_written_and_read_back
[INFO] [stdout]     a_limit_says_how_much_was_left_out
[INFO] [stdout]     a_link_to_a_document_that_does_not_exist_yet_creates_the_target
[INFO] [stdout]     a_long_list_of_matches_is_cut_short
[INFO] [stdout]     a_missing_file_reads_as_an_empty_graph
[INFO] [stdout]     a_multi_word_name_stays_one_task
[INFO] [stdout]     a_new_vault_goes_in_the_current_directory_unless_told_otherwise
[INFO] [stdout]     a_new_vault_is_where_the_next_commands_go
[INFO] [stdout]     a_newer_format_is_refused
[INFO] [stdout]     a_plain_batch_prints_what_it_made_with_labels
[INFO] [stdout]     a_plain_change_prints_the_row_it_changed
[INFO] [stdout]     a_reader_closing_the_pipe_is_not_a_crash
[INFO] [stdout]     a_refused_line_leaves_the_whole_batch_unapplied
[INFO] [stdout]     a_removed_direction_keeps_its_id_after_a_reload
[INFO] [stdout]     a_removed_task_keeps_its_id_after_a_reload
[INFO] [stdout]     a_save_through_a_symlink_keeps_the_link_and_updates_the_real_file
[INFO] [stdout]     an_ambiguous_name_is_refused
[INFO] [stdout]     an_ambiguous_name_lists_what_it_matched_with_ids
[INFO] [stdout]     an_impossible_date_is_refused_before_anything_is_written
[INFO] [stdout]     an_inherited_deadline_reorders_the_queue
[INFO] [stdout]     an_undone_addition_keeps_its_id_spent
[INFO] [stdout]     branchy_file_decides_the_document
[INFO] [stdout]     branchy_file_still_wins_over_the_current_vault
[INFO] [stdout]     brief_gives_counts_directions_and_the_top_of_the_queue
[INFO] [stdout]     brief_on_an_empty_graph_says_how_to_start
[INFO] [stdout]     changes_made_at_the_same_moment_are_all_kept
[INFO] [stdout]     every_example_in_the_guide_runs
[INFO] [stdout]     find_looks_in_notes_only_when_asked_and_lists_them_after_names
[INFO] [stdout]     find_matches_names_ignoring_case
[INFO] [stdout]     find_says_how_much_a_limit_left_out
[INFO] [stdout]     forgetting_a_vault_leaves_its_folder_alone
[INFO] [stdout]     help_points_agents_at_the_guide
[INFO] [stdout]     list_filters_by_stage
[INFO] [stdout]     list_filters_by_status
[INFO] [stdout]     opening_a_vault_moves_the_terminal_to_it
[INFO] [stdout]     overdue_work_is_counted_in_the_tally
[INFO] [stdout]     plain_rows_carry_ids_and_whole_names
[INFO] [stdout]     plain_rows_refer_to_prerequisites_by_id
[INFO] [stdout]     plain_show_ends_with_the_note_as_written
[INFO] [stdout]     removing_a_task_strips_it_from_dependents
[INFO] [stdout]     snapshot_carries_the_derived_picture
[INFO] [stdout]     snapshot_of_an_empty_graph_is_still_valid
[INFO] [stdout]     starting_a_locked_task_is_refused_by_name
[INFO] [stdout]     the_board_shows_every_column
[INFO] [stdout]     the_calendar_marks_an_inherited_deadline
[INFO] [stdout]     the_guide_needs_no_vault
[INFO] [stdout]     the_list_marks_the_current_vault_and_keeps_five
[INFO] [stdout]     the_queue_holds_only_what_is_reachable
[INFO] [stdout]     the_queue_says_which_tasks_are_already_under_way
[INFO] [stdout]     the_stage_verbs_move_a_task_across_the_board
[INFO] [stdout]     the_vault_option_reaches_another_vault_for_one_command_only
[INFO] [stdout]     undo_is_a_stack_and_not_a_toggle
[INFO] [stdout]     undo_reverses_the_last_change
[INFO] [stdout]     undo_runs_out_rather_than_wrapping_around
[INFO] [stdout]     undo_through_a_symlink_keeps_the_link_too
[INFO] [stdout]     undo_with_no_history_says_so
[INFO] [stdout]     why_lists_the_work_in_order
[INFO] [stdout]     why_says_so_when_nothing_is_in_the_way
[INFO] [stdout]     with_no_vault_the_terminal_says_how_to_start
[INFO] [stdout]     work_survives_between_invocations
[INFO] [stdout] 
[INFO] [stdout] test result: FAILED. 0 passed; 72 failed; 0 ignored; 0 measured; 0 filtered out; finished in 0.05s
[INFO] [stdout] 
[INFO] running `Command { std: "docker" "inspect" "6b540166a323c7ca3431fc5edc4638cf4ce55358c1992b6f2ef7982d3b80765b", kill_on_drop: false }`
[INFO] running `Command { std: "docker" "rm" "-f" "6b540166a323c7ca3431fc5edc4638cf4ce55358c1992b6f2ef7982d3b80765b", kill_on_drop: false }`
[INFO] [stdout] 6b540166a323c7ca3431fc5edc4638cf4ce55358c1992b6f2ef7982d3b80765b
