[INFO] cloning repository https://github.com/jayshrivastava/port-inspector-cli
[INFO] running `Command { std: "git" "-c" "credential.helper=" "-c" "credential.helper=/workspace/cargo-home/bin/git-credential-null" "clone" "--bare" "https://github.com/jayshrivastava/port-inspector-cli" "/workspace/cache/git-repos/https%3A%2F%2Fgithub.com%2Fjayshrivastava%2Fport-inspector-cli", kill_on_drop: false }`
[INFO] [stderr] Cloning into bare repository '/workspace/cache/git-repos/https%3A%2F%2Fgithub.com%2Fjayshrivastava%2Fport-inspector-cli'...
[INFO] running `Command { std: "git" "rev-parse" "HEAD", kill_on_drop: false }`
[INFO] [stdout] 4d9310f5c287009ee362fac44c8a3574d9a7b755
[INFO] testing jayshrivastava/port-inspector-cli against 1.100.0-beta.1+cargoflags=--release for beta-release-1.100-2
[INFO] running `Command { std: "git" "clone" "/workspace/cache/git-repos/https%3A%2F%2Fgithub.com%2Fjayshrivastava%2Fport-inspector-cli" "/workspace/builds/worker-0-tc2/source", kill_on_drop: false }`
[INFO] [stderr] Cloning into '/workspace/builds/worker-0-tc2/source'...
[INFO] [stderr] done.
[INFO] started tweaking git repo https://github.com/jayshrivastava/port-inspector-cli
[INFO] finished tweaking git repo https://github.com/jayshrivastava/port-inspector-cli
[INFO] tweaked toml for git repo https://github.com/jayshrivastava/port-inspector-cli written to /workspace/builds/worker-0-tc2/source/Cargo.toml
[INFO] validating manifest of git repo https://github.com/jayshrivastava/port-inspector-cli on toolchain 1.100.0-beta.1
[INFO] running `Command { std: CARGO_HOME="/workspace/cargo-home" RUSTUP_HOME="/workspace/rustup-home" "/workspace/cargo-home/bin/cargo" "+1.100.0-beta.1" "metadata" "--manifest-path" "Cargo.toml" "--no-deps", kill_on_drop: false }`
[INFO] crate git repo https://github.com/jayshrivastava/port-inspector-cli already has a lockfile, it will not be regenerated
[INFO] running `Command { std: CARGO_HOME="/workspace/cargo-home" RUSTUP_HOME="/workspace/rustup-home" "/workspace/cargo-home/bin/cargo" "+1.100.0-beta.1" "fetch" "--manifest-path" "Cargo.toml", kill_on_drop: false }`
[INFO] running `Command { std: "docker" "create" "-v" "/var/lib/crater-agent-workspace/builds/worker-0-tc2/source:/opt/rustwide/workdir:ro,Z" "-v" "/var/lib/crater-agent-workspace/builds/worker-0-tc2/target:/opt/rustwide/target:rw,Z" "-v" "/var/lib/crater-agent-workspace/cargo-home:/opt/rustwide/cargo-home:ro,Z" "-v" "/var/lib/crater-agent-workspace/rustup-home:/opt/rustwide/rustup-home:ro,Z" "-m" "1610612736" "--network" "none" "ghcr.io/rust-lang/crates-build-env/linux@sha256:77db811e55d90add9212f6832c23229e3de5f1c1f9905e8cb07319ea15df73ac" "sleep" "infinity", kill_on_drop: false }`
[INFO] [stdout] d786c49eb92a8875347ff2dd872afceabe6d600a4a4afd3a29bbf74ce045c141
[INFO] running `Command { std: "docker" "start" "d786c49eb92a8875347ff2dd872afceabe6d600a4a4afd3a29bbf74ce045c141", kill_on_drop: false }`
[INFO] running `Command { std: "docker" "inspect" "d786c49eb92a8875347ff2dd872afceabe6d600a4a4afd3a29bbf74ce045c141", kill_on_drop: false }`
[INFO] running `Command { std: "docker" "exec" "-e" "SOURCE_DIR=/opt/rustwide/workdir" "-e" "CARGO_HOME=/opt/rustwide/cargo-home" "-e" "RUSTUP_HOME=/opt/rustwide/rustup-home" "-e" "CARGO_TARGET_DIR=/opt/rustwide/target" "-w" "/opt/rustwide/workdir" "--user" "0:0" "d786c49eb92a8875347ff2dd872afceabe6d600a4a4afd3a29bbf74ce045c141" "/opt/rustwide/cargo-home/bin/cargo" "+1.100.0-beta.1" "metadata" "--no-deps" "--format-version=1", kill_on_drop: false }`
[INFO] running `Command { std: "docker" "inspect" "d786c49eb92a8875347ff2dd872afceabe6d600a4a4afd3a29bbf74ce045c141", kill_on_drop: false }`
[INFO] running `Command { std: "docker" "exec" "-e" "SOURCE_DIR=/opt/rustwide/workdir" "-e" "CARGO_HOME=/opt/rustwide/cargo-home" "-e" "RUSTUP_HOME=/opt/rustwide/rustup-home" "-e" "CARGO_TARGET_DIR=/opt/rustwide/target" "-e" "CARGO_INCREMENTAL=0" "-e" "RUST_BACKTRACE=full" "-e" "RUSTFLAGS=--cap-lints=warn" "-e" "RUSTDOCFLAGS=--cap-lints=warn" "-w" "/opt/rustwide/workdir" "--user" "0:0" "d786c49eb92a8875347ff2dd872afceabe6d600a4a4afd3a29bbf74ce045c141" "/opt/rustwide/cargo-home/bin/cargo" "+1.100.0-beta.1" "build" "--frozen" "--message-format=json" "--release", kill_on_drop: false }`
[INFO] [stderr]    Compiling libc v0.2.81
[INFO] [stderr]    Compiling doc-comment v0.3.3
[INFO] [stderr]    Compiling predicates-core v1.0.1
[INFO] [stderr]    Compiling bitflags v1.2.1
[INFO] [stderr]    Compiling treeline v0.1.0
[INFO] [stderr]    Compiling difference v2.0.0
[INFO] [stderr]    Compiling unicode-width v0.1.8
[INFO] [stderr]    Compiling ansi_term v0.11.0
[INFO] [stderr]    Compiling vec_map v0.8.2
[INFO] [stderr]    Compiling textwrap v0.11.0
[INFO] [stderr]    Compiling predicates-tree v1.0.1
[INFO] [stderr]    Compiling predicates v1.0.6
[INFO] [stderr]    Compiling strsim v0.8.0
[INFO] [stderr]    Compiling wait-timeout v0.2.0
[INFO] [stderr]    Compiling atty v0.2.14
[INFO] [stderr]    Compiling clap v2.33.3
[INFO] [stderr]    Compiling assert_cmd v1.0.2
[INFO] [stderr]    Compiling port-inspector v0.1.0 (/opt/rustwide/workdir)
[INFO] [stderr] warning: unused dependency `assert_cmd`
[INFO] [stderr]  --> Cargo.toml:2:1
[INFO] [stderr]   |
[INFO] [stderr] 2 | assert_cmd = "1.0.2"
[INFO] [stderr]   | ^^^^^^^^^^^^^^^^^^^^
[INFO] [stderr]   |
[INFO] [stderr]   = note: `cargo::unused_dependencies` is set to `warn` by default
[INFO] [stderr] help: consider removing the dependency on `assert_cmd`
[INFO] [stderr] warning: `port-inspector` (manifest) generated 1 warning
[INFO] [stderr]     Finished `release` profile [optimized] target(s) in 22.39s
[INFO] running `Command { std: "docker" "inspect" "d786c49eb92a8875347ff2dd872afceabe6d600a4a4afd3a29bbf74ce045c141", kill_on_drop: false }`
[INFO] running `Command { std: "docker" "exec" "-e" "SOURCE_DIR=/opt/rustwide/workdir" "-e" "CARGO_HOME=/opt/rustwide/cargo-home" "-e" "RUSTUP_HOME=/opt/rustwide/rustup-home" "-e" "CARGO_TARGET_DIR=/opt/rustwide/target" "-e" "CARGO_INCREMENTAL=0" "-e" "RUST_BACKTRACE=full" "-e" "RUSTFLAGS=--cap-lints=warn" "-e" "RUSTDOCFLAGS=--cap-lints=warn" "-w" "/opt/rustwide/workdir" "--user" "0:0" "d786c49eb92a8875347ff2dd872afceabe6d600a4a4afd3a29bbf74ce045c141" "/opt/rustwide/cargo-home/bin/cargo" "+1.100.0-beta.1" "test" "--frozen" "--no-run" "--message-format=json" "--release", kill_on_drop: false }`
[INFO] [stderr]    Compiling port-inspector v0.1.0 (/opt/rustwide/workdir)
[INFO] [stderr]     Finished `release` profile [optimized] target(s) in 0.69s
[INFO] running `Command { std: "docker" "inspect" "d786c49eb92a8875347ff2dd872afceabe6d600a4a4afd3a29bbf74ce045c141", kill_on_drop: false }`
[INFO] running `Command { std: "docker" "exec" "-e" "SOURCE_DIR=/opt/rustwide/workdir" "-e" "CARGO_HOME=/opt/rustwide/cargo-home" "-e" "RUSTUP_HOME=/opt/rustwide/rustup-home" "-e" "CARGO_TARGET_DIR=/opt/rustwide/target" "-e" "CARGO_INCREMENTAL=0" "-e" "RUST_BACKTRACE=full" "-e" "RUSTFLAGS=--cap-lints=warn" "-e" "RUSTDOCFLAGS=--cap-lints=warn" "-w" "/opt/rustwide/workdir" "--user" "0:0" "d786c49eb92a8875347ff2dd872afceabe6d600a4a4afd3a29bbf74ce045c141" "/opt/rustwide/cargo-home/bin/cargo" "+1.100.0-beta.1" "test" "--frozen" "--release", kill_on_drop: false }`
[INFO] [stderr]     Finished `release` profile [optimized] target(s) in 0.02s
[INFO] [stderr]      Running unittests src/main.rs (/opt/rustwide/target/release/build/port-inspector/df6aca46ee7481fa/out/port_inspector-df6aca46ee7481fa)
[INFO] [stdout] 
[INFO] [stdout] running 5 tests
[INFO] [stdout] test test_cli::test_invalid_num_threads ... FAILED
[INFO] [stdout] test test_cli::test_invalid_ip ... FAILED
[INFO] [stdout] test test_cli::test_valid_with_threads ... FAILED
[INFO] [stdout] test test_cli::test_missing_ip ... FAILED
[INFO] [stdout] test test_cli::test_valid_ip ... FAILED
[INFO] [stdout] 
[INFO] [stdout] failures:
[INFO] [stdout] 
[INFO] [stdout] ---- test_cli::test_invalid_num_threads stdout ----
[INFO] [stdout] 
[INFO] [stdout] thread 'test_cli::test_invalid_num_threads' (428) panicked at src/main.rs:33:55:
[INFO] [stdout] called `Result::unwrap()` on an `Err` value: CargoError { cause: Some(NotFoundError { path: "/opt/rustwide/target/release/build/port-inspector/df6aca46ee7481fa/out/port-inspector" }) }
[INFO] [stdout] stack backtrace:
[INFO] [stdout]    0:     0x5a8799aef9b1 - <<std[617be2ca0a6fd877]::sys::backtrace::BacktraceLock>::print::DisplayBacktrace as core[a373ad73a504971]::fmt::Display>::fmt
[INFO] [stdout]    1:     0x5a8799b04faa - core[a373ad73a504971]::fmt::write
[INFO] [stdout]    2:     0x5a8799af4fdc - <alloc[2e1b2a31b91974c5]::vec::Vec<u8> as core[a373ad73a504971]::io::write::Write>::write_fmt
[INFO] [stdout]    3:     0x5a8799acb4c6 - std[617be2ca0a6fd877]::panicking::default_hook::{closure#0}
[INFO] [stdout]    4:     0x5a8799ae7fc9 - std[617be2ca0a6fd877]::panicking::default_hook
[INFO] [stdout]    5:     0x5a8799a76aa0 - test[aada8e7e76ba119b]::test_main_inner::{closure#0}
[INFO] [stdout]    6:     0x5a8799ae8182 - std[617be2ca0a6fd877]::panicking::panic_with_hook
[INFO] [stdout]    7:     0x5a8799acb572 - std[617be2ca0a6fd877]::panicking::panic_handler::{closure#0}
[INFO] [stdout]    8:     0x5a8799ac4289 - std[617be2ca0a6fd877]::sys::backtrace::__rust_end_short_backtrace::<std[617be2ca0a6fd877]::panicking::panic_handler::{closure#0}, !>
[INFO] [stdout]    9:     0x5a8799acc17d - __rustc[ea4f61d10b84890b]::rust_begin_unwind
[INFO] [stdout]   10:     0x5a8799b056dc - core[a373ad73a504971]::panicking::panic_fmt
[INFO] [stdout]   11:     0x5a8799b054b2 - core[a373ad73a504971]::result::unwrap_failed
[INFO] [stdout]   12:     0x5a8799a69e16 - <port_inspector[e35d858b4647c4ba]::test_cli::test_invalid_num_threads::{closure#0} as core[a373ad73a504971]::ops::function::FnOnce<()>>::call_once
[INFO] [stdout]   13:     0x5a8799a69eeb - test[aada8e7e76ba119b]::__rust_begin_short_backtrace::<core[a373ad73a504971]::result::Result<(), alloc[2e1b2a31b91974c5]::string::String>, fn() -> core[a373ad73a504971]::result::Result<(), alloc[2e1b2a31b91974c5]::string::String>>
[INFO] [stdout]   14:     0x5a8799a770c5 - test[aada8e7e76ba119b]::run_test::{closure#0}
[INFO] [stdout]   15:     0x5a8799a709b4 - std[617be2ca0a6fd877]::sys::backtrace::__rust_begin_short_backtrace::<test[aada8e7e76ba119b]::run_test::{closure#1}, ()>
[INFO] [stdout]   16:     0x5a8799a7a152 - <std[617be2ca0a6fd877]::thread::lifecycle::spawn_unchecked<test[aada8e7e76ba119b]::run_test::{closure#1}, ()>::{closure#1} as core[a373ad73a504971]::ops::function::FnOnce<()>>::call_once::{shim:vtable#0}
[INFO] [stdout]   17:     0x5a8799aef18f - <std[617be2ca0a6fd877]::sys::thread::unix::Thread>::new::thread_start
[INFO] [stdout]   18:     0x71a8147aedfa - <unknown>
[INFO] [stdout]   19:     0x71a8148423d4 - clone
[INFO] [stdout]   20:                0x0 - <unknown>
[INFO] [stdout] 
[INFO] [stdout] ---- test_cli::test_invalid_ip stdout ----
[INFO] [stdout] 
[INFO] [stdout] thread 'test_cli::test_invalid_ip' (427) panicked at src/main.rs:44:55:
[INFO] [stdout] called `Result::unwrap()` on an `Err` value: CargoError { cause: Some(NotFoundError { path: "/opt/rustwide/target/release/build/port-inspector/df6aca46ee7481fa/out/port-inspector" }) }
[INFO] [stdout] stack backtrace:
[INFO] [stdout]    0:     0x5a8799aef9b1 - <<std[617be2ca0a6fd877]::sys::backtrace::BacktraceLock>::print::DisplayBacktrace as core[a373ad73a504971]::fmt::Display>::fmt
[INFO] [stdout]    1:     0x5a8799b04faa - core[a373ad73a504971]::fmt::write
[INFO] [stdout]    2:     0x5a8799af4fdc - <alloc[2e1b2a31b91974c5]::vec::Vec<u8> as core[a373ad73a504971]::io::write::Write>::write_fmt
[INFO] [stdout]    3:     0x5a8799acb4c6 - std[617be2ca0a6fd877]::panicking::default_hook::{closure#0}
[INFO] [stdout]    4:     0x5a8799ae7fc9 - std[617be2ca0a6fd877]::panicking::default_hook
[INFO] [stdout]    5:     0x5a8799a76aa0 - test[aada8e7e76ba119b]::test_main_inner::{closure#0}
[INFO] [stdout]    6:     0x5a8799ae8182 - std[617be2ca0a6fd877]::panicking::panic_with_hook
[INFO] [stdout]    7:     0x5a8799acb572 - std[617be2ca0a6fd877]::panicking::panic_handler::{closure#0}
[INFO] [stdout]    8:     0x5a8799ac4289 - std[617be2ca0a6fd877]::sys::backtrace::__rust_end_short_backtrace::<std[617be2ca0a6fd877]::panicking::panic_handler::{closure#0}, !>
[INFO] [stdout]    9:     0x5a8799acc17d - __rustc[ea4f61d10b84890b]::rust_begin_unwind
[INFO] [stdout]   10:     0x5a8799b056dc - core[a373ad73a504971]::panicking::panic_fmt
[INFO] [stdout]   11:     0x5a8799b054b2 - core[a373ad73a504971]::result::unwrap_failed
[INFO] [stdout]   12:     0x5a8799a696f6 - <port_inspector[e35d858b4647c4ba]::test_cli::test_invalid_ip::{closure#0} as core[a373ad73a504971]::ops::function::FnOnce<()>>::call_once
[INFO] [stdout]   13:     0x5a8799a69eeb - test[aada8e7e76ba119b]::__rust_begin_short_backtrace::<core[a373ad73a504971]::result::Result<(), alloc[2e1b2a31b91974c5]::string::String>, fn() -> core[a373ad73a504971]::result::Result<(), alloc[2e1b2a31b91974c5]::string::String>>
[INFO] [stdout]   14:     0x5a8799a770c5 - test[aada8e7e76ba119b]::run_test::{closure#0}
[INFO] [stdout]   15:     0x5a8799a709b4 - std[617be2ca0a6fd877]::sys::backtrace::__rust_begin_short_backtrace::<test[aada8e7e76ba119b]::run_test::{closure#1}, ()>
[INFO] [stdout]   16:     0x5a8799a7a152 - <std[617be2ca0a6fd877]::thread::lifecycle::spawn_unchecked<test[aada8e7e76ba119b]::run_test::{closure#1}, ()>::{closure#1} as core[a373ad73a504971]::ops::function::FnOnce<()>>::call_once::{shim:vtable#0}
[INFO] [stdout]   17:     0x5a8799aef18f - <std[617be2ca0a6fd877]::sys::thread::unix::Thread>::new::thread_start
[INFO] [stdout]   18:     0x71a8147aedfa - <unknown>
[INFO] [stdout]   19:     0x71a8148423d4 - clone
[INFO] [stdout]   20:                0x0 - <unknown>
[INFO] [stdout] 
[INFO] [stdout] ---- test_cli::test_valid_with_threads stdout ----
[INFO] [stdout] 
[INFO] [stdout] thread 'test_cli::test_valid_with_threads' (431) panicked at src/main.rs:61:55:
[INFO] [stdout] called `Result::unwrap()` on an `Err` value: CargoError { cause: Some(NotFoundError { path: "/opt/rustwide/target/release/build/port-inspector/df6aca46ee7481fa/out/port-inspector" }) }
[INFO] [stdout] stack backtrace:
[INFO] [stdout]    0:     0x5a8799aef9b1 - <<std[617be2ca0a6fd877]::sys::backtrace::BacktraceLock>::print::DisplayBacktrace as core[a373ad73a504971]::fmt::Display>::fmt
[INFO] [stdout]    1:     0x5a8799b04faa - core[a373ad73a504971]::fmt::write
[INFO] [stdout]    2:     0x5a8799af4fdc - <alloc[2e1b2a31b91974c5]::vec::Vec<u8> as core[a373ad73a504971]::io::write::Write>::write_fmt
[INFO] [stdout]    3:     0x5a8799acb4c6 - std[617be2ca0a6fd877]::panicking::default_hook::{closure#0}
[INFO] [stdout]    4:     0x5a8799ae7fc9 - std[617be2ca0a6fd877]::panicking::default_hook
[INFO] [stdout]    5:     0x5a8799a76aa0 - test[aada8e7e76ba119b]::test_main_inner::{closure#0}
[INFO] [stdout]    6:     0x5a8799ae8182 - std[617be2ca0a6fd877]::panicking::panic_with_hook
[INFO] [stdout]    7:     0x5a8799acb572 - std[617be2ca0a6fd877]::panicking::panic_handler::{closure#0}
[INFO] [stdout]    8:     0x5a8799ac4289 - std[617be2ca0a6fd877]::sys::backtrace::__rust_end_short_backtrace::<std[617be2ca0a6fd877]::panicking::panic_handler::{closure#0}, !>
[INFO] [stdout]    9:     0x5a8799acc17d - __rustc[ea4f61d10b84890b]::rust_begin_unwind
[INFO] [stdout]   10:     0x5a8799b056dc - core[a373ad73a504971]::panicking::panic_fmt
[INFO] [stdout]   11:     0x5a8799b054b2 - core[a373ad73a504971]::result::unwrap_failed
[INFO] [stdout]   12:     0x5a8799a69b40 - <port_inspector[e35d858b4647c4ba]::test_cli::test_valid_with_threads::{closure#0} as core[a373ad73a504971]::ops::function::FnOnce<()>>::call_once
[INFO] [stdout]   13:     0x5a8799a69eeb - test[aada8e7e76ba119b]::__rust_begin_short_backtrace::<core[a373ad73a504971]::result::Result<(), alloc[2e1b2a31b91974c5]::string::String>, fn() -> core[a373ad73a504971]::result::Result<(), alloc[2e1b2a31b91974c5]::string::String>>
[INFO] [stdout]   14:     0x5a8799a770c5 - test[aada8e7e76ba119b]::run_test::{closure#0}
[INFO] [stdout]   15:     0x5a8799a709b4 - std[617be2ca0a6fd877]::sys::backtrace::__rust_begin_short_backtrace::<test[aada8e7e76ba119b]::run_test::{closure#1}, ()>
[INFO] [stdout]   16:     0x5a8799a7a152 - <std[617be2ca0a6fd877]::thread::lifecycle::spawn_unchecked<test[aada8e7e76ba119b]::run_test::{closure#1}, ()>::{closure#1} as core[a373ad73a504971]::ops::function::FnOnce<()>>::call_once::{shim:vtable#0}
[INFO] [stdout]   17:     0x5a8799aef18f - <std[617be2ca0a6fd877]::sys::thread::unix::Thread>::new::thread_start
[INFO] [stdout]   18:     0x71a8147aedfa - <unknown>
[INFO] [stdout]   19:     0x71a8148423d4 - clone
[INFO] [stdout]   20:                0x0 - <unknown>
[INFO] [stdout] 
[INFO] [stdout] ---- test_cli::test_missing_ip stdout ----
[INFO] [stdout] 
[INFO] [stdout] thread 'test_cli::test_missing_ip' (429) panicked at src/main.rs:24:55:
[INFO] [stdout] called `Result::unwrap()` on an `Err` value: CargoError { cause: Some(NotFoundError { path: "/opt/rustwide/target/release/build/port-inspector/df6aca46ee7481fa/out/port-inspector" }) }
[INFO] [stdout] stack backtrace:
[INFO] [stdout]    0:     0x5a8799aef9b1 - <<std[617be2ca0a6fd877]::sys::backtrace::BacktraceLock>::print::DisplayBacktrace as core[a373ad73a504971]::fmt::Display>::fmt
[INFO] [stdout]    1:     0x5a8799b04faa - core[a373ad73a504971]::fmt::write
[INFO] [stdout]    2:     0x5a8799af4fdc - <alloc[2e1b2a31b91974c5]::vec::Vec<u8> as core[a373ad73a504971]::io::write::Write>::write_fmt
[INFO] [stdout]    3:     0x5a8799acb4c6 - std[617be2ca0a6fd877]::panicking::default_hook::{closure#0}
[INFO] [stdout]    4:     0x5a8799ae7fc9 - std[617be2ca0a6fd877]::panicking::default_hook
[INFO] [stdout]    5:     0x5a8799a76aa0 - test[aada8e7e76ba119b]::test_main_inner::{closure#0}
[INFO] [stdout]    6:     0x5a8799ae8182 - std[617be2ca0a6fd877]::panicking::panic_with_hook
[INFO] [stdout]    7:     0x5a8799acb572 - std[617be2ca0a6fd877]::panicking::panic_handler::{closure#0}
[INFO] [stdout]    8:     0x5a8799ac4289 - std[617be2ca0a6fd877]::sys::backtrace::__rust_end_short_backtrace::<std[617be2ca0a6fd877]::panicking::panic_handler::{closure#0}, !>
[INFO] [stdout]    9:     0x5a8799acc17d - __rustc[ea4f61d10b84890b]::rust_begin_unwind
[INFO] [stdout]   10:     0x5a8799b056dc - core[a373ad73a504971]::panicking::panic_fmt
[INFO] [stdout]   11:     0x5a8799b054b2 - core[a373ad73a504971]::result::unwrap_failed
[INFO] [stdout]   12:     0x5a8799a699a2 - <port_inspector[e35d858b4647c4ba]::test_cli::test_missing_ip::{closure#0} as core[a373ad73a504971]::ops::function::FnOnce<()>>::call_once
[INFO] [stdout]   13:     0x5a8799a69eeb - test[aada8e7e76ba119b]::__rust_begin_short_backtrace::<core[a373ad73a504971]::result::Result<(), alloc[2e1b2a31b91974c5]::string::String>, fn() -> core[a373ad73a504971]::result::Result<(), alloc[2e1b2a31b91974c5]::string::String>>
[INFO] [stdout]   14:     0x5a8799a770c5 - test[aada8e7e76ba119b]::run_test::{closure#0}
[INFO] [stdout]   15:     0x5a8799a709b4 - std[617be2ca0a6fd877]::sys::backtrace::__rust_begin_short_backtrace::<test[aada8e7e76ba119b]::run_test::{closure#1}, ()>
[INFO] [stdout]   16:     0x5a8799a7a152 - <std[617be2ca0a6fd877]::thread::lifecycle::spawn_unchecked<test[aada8e7e76ba119b]::run_test::{closure#1}, ()>::{closure#1} as core[a373ad73a504971]::ops::function::FnOnce<()>>::call_once::{shim:vtable#0}
[INFO] [stdout]   17:     0x5a8799aef18f - <std[617be2ca0a6fd877]::sys::thread::unix::Thread>::new::thread_start
[INFO] [stdout]   18:     0x71a8147aedfa - <unknown>
[INFO] [stdout]   19:     0x71a8148423d4 - clone
[INFO] [stdout]   20:                0x0 - <unknown>
[INFO] [stdout] 
[INFO] [stdout] ---- test_cli::test_valid_ip stdout ----
[INFO] [stdout] 
[INFO] [stdout] thread 'test_cli::test_valid_ip' (430) panicked at src/main.rs:55:55:
[INFO] [stdout] called `Result::unwrap()` on an `Err` value: CargoError { cause: Some(NotFoundError { path: "/opt/rustwide/target/release/build/port-inspector/df6aca46ee7481fa/out/port-inspector" }) }
[INFO] [stdout] stack backtrace:
[INFO] [stdout]    0:     0x5a8799aef9b1 - <<std[617be2ca0a6fd877]::sys::backtrace::BacktraceLock>::print::DisplayBacktrace as core[a373ad73a504971]::fmt::Display>::fmt
[INFO] [stdout]    1:     0x5a8799b04faa - core[a373ad73a504971]::fmt::write
[INFO] [stdout]    2:     0x5a8799af4fdc - <alloc[2e1b2a31b91974c5]::vec::Vec<u8> as core[a373ad73a504971]::io::write::Write>::write_fmt
[INFO] [stdout]    3:     0x5a8799acb4c6 - std[617be2ca0a6fd877]::panicking::default_hook::{closure#0}
[INFO] [stdout]    4:     0x5a8799ae7fc9 - std[617be2ca0a6fd877]::panicking::default_hook
[INFO] [stdout]    5:     0x5a8799a76aa0 - test[aada8e7e76ba119b]::test_main_inner::{closure#0}
[INFO] [stdout]    6:     0x5a8799ae8182 - std[617be2ca0a6fd877]::panicking::panic_with_hook
[INFO] [stdout]    7:     0x5a8799acb572 - std[617be2ca0a6fd877]::panicking::panic_handler::{closure#0}
[INFO] [stdout]    8:     0x5a8799ac4289 - std[617be2ca0a6fd877]::sys::backtrace::__rust_end_short_backtrace::<std[617be2ca0a6fd877]::panicking::panic_handler::{closure#0}, !>
[INFO] [stdout]    9:     0x5a8799acc17d - __rustc[ea4f61d10b84890b]::rust_begin_unwind
[INFO] [stdout]   10:     0x5a8799b056dc - core[a373ad73a504971]::panicking::panic_fmt
[INFO] [stdout]   11:     0x5a8799b054b2 - core[a373ad73a504971]::result::unwrap_failed
[INFO] [stdout]   12:     0x5a8799a69422 - <port_inspector[e35d858b4647c4ba]::test_cli::test_valid_ip::{closure#0} as core[a373ad73a504971]::ops::function::FnOnce<()>>::call_once
[INFO] [stdout]   13:     0x5a8799a69eeb - test[aada8e7e76ba119b]::__rust_begin_short_backtrace::<core[a373ad73a504971]::result::Result<(), alloc[2e1b2a31b91974c5]::string::String>, fn() -> core[a373ad73a504971]::result::Result<(), alloc[2e1b2a31b91974c5]::string::String>>
[INFO] [stdout]   14:     0x5a8799a770c5 - test[aada8e7e76ba119b]::run_test::{closure#0}
[INFO] [stdout]   15:     0x5a8799a709b4 - std[617be2ca0a6fd877]::sys::backtrace::__rust_begin_short_backtrace::<test[aada8e7e76ba119b]::run_test::{closure#1}, ()>
[INFO] [stdout]   16:     0x5a8799a7a152 - <std[617be2ca0a6fd877]::thread::lifecycle::spawn_unchecked<test[aada8e7e76ba119b]::run_test::{closure#1}, ()>::{closure#1} as core[a373ad73a504971]::ops::function::FnOnce<()>>::call_once::{shim:vtable#0}
[INFO] [stdout]   17:     0x5a8799aef18f - <std[617be2ca0a6fd877]::sys::thread::unix::Thread>::new::thread_start
[INFO] [stdout]   18:     0x71a8147aedfa - <unknown>
[INFO] [stdout]   19:     0x71a8148423d4 - clone
[INFO] [stdout]   20:                0x0 - <unknown>
[INFO] [stdout] 
[INFO] [stdout] 
[INFO] [stdout] failures:
[INFO] [stdout]     test_cli::test_invalid_ip
[INFO] [stdout]     test_cli::test_invalid_num_threads
[INFO] [stdout]     test_cli::test_missing_ip
[INFO] [stdout]     test_cli::test_valid_ip
[INFO] [stdout]     test_cli::test_valid_with_threads
[INFO] [stdout] 
[INFO] [stdout] test result: FAILED. 0 passed; 5 failed; 0 ignored; 0 measured; 0 filtered out; finished in 0.00s
[INFO] [stdout] 
[INFO] [stderr] error: test failed, to rerun pass `--bin port-inspector`
[INFO] running `Command { std: "docker" "inspect" "d786c49eb92a8875347ff2dd872afceabe6d600a4a4afd3a29bbf74ce045c141", kill_on_drop: false }`
[INFO] running `Command { std: "docker" "rm" "-f" "d786c49eb92a8875347ff2dd872afceabe6d600a4a4afd3a29bbf74ce045c141", kill_on_drop: false }`
[INFO] [stdout] d786c49eb92a8875347ff2dd872afceabe6d600a4a4afd3a29bbf74ce045c141
