[INFO] cloning repository https://github.com/j0yen/hold-survey
[INFO] running `Command { std: "git" "-c" "credential.helper=" "-c" "credential.helper=/workspace/cargo-home/bin/git-credential-null" "clone" "--bare" "https://github.com/j0yen/hold-survey" "/workspace/cache/git-repos/https%3A%2F%2Fgithub.com%2Fj0yen%2Fhold-survey", kill_on_drop: false }`
[INFO] [stderr] Cloning into bare repository '/workspace/cache/git-repos/https%3A%2F%2Fgithub.com%2Fj0yen%2Fhold-survey'...
[INFO] running `Command { std: "git" "rev-parse" "HEAD", kill_on_drop: false }`
[INFO] [stdout] 1460057b22afb60db440542d458320efe2ed4fa6
[INFO] testing j0yen/hold-survey against 1.100.0-beta.1+cargoflags=--release for beta-release-1.100-2
[INFO] running `Command { std: "git" "clone" "/workspace/cache/git-repos/https%3A%2F%2Fgithub.com%2Fj0yen%2Fhold-survey" "/workspace/builds/worker-6-tc2/source", kill_on_drop: false }`
[INFO] [stderr] Cloning into '/workspace/builds/worker-6-tc2/source'...
[INFO] [stderr] done.
[INFO] removed /workspace/builds/worker-6-tc2/source/rust-toolchain.toml
[INFO] started tweaking git repo https://github.com/j0yen/hold-survey
[INFO] finished tweaking git repo https://github.com/j0yen/hold-survey
[INFO] tweaked toml for git repo https://github.com/j0yen/hold-survey written to /workspace/builds/worker-6-tc2/source/Cargo.toml
[INFO] validating manifest of git repo https://github.com/j0yen/hold-survey on toolchain 1.100.0-beta.1
[INFO] running `Command { std: CARGO_HOME="/workspace/cargo-home" RUSTUP_HOME="/workspace/rustup-home" "/workspace/cargo-home/bin/cargo" "+1.100.0-beta.1" "metadata" "--manifest-path" "Cargo.toml" "--no-deps", kill_on_drop: false }`
[INFO] crate git repo https://github.com/j0yen/hold-survey already has a lockfile, it will not be regenerated
[INFO] running `Command { std: CARGO_HOME="/workspace/cargo-home" RUSTUP_HOME="/workspace/rustup-home" "/workspace/cargo-home/bin/cargo" "+1.100.0-beta.1" "fetch" "--manifest-path" "Cargo.toml", kill_on_drop: false }`
[INFO] running `Command { std: "docker" "create" "-v" "/var/lib/crater-agent-workspace/builds/worker-6-tc2/source:/opt/rustwide/workdir:ro,Z" "-v" "/var/lib/crater-agent-workspace/builds/worker-6-tc2/target:/opt/rustwide/target:rw,Z" "-v" "/var/lib/crater-agent-workspace/cargo-home:/opt/rustwide/cargo-home:ro,Z" "-v" "/var/lib/crater-agent-workspace/rustup-home:/opt/rustwide/rustup-home:ro,Z" "-m" "1610612736" "--network" "none" "ghcr.io/rust-lang/crates-build-env/linux@sha256:77db811e55d90add9212f6832c23229e3de5f1c1f9905e8cb07319ea15df73ac" "sleep" "infinity", kill_on_drop: false }`
[INFO] [stdout] fc272536ceafa85b2a378cfc1e8da55fdf046fdefd17476faaba315b6bb69228
[INFO] running `Command { std: "docker" "start" "fc272536ceafa85b2a378cfc1e8da55fdf046fdefd17476faaba315b6bb69228", kill_on_drop: false }`
[INFO] running `Command { std: "docker" "inspect" "fc272536ceafa85b2a378cfc1e8da55fdf046fdefd17476faaba315b6bb69228", kill_on_drop: false }`
[INFO] running `Command { std: "docker" "exec" "-e" "SOURCE_DIR=/opt/rustwide/workdir" "-e" "CARGO_HOME=/opt/rustwide/cargo-home" "-e" "RUSTUP_HOME=/opt/rustwide/rustup-home" "-e" "CARGO_TARGET_DIR=/opt/rustwide/target" "-w" "/opt/rustwide/workdir" "--user" "0:0" "fc272536ceafa85b2a378cfc1e8da55fdf046fdefd17476faaba315b6bb69228" "/opt/rustwide/cargo-home/bin/cargo" "+1.100.0-beta.1" "metadata" "--no-deps" "--format-version=1", kill_on_drop: false }`
[INFO] running `Command { std: "docker" "inspect" "fc272536ceafa85b2a378cfc1e8da55fdf046fdefd17476faaba315b6bb69228", kill_on_drop: false }`
[INFO] running `Command { std: "docker" "exec" "-e" "SOURCE_DIR=/opt/rustwide/workdir" "-e" "CARGO_HOME=/opt/rustwide/cargo-home" "-e" "RUSTUP_HOME=/opt/rustwide/rustup-home" "-e" "CARGO_TARGET_DIR=/opt/rustwide/target" "-e" "CARGO_INCREMENTAL=0" "-e" "RUST_BACKTRACE=full" "-e" "RUSTFLAGS=--cap-lints=warn" "-e" "RUSTDOCFLAGS=--cap-lints=warn" "-w" "/opt/rustwide/workdir" "--user" "0:0" "fc272536ceafa85b2a378cfc1e8da55fdf046fdefd17476faaba315b6bb69228" "/opt/rustwide/cargo-home/bin/cargo" "+1.100.0-beta.1" "build" "--frozen" "--message-format=json" "--release", kill_on_drop: false }`
[INFO] [stderr]    Compiling libm v0.2.16
[INFO] [stderr]    Compiling toml_write v0.1.2
[INFO] [stderr]    Compiling winnow v0.7.15
[INFO] [stderr]    Compiling serde_json v1.0.150
[INFO] [stderr]    Compiling memchr v2.8.2
[INFO] [stderr]    Compiling syn v2.0.118
[INFO] [stderr]    Compiling anyhow v1.0.102
[INFO] [stderr]    Compiling sigpipe v0.1.3
[INFO] [stderr]    Compiling humansize v2.1.3
[INFO] [stderr]    Compiling serde_derive v1.0.228
[INFO] [stderr]    Compiling clap_derive v4.6.1
[INFO] [stderr]    Compiling clap v4.6.1
[INFO] [stderr]    Compiling serde v1.0.228
[INFO] [stderr]    Compiling serde_spanned v0.6.9
[INFO] [stderr]    Compiling toml_datetime v0.6.11
[INFO] [stderr]    Compiling toml_edit v0.22.27
[INFO] [stderr]    Compiling toml v0.8.23
[INFO] [stderr]    Compiling hold-survey v0.1.0 (/opt/rustwide/workdir)
[INFO] [stderr]     Finished `release` profile [optimized] target(s) in 23.70s
[INFO] running `Command { std: "docker" "inspect" "fc272536ceafa85b2a378cfc1e8da55fdf046fdefd17476faaba315b6bb69228", kill_on_drop: false }`
[INFO] running `Command { std: "docker" "exec" "-e" "SOURCE_DIR=/opt/rustwide/workdir" "-e" "CARGO_HOME=/opt/rustwide/cargo-home" "-e" "RUSTUP_HOME=/opt/rustwide/rustup-home" "-e" "CARGO_TARGET_DIR=/opt/rustwide/target" "-e" "CARGO_INCREMENTAL=0" "-e" "RUST_BACKTRACE=full" "-e" "RUSTFLAGS=--cap-lints=warn" "-e" "RUSTDOCFLAGS=--cap-lints=warn" "-w" "/opt/rustwide/workdir" "--user" "0:0" "fc272536ceafa85b2a378cfc1e8da55fdf046fdefd17476faaba315b6bb69228" "/opt/rustwide/cargo-home/bin/cargo" "+1.100.0-beta.1" "test" "--frozen" "--no-run" "--message-format=json" "--release", kill_on_drop: false }`
[INFO] [stderr]    Compiling rustix v1.1.4
[INFO] [stderr]    Compiling bitflags v2.13.0
[INFO] [stderr]    Compiling linux-raw-sys v0.12.1
[INFO] [stderr]    Compiling once_cell v1.21.4
[INFO] [stderr]    Compiling getrandom v0.4.2
[INFO] [stderr]    Compiling tempfile v3.27.0
[INFO] [stderr]    Compiling hold-survey v0.1.0 (/opt/rustwide/workdir)
[INFO] [stderr]     Finished `release` profile [optimized] target(s) in 6.40s
[INFO] running `Command { std: "docker" "inspect" "fc272536ceafa85b2a378cfc1e8da55fdf046fdefd17476faaba315b6bb69228", kill_on_drop: false }`
[INFO] running `Command { std: "docker" "exec" "-e" "SOURCE_DIR=/opt/rustwide/workdir" "-e" "CARGO_HOME=/opt/rustwide/cargo-home" "-e" "RUSTUP_HOME=/opt/rustwide/rustup-home" "-e" "CARGO_TARGET_DIR=/opt/rustwide/target" "-e" "CARGO_INCREMENTAL=0" "-e" "RUST_BACKTRACE=full" "-e" "RUSTFLAGS=--cap-lints=warn" "-e" "RUSTDOCFLAGS=--cap-lints=warn" "-w" "/opt/rustwide/workdir" "--user" "0:0" "fc272536ceafa85b2a378cfc1e8da55fdf046fdefd17476faaba315b6bb69228" "/opt/rustwide/cargo-home/bin/cargo" "+1.100.0-beta.1" "test" "--frozen" "--release", kill_on_drop: false }`
[INFO] [stderr]     Finished `release` profile [optimized] target(s) in 0.10s
[INFO] [stderr]      Running unittests src/lib.rs (/opt/rustwide/target/release/build/hold-survey/8d5289140d28c2c7/out/hold_survey-8d5289140d28c2c7)
[INFO] [stdout] 
[INFO] [stdout] running 0 tests
[INFO] [stdout] 
[INFO] [stdout] test result: ok. 0 passed; 0 failed; 0 ignored; 0 measured; 0 filtered out; finished in 0.00s
[INFO] [stdout] 
[INFO] [stderr]      Running unittests src/main.rs (/opt/rustwide/target/release/build/hold-survey/71206bb344392bf1/out/hold_survey-71206bb344392bf1)
[INFO] [stdout] 
[INFO] [stdout] running 0 tests
[INFO] [stdout] 
[INFO] [stdout] test result: ok. 0 passed; 0 failed; 0 ignored; 0 measured; 0 filtered out; finished in 0.00s
[INFO] [stdout] 
[INFO] [stderr]      Running tests/integration.rs (/opt/rustwide/target/release/build/hold-survey/7e92ca7b2a66a5da/out/integration-7e92ca7b2a66a5da)
[INFO] [stdout] 
[INFO] [stdout] running 8 tests
[INFO] [stdout] test ac1_help_exits_zero ... FAILED
[INFO] [stdout] test ac6_deterministic_with_scanned_at ... FAILED
[INFO] [stdout] test ac5_no_files_written_by_scan ... FAILED
[INFO] [stdout] test ac7_table_format_prints_headline ... FAILED
[INFO] [stdout] test ac2_reclaimable_positive_and_consistent ... FAILED
[INFO] [stdout] test ac4_different_toolchains_separate_buckets ... FAILED
[INFO] [stdout] test ac8_missing_lock_warns_but_doesnt_abort ... FAILED
[INFO] [stdout] test ac3_shared_package_in_hot_packages ... FAILED
[INFO] [stdout] 
[INFO] [stdout] failures:
[INFO] [stdout] 
[INFO] [stdout] ---- ac1_help_exits_zero stdout ----
[INFO] [stdout] 
[INFO] [stdout] thread 'ac1_help_exits_zero' (758) panicked at tests/integration.rs:65:10:
[INFO] [stdout] failed to run hold-survey: Os { code: 2, kind: NotFound, message: "No such file or directory" }
[INFO] [stdout] stack backtrace:
[INFO] [stdout]    0:     0x6049056014e1 - <<std[617be2ca0a6fd877]::sys::backtrace::BacktraceLock>::print::DisplayBacktrace as core[a373ad73a504971]::fmt::Display>::fmt
[INFO] [stdout]    1:     0x60490561628a - core[a373ad73a504971]::fmt::write
[INFO] [stdout]    2:     0x6049056059cc - <alloc[2e1b2a31b91974c5]::vec::Vec<u8> as core[a373ad73a504971]::io::write::Write>::write_fmt
[INFO] [stdout]    3:     0x6049055dba66 - std[617be2ca0a6fd877]::panicking::default_hook::{closure#0}
[INFO] [stdout]    4:     0x6049055f8ee9 - std[617be2ca0a6fd877]::panicking::default_hook
[INFO] [stdout]    5:     0x6049055940b0 - test[aada8e7e76ba119b]::test_main_inner::{closure#0}
[INFO] [stdout]    6:     0x6049055f90a2 - std[617be2ca0a6fd877]::panicking::panic_with_hook
[INFO] [stdout]    7:     0x6049055dbb12 - std[617be2ca0a6fd877]::panicking::panic_handler::{closure#0}
[INFO] [stdout]    8:     0x6049055d4669 - std[617be2ca0a6fd877]::sys::backtrace::__rust_end_short_backtrace::<std[617be2ca0a6fd877]::panicking::panic_handler::{closure#0}, !>
[INFO] [stdout]    9:     0x6049055dc71d - __rustc[ea4f61d10b84890b]::rust_begin_unwind
[INFO] [stdout]   10:     0x6049056169bc - core[a373ad73a504971]::panicking::panic_fmt
[INFO] [stdout]   11:     0x604905616792 - core[a373ad73a504971]::result::unwrap_failed
[INFO] [stdout]   12:     0x604905571310 - integration[b319c3d30145cff1]::run_survey
[INFO] [stdout]   13:     0x604905572b28 - <integration[b319c3d30145cff1]::ac1_help_exits_zero::{closure#0} as core[a373ad73a504971]::ops::function::FnOnce<()>>::call_once
[INFO] [stdout]   14:     0x6049055874fb - test[aada8e7e76ba119b]::__rust_begin_short_backtrace::<core[a373ad73a504971]::result::Result<(), alloc[2e1b2a31b91974c5]::string::String>, fn() -> core[a373ad73a504971]::result::Result<(), alloc[2e1b2a31b91974c5]::string::String>>
[INFO] [stdout]   15:     0x6049055946d5 - test[aada8e7e76ba119b]::run_test::{closure#0}
[INFO] [stdout]   16:     0x60490558dfc4 - std[617be2ca0a6fd877]::sys::backtrace::__rust_begin_short_backtrace::<test[aada8e7e76ba119b]::run_test::{closure#1}, ()>
[INFO] [stdout]   17:     0x604905597762 - <std[617be2ca0a6fd877]::thread::lifecycle::spawn_unchecked<test[aada8e7e76ba119b]::run_test::{closure#1}, ()>::{closure#1} as core[a373ad73a504971]::ops::function::FnOnce<()>>::call_once::{shim:vtable#0}
[INFO] [stdout]   18:     0x604905600b5f - <std[617be2ca0a6fd877]::sys::thread::unix::Thread>::new::thread_start
[INFO] [stdout]   19:     0x70e0bc2f0dfa - <unknown>
[INFO] [stdout]   20:     0x70e0bc3843d4 - clone
[INFO] [stdout]   21:                0x0 - <unknown>
[INFO] [stdout] 
[INFO] [stdout] ---- ac6_deterministic_with_scanned_at stdout ----
[INFO] [stdout] 
[INFO] [stdout] thread 'ac6_deterministic_with_scanned_at' (763) panicked at tests/integration.rs:65:10:
[INFO] [stdout] failed to run hold-survey: Os { code: 2, kind: NotFound, message: "No such file or directory" }
[INFO] [stdout] stack backtrace:
[INFO] [stdout]    0:     0x6049056014e1 - <<std[617be2ca0a6fd877]::sys::backtrace::BacktraceLock>::print::DisplayBacktrace as core[a373ad73a504971]::fmt::Display>::fmt
[INFO] [stdout]    1:     0x60490561628a - core[a373ad73a504971]::fmt::write
[INFO] [stdout]    2:     0x6049056059cc - <alloc[2e1b2a31b91974c5]::vec::Vec<u8> as core[a373ad73a504971]::io::write::Write>::write_fmt
[INFO] [stdout]    3:     0x6049055dba66 - std[617be2ca0a6fd877]::panicking::default_hook::{closure#0}
[INFO] [stdout]    4:     0x6049055f8ee9 - std[617be2ca0a6fd877]::panicking::default_hook
[INFO] [stdout]    5:     0x6049055940b0 - test[aada8e7e76ba119b]::test_main_inner::{closure#0}
[INFO] [stdout]    6:     0x6049055f90a2 - std[617be2ca0a6fd877]::panicking::panic_with_hook
[INFO] [stdout]    7:     0x6049055dbb12 - std[617be2ca0a6fd877]::panicking::panic_handler::{closure#0}
[INFO] [stdout]    8:     0x6049055d4669 - std[617be2ca0a6fd877]::sys::backtrace::__rust_end_short_backtrace::<std[617be2ca0a6fd877]::panicking::panic_handler::{closure#0}, !>
[INFO] [stdout]    9:     0x6049055dc71d - __rustc[ea4f61d10b84890b]::rust_begin_unwind
[INFO] [stdout]   10:     0x6049056169bc - core[a373ad73a504971]::panicking::panic_fmt
[INFO] [stdout]   11:     0x604905616792 - core[a373ad73a504971]::result::unwrap_failed
[INFO] [stdout]   12:     0x604905571310 - integration[b319c3d30145cff1]::run_survey
[INFO] [stdout]   13:     0x6049055736b6 - <integration[b319c3d30145cff1]::ac6_deterministic_with_scanned_at::{closure#0} as core[a373ad73a504971]::ops::function::FnOnce<()>>::call_once
[INFO] [stdout]   14:     0x6049055874fb - test[aada8e7e76ba119b]::__rust_begin_short_backtrace::<core[a373ad73a504971]::result::Result<(), alloc[2e1b2a31b91974c5]::string::String>, fn() -> core[a373ad73a504971]::result::Result<(), alloc[2e1b2a31b91974c5]::string::String>>
[INFO] [stdout]   15:     0x6049055946d5 - test[aada8e7e76ba119b]::run_test::{closure#0}
[INFO] [stdout]   16:     0x60490558dfc4 - std[617be2ca0a6fd877]::sys::backtrace::__rust_begin_short_backtrace::<test[aada8e7e76ba119b]::run_test::{closure#1}, ()>
[INFO] [stdout]   17:     0x604905597762 - <std[617be2ca0a6fd877]::thread::lifecycle::spawn_unchecked<test[aada8e7e76ba119b]::run_test::{closure#1}, ()>::{closure#1} as core[a373ad73a504971]::ops::function::FnOnce<()>>::call_once::{shim:vtable#0}
[INFO] [stdout]   18:     0x604905600b5f - <std[617be2ca0a6fd877]::sys::thread::unix::Thread>::new::thread_start
[INFO] [stdout]   19:     0x70e0bc2f0dfa - <unknown>
[INFO] [stdout]   20:     0x70e0bc3843d4 - clone
[INFO] [stdout]   21:                0x0 - <unknown>
[INFO] [stdout] 
[INFO] [stdout] ---- ac5_no_files_written_by_scan stdout ----
[INFO] [stdout] 
[INFO] [stdout] thread 'ac5_no_files_written_by_scan' (762) panicked at tests/integration.rs:65:10:
[INFO] [stdout] failed to run hold-survey: Os { code: 2, kind: NotFound, message: "No such file or directory" }
[INFO] [stdout] stack backtrace:
[INFO] [stdout]    0:     0x6049056014e1 - <<std[617be2ca0a6fd877]::sys::backtrace::BacktraceLock>::print::DisplayBacktrace as core[a373ad73a504971]::fmt::Display>::fmt
[INFO] [stdout]    1:     0x60490561628a - core[a373ad73a504971]::fmt::write
[INFO] [stdout]    2:     0x6049056059cc - <alloc[2e1b2a31b91974c5]::vec::Vec<u8> as core[a373ad73a504971]::io::write::Write>::write_fmt
[INFO] [stdout]    3:     0x6049055dba66 - std[617be2ca0a6fd877]::panicking::default_hook::{closure#0}
[INFO] [stdout]    4:     0x6049055f8ee9 - std[617be2ca0a6fd877]::panicking::default_hook
[INFO] [stdout]    5:     0x6049055940b0 - test[aada8e7e76ba119b]::test_main_inner::{closure#0}
[INFO] [stdout]    6:     0x6049055f90a2 - std[617be2ca0a6fd877]::panicking::panic_with_hook
[INFO] [stdout]    7:     0x6049055dbb12 - std[617be2ca0a6fd877]::panicking::panic_handler::{closure#0}
[INFO] [stdout]    8:     0x6049055d4669 - std[617be2ca0a6fd877]::sys::backtrace::__rust_end_short_backtrace::<std[617be2ca0a6fd877]::panicking::panic_handler::{closure#0}, !>
[INFO] [stdout]    9:     0x6049055dc71d - __rustc[ea4f61d10b84890b]::rust_begin_unwind
[INFO] [stdout]   10:     0x6049056169bc - core[a373ad73a504971]::panicking::panic_fmt
[INFO] [stdout]   11:     0x604905616792 - core[a373ad73a504971]::result::unwrap_failed
[INFO] [stdout]   12:     0x604905571310 - integration[b319c3d30145cff1]::run_survey
[INFO] [stdout]   13:     0x604905572db4 - <integration[b319c3d30145cff1]::ac5_no_files_written_by_scan::{closure#0} as core[a373ad73a504971]::ops::function::FnOnce<()>>::call_once
[INFO] [stdout]   14:     0x6049055874fb - test[aada8e7e76ba119b]::__rust_begin_short_backtrace::<core[a373ad73a504971]::result::Result<(), alloc[2e1b2a31b91974c5]::string::String>, fn() -> core[a373ad73a504971]::result::Result<(), alloc[2e1b2a31b91974c5]::string::String>>
[INFO] [stdout]   15:     0x6049055946d5 - test[aada8e7e76ba119b]::run_test::{closure#0}
[INFO] [stdout]   16:     0x60490558dfc4 - std[617be2ca0a6fd877]::sys::backtrace::__rust_begin_short_backtrace::<test[aada8e7e76ba119b]::run_test::{closure#1}, ()>
[INFO] [stdout]   17:     0x604905597762 - <std[617be2ca0a6fd877]::thread::lifecycle::spawn_unchecked<test[aada8e7e76ba119b]::run_test::{closure#1}, ()>::{closure#1} as core[a373ad73a504971]::ops::function::FnOnce<()>>::call_once::{shim:vtable#0}
[INFO] [stdout]   18:     0x604905600b5f - <std[617be2ca0a6fd877]::sys::thread::unix::Thread>::new::thread_start
[INFO] [stdout]   19:     0x70e0bc2f0dfa - <unknown>
[INFO] [stdout]   20:     0x70e0bc3843d4 - clone
[INFO] [stdout]   21:                0x0 - <unknown>
[INFO] [stdout] 
[INFO] [stdout] ---- ac7_table_format_prints_headline stdout ----
[INFO] [stdout] 
[INFO] [stdout] thread 'ac7_table_format_prints_headline' (764) panicked at tests/integration.rs:65:10:
[INFO] [stdout] failed to run hold-survey: Os { code: 2, kind: NotFound, message: "No such file or directory" }
[INFO] [stdout] stack backtrace:
[INFO] [stdout]    0:     0x6049056014e1 - <<std[617be2ca0a6fd877]::sys::backtrace::BacktraceLock>::print::DisplayBacktrace as core[a373ad73a504971]::fmt::Display>::fmt
[INFO] [stdout]    1:     0x60490561628a - core[a373ad73a504971]::fmt::write
[INFO] [stdout]    2:     0x6049056059cc - <alloc[2e1b2a31b91974c5]::vec::Vec<u8> as core[a373ad73a504971]::io::write::Write>::write_fmt
[INFO] [stdout]    3:     0x6049055dba66 - std[617be2ca0a6fd877]::panicking::default_hook::{closure#0}
[INFO] [stdout]    4:     0x6049055f8ee9 - std[617be2ca0a6fd877]::panicking::default_hook
[INFO] [stdout]    5:     0x6049055940b0 - test[aada8e7e76ba119b]::test_main_inner::{closure#0}
[INFO] [stdout]    6:     0x6049055f90a2 - std[617be2ca0a6fd877]::panicking::panic_with_hook
[INFO] [stdout]    7:     0x6049055dbb12 - std[617be2ca0a6fd877]::panicking::panic_handler::{closure#0}
[INFO] [stdout]    8:     0x6049055d4669 - std[617be2ca0a6fd877]::sys::backtrace::__rust_end_short_backtrace::<std[617be2ca0a6fd877]::panicking::panic_handler::{closure#0}, !>
[INFO] [stdout]    9:     0x6049055dc71d - __rustc[ea4f61d10b84890b]::rust_begin_unwind
[INFO] [stdout]   10:     0x6049056169bc - core[a373ad73a504971]::panicking::panic_fmt
[INFO] [stdout]   11:     0x604905616792 - core[a373ad73a504971]::result::unwrap_failed
[INFO] [stdout]   12:     0x604905571310 - integration[b319c3d30145cff1]::run_survey
[INFO] [stdout]   13:     0x6049055732e7 - <integration[b319c3d30145cff1]::ac7_table_format_prints_headline::{closure#0} as core[a373ad73a504971]::ops::function::FnOnce<()>>::call_once
[INFO] [stdout]   14:     0x6049055874fb - test[aada8e7e76ba119b]::__rust_begin_short_backtrace::<core[a373ad73a504971]::result::Result<(), alloc[2e1b2a31b91974c5]::string::String>, fn() -> core[a373ad73a504971]::result::Result<(), alloc[2e1b2a31b91974c5]::string::String>>
[INFO] [stdout]   15:     0x6049055946d5 - test[aada8e7e76ba119b]::run_test::{closure#0}
[INFO] [stdout]   16:     0x60490558dfc4 - std[617be2ca0a6fd877]::sys::backtrace::__rust_begin_short_backtrace::<test[aada8e7e76ba119b]::run_test::{closure#1}, ()>
[INFO] [stdout]   17:     0x604905597762 - <std[617be2ca0a6fd877]::thread::lifecycle::spawn_unchecked<test[aada8e7e76ba119b]::run_test::{closure#1}, ()>::{closure#1} as core[a373ad73a504971]::ops::function::FnOnce<()>>::call_once::{shim:vtable#0}
[INFO] [stdout]   18:     0x604905600b5f - <std[617be2ca0a6fd877]::sys::thread::unix::Thread>::new::thread_start
[INFO] [stdout]   19:     0x70e0bc2f0dfa - <unknown>
[INFO] [stdout]   20:     0x70e0bc3843d4 - clone
[INFO] [stdout]   21:                0x0 - <unknown>
[INFO] [stdout] 
[INFO] [stdout] ---- ac2_reclaimable_positive_and_consistent stdout ----
[INFO] [stdout] 
[INFO] [stdout] thread 'ac2_reclaimable_positive_and_consistent' (759) panicked at tests/integration.rs:65:10:
[INFO] [stdout] failed to run hold-survey: Os { code: 2, kind: NotFound, message: "No such file or directory" }
[INFO] [stdout] stack backtrace:
[INFO] [stdout]    0:     0x6049056014e1 - <<std[617be2ca0a6fd877]::sys::backtrace::BacktraceLock>::print::DisplayBacktrace as core[a373ad73a504971]::fmt::Display>::fmt
[INFO] [stdout]    1:     0x60490561628a - core[a373ad73a504971]::fmt::write
[INFO] [stdout]    2:     0x6049056059cc - <alloc[2e1b2a31b91974c5]::vec::Vec<u8> as core[a373ad73a504971]::io::write::Write>::write_fmt
[INFO] [stdout]    3:     0x6049055dba66 - std[617be2ca0a6fd877]::panicking::default_hook::{closure#0}
[INFO] [stdout]    4:     0x6049055f8ee9 - std[617be2ca0a6fd877]::panicking::default_hook
[INFO] [stdout]    5:     0x6049055940b0 - test[aada8e7e76ba119b]::test_main_inner::{closure#0}
[INFO] [stdout]    6:     0x6049055f90a2 - std[617be2ca0a6fd877]::panicking::panic_with_hook
[INFO] [stdout]    7:     0x6049055dbb12 - std[617be2ca0a6fd877]::panicking::panic_handler::{closure#0}
[INFO] [stdout]    8:     0x6049055d4669 - std[617be2ca0a6fd877]::sys::backtrace::__rust_end_short_backtrace::<std[617be2ca0a6fd877]::panicking::panic_handler::{closure#0}, !>
[INFO] [stdout]    9:     0x6049055dc71d - __rustc[ea4f61d10b84890b]::rust_begin_unwind
[INFO] [stdout]   10:     0x6049056169bc - core[a373ad73a504971]::panicking::panic_fmt
[INFO] [stdout]   11:     0x604905616792 - core[a373ad73a504971]::result::unwrap_failed
[INFO] [stdout]   12:     0x604905571310 - integration[b319c3d30145cff1]::run_survey
[INFO] [stdout]   13:     0x60490557471c - <integration[b319c3d30145cff1]::ac2_reclaimable_positive_and_consistent::{closure#0} as core[a373ad73a504971]::ops::function::FnOnce<()>>::call_once
[INFO] [stdout]   14:     0x6049055874fb - test[aada8e7e76ba119b]::__rust_begin_short_backtrace::<core[a373ad73a504971]::result::Result<(), alloc[2e1b2a31b91974c5]::string::String>, fn() -> core[a373ad73a504971]::result::Result<(), alloc[2e1b2a31b91974c5]::string::String>>
[INFO] [stdout]   15:     0x6049055946d5 - test[aada8e7e76ba119b]::run_test::{closure#0}
[INFO] [stdout]   16:     0x60490558dfc4 - std[617be2ca0a6fd877]::sys::backtrace::__rust_begin_short_backtrace::<test[aada8e7e76ba119b]::run_test::{closure#1}, ()>
[INFO] [stdout]   17:     0x604905597762 - <std[617be2ca0a6fd877]::thread::lifecycle::spawn_unchecked<test[aada8e7e76ba119b]::run_test::{closure#1}, ()>::{closure#1} as core[a373ad73a504971]::ops::function::FnOnce<()>>::call_once::{shim:vtable#0}
[INFO] [stdout]   18:     0x604905600b5f - <std[617be2ca0a6fd877]::sys::thread::unix::Thread>::new::thread_start
[INFO] [stdout]   19:     0x70e0bc2f0dfa - <unknown>
[INFO] [stdout]   20:     0x70e0bc3843d4 - clone
[INFO] [stdout]   21:                0x0 - <unknown>
[INFO] [stdout] 
[INFO] [stdout] ---- ac4_different_toolchains_separate_buckets stdout ----
[INFO] [stdout] 
[INFO] [stdout] thread 'ac4_different_toolchains_separate_buckets' (761) panicked at tests/integration.rs:65:10:
[INFO] [stdout] failed to run hold-survey: Os { code: 2, kind: NotFound, message: "No such file or directory" }
[INFO] [stdout] stack backtrace:
[INFO] [stdout]    0:     0x6049056014e1 - <<std[617be2ca0a6fd877]::sys::backtrace::BacktraceLock>::print::DisplayBacktrace as core[a373ad73a504971]::fmt::Display>::fmt
[INFO] [stdout]    1:     0x60490561628a - core[a373ad73a504971]::fmt::write
[INFO] [stdout]    2:     0x6049056059cc - <alloc[2e1b2a31b91974c5]::vec::Vec<u8> as core[a373ad73a504971]::io::write::Write>::write_fmt
[INFO] [stdout]    3:     0x6049055dba66 - std[617be2ca0a6fd877]::panicking::default_hook::{closure#0}
[INFO] [stdout]    4:     0x6049055f8ee9 - std[617be2ca0a6fd877]::panicking::default_hook
[INFO] [stdout]    5:     0x6049055940b0 - test[aada8e7e76ba119b]::test_main_inner::{closure#0}
[INFO] [stdout]    6:     0x6049055f90a2 - std[617be2ca0a6fd877]::panicking::panic_with_hook
[INFO] [stdout]    7:     0x6049055dbb12 - std[617be2ca0a6fd877]::panicking::panic_handler::{closure#0}
[INFO] [stdout]    8:     0x6049055d4669 - std[617be2ca0a6fd877]::sys::backtrace::__rust_end_short_backtrace::<std[617be2ca0a6fd877]::panicking::panic_handler::{closure#0}, !>
[INFO] [stdout]    9:     0x6049055dc71d - __rustc[ea4f61d10b84890b]::rust_begin_unwind
[INFO] [stdout]   10:     0x6049056169bc - core[a373ad73a504971]::panicking::panic_fmt
[INFO] [stdout]   11:     0x604905616792 - core[a373ad73a504971]::result::unwrap_failed
[INFO] [stdout]   12:     0x604905571310 - integration[b319c3d30145cff1]::run_survey
[INFO] [stdout]   13:     0x60490557540f - <integration[b319c3d30145cff1]::ac4_different_toolchains_separate_buckets::{closure#0} as core[a373ad73a504971]::ops::function::FnOnce<()>>::call_once
[INFO] [stdout]   14:     0x6049055874fb - test[aada8e7e76ba119b]::__rust_begin_short_backtrace::<core[a373ad73a504971]::result::Result<(), alloc[2e1b2a31b91974c5]::string::String>, fn() -> core[a373ad73a504971]::result::Result<(), alloc[2e1b2a31b91974c5]::string::String>>
[INFO] [stdout]   15:     0x6049055946d5 - test[aada8e7e76ba119b]::run_test::{closure#0}
[INFO] [stdout]   16:     0x60490558dfc4 - std[617be2ca0a6fd877]::sys::backtrace::__rust_begin_short_backtrace::<test[aada8e7e76ba119b]::run_test::{closure#1}, ()>
[INFO] [stdout]   17:     0x604905597762 - <std[617be2ca0a6fd877]::thread::lifecycle::spawn_unchecked<test[aada8e7e76ba119b]::run_test::{closure#1}, ()>::{closure#1} as core[a373ad73a504971]::ops::function::FnOnce<()>>::call_once::{shim:vtable#0}
[INFO] [stdout]   18:     0x604905600b5f - <std[617be2ca0a6fd877]::sys::thread::unix::Thread>::new::thread_start
[INFO] [stdout]   19:     0x70e0bc2f0dfa - <unknown>
[INFO] [stdout]   20:     0x70e0bc3843d4 - clone
[INFO] [stdout]   21:                0x0 - <unknown>
[INFO] [stdout] 
[INFO] [stdout] ---- ac8_missing_lock_warns_but_doesnt_abort stdout ----
[INFO] [stdout] 
[INFO] [stdout] thread 'ac8_missing_lock_warns_but_doesnt_abort' (765) panicked at tests/integration.rs:65:10:
[INFO] [stdout] failed to run hold-survey: Os { code: 2, kind: NotFound, message: "No such file or directory" }
[INFO] [stdout] stack backtrace:
[INFO] [stdout]    0:     0x6049056014e1 - <<std[617be2ca0a6fd877]::sys::backtrace::BacktraceLock>::print::DisplayBacktrace as core[a373ad73a504971]::fmt::Display>::fmt
[INFO] [stdout]    1:     0x60490561628a - core[a373ad73a504971]::fmt::write
[INFO] [stdout]    2:     0x6049056059cc - <alloc[2e1b2a31b91974c5]::vec::Vec<u8> as core[a373ad73a504971]::io::write::Write>::write_fmt
[INFO] [stdout]    3:     0x6049055dba66 - std[617be2ca0a6fd877]::panicking::default_hook::{closure#0}
[INFO] [stdout]    4:     0x6049055f8ee9 - std[617be2ca0a6fd877]::panicking::default_hook
[INFO] [stdout]    5:     0x6049055940b0 - test[aada8e7e76ba119b]::test_main_inner::{closure#0}
[INFO] [stdout]    6:     0x6049055f90a2 - std[617be2ca0a6fd877]::panicking::panic_with_hook
[INFO] [stdout]    7:     0x6049055dbb12 - std[617be2ca0a6fd877]::panicking::panic_handler::{closure#0}
[INFO] [stdout]    8:     0x6049055d4669 - std[617be2ca0a6fd877]::sys::backtrace::__rust_end_short_backtrace::<std[617be2ca0a6fd877]::panicking::panic_handler::{closure#0}, !>
[INFO] [stdout]    9:     0x6049055dc71d - __rustc[ea4f61d10b84890b]::rust_begin_unwind
[INFO] [stdout]   10:     0x6049056169bc - core[a373ad73a504971]::panicking::panic_fmt
[INFO] [stdout]   11:     0x604905616792 - core[a373ad73a504971]::result::unwrap_failed
[INFO] [stdout]   12:     0x604905571310 - integration[b319c3d30145cff1]::run_survey
[INFO] [stdout]   13:     0x604905574df8 - <integration[b319c3d30145cff1]::ac8_missing_lock_warns_but_doesnt_abort::{closure#0} as core[a373ad73a504971]::ops::function::FnOnce<()>>::call_once
[INFO] [stdout]   14:     0x6049055874fb - test[aada8e7e76ba119b]::__rust_begin_short_backtrace::<core[a373ad73a504971]::result::Result<(), alloc[2e1b2a31b91974c5]::string::String>, fn() -> core[a373ad73a504971]::result::Result<(), alloc[2e1b2a31b91974c5]::string::String>>
[INFO] [stdout]   15:     0x6049055946d5 - test[aada8e7e76ba119b]::run_test::{closure#0}
[INFO] [stdout]   16:     0x60490558dfc4 - std[617be2ca0a6fd877]::sys::backtrace::__rust_begin_short_backtrace::<test[aada8e7e76ba119b]::run_test::{closure#1}, ()>
[INFO] [stdout]   17:     0x604905597762 - <std[617be2ca0a6fd877]::thread::lifecycle::spawn_unchecked<test[aada8e7e76ba119b]::run_test::{closure#1}, ()>::{closure#1} as core[a373ad73a504971]::ops::function::FnOnce<()>>::call_once::{shim:vtable#0}
[INFO] [stdout]   18:     0x604905600b5f - <std[617be2ca0a6fd877]::sys::thread::unix::Thread>::new::thread_start
[INFO] [stdout]   19:     0x70e0bc2f0dfa - <unknown>
[INFO] [stdout]   20:     0x70e0bc3843d4 - clone
[INFO] [stdout]   21:                0x0 - <unknown>
[INFO] [stdout] 
[INFO] [stdout] ---- ac3_shared_package_in_hot_packages stdout ----
[INFO] [stdout] 
[INFO] [stdout] thread 'ac3_shared_package_in_hot_packages' (760) panicked at tests/integration.rs:65:10:
[INFO] [stdout] failed to run hold-survey: Os { code: 2, kind: NotFound, message: "No such file or directory" }
[INFO] [stdout] stack backtrace:
[INFO] [stdout]    0:     0x6049056014e1 - <<std[617be2ca0a6fd877]::sys::backtrace::BacktraceLock>::print::DisplayBacktrace as core[a373ad73a504971]::fmt::Display>::fmt
[INFO] [stdout]    1:     0x60490561628a - core[a373ad73a504971]::fmt::write
[INFO] [stdout]    2:     0x6049056059cc - <alloc[2e1b2a31b91974c5]::vec::Vec<u8> as core[a373ad73a504971]::io::write::Write>::write_fmt
[INFO] [stdout]    3:     0x6049055dba66 - std[617be2ca0a6fd877]::panicking::default_hook::{closure#0}
[INFO] [stdout]    4:     0x6049055f8ee9 - std[617be2ca0a6fd877]::panicking::default_hook
[INFO] [stdout]    5:     0x6049055940b0 - test[aada8e7e76ba119b]::test_main_inner::{closure#0}
[INFO] [stdout]    6:     0x6049055f90a2 - std[617be2ca0a6fd877]::panicking::panic_with_hook
[INFO] [stdout]    7:     0x6049055dbb12 - std[617be2ca0a6fd877]::panicking::panic_handler::{closure#0}
[INFO] [stdout]    8:     0x6049055d4669 - std[617be2ca0a6fd877]::sys::backtrace::__rust_end_short_backtrace::<std[617be2ca0a6fd877]::panicking::panic_handler::{closure#0}, !>
[INFO] [stdout]    9:     0x6049055dc71d - __rustc[ea4f61d10b84890b]::rust_begin_unwind
[INFO] [stdout]   10:     0x6049056169bc - core[a373ad73a504971]::panicking::panic_fmt
[INFO] [stdout]   11:     0x604905616792 - core[a373ad73a504971]::result::unwrap_failed
[INFO] [stdout]   12:     0x604905571310 - integration[b319c3d30145cff1]::run_survey
[INFO] [stdout]   13:     0x604905573fc8 - <integration[b319c3d30145cff1]::ac3_shared_package_in_hot_packages::{closure#0} as core[a373ad73a504971]::ops::function::FnOnce<()>>::call_once
[INFO] [stdout]   14:     0x6049055874fb - test[aada8e7e76ba119b]::__rust_begin_short_backtrace::<core[a373ad73a504971]::result::Result<(), alloc[2e1b2a31b91974c5]::string::String>, fn() -> core[a373ad73a504971]::result::Result<(), alloc[2e1b2a31b91974c5]::string::String>>
[INFO] [stdout]   15:     0x6049055946d5 - test[aada8e7e76ba119b]::run_test::{closure#0}
[INFO] [stdout]   16:     0x60490558dfc4 - std[617be2ca0a6fd877]::sys::backtrace::__rust_begin_short_backtrace::<test[aada8e7e76ba119b]::run_test::{closure#1}, ()>
[INFO] [stdout]   17:     0x604905597762 - <std[617be2ca0a6fd877]::thread::lifecycle::spawn_unchecked<test[aada8e7e76ba119b]::run_test::{closure#1}, ()>::{closure#1} as core[a373ad73a504971]::ops::function::FnOnce<()>>::call_once::{shim:vtable#0}
[INFO] [stdout]   18:     0x604905600b5f - <std[617be2ca0a6fd877]::sys::thread::unix::Thread>::new::thread_start
[INFO] [stdout]   19:     0x70e0bc2f0dfa - <unknown>
[INFO] [stdout]   20:     0x70e0bc3843d4 - clone
[INFO] [stdout]   21:                0x0 - <unknown>
[INFO] [stdout] 
[INFO] [stdout] 
[INFO] [stdout] failures:
[INFO] [stdout]     ac1_help_exits_zero
[INFO] [stdout]     ac2_reclaimable_positive_and_consistent
[INFO] [stdout]     ac3_shared_package_in_hot_packages
[INFO] [stdout]     ac4_different_toolchains_separate_buckets
[INFO] [stdout]     ac5_no_files_written_by_scan
[INFO] [stdout]     ac6_deterministic_with_scanned_at
[INFO] [stdout]     ac7_table_format_prints_headline
[INFO] [stdout]     ac8_missing_lock_warns_but_doesnt_abort
[INFO] [stdout] 
[INFO] [stdout] test result: FAILED. 0 passed; 8 failed; 0 ignored; 0 measured; 0 filtered out; finished in 0.06s
[INFO] [stdout] 
[INFO] [stderr] error: test failed, to rerun pass `--test integration`
[INFO] running `Command { std: "docker" "inspect" "fc272536ceafa85b2a378cfc1e8da55fdf046fdefd17476faaba315b6bb69228", kill_on_drop: false }`
[INFO] running `Command { std: "docker" "rm" "-f" "fc272536ceafa85b2a378cfc1e8da55fdf046fdefd17476faaba315b6bb69228", kill_on_drop: false }`
[INFO] [stdout] fc272536ceafa85b2a378cfc1e8da55fdf046fdefd17476faaba315b6bb69228
