[INFO] cloning repository https://github.com/isecwire/fw-sbom
[INFO] running `Command { std: "git" "-c" "credential.helper=" "-c" "credential.helper=/workspace/cargo-home/bin/git-credential-null" "clone" "--bare" "https://github.com/isecwire/fw-sbom" "/workspace/cache/git-repos/https%3A%2F%2Fgithub.com%2Fisecwire%2Ffw-sbom", kill_on_drop: false }`
[INFO] [stderr] Cloning into bare repository '/workspace/cache/git-repos/https%3A%2F%2Fgithub.com%2Fisecwire%2Ffw-sbom'...
[INFO] running `Command { std: "git" "rev-parse" "HEAD", kill_on_drop: false }`
[INFO] [stdout] 64a2eb68c38485d1caa4b123f82381d424b739fe
[INFO] testing isecwire/fw-sbom against 1.100.0-beta.1+cargoflags=--release for beta-release-1.100-2
[INFO] running `Command { std: "git" "clone" "/workspace/cache/git-repos/https%3A%2F%2Fgithub.com%2Fisecwire%2Ffw-sbom" "/workspace/builds/worker-3-tc2/source", kill_on_drop: false }`
[INFO] [stderr] Cloning into '/workspace/builds/worker-3-tc2/source'...
[INFO] [stderr] done.
[INFO] started tweaking git repo https://github.com/isecwire/fw-sbom
[INFO] finished tweaking git repo https://github.com/isecwire/fw-sbom
[INFO] tweaked toml for git repo https://github.com/isecwire/fw-sbom written to /workspace/builds/worker-3-tc2/source/Cargo.toml
[INFO] validating manifest of git repo https://github.com/isecwire/fw-sbom on toolchain 1.100.0-beta.1
[INFO] running `Command { std: CARGO_HOME="/workspace/cargo-home" RUSTUP_HOME="/workspace/rustup-home" "/workspace/cargo-home/bin/cargo" "+1.100.0-beta.1" "metadata" "--manifest-path" "Cargo.toml" "--no-deps", kill_on_drop: false }`
[INFO] crate git repo https://github.com/isecwire/fw-sbom already has a lockfile, it will not be regenerated
[INFO] running `Command { std: CARGO_HOME="/workspace/cargo-home" RUSTUP_HOME="/workspace/rustup-home" "/workspace/cargo-home/bin/cargo" "+1.100.0-beta.1" "fetch" "--manifest-path" "Cargo.toml", kill_on_drop: false }`
[INFO] running `Command { std: "docker" "create" "-v" "/var/lib/crater-agent-workspace/builds/worker-3-tc2/source:/opt/rustwide/workdir:ro,Z" "-v" "/var/lib/crater-agent-workspace/builds/worker-3-tc2/target:/opt/rustwide/target:rw,Z" "-v" "/var/lib/crater-agent-workspace/cargo-home:/opt/rustwide/cargo-home:ro,Z" "-v" "/var/lib/crater-agent-workspace/rustup-home:/opt/rustwide/rustup-home:ro,Z" "-m" "1610612736" "--network" "none" "ghcr.io/rust-lang/crates-build-env/linux@sha256:77db811e55d90add9212f6832c23229e3de5f1c1f9905e8cb07319ea15df73ac" "sleep" "infinity", kill_on_drop: false }`
[INFO] [stdout] 6c45bddff7ce5e66067b608f4a9a9b90161ca05aea96a650963f26fd17c54348
[INFO] running `Command { std: "docker" "start" "6c45bddff7ce5e66067b608f4a9a9b90161ca05aea96a650963f26fd17c54348", kill_on_drop: false }`
[INFO] running `Command { std: "docker" "inspect" "6c45bddff7ce5e66067b608f4a9a9b90161ca05aea96a650963f26fd17c54348", kill_on_drop: false }`
[INFO] running `Command { std: "docker" "exec" "-e" "SOURCE_DIR=/opt/rustwide/workdir" "-e" "CARGO_HOME=/opt/rustwide/cargo-home" "-e" "RUSTUP_HOME=/opt/rustwide/rustup-home" "-e" "CARGO_TARGET_DIR=/opt/rustwide/target" "-w" "/opt/rustwide/workdir" "--user" "0:0" "6c45bddff7ce5e66067b608f4a9a9b90161ca05aea96a650963f26fd17c54348" "/opt/rustwide/cargo-home/bin/cargo" "+1.100.0-beta.1" "metadata" "--no-deps" "--format-version=1", kill_on_drop: false }`
[INFO] running `Command { std: "docker" "inspect" "6c45bddff7ce5e66067b608f4a9a9b90161ca05aea96a650963f26fd17c54348", kill_on_drop: false }`
[INFO] running `Command { std: "docker" "exec" "-e" "SOURCE_DIR=/opt/rustwide/workdir" "-e" "CARGO_HOME=/opt/rustwide/cargo-home" "-e" "RUSTUP_HOME=/opt/rustwide/rustup-home" "-e" "CARGO_TARGET_DIR=/opt/rustwide/target" "-e" "CARGO_INCREMENTAL=0" "-e" "RUST_BACKTRACE=full" "-e" "RUSTFLAGS=--cap-lints=warn" "-e" "RUSTDOCFLAGS=--cap-lints=warn" "-w" "/opt/rustwide/workdir" "--user" "0:0" "6c45bddff7ce5e66067b608f4a9a9b90161ca05aea96a650963f26fd17c54348" "/opt/rustwide/cargo-home/bin/cargo" "+1.100.0-beta.1" "build" "--frozen" "--message-format=json" "--release", kill_on_drop: false }`
[INFO] [stderr]    Compiling libc v0.2.184
[INFO] [stderr]    Compiling typenum v1.19.0
[INFO] [stderr]    Compiling crossbeam-utils v0.8.21
[INFO] [stderr]    Compiling parking_lot_core v0.9.12
[INFO] [stderr]    Compiling rustix v1.1.4
[INFO] [stderr]    Compiling syn v2.0.117
[INFO] [stderr]    Compiling smallvec v1.15.1
[INFO] [stderr]    Compiling num-traits v0.2.19
[INFO] [stderr]    Compiling lock_api v0.4.14
[INFO] [stderr]    Compiling anstyle-parse v1.0.0
[INFO] [stderr]    Compiling unicode-width v0.2.2
[INFO] [stderr]    Compiling anstyle v1.0.14
[INFO] [stderr]    Compiling colorchoice v1.0.5
[INFO] [stderr]    Compiling is_terminal_polyfill v1.70.2
[INFO] [stderr]    Compiling rayon-core v1.13.0
[INFO] [stderr]    Compiling bitflags v2.11.0
[INFO] [stderr]    Compiling portable-atomic v1.13.1
[INFO] [stderr]    Compiling litrs v1.0.0
[INFO] [stderr]    Compiling anstyle-query v1.1.5
[INFO] [stderr]    Compiling anstream v1.0.0
[INFO] [stderr]    Compiling crossbeam-epoch v0.9.18
[INFO] [stderr]    Compiling generic-array v0.14.7
[INFO] [stderr]    Compiling clap_lex v1.1.0
[INFO] [stderr]    Compiling document-features v0.2.12
[INFO] [stderr]    Compiling crossbeam-deque v0.8.6
[INFO] [stderr]    Compiling serde_json v1.0.149
[INFO] [stderr]    Compiling anyhow v1.0.102
[INFO] [stderr]    Compiling clap_builder v4.5.61
[INFO] [stderr]    Compiling getrandom v0.4.2
[INFO] [stderr]    Compiling console v0.15.11
[INFO] [stderr]    Compiling parking_lot v0.12.5
[INFO] [stderr]    Compiling block-buffer v0.10.4
[INFO] [stderr]    Compiling crypto-common v0.1.7
[INFO] [stderr]    Compiling digest v0.10.7
[INFO] [stderr]    Compiling crossterm v0.29.0
[INFO] [stderr]    Compiling number_prefix v0.4.0
[INFO] [stderr]    Compiling same-file v1.0.6
[INFO] [stderr]    Compiling plain v0.2.3
[INFO] [stderr]    Compiling memchr v2.8.0
[INFO] [stderr]    Compiling log v0.4.29
[INFO] [stderr]    Compiling either v1.15.0
[INFO] [stderr]    Compiling unicode-segmentation v1.13.2
[INFO] [stderr]    Compiling rayon v1.11.0
[INFO] [stderr]    Compiling indicatif v0.17.11
[INFO] [stderr]    Compiling sha2 v0.10.9
[INFO] [stderr]    Compiling walkdir v2.5.0
[INFO] [stderr]    Compiling comfy-table v7.2.2
[INFO] [stderr]    Compiling uuid v1.23.0
[INFO] [stderr]    Compiling scroll_derive v0.12.1
[INFO] [stderr]    Compiling serde_derive v1.0.228
[INFO] [stderr]    Compiling scroll v0.12.0
[INFO] [stderr]    Compiling clap_derive v4.5.61
[INFO] [stderr]    Compiling goblin v0.9.3
[INFO] [stderr]    Compiling memmap2 v0.9.10
[INFO] [stderr]    Compiling clap v4.5.61
[INFO] [stderr]    Compiling serde v1.0.228
[INFO] [stderr]    Compiling chrono v0.4.44
[INFO] [stderr]    Compiling fw-sbom v1.1.0 (/opt/rustwide/workdir)
[INFO] [stderr]     Finished `release` profile [optimized] target(s) in 1m 35s
[INFO] running `Command { std: "docker" "inspect" "6c45bddff7ce5e66067b608f4a9a9b90161ca05aea96a650963f26fd17c54348", kill_on_drop: false }`
[INFO] running `Command { std: "docker" "exec" "-e" "SOURCE_DIR=/opt/rustwide/workdir" "-e" "CARGO_HOME=/opt/rustwide/cargo-home" "-e" "RUSTUP_HOME=/opt/rustwide/rustup-home" "-e" "CARGO_TARGET_DIR=/opt/rustwide/target" "-e" "CARGO_INCREMENTAL=0" "-e" "RUST_BACKTRACE=full" "-e" "RUSTFLAGS=--cap-lints=warn" "-e" "RUSTDOCFLAGS=--cap-lints=warn" "-w" "/opt/rustwide/workdir" "--user" "0:0" "6c45bddff7ce5e66067b608f4a9a9b90161ca05aea96a650963f26fd17c54348" "/opt/rustwide/cargo-home/bin/cargo" "+1.100.0-beta.1" "test" "--frozen" "--no-run" "--message-format=json" "--release", kill_on_drop: false }`
[INFO] [stderr]    Compiling rustix v1.1.4
[INFO] [stderr]    Compiling fastrand v2.3.0
[INFO] [stderr]    Compiling crossterm v0.29.0
[INFO] [stderr]    Compiling tempfile v3.27.0
[INFO] [stderr]    Compiling comfy-table v7.2.2
[INFO] [stderr]    Compiling fw-sbom v1.1.0 (/opt/rustwide/workdir)
[INFO] [stderr]     Finished `release` profile [optimized] target(s) in 37.34s
[INFO] running `Command { std: "docker" "inspect" "6c45bddff7ce5e66067b608f4a9a9b90161ca05aea96a650963f26fd17c54348", kill_on_drop: false }`
[INFO] running `Command { std: "docker" "exec" "-e" "SOURCE_DIR=/opt/rustwide/workdir" "-e" "CARGO_HOME=/opt/rustwide/cargo-home" "-e" "RUSTUP_HOME=/opt/rustwide/rustup-home" "-e" "CARGO_TARGET_DIR=/opt/rustwide/target" "-e" "CARGO_INCREMENTAL=0" "-e" "RUST_BACKTRACE=full" "-e" "RUSTFLAGS=--cap-lints=warn" "-e" "RUSTDOCFLAGS=--cap-lints=warn" "-w" "/opt/rustwide/workdir" "--user" "0:0" "6c45bddff7ce5e66067b608f4a9a9b90161ca05aea96a650963f26fd17c54348" "/opt/rustwide/cargo-home/bin/cargo" "+1.100.0-beta.1" "test" "--frozen" "--release", kill_on_drop: false }`
[INFO] [stderr]     Finished `release` profile [optimized] target(s) in 0.19s
[INFO] [stderr]      Running unittests src/main.rs (/opt/rustwide/target/release/build/fw-sbom/ba3043568c1e3dd5/out/fw_sbom-ba3043568c1e3dd5)
[INFO] [stdout] 
[INFO] [stdout] running 118 tests
[INFO] [stdout] test analyzer::tests::check_kernel_config_parses ... ok
[INFO] [stdout] test analyzer::tests::analyze_results_sorted_by_name ... ok
[INFO] [stdout] test analyzer::tests::check_opkg_status_file ... ok
[INFO] [stdout] test analyzer::tests::check_non_metadata_file_returns_none ... ok
[INFO] [stdout] test analyzer::tests::exclude_patterns_skip_files ... ok
[INFO] [stdout] test analyzer::tests::analyze_keeps_different_versions_as_separate ... ok
[INFO] [stdout] test analyzer::tests::check_os_release ... ok
[INFO] [stdout] test analyzer::tests::extract_version_from_uboot_string ... ok
[INFO] [stdout] test analyzer::tests::extract_version_ignores_single_number_without_dot ... ok
[INFO] [stdout] test analyzer::tests::extract_version_linux_kernel ... ok
[INFO] [stdout] test analyzer::tests::find_bytes_finds_needle_at_start ... ok
[INFO] [stdout] test analyzer::tests::find_bytes_needle_longer_than_haystack_returns_none ... ok
[INFO] [stdout] test analyzer::tests::find_bytes_finds_needle_in_middle ... ok
[INFO] [stdout] test analyzer::tests::analyze_deduplicates_same_component_different_files ... ok
[INFO] [stdout] test analyzer::tests::known_library_recognizes_libssl ... ok
[INFO] [stdout] test analyzer::tests::extract_version_from_openssl_string ... ok
[INFO] [stdout] test analyzer::tests::extract_version_no_version_present ... ok
[INFO] [stdout] test analyzer::tests::find_bytes_empty_needle_returns_none ... ok
[INFO] [stdout] test analyzer::tests::known_library_recognizes_libz ... ok
[INFO] [stdout] test analyzer::tests::find_bytes_returns_none_when_absent ... ok
[INFO] [stdout] test analyzer::tests::known_library_recognizes_libc ... ok
[INFO] [stdout] test analyzer::tests::make_purl_with_version ... ok
[INFO] [stdout] test analyzer::tests::make_purl_without_version ... ok
[INFO] [stdout] test analyzer::tests::scan_detects_mosquitto ... ok
[INFO] [stdout] test analyzer::tests::min_confidence_filters_components ... ok
[INFO] [stdout] test analyzer::tests::scan_detects_busybox_signature ... ok
[INFO] [stdout] test analyzer::tests::known_library_recognizes_new_libs ... ok
[INFO] [stdout] test analyzer::tests::known_library_returns_none_for_unknown ... ok
[INFO] [stdout] test analyzer::tests::scan_detects_nginx ... ok
[INFO] [stdout] test analyzer::tests::sha256_of_known_content ... ok
[INFO] [stdout] test analyzer::tests::scan_detects_multiple_signatures_in_one_file ... ok
[INFO] [stdout] test analyzer::tests::scan_detects_openssl_signature ... ok
[INFO] [stdout] test analyzer::tests::scan_detects_systemd ... ok
[INFO] [stdout] test diff::tests::diff_detects_removed_component ... ok
[INFO] [stdout] test diff::tests::diff_detects_version_change ... ok
[INFO] [stdout] test diff::tests::diff_identical_sboms ... ok
[INFO] [stdout] test diff::tests::format_diff_output ... ok
[INFO] [stdout] test analyzer::tests::scan_returns_none_for_file_without_signatures ... ok
[INFO] [stdout] test display::tests::compute_stats_counts_methods ... ok
[INFO] [stdout] test analyzer::tests::signature_count_above_50 ... ok
[INFO] [stdout] test diff::tests::diff_detects_added_component ... ok
[INFO] [stdout] test elf_deep::tests::parse_gcc_comment ... ok
[INFO] [stdout] test analyzer::tests::sha256_of_empty_file ... ok
[INFO] [stdout] test elf_deep::tests::parse_clang_comment ... ok
[INFO] [stdout] test elf_deep::tests::unknown_compiler_returns_none ... ok
[INFO] [stdout] test enrichment::tests::get_cpe_entry_with_cves ... ok
[INFO] [stdout] test enrichment::tests::lookup_cpe_openssl ... ok
[INFO] [stdout] test enrichment::tests::lookup_cpe_unknown_package ... ok
[INFO] [stdout] test enrichment::tests::lookup_cpe_without_version ... ok
[INFO] [stdout] test graph::tests::empty_edges_produce_valid_graph ... ok
[INFO] [stdout] test graph::tests::escape_dot_handles_special_chars ... ok
[INFO] [stdout] test graph::tests::generate_dot_produces_valid_structure ... ok
[INFO] [stdout] test graph::tests::short_label_extracts_filename ... ok
[INFO] [stdout] test display::tests::compute_stats_empty ... ok
[INFO] [stdout] test graph::tests::summarize_graph_counts ... ok
[INFO] [stdout] test elf_deep::tests::extract_version_from_gcc_string ... ok
[INFO] [stdout] test enrichment::tests::enrich_adds_cpe_and_cves ... ok
[INFO] [stdout] test license::tests::detect_apache_license_file ... ok
[INFO] [stdout] test enrichment::tests::lookup_cpe_case_insensitive ... ok
[INFO] [stdout] test license::tests::extract_spdx_none_when_absent ... ok
[INFO] [stdout] test license::tests::is_license_file_detects_common_names ... ok
[INFO] [stdout] test license::tests::lookup_known_packages ... ok
[INFO] [stdout] test merge::tests::merge_deduplicates_by_name_version ... ok
[INFO] [stdout] test merge::tests::merge_empty_sets ... ok
[INFO] [stdout] test merge::tests::merge_keeps_different_versions_separate ... ok
[INFO] [stdout] test merge::tests::load_spdx_components_parses_packages ... ok
[INFO] [stdout] test license::tests::extract_spdx_from_header ... ok
[INFO] [stdout] test merge::tests::load_spdx_noassertion_becomes_none ... ok
[INFO] [stdout] test models::tests::component_clone_is_independent ... ok
[INFO] [stdout] test license::tests::detect_mit_license_file ... ok
[INFO] [stdout] test models::tests::component_creation_and_field_access ... ok
[INFO] [stdout] test license::tests::extract_spdx_apache ... ok
[INFO] [stdout] test merge::tests::load_cyclonedx_components_parses_components ... ok
[INFO] [stdout] test models::tests::detection_method_equality ... ok
[INFO] [stdout] test models::tests::component_with_no_version ... ok
[INFO] [stdout] test models::tests::purl_with_version ... ok
[INFO] [stdout] test models::tests::confidence_levels_are_ordered ... ok
[INFO] [stdout] test models::tests::detection_method_display ... ok
[INFO] [stdout] test models::tests::purl_without_version ... ok
[INFO] [stdout] test models::tests::sbom_diff_serializes ... ok
[INFO] [stdout] test models::tests::sbom_format_parse_spdx ... ok
[INFO] [stdout] test models::tests::sbom_document_creation ... ok
[INFO] [stdout] test models::tests::sbom_format_display ... ok
[INFO] [stdout] test models::tests::sbom_format_parse_cyclonedx ... ok
[INFO] [stdout] test models::tests::sbom_format_parse_cyclonedx_case_insensitive ... ok
[INFO] [stdout] test models::tests::sbom_format_parse_spdx_case_insensitive ... ok
[INFO] [stdout] test merge::tests::merge_result_is_sorted ... ok
[INFO] [stdout] test sbom::tests::cyclonedx_component_without_version_omits_field ... ok
[INFO] [stdout] test models::tests::sbom_format_parse_unknown_returns_error ... ok
[INFO] [stdout] test models::tests::component_serializes_to_json ... ok
[INFO] [stdout] test sbom::tests::cyclonedx_metadata_is_correct ... ok
[INFO] [stdout] test sbom::tests::cyclonedx_component_fields ... ok
[INFO] [stdout] test sbom::tests::cyclonedx_output_is_valid_json ... ok
[INFO] [stdout] test sbom::tests::cyclonedx_serial_number_contains_document_id ... ok
[INFO] [stdout] test sbom::tests::cyclonedx_has_required_top_level_fields ... ok
[INFO] [stdout] test sbom::tests::cyclonedx_component_has_properties ... ok
[INFO] [stdout] test sbom::tests::spdx_annotation_includes_confidence ... ok
[INFO] [stdout] test sbom::tests::spdx_creation_info_is_correct ... ok
[INFO] [stdout] test sbom::tests::spdx_document_namespace_contains_name_and_version ... ok
[INFO] [stdout] test sbom::tests::spdx_empty_components_produces_valid_output ... ok
[INFO] [stdout] test sbom::tests::cyclonedx_empty_components_produces_valid_output ... ok
[INFO] [stdout] test sbom::tests::spdx_has_required_top_level_fields ... ok
[INFO] [stdout] test sbom::tests::spdx_multiple_packages_indexed_correctly ... ok
[INFO] [stdout] test sbom::tests::spdx_output_is_valid_json ... ok
[INFO] [stdout] test sbom::tests::spdx_package_fields ... ok
[INFO] [stdout] test sbom::tests::spdx_package_without_version_uses_noassertion ... ok
[INFO] [stdout] test vex::tests::build_statements_skips_components_without_cves ... ok
[INFO] [stdout] test vex::tests::empty_components_produce_empty_statements ... ok
[INFO] [stdout] test vex::tests::generate_vex_document_has_required_fields ... ok
[INFO] [stdout] test vex::tests::vex_output_path_handles_cdx_suffix ... ok
[INFO] [stdout] test vex::tests::vex_output_path_handles_plain_json ... ok
[INFO] [stdout] test vex::tests::vex_output_path_derives_correctly ... ok
[INFO] [stdout] test vex::tests::vex_statement_contains_vulnerability_and_product ... ok
[INFO] [stdout] test sbom::tests::spdx_relationship_describes_packages ... ok
[INFO] [stdout] test vex::tests::build_statements_from_component_with_cves ... ok
[INFO] [stdout] test vex::tests::vex_status_display ... ok
[INFO] [stdout] test analyzer::tests::extract_version_from_busybox_string ... ok
[INFO] [stdout] test sbom::tests::spdx_package_with_cpe_has_security_ref ... ok
[INFO] [stdout] 
[INFO] [stdout] test result: ok. 118 passed; 0 failed; 0 ignored; 0 measured; 0 filtered out; finished in 0.06s
[INFO] [stdout] 
[INFO] [stderr]      Running tests/integration.rs (/opt/rustwide/target/release/build/fw-sbom/da433e16a4d5dbb4/out/integration-da433e16a4d5dbb4)
[INFO] [stdout] 
[INFO] [stdout] running 11 tests
[INFO] [stdout] test binary_fails_on_nonexistent_input ... FAILED
[INFO] [stdout] test binary_exclude_pattern ... FAILED
[INFO] [stdout] test binary_diff_mode ... FAILED
[INFO] [stdout] test binary_graph_mode ... FAILED
[INFO] [stdout] test empty_directory_produces_valid_sbom_with_no_components ... FAILED
[INFO] [stdout] test binary_produces_cyclonedx_output ... FAILED
[INFO] [stdout] test binary_min_confidence_filter ... FAILED
[INFO] [stdout] test binary_detects_opkg_packages ... FAILED
[INFO] [stdout] test binary_enrich_adds_cpe ... FAILED
[INFO] [stdout] test binary_writes_output_to_file ... FAILED
[INFO] [stdout] test binary_produces_spdx_output ... FAILED
[INFO] [stdout] 
[INFO] [stdout] failures:
[INFO] [stdout] 
[INFO] [stdout] ---- binary_fails_on_nonexistent_input stdout ----
[INFO] [stdout] 
[INFO] [stdout] thread 'binary_fails_on_nonexistent_input' (1529) panicked at tests/integration.rs:180:10:
[INFO] [stdout] failed to execute fw-sbom: Os { code: 2, kind: NotFound, message: "No such file or directory" }
[INFO] [stdout] stack backtrace:
[INFO] [stdout]    0:     0x61afee286ec1 - <<std[617be2ca0a6fd877]::sys::backtrace::BacktraceLock>::print::DisplayBacktrace as core[a373ad73a504971]::fmt::Display>::fmt
[INFO] [stdout]    1:     0x61afee29bb5a - core[a373ad73a504971]::fmt::write
[INFO] [stdout]    2:     0x61afee28b33c - <alloc[2e1b2a31b91974c5]::vec::Vec<u8> as core[a373ad73a504971]::io::write::Write>::write_fmt
[INFO] [stdout]    3:     0x61afee261a36 - std[617be2ca0a6fd877]::panicking::default_hook::{closure#0}
[INFO] [stdout]    4:     0x61afee27e8f9 - std[617be2ca0a6fd877]::panicking::default_hook
[INFO] [stdout]    5:     0x61afee2184c0 - test[aada8e7e76ba119b]::test_main_inner::{closure#0}
[INFO] [stdout]    6:     0x61afee27eab2 - std[617be2ca0a6fd877]::panicking::panic_with_hook
[INFO] [stdout]    7:     0x61afee261ae2 - std[617be2ca0a6fd877]::panicking::panic_handler::{closure#0}
[INFO] [stdout]    8:     0x61afee25a549 - std[617be2ca0a6fd877]::sys::backtrace::__rust_end_short_backtrace::<std[617be2ca0a6fd877]::panicking::panic_handler::{closure#0}, !>
[INFO] [stdout]    9:     0x61afee2626ed - __rustc[ea4f61d10b84890b]::rust_begin_unwind
[INFO] [stdout]   10:     0x61afee29c28c - core[a373ad73a504971]::panicking::panic_fmt
[INFO] [stdout]   11:     0x61afee29c062 - core[a373ad73a504971]::result::unwrap_failed
[INFO] [stdout]   12:     0x61afee201f74 - <integration[cc34e67aea0d06cb]::binary_fails_on_nonexistent_input::{closure#0} as core[a373ad73a504971]::ops::function::FnOnce<()>>::call_once
[INFO] [stdout]   13:     0x61afee20b90b - test[aada8e7e76ba119b]::__rust_begin_short_backtrace::<core[a373ad73a504971]::result::Result<(), alloc[2e1b2a31b91974c5]::string::String>, fn() -> core[a373ad73a504971]::result::Result<(), alloc[2e1b2a31b91974c5]::string::String>>
[INFO] [stdout]   14:     0x61afee218ae5 - test[aada8e7e76ba119b]::run_test::{closure#0}
[INFO] [stdout]   15:     0x61afee2123d4 - std[617be2ca0a6fd877]::sys::backtrace::__rust_begin_short_backtrace::<test[aada8e7e76ba119b]::run_test::{closure#1}, ()>
[INFO] [stdout]   16:     0x61afee21bb72 - <std[617be2ca0a6fd877]::thread::lifecycle::spawn_unchecked<test[aada8e7e76ba119b]::run_test::{closure#1}, ()>::{closure#1} as core[a373ad73a504971]::ops::function::FnOnce<()>>::call_once::{shim:vtable#0}
[INFO] [stdout]   17:     0x61afee2861df - <std[617be2ca0a6fd877]::sys::thread::unix::Thread>::new::thread_start
[INFO] [stdout]   18:     0x7a28b7d3cdfa - <unknown>
[INFO] [stdout]   19:     0x7a28b7dd03d4 - clone
[INFO] [stdout]   20:                0x0 - <unknown>
[INFO] [stdout] 
[INFO] [stdout] ---- binary_exclude_pattern stdout ----
[INFO] [stdout] 
[INFO] [stdout] thread 'binary_exclude_pattern' (1528) panicked at tests/integration.rs:375:10:
[INFO] [stdout] failed to execute fw-sbom: Os { code: 2, kind: NotFound, message: "No such file or directory" }
[INFO] [stdout] stack backtrace:
[INFO] [stdout]    0:     0x61afee286ec1 - <<std[617be2ca0a6fd877]::sys::backtrace::BacktraceLock>::print::DisplayBacktrace as core[a373ad73a504971]::fmt::Display>::fmt
[INFO] [stdout]    1:     0x61afee29bb5a - core[a373ad73a504971]::fmt::write
[INFO] [stdout]    2:     0x61afee28b33c - <alloc[2e1b2a31b91974c5]::vec::Vec<u8> as core[a373ad73a504971]::io::write::Write>::write_fmt
[INFO] [stdout]    3:     0x61afee261a36 - std[617be2ca0a6fd877]::panicking::default_hook::{closure#0}
[INFO] [stdout]    4:     0x61afee27e8f9 - std[617be2ca0a6fd877]::panicking::default_hook
[INFO] [stdout]    5:     0x61afee2184c0 - test[aada8e7e76ba119b]::test_main_inner::{closure#0}
[INFO] [stdout]    6:     0x61afee27eab2 - std[617be2ca0a6fd877]::panicking::panic_with_hook
[INFO] [stdout]    7:     0x61afee261ae2 - std[617be2ca0a6fd877]::panicking::panic_handler::{closure#0}
[INFO] [stdout]    8:     0x61afee25a549 - std[617be2ca0a6fd877]::sys::backtrace::__rust_end_short_backtrace::<std[617be2ca0a6fd877]::panicking::panic_handler::{closure#0}, !>
[INFO] [stdout]    9:     0x61afee2626ed - __rustc[ea4f61d10b84890b]::rust_begin_unwind
[INFO] [stdout]   10:     0x61afee29c28c - core[a373ad73a504971]::panicking::panic_fmt
[INFO] [stdout]   11:     0x61afee29c062 - core[a373ad73a504971]::result::unwrap_failed
[INFO] [stdout]   12:     0x61afee1ff939 - <integration[cc34e67aea0d06cb]::binary_exclude_pattern::{closure#0} as core[a373ad73a504971]::ops::function::FnOnce<()>>::call_once
[INFO] [stdout]   13:     0x61afee20b90b - test[aada8e7e76ba119b]::__rust_begin_short_backtrace::<core[a373ad73a504971]::result::Result<(), alloc[2e1b2a31b91974c5]::string::String>, fn() -> core[a373ad73a504971]::result::Result<(), alloc[2e1b2a31b91974c5]::string::String>>
[INFO] [stdout]   14:     0x61afee218ae5 - test[aada8e7e76ba119b]::run_test::{closure#0}
[INFO] [stdout]   15:     0x61afee2123d4 - std[617be2ca0a6fd877]::sys::backtrace::__rust_begin_short_backtrace::<test[aada8e7e76ba119b]::run_test::{closure#1}, ()>
[INFO] [stdout]   16:     0x61afee21bb72 - <std[617be2ca0a6fd877]::thread::lifecycle::spawn_unchecked<test[aada8e7e76ba119b]::run_test::{closure#1}, ()>::{closure#1} as core[a373ad73a504971]::ops::function::FnOnce<()>>::call_once::{shim:vtable#0}
[INFO] [stdout]   17:     0x61afee2861df - <std[617be2ca0a6fd877]::sys::thread::unix::Thread>::new::thread_start
[INFO] [stdout]   18:     0x7a28b7d3cdfa - <unknown>
[INFO] [stdout]   19:     0x7a28b7dd03d4 - clone
[INFO] [stdout]   20:                0x0 - <unknown>
[INFO] [stdout] 
[INFO] [stdout] ---- binary_diff_mode stdout ----
[INFO] [stdout] 
[INFO] [stdout] thread 'binary_diff_mode' (1526) panicked at tests/integration.rs:304:10:
[INFO] [stdout] failed to execute fw-sbom: Os { code: 2, kind: NotFound, message: "No such file or directory" }
[INFO] [stdout] stack backtrace:
[INFO] [stdout]    0:     0x61afee286ec1 - <<std[617be2ca0a6fd877]::sys::backtrace::BacktraceLock>::print::DisplayBacktrace as core[a373ad73a504971]::fmt::Display>::fmt
[INFO] [stdout]    1:     0x61afee29bb5a - core[a373ad73a504971]::fmt::write
[INFO] [stdout]    2:     0x61afee28b33c - <alloc[2e1b2a31b91974c5]::vec::Vec<u8> as core[a373ad73a504971]::io::write::Write>::write_fmt
[INFO] [stdout]    3:     0x61afee261a36 - std[617be2ca0a6fd877]::panicking::default_hook::{closure#0}
[INFO] [stdout]    4:     0x61afee27e8f9 - std[617be2ca0a6fd877]::panicking::default_hook
[INFO] [stdout]    5:     0x61afee2184c0 - test[aada8e7e76ba119b]::test_main_inner::{closure#0}
[INFO] [stdout]    6:     0x61afee27eab2 - std[617be2ca0a6fd877]::panicking::panic_with_hook
[INFO] [stdout]    7:     0x61afee261ae2 - std[617be2ca0a6fd877]::panicking::panic_handler::{closure#0}
[INFO] [stdout]    8:     0x61afee25a549 - std[617be2ca0a6fd877]::sys::backtrace::__rust_end_short_backtrace::<std[617be2ca0a6fd877]::panicking::panic_handler::{closure#0}, !>
[INFO] [stdout]    9:     0x61afee2626ed - __rustc[ea4f61d10b84890b]::rust_begin_unwind
[INFO] [stdout]   10:     0x61afee29c28c - core[a373ad73a504971]::panicking::panic_fmt
[INFO] [stdout]   11:     0x61afee29c062 - core[a373ad73a504971]::result::unwrap_failed
[INFO] [stdout]   12:     0x61afee1fe294 - <integration[cc34e67aea0d06cb]::binary_diff_mode::{closure#0} as core[a373ad73a504971]::ops::function::FnOnce<()>>::call_once
[INFO] [stdout]   13:     0x61afee20b90b - test[aada8e7e76ba119b]::__rust_begin_short_backtrace::<core[a373ad73a504971]::result::Result<(), alloc[2e1b2a31b91974c5]::string::String>, fn() -> core[a373ad73a504971]::result::Result<(), alloc[2e1b2a31b91974c5]::string::String>>
[INFO] [stdout]   14:     0x61afee218ae5 - test[aada8e7e76ba119b]::run_test::{closure#0}
[INFO] [stdout]   15:     0x61afee2123d4 - std[617be2ca0a6fd877]::sys::backtrace::__rust_begin_short_backtrace::<test[aada8e7e76ba119b]::run_test::{closure#1}, ()>
[INFO] [stdout]   16:     0x61afee21bb72 - <std[617be2ca0a6fd877]::thread::lifecycle::spawn_unchecked<test[aada8e7e76ba119b]::run_test::{closure#1}, ()>::{closure#1} as core[a373ad73a504971]::ops::function::FnOnce<()>>::call_once::{shim:vtable#0}
[INFO] [stdout]   17:     0x61afee2861df - <std[617be2ca0a6fd877]::sys::thread::unix::Thread>::new::thread_start
[INFO] [stdout]   18:     0x7a28b7d3cdfa - <unknown>
[INFO] [stdout]   19:     0x7a28b7dd03d4 - clone
[INFO] [stdout]   20:                0x0 - <unknown>
[INFO] [stdout] 
[INFO] [stdout] ---- binary_graph_mode stdout ----
[INFO] [stdout] 
[INFO] [stdout] thread 'binary_graph_mode' (1530) panicked at tests/integration.rs:433:10:
[INFO] [stdout] failed to execute fw-sbom --graph: Os { code: 2, kind: NotFound, message: "No such file or directory" }
[INFO] [stdout] stack backtrace:
[INFO] [stdout]    0:     0x61afee286ec1 - <<std[617be2ca0a6fd877]::sys::backtrace::BacktraceLock>::print::DisplayBacktrace as core[a373ad73a504971]::fmt::Display>::fmt
[INFO] [stdout]    1:     0x61afee29bb5a - core[a373ad73a504971]::fmt::write
[INFO] [stdout]    2:     0x61afee28b33c - <alloc[2e1b2a31b91974c5]::vec::Vec<u8> as core[a373ad73a504971]::io::write::Write>::write_fmt
[INFO] [stdout]    3:     0x61afee261a36 - std[617be2ca0a6fd877]::panicking::default_hook::{closure#0}
[INFO] [stdout]    4:     0x61afee27e8f9 - std[617be2ca0a6fd877]::panicking::default_hook
[INFO] [stdout]    5:     0x61afee2184c0 - test[aada8e7e76ba119b]::test_main_inner::{closure#0}
[INFO] [stdout]    6:     0x61afee27eab2 - std[617be2ca0a6fd877]::panicking::panic_with_hook
[INFO] [stdout]    7:     0x61afee261ae2 - std[617be2ca0a6fd877]::panicking::panic_handler::{closure#0}
[INFO] [stdout]    8:     0x61afee25a549 - std[617be2ca0a6fd877]::sys::backtrace::__rust_end_short_backtrace::<std[617be2ca0a6fd877]::panicking::panic_handler::{closure#0}, !>
[INFO] [stdout]    9:     0x61afee2626ed - __rustc[ea4f61d10b84890b]::rust_begin_unwind
[INFO] [stdout]   10:     0x61afee29c28c - core[a373ad73a504971]::panicking::panic_fmt
[INFO] [stdout]   11:     0x61afee29c062 - core[a373ad73a504971]::result::unwrap_failed
[INFO] [stdout]   12:     0x61afee1fe997 - <integration[cc34e67aea0d06cb]::binary_graph_mode::{closure#0} as core[a373ad73a504971]::ops::function::FnOnce<()>>::call_once
[INFO] [stdout]   13:     0x61afee20b90b - test[aada8e7e76ba119b]::__rust_begin_short_backtrace::<core[a373ad73a504971]::result::Result<(), alloc[2e1b2a31b91974c5]::string::String>, fn() -> core[a373ad73a504971]::result::Result<(), alloc[2e1b2a31b91974c5]::string::String>>
[INFO] [stdout]   14:     0x61afee218ae5 - test[aada8e7e76ba119b]::run_test::{closure#0}
[INFO] [stdout]   15:     0x61afee2123d4 - std[617be2ca0a6fd877]::sys::backtrace::__rust_begin_short_backtrace::<test[aada8e7e76ba119b]::run_test::{closure#1}, ()>
[INFO] [stdout]   16:     0x61afee21bb72 - <std[617be2ca0a6fd877]::thread::lifecycle::spawn_unchecked<test[aada8e7e76ba119b]::run_test::{closure#1}, ()>::{closure#1} as core[a373ad73a504971]::ops::function::FnOnce<()>>::call_once::{shim:vtable#0}
[INFO] [stdout]   17:     0x61afee2861df - <std[617be2ca0a6fd877]::sys::thread::unix::Thread>::new::thread_start
[INFO] [stdout]   18:     0x7a28b7d3cdfa - <unknown>
[INFO] [stdout]   19:     0x7a28b7dd03d4 - clone
[INFO] [stdout]   20:                0x0 - <unknown>
[INFO] [stdout] 
[INFO] [stdout] ---- empty_directory_produces_valid_sbom_with_no_components stdout ----
[INFO] [stdout] 
[INFO] [stdout] thread 'empty_directory_produces_valid_sbom_with_no_components' (1542) panicked at tests/integration.rs:237:10:
[INFO] [stdout] failed to execute fw-sbom: Os { code: 2, kind: NotFound, message: "No such file or directory" }
[INFO] [stdout] stack backtrace:
[INFO] [stdout]    0:     0x61afee286ec1 - <<std[617be2ca0a6fd877]::sys::backtrace::BacktraceLock>::print::DisplayBacktrace as core[a373ad73a504971]::fmt::Display>::fmt
[INFO] [stdout]    1:     0x61afee29bb5a - core[a373ad73a504971]::fmt::write
[INFO] [stdout]    2:     0x61afee28b33c - <alloc[2e1b2a31b91974c5]::vec::Vec<u8> as core[a373ad73a504971]::io::write::Write>::write_fmt
[INFO] [stdout]    3:     0x61afee261a36 - std[617be2ca0a6fd877]::panicking::default_hook::{closure#0}
[INFO] [stdout]    4:     0x61afee27e8f9 - std[617be2ca0a6fd877]::panicking::default_hook
[INFO] [stdout]    5:     0x61afee2184c0 - test[aada8e7e76ba119b]::test_main_inner::{closure#0}
[INFO] [stdout]    6:     0x61afee27eab2 - std[617be2ca0a6fd877]::panicking::panic_with_hook
[INFO] [stdout]    7:     0x61afee261ae2 - std[617be2ca0a6fd877]::panicking::panic_handler::{closure#0}
[INFO] [stdout]    8:     0x61afee25a549 - std[617be2ca0a6fd877]::sys::backtrace::__rust_end_short_backtrace::<std[617be2ca0a6fd877]::panicking::panic_handler::{closure#0}, !>
[INFO] [stdout]    9:     0x61afee2626ed - __rustc[ea4f61d10b84890b]::rust_begin_unwind
[INFO] [stdout]   10:     0x61afee29c28c - core[a373ad73a504971]::panicking::panic_fmt
[INFO] [stdout]   11:     0x61afee29c062 - core[a373ad73a504971]::result::unwrap_failed
[INFO] [stdout]   12:     0x61afee2023b2 - <integration[cc34e67aea0d06cb]::empty_directory_produces_valid_sbom_with_no_components::{closure#0} as core[a373ad73a504971]::ops::function::FnOnce<()>>::call_once
[INFO] [stdout]   13:     0x61afee20b90b - test[aada8e7e76ba119b]::__rust_begin_short_backtrace::<core[a373ad73a504971]::result::Result<(), alloc[2e1b2a31b91974c5]::string::String>, fn() -> core[a373ad73a504971]::result::Result<(), alloc[2e1b2a31b91974c5]::string::String>>
[INFO] [stdout]   14:     0x61afee218ae5 - test[aada8e7e76ba119b]::run_test::{closure#0}
[INFO] [stdout]   15:     0x61afee2123d4 - std[617be2ca0a6fd877]::sys::backtrace::__rust_begin_short_backtrace::<test[aada8e7e76ba119b]::run_test::{closure#1}, ()>
[INFO] [stdout]   16:     0x61afee21bb72 - <std[617be2ca0a6fd877]::thread::lifecycle::spawn_unchecked<test[aada8e7e76ba119b]::run_test::{closure#1}, ()>::{closure#1} as core[a373ad73a504971]::ops::function::FnOnce<()>>::call_once::{shim:vtable#0}
[INFO] [stdout]   17:     0x61afee2861df - <std[617be2ca0a6fd877]::sys::thread::unix::Thread>::new::thread_start
[INFO] [stdout]   18:     0x7a28b7d3cdfa - <unknown>
[INFO] [stdout]   19:     0x7a28b7dd03d4 - clone
[INFO] [stdout]   20:                0x0 - <unknown>
[INFO] [stdout] 
[INFO] [stdout] ---- binary_produces_cyclonedx_output stdout ----
[INFO] [stdout] 
[INFO] [stdout] thread 'binary_produces_cyclonedx_output' (1532) panicked at tests/integration.rs:119:10:
[INFO] [stdout] failed to execute fw-sbom: Os { code: 2, kind: NotFound, message: "No such file or directory" }
[INFO] [stdout] stack backtrace:
[INFO] [stdout]    0:     0x61afee286ec1 - <<std[617be2ca0a6fd877]::sys::backtrace::BacktraceLock>::print::DisplayBacktrace as core[a373ad73a504971]::fmt::Display>::fmt
[INFO] [stdout]    1:     0x61afee29bb5a - core[a373ad73a504971]::fmt::write
[INFO] [stdout]    2:     0x61afee28b33c - <alloc[2e1b2a31b91974c5]::vec::Vec<u8> as core[a373ad73a504971]::io::write::Write>::write_fmt
[INFO] [stdout]    3:     0x61afee261a36 - std[617be2ca0a6fd877]::panicking::default_hook::{closure#0}
[INFO] [stdout]    4:     0x61afee27e8f9 - std[617be2ca0a6fd877]::panicking::default_hook
[INFO] [stdout]    5:     0x61afee2184c0 - test[aada8e7e76ba119b]::test_main_inner::{closure#0}
[INFO] [stdout]    6:     0x61afee27eab2 - std[617be2ca0a6fd877]::panicking::panic_with_hook
[INFO] [stdout]    7:     0x61afee261ae2 - std[617be2ca0a6fd877]::panicking::panic_handler::{closure#0}
[INFO] [stdout]    8:     0x61afee25a549 - std[617be2ca0a6fd877]::sys::backtrace::__rust_end_short_backtrace::<std[617be2ca0a6fd877]::panicking::panic_handler::{closure#0}, !>
[INFO] [stdout]    9:     0x61afee2626ed - __rustc[ea4f61d10b84890b]::rust_begin_unwind
[INFO] [stdout]   10:     0x61afee29c28c - core[a373ad73a504971]::panicking::panic_fmt
[INFO] [stdout]   11:     0x61afee29c062 - core[a373ad73a504971]::result::unwrap_failed
[INFO] [stdout]   12:     0x61afee201be1 - <integration[cc34e67aea0d06cb]::binary_produces_cyclonedx_output::{closure#0} as core[a373ad73a504971]::ops::function::FnOnce<()>>::call_once
[INFO] [stdout]   13:     0x61afee20b90b - test[aada8e7e76ba119b]::__rust_begin_short_backtrace::<core[a373ad73a504971]::result::Result<(), alloc[2e1b2a31b91974c5]::string::String>, fn() -> core[a373ad73a504971]::result::Result<(), alloc[2e1b2a31b91974c5]::string::String>>
[INFO] [stdout]   14:     0x61afee218ae5 - test[aada8e7e76ba119b]::run_test::{closure#0}
[INFO] [stdout]   15:     0x61afee2123d4 - std[617be2ca0a6fd877]::sys::backtrace::__rust_begin_short_backtrace::<test[aada8e7e76ba119b]::run_test::{closure#1}, ()>
[INFO] [stdout]   16:     0x61afee21bb72 - <std[617be2ca0a6fd877]::thread::lifecycle::spawn_unchecked<test[aada8e7e76ba119b]::run_test::{closure#1}, ()>::{closure#1} as core[a373ad73a504971]::ops::function::FnOnce<()>>::call_once::{shim:vtable#0}
[INFO] [stdout]   17:     0x61afee2861df - <std[617be2ca0a6fd877]::sys::thread::unix::Thread>::new::thread_start
[INFO] [stdout]   18:     0x7a28b7d3cdfa - <unknown>
[INFO] [stdout]   19:     0x7a28b7dd03d4 - clone
[INFO] [stdout]   20:                0x0 - <unknown>
[INFO] [stdout] 
[INFO] [stdout] ---- binary_min_confidence_filter stdout ----
[INFO] [stdout] 
[INFO] [stdout] thread 'binary_min_confidence_filter' (1531) panicked at tests/integration.rs:413:10:
[INFO] [stdout] failed to execute fw-sbom: Os { code: 2, kind: NotFound, message: "No such file or directory" }
[INFO] [stdout] stack backtrace:
[INFO] [stdout]    0:     0x61afee286ec1 - <<std[617be2ca0a6fd877]::sys::backtrace::BacktraceLock>::print::DisplayBacktrace as core[a373ad73a504971]::fmt::Display>::fmt
[INFO] [stdout]    1:     0x61afee29bb5a - core[a373ad73a504971]::fmt::write
[INFO] [stdout]    2:     0x61afee28b33c - <alloc[2e1b2a31b91974c5]::vec::Vec<u8> as core[a373ad73a504971]::io::write::Write>::write_fmt
[INFO] [stdout]    3:     0x61afee261a36 - std[617be2ca0a6fd877]::panicking::default_hook::{closure#0}
[INFO] [stdout]    4:     0x61afee27e8f9 - std[617be2ca0a6fd877]::panicking::default_hook
[INFO] [stdout]    5:     0x61afee2184c0 - test[aada8e7e76ba119b]::test_main_inner::{closure#0}
[INFO] [stdout]    6:     0x61afee27eab2 - std[617be2ca0a6fd877]::panicking::panic_with_hook
[INFO] [stdout]    7:     0x61afee261ae2 - std[617be2ca0a6fd877]::panicking::panic_handler::{closure#0}
[INFO] [stdout]    8:     0x61afee25a549 - std[617be2ca0a6fd877]::sys::backtrace::__rust_end_short_backtrace::<std[617be2ca0a6fd877]::panicking::panic_handler::{closure#0}, !>
[INFO] [stdout]    9:     0x61afee2626ed - __rustc[ea4f61d10b84890b]::rust_begin_unwind
[INFO] [stdout]   10:     0x61afee29c28c - core[a373ad73a504971]::panicking::panic_fmt
[INFO] [stdout]   11:     0x61afee29c062 - core[a373ad73a504971]::result::unwrap_failed
[INFO] [stdout]   12:     0x61afee200d70 - <integration[cc34e67aea0d06cb]::binary_min_confidence_filter::{closure#0} as core[a373ad73a504971]::ops::function::FnOnce<()>>::call_once
[INFO] [stdout]   13:     0x61afee20b90b - test[aada8e7e76ba119b]::__rust_begin_short_backtrace::<core[a373ad73a504971]::result::Result<(), alloc[2e1b2a31b91974c5]::string::String>, fn() -> core[a373ad73a504971]::result::Result<(), alloc[2e1b2a31b91974c5]::string::String>>
[INFO] [stdout]   14:     0x61afee218ae5 - test[aada8e7e76ba119b]::run_test::{closure#0}
[INFO] [stdout]   15:     0x61afee2123d4 - std[617be2ca0a6fd877]::sys::backtrace::__rust_begin_short_backtrace::<test[aada8e7e76ba119b]::run_test::{closure#1}, ()>
[INFO] [stdout]   16:     0x61afee21bb72 - <std[617be2ca0a6fd877]::thread::lifecycle::spawn_unchecked<test[aada8e7e76ba119b]::run_test::{closure#1}, ()>::{closure#1} as core[a373ad73a504971]::ops::function::FnOnce<()>>::call_once::{shim:vtable#0}
[INFO] [stdout]   17:     0x61afee2861df - <std[617be2ca0a6fd877]::sys::thread::unix::Thread>::new::thread_start
[INFO] [stdout]   18:     0x7a28b7d3cdfa - <unknown>
[INFO] [stdout]   19:     0x7a28b7dd03d4 - clone
[INFO] [stdout]   20:                0x0 - <unknown>
[INFO] [stdout] 
[INFO] [stdout] ---- binary_detects_opkg_packages stdout ----
[INFO] [stdout] 
[INFO] [stdout] thread 'binary_detects_opkg_packages' (1525) panicked at tests/integration.rs:199:10:
[INFO] [stdout] failed to execute fw-sbom: Os { code: 2, kind: NotFound, message: "No such file or directory" }
[INFO] [stdout] stack backtrace:
[INFO] [stdout]    0:     0x61afee286ec1 - <<std[617be2ca0a6fd877]::sys::backtrace::BacktraceLock>::print::DisplayBacktrace as core[a373ad73a504971]::fmt::Display>::fmt
[INFO] [stdout]    1:     0x61afee29bb5a - core[a373ad73a504971]::fmt::write
[INFO] [stdout]    2:     0x61afee28b33c - <alloc[2e1b2a31b91974c5]::vec::Vec<u8> as core[a373ad73a504971]::io::write::Write>::write_fmt
[INFO] [stdout]    3:     0x61afee261a36 - std[617be2ca0a6fd877]::panicking::default_hook::{closure#0}
[INFO] [stdout]    4:     0x61afee27e8f9 - std[617be2ca0a6fd877]::panicking::default_hook
[INFO] [stdout]    5:     0x61afee2184c0 - test[aada8e7e76ba119b]::test_main_inner::{closure#0}
[INFO] [stdout]    6:     0x61afee27eab2 - std[617be2ca0a6fd877]::panicking::panic_with_hook
[INFO] [stdout]    7:     0x61afee261ae2 - std[617be2ca0a6fd877]::panicking::panic_handler::{closure#0}
[INFO] [stdout]    8:     0x61afee25a549 - std[617be2ca0a6fd877]::sys::backtrace::__rust_end_short_backtrace::<std[617be2ca0a6fd877]::panicking::panic_handler::{closure#0}, !>
[INFO] [stdout]    9:     0x61afee2626ed - __rustc[ea4f61d10b84890b]::rust_begin_unwind
[INFO] [stdout]   10:     0x61afee29c28c - core[a373ad73a504971]::panicking::panic_fmt
[INFO] [stdout]   11:     0x61afee29c062 - core[a373ad73a504971]::result::unwrap_failed
[INFO] [stdout]   12:     0x61afee20072e - <integration[cc34e67aea0d06cb]::binary_detects_opkg_packages::{closure#0} as core[a373ad73a504971]::ops::function::FnOnce<()>>::call_once
[INFO] [stdout]   13:     0x61afee20b90b - test[aada8e7e76ba119b]::__rust_begin_short_backtrace::<core[a373ad73a504971]::result::Result<(), alloc[2e1b2a31b91974c5]::string::String>, fn() -> core[a373ad73a504971]::result::Result<(), alloc[2e1b2a31b91974c5]::string::String>>
[INFO] [stdout]   14:     0x61afee218ae5 - test[aada8e7e76ba119b]::run_test::{closure#0}
[INFO] [stdout]   15:     0x61afee2123d4 - std[617be2ca0a6fd877]::sys::backtrace::__rust_begin_short_backtrace::<test[aada8e7e76ba119b]::run_test::{closure#1}, ()>
[INFO] [stdout]   16:     0x61afee21bb72 - <std[617be2ca0a6fd877]::thread::lifecycle::spawn_unchecked<test[aada8e7e76ba119b]::run_test::{closure#1}, ()>::{closure#1} as core[a373ad73a504971]::ops::function::FnOnce<()>>::call_once::{shim:vtable#0}
[INFO] [stdout]   17:     0x61afee2861df - <std[617be2ca0a6fd877]::sys::thread::unix::Thread>::new::thread_start
[INFO] [stdout]   18:     0x7a28b7d3cdfa - <unknown>
[INFO] [stdout]   19:     0x7a28b7dd03d4 - clone
[INFO] [stdout]   20:                0x0 - <unknown>
[INFO] [stdout] 
[INFO] [stdout] ---- binary_enrich_adds_cpe stdout ----
[INFO] [stdout] 
[INFO] [stdout] thread 'binary_enrich_adds_cpe' (1527) panicked at tests/integration.rs:260:10:
[INFO] [stdout] failed to execute fw-sbom: Os { code: 2, kind: NotFound, message: "No such file or directory" }
[INFO] [stdout] stack backtrace:
[INFO] [stdout]    0:     0x61afee286ec1 - <<std[617be2ca0a6fd877]::sys::backtrace::BacktraceLock>::print::DisplayBacktrace as core[a373ad73a504971]::fmt::Display>::fmt
[INFO] [stdout]    1:     0x61afee29bb5a - core[a373ad73a504971]::fmt::write
[INFO] [stdout]    2:     0x61afee28b33c - <alloc[2e1b2a31b91974c5]::vec::Vec<u8> as core[a373ad73a504971]::io::write::Write>::write_fmt
[INFO] [stdout]    3:     0x61afee261a36 - std[617be2ca0a6fd877]::panicking::default_hook::{closure#0}
[INFO] [stdout]    4:     0x61afee27e8f9 - std[617be2ca0a6fd877]::panicking::default_hook
[INFO] [stdout]    5:     0x61afee2184c0 - test[aada8e7e76ba119b]::test_main_inner::{closure#0}
[INFO] [stdout]    6:     0x61afee27eab2 - std[617be2ca0a6fd877]::panicking::panic_with_hook
[INFO] [stdout]    7:     0x61afee261ae2 - std[617be2ca0a6fd877]::panicking::panic_handler::{closure#0}
[INFO] [stdout]    8:     0x61afee25a549 - std[617be2ca0a6fd877]::sys::backtrace::__rust_end_short_backtrace::<std[617be2ca0a6fd877]::panicking::panic_handler::{closure#0}, !>
[INFO] [stdout]    9:     0x61afee2626ed - __rustc[ea4f61d10b84890b]::rust_begin_unwind
[INFO] [stdout]   10:     0x61afee29c28c - core[a373ad73a504971]::panicking::panic_fmt
[INFO] [stdout]   11:     0x61afee29c062 - core[a373ad73a504971]::result::unwrap_failed
[INFO] [stdout]   12:     0x61afee1fef2b - <integration[cc34e67aea0d06cb]::binary_enrich_adds_cpe::{closure#0} as core[a373ad73a504971]::ops::function::FnOnce<()>>::call_once
[INFO] [stdout]   13:     0x61afee20b90b - test[aada8e7e76ba119b]::__rust_begin_short_backtrace::<core[a373ad73a504971]::result::Result<(), alloc[2e1b2a31b91974c5]::string::String>, fn() -> core[a373ad73a504971]::result::Result<(), alloc[2e1b2a31b91974c5]::string::String>>
[INFO] [stdout]   14:     0x61afee218ae5 - test[aada8e7e76ba119b]::run_test::{closure#0}
[INFO] [stdout]   15:     0x61afee2123d4 - std[617be2ca0a6fd877]::sys::backtrace::__rust_begin_short_backtrace::<test[aada8e7e76ba119b]::run_test::{closure#1}, ()>
[INFO] [stdout]   16:     0x61afee21bb72 - <std[617be2ca0a6fd877]::thread::lifecycle::spawn_unchecked<test[aada8e7e76ba119b]::run_test::{closure#1}, ()>::{closure#1} as core[a373ad73a504971]::ops::function::FnOnce<()>>::call_once::{shim:vtable#0}
[INFO] [stdout]   17:     0x61afee2861df - <std[617be2ca0a6fd877]::sys::thread::unix::Thread>::new::thread_start
[INFO] [stdout]   18:     0x7a28b7d3cdfa - <unknown>
[INFO] [stdout]   19:     0x7a28b7dd03d4 - clone
[INFO] [stdout]   20:                0x0 - <unknown>
[INFO] [stdout] 
[INFO] [stdout] ---- binary_writes_output_to_file stdout ----
[INFO] [stdout] 
[INFO] [stdout] thread 'binary_writes_output_to_file' (1540) panicked at tests/integration.rs:160:10:
[INFO] [stdout] failed to execute fw-sbom: Os { code: 2, kind: NotFound, message: "No such file or directory" }
[INFO] [stdout] stack backtrace:
[INFO] [stdout]    0:     0x61afee286ec1 - <<std[617be2ca0a6fd877]::sys::backtrace::BacktraceLock>::print::DisplayBacktrace as core[a373ad73a504971]::fmt::Display>::fmt
[INFO] [stdout]    1:     0x61afee29bb5a - core[a373ad73a504971]::fmt::write
[INFO] [stdout]    2:     0x61afee28b33c - <alloc[2e1b2a31b91974c5]::vec::Vec<u8> as core[a373ad73a504971]::io::write::Write>::write_fmt
[INFO] [stdout]    3:     0x61afee261a36 - std[617be2ca0a6fd877]::panicking::default_hook::{closure#0}
[INFO] [stdout]    4:     0x61afee27e8f9 - std[617be2ca0a6fd877]::panicking::default_hook
[INFO] [stdout]    5:     0x61afee2184c0 - test[aada8e7e76ba119b]::test_main_inner::{closure#0}
[INFO] [stdout]    6:     0x61afee27eab2 - std[617be2ca0a6fd877]::panicking::panic_with_hook
[INFO] [stdout]    7:     0x61afee261ae2 - std[617be2ca0a6fd877]::panicking::panic_handler::{closure#0}
[INFO] [stdout]    8:     0x61afee25a549 - std[617be2ca0a6fd877]::sys::backtrace::__rust_end_short_backtrace::<std[617be2ca0a6fd877]::panicking::panic_handler::{closure#0}, !>
[INFO] [stdout]    9:     0x61afee2626ed - __rustc[ea4f61d10b84890b]::rust_begin_unwind
[INFO] [stdout]   10:     0x61afee29c28c - core[a373ad73a504971]::panicking::panic_fmt
[INFO] [stdout]   11:     0x61afee29c062 - core[a373ad73a504971]::result::unwrap_failed
[INFO] [stdout]   12:     0x61afee20147f - <integration[cc34e67aea0d06cb]::binary_writes_output_to_file::{closure#0} as core[a373ad73a504971]::ops::function::FnOnce<()>>::call_once
[INFO] [stdout]   13:     0x61afee20b90b - test[aada8e7e76ba119b]::__rust_begin_short_backtrace::<core[a373ad73a504971]::result::Result<(), alloc[2e1b2a31b91974c5]::string::String>, fn() -> core[a373ad73a504971]::result::Result<(), alloc[2e1b2a31b91974c5]::string::String>>
[INFO] [stdout]   14:     0x61afee218ae5 - test[aada8e7e76ba119b]::run_test::{closure#0}
[INFO] [stdout]   15:     0x61afee2123d4 - std[617be2ca0a6fd877]::sys::backtrace::__rust_begin_short_backtrace::<test[aada8e7e76ba119b]::run_test::{closure#1}, ()>
[INFO] [stdout]   16:     0x61afee21bb72 - <std[617be2ca0a6fd877]::thread::lifecycle::spawn_unchecked<test[aada8e7e76ba119b]::run_test::{closure#1}, ()>::{closure#1} as core[a373ad73a504971]::ops::function::FnOnce<()>>::call_once::{shim:vtable#0}
[INFO] [stdout]   17:     0x61afee2861df - <std[617be2ca0a6fd877]::sys::thread::unix::Thread>::new::thread_start
[INFO] [stdout]   18:     0x7a28b7d3cdfa - <unknown>
[INFO] [stdout]   19:     0x7a28b7dd03d4 - clone
[INFO] [stdout]   20:                0x0 - <unknown>
[INFO] [stdout] 
[INFO] [stdout] ---- binary_produces_spdx_output stdout ----
[INFO] [stdout] 
[INFO] [stdout] thread 'binary_produces_spdx_output' (1539) panicked at tests/integration.rs:72:10:
[INFO] [stdout] failed to execute fw-sbom: Os { code: 2, kind: NotFound, message: "No such file or directory" }
[INFO] [stdout] stack backtrace:
[INFO] [stdout]    0:     0x61afee286ec1 - <<std[617be2ca0a6fd877]::sys::backtrace::BacktraceLock>::print::DisplayBacktrace as core[a373ad73a504971]::fmt::Display>::fmt
[INFO] [stdout]    1:     0x61afee29bb5a - core[a373ad73a504971]::fmt::write
[INFO] [stdout]    2:     0x61afee28b33c - <alloc[2e1b2a31b91974c5]::vec::Vec<u8> as core[a373ad73a504971]::io::write::Write>::write_fmt
[INFO] [stdout]    3:     0x61afee261a36 - std[617be2ca0a6fd877]::panicking::default_hook::{closure#0}
[INFO] [stdout]    4:     0x61afee27e8f9 - std[617be2ca0a6fd877]::panicking::default_hook
[INFO] [stdout]    5:     0x61afee2184c0 - test[aada8e7e76ba119b]::test_main_inner::{closure#0}
[INFO] [stdout]    6:     0x61afee27eab2 - std[617be2ca0a6fd877]::panicking::panic_with_hook
[INFO] [stdout]    7:     0x61afee261ae2 - std[617be2ca0a6fd877]::panicking::panic_handler::{closure#0}
[INFO] [stdout]    8:     0x61afee25a549 - std[617be2ca0a6fd877]::sys::backtrace::__rust_end_short_backtrace::<std[617be2ca0a6fd877]::panicking::panic_handler::{closure#0}, !>
[INFO] [stdout]    9:     0x61afee2626ed - __rustc[ea4f61d10b84890b]::rust_begin_unwind
[INFO] [stdout]   10:     0x61afee29c28c - core[a373ad73a504971]::panicking::panic_fmt
[INFO] [stdout]   11:     0x61afee29c062 - core[a373ad73a504971]::result::unwrap_failed
[INFO] [stdout]   12:     0x61afee200124 - <integration[cc34e67aea0d06cb]::binary_produces_spdx_output::{closure#0} as core[a373ad73a504971]::ops::function::FnOnce<()>>::call_once
[INFO] [stdout]   13:     0x61afee20b90b - test[aada8e7e76ba119b]::__rust_begin_short_backtrace::<core[a373ad73a504971]::result::Result<(), alloc[2e1b2a31b91974c5]::string::String>, fn() -> core[a373ad73a504971]::result::Result<(), alloc[2e1b2a31b91974c5]::string::String>>
[INFO] [stdout]   14:     0x61afee218ae5 - test[aada8e7e76ba119b]::run_test::{closure#0}
[INFO] [stdout]   15:     0x61afee2123d4 - std[617be2ca0a6fd877]::sys::backtrace::__rust_begin_short_backtrace::<test[aada8e7e76ba119b]::run_test::{closure#1}, ()>
[INFO] [stdout]   16:     0x61afee21bb72 - <std[617be2ca0a6fd877]::thread::lifecycle::spawn_unchecked<test[aada8e7e76ba119b]::run_test::{closure#1}, ()>::{closure#1} as core[a373ad73a504971]::ops::function::FnOnce<()>>::call_once::{shim:vtable#0}
[INFO] [stdout]   17:     0x61afee2861df - <std[617be2ca0a6fd877]::sys::thread::unix::Thread>::new::thread_start
[INFO] [stdout]   18:     0x7a28b7d3cdfa - <unknown>
[INFO] [stdout]   19:     0x7a28b7dd03d4 - clone
[INFO] [stdout]   20:                0x0 - <unknown>
[INFO] [stdout] 
[INFO] [stdout] 
[INFO] [stdout] failures:
[INFO] [stdout]     binary_detects_opkg_packages
[INFO] [stdout]     binary_diff_mode
[INFO] [stdout]     binary_enrich_adds_cpe
[INFO] [stdout]     binary_exclude_pattern
[INFO] [stdout]     binary_fails_on_nonexistent_input
[INFO] [stdout]     binary_graph_mode
[INFO] [stdout]     binary_min_confidence_filter
[INFO] [stdout]     binary_produces_cyclonedx_output
[INFO] [stdout]     binary_produces_spdx_output
[INFO] [stdout]     binary_writes_output_to_file
[INFO] [stdout]     empty_directory_produces_valid_sbom_with_no_components
[INFO] [stdout] 
[INFO] [stdout] test result: FAILED. 0 passed; 11 failed; 0 ignored; 0 measured; 0 filtered out; finished in 0.04s
[INFO] [stdout] 
[INFO] [stderr] error: test failed, to rerun pass `--test integration`
[INFO] running `Command { std: "docker" "inspect" "6c45bddff7ce5e66067b608f4a9a9b90161ca05aea96a650963f26fd17c54348", kill_on_drop: false }`
[INFO] running `Command { std: "docker" "rm" "-f" "6c45bddff7ce5e66067b608f4a9a9b90161ca05aea96a650963f26fd17c54348", kill_on_drop: false }`
[INFO] [stdout] 6c45bddff7ce5e66067b608f4a9a9b90161ca05aea96a650963f26fd17c54348
