[INFO] cloning repository https://github.com/iamNarcisse/shorty
[INFO] running `Command { std: "git" "-c" "credential.helper=" "-c" "credential.helper=/workspace/cargo-home/bin/git-credential-null" "clone" "--bare" "https://github.com/iamNarcisse/shorty" "/workspace/cache/git-repos/https%3A%2F%2Fgithub.com%2FiamNarcisse%2Fshorty", kill_on_drop: false }`
[INFO] [stderr] Cloning into bare repository '/workspace/cache/git-repos/https%3A%2F%2Fgithub.com%2FiamNarcisse%2Fshorty'...
[INFO] running `Command { std: "git" "rev-parse" "HEAD", kill_on_drop: false }`
[INFO] [stdout] 35443a9e5fb410939ab02a5a7189780113fa8723
[INFO] testing iamNarcisse/shorty against 1.99.0-beta.8+cargoflags=--release for beta-release-1.100-2
[INFO] running `Command { std: "git" "clone" "/workspace/cache/git-repos/https%3A%2F%2Fgithub.com%2FiamNarcisse%2Fshorty" "/workspace/builds/worker-7-tc1/source", kill_on_drop: false }`
[INFO] [stderr] Cloning into '/workspace/builds/worker-7-tc1/source'...
[INFO] [stderr] done.
[INFO] started tweaking git repo https://github.com/iamNarcisse/shorty
[INFO] finished tweaking git repo https://github.com/iamNarcisse/shorty
[INFO] tweaked toml for git repo https://github.com/iamNarcisse/shorty written to /workspace/builds/worker-7-tc1/source/Cargo.toml
[INFO] validating manifest of git repo https://github.com/iamNarcisse/shorty on toolchain 1.99.0-beta.8
[INFO] running `Command { std: CARGO_HOME="/workspace/cargo-home" RUSTUP_HOME="/workspace/rustup-home" "/workspace/cargo-home/bin/cargo" "+1.99.0-beta.8" "metadata" "--manifest-path" "Cargo.toml" "--no-deps", kill_on_drop: false }`
[INFO] crate git repo https://github.com/iamNarcisse/shorty already has a lockfile, it will not be regenerated
[INFO] running `Command { std: CARGO_HOME="/workspace/cargo-home" RUSTUP_HOME="/workspace/rustup-home" "/workspace/cargo-home/bin/cargo" "+1.99.0-beta.8" "fetch" "--manifest-path" "Cargo.toml", kill_on_drop: false }`
[INFO] [stderr]     Updating crates.io index
[INFO] [stderr]  Downloading crates ...
[INFO] [stderr]   Downloaded loom v0.5.6
[INFO] [stderr]   Downloaded binascii v0.1.4
[INFO] [stderr]   Downloaded ubyte v0.10.2
[INFO] [stderr]   Downloaded devise v0.3.1
[INFO] [stderr]   Downloaded devise_core v0.3.1
[INFO] [stderr]   Downloaded crypto-common v0.1.5
[INFO] [stderr]   Downloaded atomic v0.5.1
[INFO] [stderr]   Downloaded ref-cast-impl v1.0.7
[INFO] [stderr]   Downloaded ref-cast v1.0.7
[INFO] [stderr]   Downloaded pear_codegen v0.2.3
[INFO] [stderr]   Downloaded devise_codegen v0.3.1
[INFO] [stderr]   Downloaded state v0.5.3
[INFO] [stderr]   Downloaded uncased v0.9.7
[INFO] [stderr]   Downloaded pear v0.2.3
[INFO] [stderr]   Downloaded stable-pattern v0.1.0
[INFO] [stderr]   Downloaded harsh v0.2.2
[INFO] [stderr]   Downloaded generator v0.7.0
[INFO] [stderr]   Downloaded rustversion v1.0.8
[INFO] [stderr]   Downloaded time-macros v0.2.4
[INFO] [stderr]   Downloaded multer v2.0.3
[INFO] [stderr]   Downloaded proc-macro2 v1.0.40
[INFO] [stderr]   Downloaded serde_derive v1.0.139
[INFO] [stderr]   Downloaded cookie v0.16.0
[INFO] [stderr]   Downloaded figment v0.10.6
[INFO] [stderr]   Downloaded tracing-core v0.1.28
[INFO] [stderr]   Downloaded openssl-sys v0.9.75
[INFO] [stderr]   Downloaded serde v1.0.139
[INFO] [stderr]   Downloaded time v0.3.11
[INFO] [stderr]   Downloaded rocket_http v0.5.0-rc.2
[INFO] [stderr]   Downloaded rocket_codegen v0.5.0-rc.2
[INFO] [stderr]   Downloaded hashbrown v0.12.2
[INFO] [stderr]   Downloaded redis v0.21.5
[INFO] [stderr]   Downloaded combine v4.6.4
[INFO] [stderr]   Downloaded serde_json v1.0.82
[INFO] [stderr]   Downloaded tracing-subscriber v0.3.14
[INFO] [stderr]   Downloaded openssl v0.10.41
[INFO] [stderr]   Downloaded rocket v0.5.0-rc.2
[INFO] [stderr]   Downloaded tokio v1.20.0
[INFO] running `Command { std: "docker" "create" "-v" "/var/lib/crater-agent-workspace/builds/worker-7-tc1/source:/opt/rustwide/workdir:ro,Z" "-v" "/var/lib/crater-agent-workspace/builds/worker-7-tc1/target:/opt/rustwide/target:rw,Z" "-v" "/var/lib/crater-agent-workspace/cargo-home:/opt/rustwide/cargo-home:ro,Z" "-v" "/var/lib/crater-agent-workspace/rustup-home:/opt/rustwide/rustup-home:ro,Z" "-m" "1610612736" "--network" "none" "ghcr.io/rust-lang/crates-build-env/linux@sha256:77db811e55d90add9212f6832c23229e3de5f1c1f9905e8cb07319ea15df73ac" "sleep" "infinity", kill_on_drop: false }`
[INFO] [stdout] b7bba0b397572b150da2f9a688f0f2a5b886d8e41cf6fea6436f2657d7af8bd0
[INFO] running `Command { std: "docker" "start" "b7bba0b397572b150da2f9a688f0f2a5b886d8e41cf6fea6436f2657d7af8bd0", kill_on_drop: false }`
[INFO] running `Command { std: "docker" "inspect" "b7bba0b397572b150da2f9a688f0f2a5b886d8e41cf6fea6436f2657d7af8bd0", kill_on_drop: false }`
[INFO] running `Command { std: "docker" "exec" "-e" "SOURCE_DIR=/opt/rustwide/workdir" "-e" "CARGO_HOME=/opt/rustwide/cargo-home" "-e" "RUSTUP_HOME=/opt/rustwide/rustup-home" "-e" "CARGO_TARGET_DIR=/opt/rustwide/target" "-w" "/opt/rustwide/workdir" "--user" "0:0" "b7bba0b397572b150da2f9a688f0f2a5b886d8e41cf6fea6436f2657d7af8bd0" "/opt/rustwide/cargo-home/bin/cargo" "+1.99.0-beta.8" "metadata" "--no-deps" "--format-version=1", kill_on_drop: false }`
[INFO] running `Command { std: "docker" "inspect" "b7bba0b397572b150da2f9a688f0f2a5b886d8e41cf6fea6436f2657d7af8bd0", kill_on_drop: false }`
[INFO] running `Command { std: "docker" "exec" "-e" "SOURCE_DIR=/opt/rustwide/workdir" "-e" "CARGO_HOME=/opt/rustwide/cargo-home" "-e" "RUSTUP_HOME=/opt/rustwide/rustup-home" "-e" "CARGO_TARGET_DIR=/opt/rustwide/target" "-e" "CARGO_INCREMENTAL=0" "-e" "RUST_BACKTRACE=full" "-e" "RUSTFLAGS=--cap-lints=warn" "-e" "RUSTDOCFLAGS=--cap-lints=warn" "-w" "/opt/rustwide/workdir" "--user" "0:0" "b7bba0b397572b150da2f9a688f0f2a5b886d8e41cf6fea6436f2657d7af8bd0" "/opt/rustwide/cargo-home/bin/cargo" "+1.99.0-beta.8" "build" "--frozen" "--message-format=json" "--release", kill_on_drop: false }`
[INFO] [stderr]    Compiling proc-macro2 v1.0.40
[INFO] [stderr]    Compiling syn v1.0.98
[INFO] [stderr]    Compiling proc-macro2-diagnostics v0.9.1
[INFO] [stderr]    Compiling memchr v2.5.0
[INFO] [stderr]    Compiling serde_derive v1.0.139
[INFO] [stderr]    Compiling once_cell v1.13.0
[INFO] [stderr]    Compiling yansi v0.5.1
[INFO] [stderr]    Compiling serde v1.0.139
[INFO] [stderr]    Compiling tokio v1.20.0
[INFO] [stderr]    Compiling futures-core v0.3.21
[INFO] [stderr]    Compiling mio v0.8.4
[INFO] [stderr]    Compiling crypto-common v0.1.5
[INFO] [stderr]    Compiling cookie v0.16.0
[INFO] [stderr]    Compiling opaque-debug v0.3.0
[INFO] [stderr]    Compiling futures-util v0.3.21
[INFO] [stderr]    Compiling time-macros v0.2.4
[INFO] [stderr]    Compiling ref-cast v1.0.7
[INFO] [stderr]    Compiling futures-task v0.3.21
[INFO] [stderr]    Compiling digest v0.10.3
[INFO] [stderr]    Compiling openssl-sys v0.9.75
[INFO] [stderr]    Compiling universal-hash v0.4.1
[INFO] [stderr]    Compiling tracing-core v0.1.28
[INFO] [stderr]    Compiling cipher v0.3.0
[INFO] [stderr]    Compiling polyval v0.5.3
[INFO] [stderr]    Compiling futures-channel v0.3.21
[INFO] [stderr]    Compiling http v0.2.8
[INFO] [stderr]    Compiling ctr v0.8.0
[INFO] [stderr]    Compiling aes v0.7.5
[INFO] [stderr]    Compiling hmac v0.12.1
[INFO] [stderr]    Compiling aead v0.4.3
[INFO] [stderr]    Compiling httparse v1.7.1
[INFO] [stderr]    Compiling indexmap v1.9.1
[INFO] [stderr]    Compiling uncased v0.9.7
[INFO] [stderr]    Compiling ghash v0.4.4
[INFO] [stderr]    Compiling num_threads v0.1.6
[INFO] [stderr]    Compiling try-lock v0.2.3
[INFO] [stderr]    Compiling hashbrown v0.12.2
[INFO] [stderr]    Compiling want v0.3.0
[INFO] [stderr]    Compiling tracing v0.1.35
[INFO] [stderr]    Compiling hkdf v0.12.3
[INFO] [stderr]    Compiling quote v1.0.20
[INFO] [stderr]    Compiling rand v0.8.5
[INFO] [stderr]    Compiling aes-gcm v0.9.4
[INFO] [stderr]    Compiling sha2 v0.10.2
[INFO] [stderr]    Compiling inlinable_string v0.1.15
[INFO] [stderr]    Compiling tower-service v0.3.2
[INFO] [stderr]    Compiling time v0.3.11
[INFO] [stderr]    Compiling httpdate v1.0.2
[INFO] [stderr]    Compiling http-body v0.4.5
[INFO] [stderr]    Compiling openssl v0.10.41
[INFO] [stderr]    Compiling futures-io v0.3.21
[INFO] [stderr]    Compiling base64 v0.13.0
[INFO] [stderr]    Compiling stable-pattern v0.1.0
[INFO] [stderr]    Compiling atomic v0.5.1
[INFO] [stderr]    Compiling figment v0.10.6
[INFO] [stderr]    Compiling multer v2.0.3
[INFO] [stderr]    Compiling smallvec v1.9.0
[INFO] [stderr]    Compiling state v0.5.3
[INFO] [stderr]    Compiling serde_json v1.0.82
[INFO] [stderr]    Compiling native-tls v0.2.10
[INFO] [stderr]    Compiling rocket v0.5.0-rc.2
[INFO] [stderr]    Compiling fastrand v1.7.0
[INFO] [stderr]    Compiling spin v0.9.4
[INFO] [stderr]    Compiling sha1_smol v1.0.0
[INFO] [stderr]    Compiling remove_dir_all v0.5.3
[INFO] [stderr]    Compiling combine v4.6.4
[INFO] [stderr]    Compiling atty v0.2.14
[INFO] [stderr]    Compiling itoa v0.4.8
[INFO] [stderr]    Compiling dtoa v0.4.8
[INFO] [stderr]    Compiling sha1 v0.6.1
[INFO] [stderr]    Compiling tempfile v3.3.0
[INFO] [stderr]    Compiling binascii v0.1.4
[INFO] [stderr]    Compiling harsh v0.2.2
[INFO] [stderr]    Compiling futures v0.3.21
[INFO] [stderr]    Compiling hyper v0.14.20
[INFO] [stderr]    Compiling devise_core v0.3.1
[INFO] [stderr]    Compiling tokio-macros v1.8.0
[INFO] [stderr]    Compiling pear_codegen v0.2.3
[INFO] [stderr]    Compiling ref-cast-impl v1.0.7
[INFO] [stderr]    Compiling openssl-macros v0.1.0
[INFO] [stderr]    Compiling async-stream-impl v0.3.3
[INFO] [stderr]    Compiling async-trait v0.1.56
[INFO] [stderr]    Compiling devise_codegen v0.3.1
[INFO] [stderr]    Compiling async-stream v0.3.3
[INFO] [stderr]    Compiling devise v0.3.1
[INFO] [stderr]    Compiling pear v0.2.3
[INFO] [stderr]    Compiling rocket_http v0.5.0-rc.2
[INFO] [stderr]    Compiling redis v0.21.5
[INFO] [stderr]    Compiling rocket_codegen v0.5.0-rc.2
[INFO] [stderr]    Compiling tokio-util v0.7.3
[INFO] [stderr]    Compiling tokio-stream v0.1.9
[INFO] [stderr]    Compiling toml v0.5.9
[INFO] [stderr]    Compiling ubyte v0.10.2
[INFO] [stderr]    Compiling h2 v0.3.13
[INFO] [stderr]    Compiling shorty v0.1.0 (/opt/rustwide/workdir)
[INFO] [stdout] warning: struct `ErrorResponse` is never constructed
[INFO] [stdout]   --> src/main.rs:20:8
[INFO] [stdout]    |
[INFO] [stdout] 20 | struct ErrorResponse {
[INFO] [stdout]    |        ^^^^^^^^^^^^^
[INFO] [stdout]    |
[INFO] [stdout]    = note: `#[warn(dead_code)]` (part of `#[warn(unused)]`) on by default
[INFO] [stdout] 
[INFO] [stdout] 
[INFO] [stderr]     Finished `release` profile [optimized] target(s) in 1m 10s
[INFO] [stderr] warning: the following packages contain code that will be rejected by a future version of Rust: openssl v0.10.41, redis v0.21.5
[INFO] [stderr] note: to see what the problems were, use the option `--future-incompat-report`, or run `cargo report future-incompatibilities --id 4`
[INFO] running `Command { std: "docker" "inspect" "b7bba0b397572b150da2f9a688f0f2a5b886d8e41cf6fea6436f2657d7af8bd0", kill_on_drop: false }`
[INFO] running `Command { std: "docker" "exec" "-e" "SOURCE_DIR=/opt/rustwide/workdir" "-e" "CARGO_HOME=/opt/rustwide/cargo-home" "-e" "RUSTUP_HOME=/opt/rustwide/rustup-home" "-e" "CARGO_TARGET_DIR=/opt/rustwide/target" "-e" "CARGO_INCREMENTAL=0" "-e" "RUST_BACKTRACE=full" "-e" "RUSTFLAGS=--cap-lints=warn" "-e" "RUSTDOCFLAGS=--cap-lints=warn" "-w" "/opt/rustwide/workdir" "--user" "0:0" "b7bba0b397572b150da2f9a688f0f2a5b886d8e41cf6fea6436f2657d7af8bd0" "/opt/rustwide/cargo-home/bin/cargo" "+1.99.0-beta.8" "test" "--frozen" "--no-run" "--message-format=json" "--release", kill_on_drop: false }`
[INFO] [stderr]    Compiling shorty v0.1.0 (/opt/rustwide/workdir)
[INFO] [stdout] warning: struct `ErrorResponse` is never constructed
[INFO] [stdout]   --> src/main.rs:20:8
[INFO] [stdout]    |
[INFO] [stdout] 20 | struct ErrorResponse {
[INFO] [stdout]    |        ^^^^^^^^^^^^^
[INFO] [stdout]    |
[INFO] [stdout]    = note: `#[warn(dead_code)]` (part of `#[warn(unused)]`) on by default
[INFO] [stdout] 
[INFO] [stdout] 
[INFO] [stderr]     Finished `release` profile [optimized] target(s) in 0.40s
[INFO] [stderr] warning: the following packages contain code that will be rejected by a future version of Rust: openssl v0.10.41, redis v0.21.5
[INFO] [stderr] note: to see what the problems were, use the option `--future-incompat-report`, or run `cargo report future-incompatibilities --id 4`
[INFO] running `Command { std: "docker" "inspect" "b7bba0b397572b150da2f9a688f0f2a5b886d8e41cf6fea6436f2657d7af8bd0", kill_on_drop: false }`
[INFO] running `Command { std: "docker" "exec" "-e" "SOURCE_DIR=/opt/rustwide/workdir" "-e" "CARGO_HOME=/opt/rustwide/cargo-home" "-e" "RUSTUP_HOME=/opt/rustwide/rustup-home" "-e" "CARGO_TARGET_DIR=/opt/rustwide/target" "-e" "CARGO_INCREMENTAL=0" "-e" "RUST_BACKTRACE=full" "-e" "RUSTFLAGS=--cap-lints=warn" "-e" "RUSTDOCFLAGS=--cap-lints=warn" "-w" "/opt/rustwide/workdir" "--user" "0:0" "b7bba0b397572b150da2f9a688f0f2a5b886d8e41cf6fea6436f2657d7af8bd0" "/opt/rustwide/cargo-home/bin/cargo" "+1.99.0-beta.8" "test" "--frozen" "--release", kill_on_drop: false }`
[INFO] [stderr] warning: struct `ErrorResponse` is never constructed
[INFO] [stderr]   --> src/main.rs:20:8
[INFO] [stderr]    |
[INFO] [stderr] 20 | struct ErrorResponse {
[INFO] [stderr]    |        ^^^^^^^^^^^^^
[INFO] [stderr]    |
[INFO] [stderr]    = note: `#[warn(dead_code)]` (part of `#[warn(unused)]`) on by default
[INFO] [stderr] 
[INFO] [stderr] warning: `shorty` (bin "shorty" test) generated 1 warning
[INFO] [stderr]     Finished `release` profile [optimized] target(s) in 0.09s
[INFO] [stderr] warning: the following packages contain code that will be rejected by a future version of Rust: openssl v0.10.41, redis v0.21.5
[INFO] [stderr] note: to see what the problems were, use the option `--future-incompat-report`, or run `cargo report future-incompatibilities --id 4`
[INFO] [stderr]      Running unittests src/main.rs (/opt/rustwide/target/release/deps/shorty-127e669f986d92bb)
[INFO] [stdout] 
[INFO] [stdout] running 2 tests
[INFO] [stdout] test hasher::test_hasher ... ok
[INFO] [stdout] test service::test_service ... FAILED
[INFO] [stdout] 
[INFO] [stdout] failures:
[INFO] [stdout] 
[INFO] [stdout] ---- service::test_service stdout ----
[INFO] [stdout] 
[INFO] [stdout] thread 'service::test_service' (2659) panicked at src/store.rs:18:24:
[INFO] [stdout] REDIS_URL is required
[INFO] [stdout] stack backtrace:
[INFO] [stdout]    0:     0x5a4a78e42991 - <<std[70759c8f55707aa4]::sys::backtrace::BacktraceLock>::print::DisplayBacktrace as core[df12db4294e9bfd3]::fmt::Display>::fmt
[INFO] [stdout]    1:     0x5a4a78e5800a - core[df12db4294e9bfd3]::fmt::write
[INFO] [stdout]    2:     0x5a4a78e473cc - <alloc[2182bb758b4b3781]::vec::Vec<u8> as core[df12db4294e9bfd3]::io::write::Write>::write_fmt
[INFO] [stdout]    3:     0x5a4a78e1d4e6 - std[70759c8f55707aa4]::panicking::default_hook::{closure#0}
[INFO] [stdout]    4:     0x5a4a78e3a5f9 - std[70759c8f55707aa4]::panicking::default_hook
[INFO] [stdout]    5:     0x5a4a78d9ab70 - test[9d35eded1c95d3be]::test_main_inner::<test[9d35eded1c95d3be]::test_main_static::{closure#0}>::{closure#0}
[INFO] [stdout]    6:     0x5a4a78e3a922 - std[70759c8f55707aa4]::panicking::panic_with_hook
[INFO] [stdout]    7:     0x5a4a78e1d5c4 - std[70759c8f55707aa4]::panicking::panic_handler::{closure#0}
[INFO] [stdout]    8:     0x5a4a78e15ff9 - std[70759c8f55707aa4]::sys::backtrace::__rust_end_short_backtrace::<std[70759c8f55707aa4]::panicking::panic_handler::{closure#0}, !>
[INFO] [stdout]    9:     0x5a4a78e1e41d - __rustc[8fa7c3cbc660c2b3]::rust_begin_unwind
[INFO] [stdout]   10:     0x5a4a78e5873c - core[df12db4294e9bfd3]::panicking::panic_fmt
[INFO] [stdout]   11:     0x5a4a78d8da5d - <shorty[2cf1aa3817b1f746]::service::test_service::{closure#0} as core[df12db4294e9bfd3]::ops::function::FnOnce<()>>::call_once
[INFO] [stdout]   12:     0x5a4a78d8de5b - test[9d35eded1c95d3be]::__rust_begin_short_backtrace::<core[df12db4294e9bfd3]::result::Result<(), alloc[2182bb758b4b3781]::string::String>, fn() -> core[df12db4294e9bfd3]::result::Result<(), alloc[2182bb758b4b3781]::string::String>>
[INFO] [stdout]   13:     0x5a4a78d9b4c5 - test[9d35eded1c95d3be]::run_test::{closure#0}
[INFO] [stdout]   14:     0x5a4a78d94d84 - std[70759c8f55707aa4]::sys::backtrace::__rust_begin_short_backtrace::<test[9d35eded1c95d3be]::run_test::{closure#1}, ()>
[INFO] [stdout]   15:     0x5a4a78d9e622 - <std[70759c8f55707aa4]::thread::lifecycle::spawn_unchecked<test[9d35eded1c95d3be]::run_test::{closure#1}, ()>::{closure#1} as core[df12db4294e9bfd3]::ops::function::FnOnce<()>>::call_once::{shim:vtable#0}
[INFO] [stdout]   16:     0x5a4a78e41d09 - <std[70759c8f55707aa4]::sys::thread::unix::Thread>::new::thread_start
[INFO] [stdout]   17:     0x72ae42f00dfa - <unknown>
[INFO] [stdout]   18:     0x72ae42f943d4 - clone
[INFO] [stdout]   19:                0x0 - <unknown>
[INFO] [stdout] 
[INFO] [stdout] 
[INFO] [stdout] failures:
[INFO] [stdout]     service::test_service
[INFO] [stdout] 
[INFO] [stdout] test result: FAILED. 1 passed; 1 failed; 0 ignored; 0 measured; 0 filtered out; finished in 0.00s
[INFO] [stdout] 
[INFO] [stderr] error: test failed, to rerun pass `--bin shorty`
[INFO] running `Command { std: "docker" "inspect" "b7bba0b397572b150da2f9a688f0f2a5b886d8e41cf6fea6436f2657d7af8bd0", kill_on_drop: false }`
[INFO] running `Command { std: "docker" "rm" "-f" "b7bba0b397572b150da2f9a688f0f2a5b886d8e41cf6fea6436f2657d7af8bd0", kill_on_drop: false }`
[INFO] [stdout] b7bba0b397572b150da2f9a688f0f2a5b886d8e41cf6fea6436f2657d7af8bd0
