[INFO] cloning repository https://github.com/hoslo/rdcache
[INFO] running `Command { std: "git" "-c" "credential.helper=" "-c" "credential.helper=/workspace/cargo-home/bin/git-credential-null" "clone" "--bare" "https://github.com/hoslo/rdcache" "/workspace/cache/git-repos/https%3A%2F%2Fgithub.com%2Fhoslo%2Frdcache", kill_on_drop: false }`
[INFO] [stderr] Cloning into bare repository '/workspace/cache/git-repos/https%3A%2F%2Fgithub.com%2Fhoslo%2Frdcache'...
[INFO] running `Command { std: "git" "rev-parse" "HEAD", kill_on_drop: false }`
[INFO] [stdout] 4650dd5ddb0ad2f6f769fa7b6c7533a467c392e3
[INFO] testing hoslo/rdcache against 1.99.0-beta.8+cargoflags=--release for beta-release-1.100-2
[INFO] running `Command { std: "git" "clone" "/workspace/cache/git-repos/https%3A%2F%2Fgithub.com%2Fhoslo%2Frdcache" "/workspace/builds/worker-0-tc1/source", kill_on_drop: false }`
[INFO] [stderr] Cloning into '/workspace/builds/worker-0-tc1/source'...
[INFO] [stderr] done.
[INFO] started tweaking git repo https://github.com/hoslo/rdcache
[INFO] finished tweaking git repo https://github.com/hoslo/rdcache
[INFO] tweaked toml for git repo https://github.com/hoslo/rdcache written to /workspace/builds/worker-0-tc1/source/Cargo.toml
[INFO] validating manifest of git repo https://github.com/hoslo/rdcache on toolchain 1.99.0-beta.8
[INFO] running `Command { std: CARGO_HOME="/workspace/cargo-home" RUSTUP_HOME="/workspace/rustup-home" "/workspace/cargo-home/bin/cargo" "+1.99.0-beta.8" "metadata" "--manifest-path" "Cargo.toml" "--no-deps", kill_on_drop: false }`
[INFO] crate git repo https://github.com/hoslo/rdcache already has a lockfile, it will not be regenerated
[INFO] running `Command { std: CARGO_HOME="/workspace/cargo-home" RUSTUP_HOME="/workspace/rustup-home" "/workspace/cargo-home/bin/cargo" "+1.99.0-beta.8" "fetch" "--manifest-path" "Cargo.toml", kill_on_drop: false }`
[INFO] [stderr]     Updating crates.io index
[INFO] [stderr]  Downloading crates ...
[INFO] [stderr]   Downloaded uuid-macro-internal v1.10.0
[INFO] [stderr]   Downloaded wasm-bindgen-shared v0.2.92
[INFO] [stderr]   Downloaded itoa v1.0.11
[INFO] [stderr]   Downloaded wasm-bindgen-macro v0.2.92
[INFO] [stderr]   Downloaded dtoa v1.0.9
[INFO] [stderr]   Downloaded wasm-bindgen-macro-support v0.2.92
[INFO] [stderr]   Downloaded wasm-bindgen-backend v0.2.92
[INFO] [stderr]   Downloaded uuid v1.10.0
[INFO] [stderr]   Downloaded addr2line v0.22.0
[INFO] [stderr]   Downloaded fast-float v0.2.0
[INFO] [stderr]   Downloaded socket2 v0.5.7
[INFO] [stderr]   Downloaded bytes v1.6.1
[INFO] [stderr]   Downloaded serde_derive v1.0.204
[INFO] [stderr]   Downloaded js-sys v0.3.69
[INFO] [stderr]   Downloaded serde v1.0.204
[INFO] [stderr]   Downloaded cc v1.1.6
[INFO] [stderr]   Downloaded mio v1.0.1
[INFO] [stderr]   Downloaded backtrace v0.3.73
[INFO] [stderr]   Downloaded tokio-util v0.7.11
[INFO] [stderr]   Downloaded wasm-bindgen v0.2.92
[INFO] [stderr]   Downloaded syn v2.0.72
[INFO] [stderr]   Downloaded gimli v0.29.0
[INFO] [stderr]   Downloaded rustis v0.13.3
[INFO] [stderr]   Downloaded object v0.36.2
[INFO] [stderr]   Downloaded tokio v1.39.1
[INFO] [stderr]   Downloaded libc v0.2.155
[INFO] running `Command { std: "docker" "create" "-v" "/var/lib/crater-agent-workspace/builds/worker-0-tc1/source:/opt/rustwide/workdir:ro,Z" "-v" "/var/lib/crater-agent-workspace/builds/worker-0-tc1/target:/opt/rustwide/target:rw,Z" "-v" "/var/lib/crater-agent-workspace/cargo-home:/opt/rustwide/cargo-home:ro,Z" "-v" "/var/lib/crater-agent-workspace/rustup-home:/opt/rustwide/rustup-home:ro,Z" "-m" "1610612736" "--network" "none" "ghcr.io/rust-lang/crates-build-env/linux@sha256:77db811e55d90add9212f6832c23229e3de5f1c1f9905e8cb07319ea15df73ac" "sleep" "infinity", kill_on_drop: false }`
[INFO] [stdout] 4cb2ef2c3db92604d5c717a85d87c5fc2f720a1435ed63c2e130d184bc919cba
[INFO] running `Command { std: "docker" "start" "4cb2ef2c3db92604d5c717a85d87c5fc2f720a1435ed63c2e130d184bc919cba", kill_on_drop: false }`
[INFO] running `Command { std: "docker" "inspect" "4cb2ef2c3db92604d5c717a85d87c5fc2f720a1435ed63c2e130d184bc919cba", kill_on_drop: false }`
[INFO] running `Command { std: "docker" "exec" "-e" "SOURCE_DIR=/opt/rustwide/workdir" "-e" "CARGO_HOME=/opt/rustwide/cargo-home" "-e" "RUSTUP_HOME=/opt/rustwide/rustup-home" "-e" "CARGO_TARGET_DIR=/opt/rustwide/target" "-w" "/opt/rustwide/workdir" "--user" "0:0" "4cb2ef2c3db92604d5c717a85d87c5fc2f720a1435ed63c2e130d184bc919cba" "/opt/rustwide/cargo-home/bin/cargo" "+1.99.0-beta.8" "metadata" "--no-deps" "--format-version=1", kill_on_drop: false }`
[INFO] running `Command { std: "docker" "inspect" "4cb2ef2c3db92604d5c717a85d87c5fc2f720a1435ed63c2e130d184bc919cba", kill_on_drop: false }`
[INFO] running `Command { std: "docker" "exec" "-e" "SOURCE_DIR=/opt/rustwide/workdir" "-e" "CARGO_HOME=/opt/rustwide/cargo-home" "-e" "RUSTUP_HOME=/opt/rustwide/rustup-home" "-e" "CARGO_TARGET_DIR=/opt/rustwide/target" "-e" "CARGO_INCREMENTAL=0" "-e" "RUST_BACKTRACE=full" "-e" "RUSTFLAGS=--cap-lints=warn" "-e" "RUSTDOCFLAGS=--cap-lints=warn" "-w" "/opt/rustwide/workdir" "--user" "0:0" "4cb2ef2c3db92604d5c717a85d87c5fc2f720a1435ed63c2e130d184bc919cba" "/opt/rustwide/cargo-home/bin/cargo" "+1.99.0-beta.8" "build" "--frozen" "--message-format=json" "--release", kill_on_drop: false }`
[INFO] [stderr]    Compiling autocfg v1.3.0
[INFO] [stderr]    Compiling proc-macro2 v1.0.86
[INFO] [stderr]    Compiling libc v0.2.155
[INFO] [stderr]    Compiling serde v1.0.204
[INFO] [stderr]    Compiling futures-core v0.3.30
[INFO] [stderr]    Compiling pin-project-lite v0.2.14
[INFO] [stderr]    Compiling futures-sink v0.3.30
[INFO] [stderr]    Compiling unicode-normalization v0.1.23
[INFO] [stderr]    Compiling crc16 v0.4.0
[INFO] [stderr]    Compiling bytes v1.6.1
[INFO] [stderr]    Compiling unicode-bidi v0.3.15
[INFO] [stderr]    Compiling byteorder v1.5.0
[INFO] [stderr]    Compiling futures-task v0.3.30
[INFO] [stderr]    Compiling num-traits v0.2.19
[INFO] [stderr]    Compiling lock_api v0.4.12
[INFO] [stderr]    Compiling slab v0.4.9
[INFO] [stderr]    Compiling idna v0.5.0
[INFO] [stderr]    Compiling quote v1.0.36
[INFO] [stderr]    Compiling digest v0.10.7
[INFO] [stderr]    Compiling getrandom v0.2.15
[INFO] [stderr]    Compiling syn v2.0.72
[INFO] [stderr]    Compiling rand_core v0.6.4
[INFO] [stderr]    Compiling signal-hook-registry v1.4.2
[INFO] [stderr]    Compiling mio v1.0.1
[INFO] [stderr]    Compiling socket2 v0.5.7
[INFO] [stderr]    Compiling rand_chacha v0.3.1
[INFO] [stderr]    Compiling rand v0.8.5
[INFO] [stderr]    Compiling rmp v0.8.14
[INFO] [stderr]    Compiling atoi v2.0.0
[INFO] [stderr]    Compiling url v2.5.2
[INFO] [stderr]    Compiling futures-channel v0.3.30
[INFO] [stderr]    Compiling cpufeatures v0.2.12
[INFO] [stderr]    Compiling dtoa v1.0.9
[INFO] [stderr]    Compiling itoa v1.0.11
[INFO] [stderr]    Compiling fast-float v0.2.0
[INFO] [stderr]    Compiling iana-time-zone v0.1.60
[INFO] [stderr]    Compiling sha1 v0.10.6
[INFO] [stderr]    Compiling chrono v0.4.38
[INFO] [stderr]    Compiling serde_derive v1.0.204
[INFO] [stderr]    Compiling tokio-macros v2.4.0
[INFO] [stderr]    Compiling futures-macro v0.3.30
[INFO] [stderr]    Compiling uuid-macro-internal v1.10.0
[INFO] [stderr]    Compiling uuid v1.10.0
[INFO] [stderr]    Compiling futures-util v0.3.30
[INFO] [stderr]    Compiling smallvec v1.13.2
[INFO] [stderr]    Compiling rmp-serde v1.3.0
[INFO] [stderr]    Compiling parking_lot_core v0.9.10
[INFO] [stderr]    Compiling parking_lot v0.12.3
[INFO] [stderr]    Compiling tokio v1.39.1
[INFO] [stderr]    Compiling tokio-util v0.7.11
[INFO] [stderr]    Compiling rustis v0.13.3
[INFO] [stderr]    Compiling rdcache v0.1.2 (/opt/rustwide/workdir)
[INFO] [stdout] warning: this function depends on never type fallback being `()`
[INFO] [stdout]    --> src/client.rs:97:5
[INFO] [stdout]     |
[INFO] [stdout]  97 |     pub async fn tag_as_deleted(&self, key: impl Into<String>) -> Result<()> {
[INFO] [stdout]     |     ^^^^^^^^^^^^^^^^^^^^^^^^^^^^^^^^^^^^^^^^^^^^^^^^^^^^^^^^^^^^^^^^^^^^^^^^
[INFO] [stdout]     |
[INFO] [stdout]     = help: specify the types explicitly
[INFO] [stdout] note: in edition 2024, the requirement `for<'de> !: Deserialize<'de>` will fail
[INFO] [stdout]    --> src/client.rs:105:14
[INFO] [stdout]     |
[INFO] [stdout] 105 |         self.call_lua(
[INFO] [stdout]     |              ^^^^^^^^
[INFO] [stdout]     = warning: this was previously accepted by the compiler but is being phased out; it will become a hard error in Rust 2024 and in a future release in all editions!
[INFO] [stdout]     = note: for more information, see <https://doc.rust-lang.org/edition-guide/rust-2024/never-type-fallback.html>
[INFO] [stdout]     = note: `#[warn(dependency_on_unit_never_type_fallback)]` (part of `#[warn(rust_2024_compatibility)]`) on by default
[INFO] [stdout] help: use `()` annotations to avoid fallback changes
[INFO] [stdout]     |
[INFO] [stdout] 105 |         self.call_lua::<_, _, ()>(
[INFO] [stdout]     |                      ++++++++++++
[INFO] [stdout] 
[INFO] [stdout] 
[INFO] [stdout] warning: this function depends on never type fallback being `()`
[INFO] [stdout]    --> src/client.rs:158:5
[INFO] [stdout]     |
[INFO] [stdout] 158 | /     async fn fetch_new<F, Fut, V>(
[INFO] [stdout] 159 | |         &self,
[INFO] [stdout] 160 | |         key: &str,
[INFO] [stdout] 161 | |         expire: Duration,
[INFO] [stdout] ...   |
[INFO] [stdout] 167 | |         Fut: Future<Output = Result<Option<V>>>,
[INFO] [stdout] 168 | |         V: DeserializeOwned + Serialize + Debug,
[INFO] [stdout]     | |________________________________________________^
[INFO] [stdout]     |
[INFO] [stdout]     = help: specify the types explicitly
[INFO] [stdout] note: in edition 2024, the requirement `for<'de> !: Deserialize<'de>` will fail
[INFO] [stdout]    --> src/client.rs:183:22
[INFO] [stdout]     |
[INFO] [stdout] 183 |                 self.call_lua(
[INFO] [stdout]     |                      ^^^^^^^^
[INFO] [stdout]     = warning: this was previously accepted by the compiler but is being phased out; it will become a hard error in Rust 2024 and in a future release in all editions!
[INFO] [stdout]     = note: for more information, see <https://doc.rust-lang.org/edition-guide/rust-2024/never-type-fallback.html>
[INFO] [stdout] help: use `()` annotations to avoid fallback changes
[INFO] [stdout]     |
[INFO] [stdout] 183 |                 self.call_lua::<_, _, ()>(
[INFO] [stdout]     |                              ++++++++++++
[INFO] [stdout] 
[INFO] [stdout] 
[INFO] [stderr]     Finished `release` profile [optimized] target(s) in 1m 00s
[INFO] [stderr] warning: the following packages contain code that will be rejected by a future version of Rust: rdcache v0.1.2 (/opt/rustwide/workdir)
[INFO] [stderr] note: to see what the problems were, use the option `--future-incompat-report`, or run `cargo report future-incompatibilities --id 2`
[INFO] running `Command { std: "docker" "inspect" "4cb2ef2c3db92604d5c717a85d87c5fc2f720a1435ed63c2e130d184bc919cba", kill_on_drop: false }`
[INFO] running `Command { std: "docker" "exec" "-e" "SOURCE_DIR=/opt/rustwide/workdir" "-e" "CARGO_HOME=/opt/rustwide/cargo-home" "-e" "RUSTUP_HOME=/opt/rustwide/rustup-home" "-e" "CARGO_TARGET_DIR=/opt/rustwide/target" "-e" "CARGO_INCREMENTAL=0" "-e" "RUST_BACKTRACE=full" "-e" "RUSTFLAGS=--cap-lints=warn" "-e" "RUSTDOCFLAGS=--cap-lints=warn" "-w" "/opt/rustwide/workdir" "--user" "0:0" "4cb2ef2c3db92604d5c717a85d87c5fc2f720a1435ed63c2e130d184bc919cba" "/opt/rustwide/cargo-home/bin/cargo" "+1.99.0-beta.8" "test" "--frozen" "--no-run" "--message-format=json" "--release", kill_on_drop: false }`
[INFO] [stdout] warning: this function depends on never type fallback being `()`
[INFO] [stdout]    --> src/client.rs:97:5
[INFO] [stdout]     |
[INFO] [stdout]  97 |     pub async fn tag_as_deleted(&self, key: impl Into<String>) -> Result<()> {
[INFO] [stdout]     |     ^^^^^^^^^^^^^^^^^^^^^^^^^^^^^^^^^^^^^^^^^^^^^^^^^^^^^^^^^^^^^^^^^^^^^^^^
[INFO] [stdout]     |
[INFO] [stdout]     = help: specify the types explicitly
[INFO] [stdout] note: in edition 2024, the requirement `for<'de> !: Deserialize<'de>` will fail
[INFO] [stdout]    --> src/client.rs:105:14
[INFO] [stdout]     |
[INFO] [stdout] 105 |         self.call_lua(
[INFO] [stdout]     |              ^^^^^^^^
[INFO] [stdout]     = warning: this was previously accepted by the compiler but is being phased out; it will become a hard error in Rust 2024 and in a future release in all editions!
[INFO] [stdout]     = note: for more information, see <https://doc.rust-lang.org/edition-guide/rust-2024/never-type-fallback.html>
[INFO] [stdout]     = note: `#[warn(dependency_on_unit_never_type_fallback)]` (part of `#[warn(rust_2024_compatibility)]`) on by default
[INFO] [stdout] help: use `()` annotations to avoid fallback changes
[INFO] [stdout]     |
[INFO] [stdout] 105 |         self.call_lua::<_, _, ()>(
[INFO] [stdout]     |                      ++++++++++++
[INFO] [stdout] 
[INFO] [stdout] 
[INFO] [stderr]    Compiling rdcache v0.1.2 (/opt/rustwide/workdir)
[INFO] [stdout] warning: this function depends on never type fallback being `()`
[INFO] [stdout]    --> src/client.rs:158:5
[INFO] [stdout]     |
[INFO] [stdout] 158 | /     async fn fetch_new<F, Fut, V>(
[INFO] [stdout] 159 | |         &self,
[INFO] [stdout] 160 | |         key: &str,
[INFO] [stdout] 161 | |         expire: Duration,
[INFO] [stdout] ...   |
[INFO] [stdout] 167 | |         Fut: Future<Output = Result<Option<V>>>,
[INFO] [stdout] 168 | |         V: DeserializeOwned + Serialize + Debug,
[INFO] [stdout]     | |________________________________________________^
[INFO] [stdout]     |
[INFO] [stdout]     = help: specify the types explicitly
[INFO] [stdout] note: in edition 2024, the requirement `for<'de> !: Deserialize<'de>` will fail
[INFO] [stdout]    --> src/client.rs:183:22
[INFO] [stdout]     |
[INFO] [stdout] 183 |                 self.call_lua(
[INFO] [stdout]     |                      ^^^^^^^^
[INFO] [stdout]     = warning: this was previously accepted by the compiler but is being phased out; it will become a hard error in Rust 2024 and in a future release in all editions!
[INFO] [stdout]     = note: for more information, see <https://doc.rust-lang.org/edition-guide/rust-2024/never-type-fallback.html>
[INFO] [stdout] help: use `()` annotations to avoid fallback changes
[INFO] [stdout]     |
[INFO] [stdout] 183 |                 self.call_lua::<_, _, ()>(
[INFO] [stdout]     |                              ++++++++++++
[INFO] [stdout] 
[INFO] [stdout] 
[INFO] [stdout] warning: this function depends on never type fallback being `()`
[INFO] [stdout]    --> src/client.rs:97:5
[INFO] [stdout]     |
[INFO] [stdout]  97 |     pub async fn tag_as_deleted(&self, key: impl Into<String>) -> Result<()> {
[INFO] [stdout]     |     ^^^^^^^^^^^^^^^^^^^^^^^^^^^^^^^^^^^^^^^^^^^^^^^^^^^^^^^^^^^^^^^^^^^^^^^^
[INFO] [stdout]     |
[INFO] [stdout]     = help: specify the types explicitly
[INFO] [stdout] note: in edition 2024, the requirement `for<'de> !: Deserialize<'de>` will fail
[INFO] [stdout]    --> src/client.rs:105:14
[INFO] [stdout]     |
[INFO] [stdout] 105 |         self.call_lua(
[INFO] [stdout]     |              ^^^^^^^^
[INFO] [stdout]     = warning: this was previously accepted by the compiler but is being phased out; it will become a hard error in Rust 2024 and in a future release in all editions!
[INFO] [stdout]     = note: for more information, see <https://doc.rust-lang.org/edition-guide/rust-2024/never-type-fallback.html>
[INFO] [stdout]     = note: `#[warn(dependency_on_unit_never_type_fallback)]` (part of `#[warn(rust_2024_compatibility)]`) on by default
[INFO] [stdout] help: use `()` annotations to avoid fallback changes
[INFO] [stdout]     |
[INFO] [stdout] 105 |         self.call_lua::<_, _, ()>(
[INFO] [stdout]     |                      ++++++++++++
[INFO] [stdout] 
[INFO] [stdout] 
[INFO] [stdout] warning: this function depends on never type fallback being `()`
[INFO] [stdout]    --> src/client.rs:158:5
[INFO] [stdout]     |
[INFO] [stdout] 158 | /     async fn fetch_new<F, Fut, V>(
[INFO] [stdout] 159 | |         &self,
[INFO] [stdout] 160 | |         key: &str,
[INFO] [stdout] 161 | |         expire: Duration,
[INFO] [stdout] ...   |
[INFO] [stdout] 167 | |         Fut: Future<Output = Result<Option<V>>>,
[INFO] [stdout] 168 | |         V: DeserializeOwned + Serialize + Debug,
[INFO] [stdout]     | |________________________________________________^
[INFO] [stdout]     |
[INFO] [stdout]     = help: specify the types explicitly
[INFO] [stdout] note: in edition 2024, the requirement `for<'de> !: Deserialize<'de>` will fail
[INFO] [stdout]    --> src/client.rs:183:22
[INFO] [stdout]     |
[INFO] [stdout] 183 |                 self.call_lua(
[INFO] [stdout]     |                      ^^^^^^^^
[INFO] [stdout]     = warning: this was previously accepted by the compiler but is being phased out; it will become a hard error in Rust 2024 and in a future release in all editions!
[INFO] [stdout]     = note: for more information, see <https://doc.rust-lang.org/edition-guide/rust-2024/never-type-fallback.html>
[INFO] [stdout] help: use `()` annotations to avoid fallback changes
[INFO] [stdout]     |
[INFO] [stdout] 183 |                 self.call_lua::<_, _, ()>(
[INFO] [stdout]     |                              ++++++++++++
[INFO] [stdout] 
[INFO] [stdout] 
[INFO] [stderr]     Finished `release` profile [optimized] target(s) in 21.50s
[INFO] [stderr] warning: the following packages contain code that will be rejected by a future version of Rust: rdcache v0.1.2 (/opt/rustwide/workdir)
[INFO] [stderr] note: to see what the problems were, use the option `--future-incompat-report`, or run `cargo report future-incompatibilities --id 3`
[INFO] running `Command { std: "docker" "inspect" "4cb2ef2c3db92604d5c717a85d87c5fc2f720a1435ed63c2e130d184bc919cba", kill_on_drop: false }`
[INFO] running `Command { std: "docker" "exec" "-e" "SOURCE_DIR=/opt/rustwide/workdir" "-e" "CARGO_HOME=/opt/rustwide/cargo-home" "-e" "RUSTUP_HOME=/opt/rustwide/rustup-home" "-e" "CARGO_TARGET_DIR=/opt/rustwide/target" "-e" "CARGO_INCREMENTAL=0" "-e" "RUST_BACKTRACE=full" "-e" "RUSTFLAGS=--cap-lints=warn" "-e" "RUSTDOCFLAGS=--cap-lints=warn" "-w" "/opt/rustwide/workdir" "--user" "0:0" "4cb2ef2c3db92604d5c717a85d87c5fc2f720a1435ed63c2e130d184bc919cba" "/opt/rustwide/cargo-home/bin/cargo" "+1.99.0-beta.8" "test" "--frozen" "--release", kill_on_drop: false }`
[INFO] [stderr] warning: this function depends on never type fallback being `()`
[INFO] [stderr]    --> src/client.rs:97:5
[INFO] [stderr]     |
[INFO] [stderr]  97 |     pub async fn tag_as_deleted(&self, key: impl Into<String>) -> Result<()> {
[INFO] [stderr]     |     ^^^^^^^^^^^^^^^^^^^^^^^^^^^^^^^^^^^^^^^^^^^^^^^^^^^^^^^^^^^^^^^^^^^^^^^^
[INFO] [stderr]     |
[INFO] [stderr]     = help: specify the types explicitly
[INFO] [stderr] note: in edition 2024, the requirement `for<'de> !: Deserialize<'de>` will fail
[INFO] [stderr]    --> src/client.rs:105:14
[INFO] [stderr]     |
[INFO] [stderr] 105 |         self.call_lua(
[INFO] [stderr]     |              ^^^^^^^^
[INFO] [stderr]     = warning: this was previously accepted by the compiler but is being phased out; it will become a hard error in Rust 2024 and in a future release in all editions!
[INFO] [stderr]     = note: for more information, see <https://doc.rust-lang.org/edition-guide/rust-2024/never-type-fallback.html>
[INFO] [stderr]     = note: `#[warn(dependency_on_unit_never_type_fallback)]` (part of `#[warn(rust_2024_compatibility)]`) on by default
[INFO] [stderr] help: use `()` annotations to avoid fallback changes
[INFO] [stderr]     |
[INFO] [stderr] 105 |         self.call_lua::<_, _, ()>(
[INFO] [stderr]     |                      ++++++++++++
[INFO] [stderr] 
[INFO] [stderr] warning: this function depends on never type fallback being `()`
[INFO] [stderr]    --> src/client.rs:158:5
[INFO] [stderr]     |
[INFO] [stderr] 158 | /     async fn fetch_new<F, Fut, V>(
[INFO] [stderr] 159 | |         &self,
[INFO] [stderr] 160 | |         key: &str,
[INFO] [stderr] 161 | |         expire: Duration,
[INFO] [stderr] ...   |
[INFO] [stderr] 167 | |         Fut: Future<Output = Result<Option<V>>>,
[INFO] [stderr] 168 | |         V: DeserializeOwned + Serialize + Debug,
[INFO] [stderr]     | |________________________________________________^
[INFO] [stderr]     |
[INFO] [stderr]     = help: specify the types explicitly
[INFO] [stderr] note: in edition 2024, the requirement `for<'de> !: Deserialize<'de>` will fail
[INFO] [stderr]    --> src/client.rs:183:22
[INFO] [stderr]     |
[INFO] [stderr] 183 |                 self.call_lua(
[INFO] [stderr]     |                      ^^^^^^^^
[INFO] [stderr]     = warning: this was previously accepted by the compiler but is being phased out; it will become a hard error in Rust 2024 and in a future release in all editions!
[INFO] [stderr]     = note: for more information, see <https://doc.rust-lang.org/edition-guide/rust-2024/never-type-fallback.html>
[INFO] [stderr] help: use `()` annotations to avoid fallback changes
[INFO] [stderr]     |
[INFO] [stderr] 183 |                 self.call_lua::<_, _, ()>(
[INFO] [stderr]     |                              ++++++++++++
[INFO] [stderr] 
[INFO] [stderr] warning: `rdcache` (lib) generated 2 warnings (run `cargo fix --lib -p rdcache` to apply 2 suggestions)
[INFO] [stderr] warning: `rdcache` (lib test) generated 2 warnings (2 duplicates)
[INFO] [stderr]     Finished `release` profile [optimized] target(s) in 0.15s
[INFO] [stderr] warning: the following packages contain code that will be rejected by a future version of Rust: rdcache v0.1.2 (/opt/rustwide/workdir)
[INFO] [stderr] note: to see what the problems were, use the option `--future-incompat-report`, or run `cargo report future-incompatibilities --id 3`
[INFO] [stderr]      Running unittests src/lib.rs (/opt/rustwide/target/release/deps/rdcache-7c0162277d5cafad)
[INFO] [stdout] 
[INFO] [stdout] running 6 tests
[INFO] [stdout] test error::tests::test_new_encode_error ... ok
[INFO] [stdout] test error::tests::test_new_redis_error ... ok
[INFO] [stdout] test client::tests::test_fetch ... FAILED
[INFO] [stdout] test script::tests::test_script_new ... ok
[INFO] [stdout] test error::tests::test_new_decode_error ... ok
[INFO] [stdout] test client::tests::test_tag_as_deleted ... FAILED
[INFO] [stdout] 
[INFO] [stdout] failures:
[INFO] [stdout] 
[INFO] [stdout] ---- client::tests::test_fetch stdout ----
[INFO] [stdout] 
[INFO] [stdout] thread 'client::tests::test_fetch' (997) panicked at src/client.rs:274:65:
[INFO] [stdout] called `Result::unwrap()` on an `Err` value: IO("[connection refused] Connection refused (os error 111)")
[INFO] [stdout] stack backtrace:
[INFO] [stdout]    0:     0x5e78e795d3f1 - <<std[70759c8f55707aa4]::sys::backtrace::BacktraceLock>::print::DisplayBacktrace as core[df12db4294e9bfd3]::fmt::Display>::fmt
[INFO] [stdout]    1:     0x5e78e7973d8a - core[df12db4294e9bfd3]::fmt::write
[INFO] [stdout]    2:     0x5e78e7961e0c - <alloc[2182bb758b4b3781]::vec::Vec<u8> as core[df12db4294e9bfd3]::io::write::Write>::write_fmt
[INFO] [stdout]    3:     0x5e78e7938356 - std[70759c8f55707aa4]::panicking::default_hook::{closure#0}
[INFO] [stdout]    4:     0x5e78e7954ca9 - std[70759c8f55707aa4]::panicking::default_hook
[INFO] [stdout]    5:     0x5e78e78942a0 - test[9d35eded1c95d3be]::test_main_inner::<test[9d35eded1c95d3be]::test_main_static::{closure#0}>::{closure#0}
[INFO] [stdout]    6:     0x5e78e7954fd2 - std[70759c8f55707aa4]::panicking::panic_with_hook
[INFO] [stdout]    7:     0x5e78e7938402 - std[70759c8f55707aa4]::panicking::panic_handler::{closure#0}
[INFO] [stdout]    8:     0x5e78e7930f19 - std[70759c8f55707aa4]::sys::backtrace::__rust_end_short_backtrace::<std[70759c8f55707aa4]::panicking::panic_handler::{closure#0}, !>
[INFO] [stdout]    9:     0x5e78e79391ed - __rustc[8fa7c3cbc660c2b3]::rust_begin_unwind
[INFO] [stdout]   10:     0x5e78e79744ec - core[df12db4294e9bfd3]::panicking::panic_fmt
[INFO] [stdout]   11:     0x5e78e79742c2 - core[df12db4294e9bfd3]::result::unwrap_failed
[INFO] [stdout]   12:     0x5e78e78275e5 - rdcache[5f2ec8193c8a73be]::client::tests::test_fetch::{closure#0}
[INFO] [stdout]   13:     0x5e78e784e908 - <tokio[e2fe413af75b8977]::runtime::context::scoped::Scoped<tokio[e2fe413af75b8977]::runtime::scheduler::Context>>::set::<<tokio[e2fe413af75b8977]::runtime::scheduler::current_thread::CoreGuard>::enter<<tokio[e2fe413af75b8977]::runtime::scheduler::current_thread::CoreGuard>::block_on<core[df12db4294e9bfd3]::pin::Pin<&mut core[df12db4294e9bfd3]::pin::Pin<&mut dyn core[df12db4294e9bfd3]::future::future::Future<Output = ()>>>>::{closure#0}, core[df12db4294e9bfd3]::option::Option<()>>::{closure#0}, (alloc[2182bb758b4b3781]::boxed::Box<tokio[e2fe413af75b8977]::runtime::scheduler::current_thread::Core>, core[df12db4294e9bfd3]::option::Option<()>)>
[INFO] [stdout]   14:     0x5e78e784e3cf - <tokio[e2fe413af75b8977]::runtime::runtime::Runtime>::block_on_inner::<core[df12db4294e9bfd3]::pin::Pin<&mut dyn core[df12db4294e9bfd3]::future::future::Future<Output = ()>>>
[INFO] [stdout]   15:     0x5e78e78286e7 - rdcache[5f2ec8193c8a73be]::client::tests::test_fetch
[INFO] [stdout]   16:     0x5e78e78874d9 - <rdcache[5f2ec8193c8a73be]::client::tests::test_fetch::{closure#0} as core[df12db4294e9bfd3]::ops::function::FnOnce<()>>::call_once
[INFO] [stdout]   17:     0x5e78e788758b - test[9d35eded1c95d3be]::__rust_begin_short_backtrace::<core[df12db4294e9bfd3]::result::Result<(), alloc[2182bb758b4b3781]::string::String>, fn() -> core[df12db4294e9bfd3]::result::Result<(), alloc[2182bb758b4b3781]::string::String>>
[INFO] [stdout]   18:     0x5e78e7894bf5 - test[9d35eded1c95d3be]::run_test::{closure#0}
[INFO] [stdout]   19:     0x5e78e788e4b4 - std[70759c8f55707aa4]::sys::backtrace::__rust_begin_short_backtrace::<test[9d35eded1c95d3be]::run_test::{closure#1}, ()>
[INFO] [stdout]   20:     0x5e78e7897d52 - <std[70759c8f55707aa4]::thread::lifecycle::spawn_unchecked<test[9d35eded1c95d3be]::run_test::{closure#1}, ()>::{closure#1} as core[df12db4294e9bfd3]::ops::function::FnOnce<()>>::call_once::{shim:vtable#0}
[INFO] [stdout]   21:     0x5e78e795c2b9 - <std[70759c8f55707aa4]::sys::thread::unix::Thread>::new::thread_start
[INFO] [stdout]   22:     0x72a7e19b6dfa - <unknown>
[INFO] [stdout]   23:     0x72a7e1a4a3d4 - clone
[INFO] [stdout]   24:                0x0 - <unknown>
[INFO] [stdout] 
[INFO] [stdout] ---- client::tests::test_tag_as_deleted stdout ----
[INFO] [stdout] 
[INFO] [stdout] thread 'client::tests::test_tag_as_deleted' (998) panicked at src/client.rs:285:65:
[INFO] [stdout] called `Result::unwrap()` on an `Err` value: IO("[connection refused] Connection refused (os error 111)")
[INFO] [stdout] stack backtrace:
[INFO] [stdout]    0:     0x5e78e795d3f1 - <<std[70759c8f55707aa4]::sys::backtrace::BacktraceLock>::print::DisplayBacktrace as core[df12db4294e9bfd3]::fmt::Display>::fmt
[INFO] [stdout]    1:     0x5e78e7973d8a - core[df12db4294e9bfd3]::fmt::write
[INFO] [stdout]    2:     0x5e78e7961e0c - <alloc[2182bb758b4b3781]::vec::Vec<u8> as core[df12db4294e9bfd3]::io::write::Write>::write_fmt
[INFO] [stdout]    3:     0x5e78e7938356 - std[70759c8f55707aa4]::panicking::default_hook::{closure#0}
[INFO] [stdout]    4:     0x5e78e7954ca9 - std[70759c8f55707aa4]::panicking::default_hook
[INFO] [stdout]    5:     0x5e78e78942a0 - test[9d35eded1c95d3be]::test_main_inner::<test[9d35eded1c95d3be]::test_main_static::{closure#0}>::{closure#0}
[INFO] [stdout]    6:     0x5e78e7954fd2 - std[70759c8f55707aa4]::panicking::panic_with_hook
[INFO] [stdout]    7:     0x5e78e7938402 - std[70759c8f55707aa4]::panicking::panic_handler::{closure#0}
[INFO] [stdout]    8:     0x5e78e7930f19 - std[70759c8f55707aa4]::sys::backtrace::__rust_end_short_backtrace::<std[70759c8f55707aa4]::panicking::panic_handler::{closure#0}, !>
[INFO] [stdout]    9:     0x5e78e79391ed - __rustc[8fa7c3cbc660c2b3]::rust_begin_unwind
[INFO] [stdout]   10:     0x5e78e79744ec - core[df12db4294e9bfd3]::panicking::panic_fmt
[INFO] [stdout]   11:     0x5e78e79742c2 - core[df12db4294e9bfd3]::result::unwrap_failed
[INFO] [stdout]   12:     0x5e78e78282ef - rdcache[5f2ec8193c8a73be]::client::tests::test_tag_as_deleted::{closure#0}
[INFO] [stdout]   13:     0x5e78e784e908 - <tokio[e2fe413af75b8977]::runtime::context::scoped::Scoped<tokio[e2fe413af75b8977]::runtime::scheduler::Context>>::set::<<tokio[e2fe413af75b8977]::runtime::scheduler::current_thread::CoreGuard>::enter<<tokio[e2fe413af75b8977]::runtime::scheduler::current_thread::CoreGuard>::block_on<core[df12db4294e9bfd3]::pin::Pin<&mut core[df12db4294e9bfd3]::pin::Pin<&mut dyn core[df12db4294e9bfd3]::future::future::Future<Output = ()>>>>::{closure#0}, core[df12db4294e9bfd3]::option::Option<()>>::{closure#0}, (alloc[2182bb758b4b3781]::boxed::Box<tokio[e2fe413af75b8977]::runtime::scheduler::current_thread::Core>, core[df12db4294e9bfd3]::option::Option<()>)>
[INFO] [stdout]   14:     0x5e78e784e3cf - <tokio[e2fe413af75b8977]::runtime::runtime::Runtime>::block_on_inner::<core[df12db4294e9bfd3]::pin::Pin<&mut dyn core[df12db4294e9bfd3]::future::future::Future<Output = ()>>>
[INFO] [stdout]   15:     0x5e78e782882b - rdcache[5f2ec8193c8a73be]::client::tests::test_tag_as_deleted
[INFO] [stdout]   16:     0x5e78e78874f9 - <rdcache[5f2ec8193c8a73be]::client::tests::test_tag_as_deleted::{closure#0} as core[df12db4294e9bfd3]::ops::function::FnOnce<()>>::call_once
[INFO] [stdout]   17:     0x5e78e788758b - test[9d35eded1c95d3be]::__rust_begin_short_backtrace::<core[df12db4294e9bfd3]::result::Result<(), alloc[2182bb758b4b3781]::string::String>, fn() -> core[df12db4294e9bfd3]::result::Result<(), alloc[2182bb758b4b3781]::string::String>>
[INFO] [stdout]   18:     0x5e78e7894bf5 - test[9d35eded1c95d3be]::run_test::{closure#0}
[INFO] [stdout]   19:     0x5e78e788e4b4 - std[70759c8f55707aa4]::sys::backtrace::__rust_begin_short_backtrace::<test[9d35eded1c95d3be]::run_test::{closure#1}, ()>
[INFO] [stdout]   20:     0x5e78e7897d52 - <std[70759c8f55707aa4]::thread::lifecycle::spawn_unchecked<test[9d35eded1c95d3be]::run_test::{closure#1}, ()>::{closure#1} as core[df12db4294e9bfd3]::ops::function::FnOnce<()>>::call_once::{shim:vtable#0}
[INFO] [stdout]   21:     0x5e78e795c2b9 - <std[70759c8f55707aa4]::sys::thread::unix::Thread>::new::thread_start
[INFO] [stdout]   22:     0x72a7e19b6dfa - <unknown>
[INFO] [stdout]   23:     0x72a7e1a4a3d4 - clone
[INFO] [stdout]   24:                0x0 - <unknown>
[INFO] [stdout] 
[INFO] [stdout] 
[INFO] [stdout] failures:
[INFO] [stdout]     client::tests::test_fetch
[INFO] [stdout]     client::tests::test_tag_as_deleted
[INFO] [stdout] 
[INFO] [stdout] test result: FAILED. 4 passed; 2 failed; 0 ignored; 0 measured; 0 filtered out; finished in 0.00s
[INFO] [stdout] 
[INFO] [stderr] error: test failed, to rerun pass `--lib`
[INFO] running `Command { std: "docker" "inspect" "4cb2ef2c3db92604d5c717a85d87c5fc2f720a1435ed63c2e130d184bc919cba", kill_on_drop: false }`
[INFO] running `Command { std: "docker" "rm" "-f" "4cb2ef2c3db92604d5c717a85d87c5fc2f720a1435ed63c2e130d184bc919cba", kill_on_drop: false }`
[INFO] [stdout] 4cb2ef2c3db92604d5c717a85d87c5fc2f720a1435ed63c2e130d184bc919cba
