[INFO] cloning repository https://github.com/hispark-rs/hisi-rtos
[INFO] running `Command { std: "git" "-c" "credential.helper=" "-c" "credential.helper=/workspace/cargo-home/bin/git-credential-null" "clone" "--bare" "https://github.com/hispark-rs/hisi-rtos" "/workspace/cache/git-repos/https%3A%2F%2Fgithub.com%2Fhispark-rs%2Fhisi-rtos", kill_on_drop: false }`
[INFO] [stderr] Cloning into bare repository '/workspace/cache/git-repos/https%3A%2F%2Fgithub.com%2Fhispark-rs%2Fhisi-rtos'...
[INFO] running `Command { std: "git" "rev-parse" "HEAD", kill_on_drop: false }`
[INFO] [stdout] fdd8c0317d11746b09b8d91ed4496c396e406f39
[INFO] testing hispark-rs/hisi-rtos against 1.100.0-beta.1+cargoflags=--release for beta-release-1.100-2
[INFO] running `Command { std: "git" "clone" "/workspace/cache/git-repos/https%3A%2F%2Fgithub.com%2Fhispark-rs%2Fhisi-rtos" "/workspace/builds/worker-1-tc2/source", kill_on_drop: false }`
[INFO] [stderr] Cloning into '/workspace/builds/worker-1-tc2/source'...
[INFO] [stderr] done.
[INFO] removed /workspace/builds/worker-1-tc2/source/rust-toolchain.toml
[INFO] started tweaking git repo https://github.com/hispark-rs/hisi-rtos
[INFO] finished tweaking git repo https://github.com/hispark-rs/hisi-rtos
[INFO] tweaked toml for git repo https://github.com/hispark-rs/hisi-rtos written to /workspace/builds/worker-1-tc2/source/Cargo.toml
[INFO] validating manifest of git repo https://github.com/hispark-rs/hisi-rtos on toolchain 1.100.0-beta.1
[INFO] running `Command { std: CARGO_HOME="/workspace/cargo-home" RUSTUP_HOME="/workspace/rustup-home" "/workspace/cargo-home/bin/cargo" "+1.100.0-beta.1" "metadata" "--manifest-path" "Cargo.toml" "--no-deps", kill_on_drop: false }`
[INFO] crate git repo https://github.com/hispark-rs/hisi-rtos already has a lockfile, it will not be regenerated
[INFO] running `Command { std: CARGO_HOME="/workspace/cargo-home" RUSTUP_HOME="/workspace/rustup-home" "/workspace/cargo-home/bin/cargo" "+1.100.0-beta.1" "fetch" "--manifest-path" "Cargo.toml", kill_on_drop: false }`
[INFO] running `Command { std: "docker" "create" "-v" "/var/lib/crater-agent-workspace/builds/worker-1-tc2/source:/opt/rustwide/workdir:ro,Z" "-v" "/var/lib/crater-agent-workspace/builds/worker-1-tc2/target:/opt/rustwide/target:rw,Z" "-v" "/var/lib/crater-agent-workspace/cargo-home:/opt/rustwide/cargo-home:ro,Z" "-v" "/var/lib/crater-agent-workspace/rustup-home:/opt/rustwide/rustup-home:ro,Z" "-m" "1610612736" "--network" "none" "ghcr.io/rust-lang/crates-build-env/linux@sha256:77db811e55d90add9212f6832c23229e3de5f1c1f9905e8cb07319ea15df73ac" "sleep" "infinity", kill_on_drop: false }`
[INFO] [stdout] 18e686b1a1ec107021c2e9a9328a2872ee62430e3033bb6d25ae8ddf4bb319f2
[INFO] running `Command { std: "docker" "start" "18e686b1a1ec107021c2e9a9328a2872ee62430e3033bb6d25ae8ddf4bb319f2", kill_on_drop: false }`
[INFO] running `Command { std: "docker" "inspect" "18e686b1a1ec107021c2e9a9328a2872ee62430e3033bb6d25ae8ddf4bb319f2", kill_on_drop: false }`
[INFO] running `Command { std: "docker" "exec" "-e" "SOURCE_DIR=/opt/rustwide/workdir" "-e" "CARGO_HOME=/opt/rustwide/cargo-home" "-e" "RUSTUP_HOME=/opt/rustwide/rustup-home" "-e" "CARGO_TARGET_DIR=/opt/rustwide/target" "-w" "/opt/rustwide/workdir" "--user" "0:0" "18e686b1a1ec107021c2e9a9328a2872ee62430e3033bb6d25ae8ddf4bb319f2" "/opt/rustwide/cargo-home/bin/cargo" "+1.100.0-beta.1" "metadata" "--no-deps" "--format-version=1", kill_on_drop: false }`
[INFO] running `Command { std: "docker" "inspect" "18e686b1a1ec107021c2e9a9328a2872ee62430e3033bb6d25ae8ddf4bb319f2", kill_on_drop: false }`
[INFO] running `Command { std: "docker" "exec" "-e" "SOURCE_DIR=/opt/rustwide/workdir" "-e" "CARGO_HOME=/opt/rustwide/cargo-home" "-e" "RUSTUP_HOME=/opt/rustwide/rustup-home" "-e" "CARGO_TARGET_DIR=/opt/rustwide/target" "-e" "CARGO_INCREMENTAL=0" "-e" "RUST_BACKTRACE=full" "-e" "RUSTFLAGS=--cap-lints=warn" "-e" "RUSTDOCFLAGS=--cap-lints=warn" "-w" "/opt/rustwide/workdir" "--user" "0:0" "18e686b1a1ec107021c2e9a9328a2872ee62430e3033bb6d25ae8ddf4bb319f2" "/opt/rustwide/cargo-home/bin/cargo" "+1.100.0-beta.1" "build" "--frozen" "--message-format=json" "--release", kill_on_drop: false }`
[INFO] [stderr]    Compiling critical-section v1.2.0
[INFO] [stderr]    Compiling linked_list_allocator v0.10.6
[INFO] [stderr]    Compiling hisi-rf-rtos-driver v0.1.0-alpha.20
[INFO] [stderr]    Compiling hisi-alloc v0.1.0-alpha.3
[INFO] [stderr]    Compiling hisi-rtos v0.1.0-alpha.25 (/opt/rustwide/workdir)
[INFO] [stderr]     Finished `release` profile [optimized] target(s) in 1.94s
[INFO] running `Command { std: "docker" "inspect" "18e686b1a1ec107021c2e9a9328a2872ee62430e3033bb6d25ae8ddf4bb319f2", kill_on_drop: false }`
[INFO] running `Command { std: "docker" "exec" "-e" "SOURCE_DIR=/opt/rustwide/workdir" "-e" "CARGO_HOME=/opt/rustwide/cargo-home" "-e" "RUSTUP_HOME=/opt/rustwide/rustup-home" "-e" "CARGO_TARGET_DIR=/opt/rustwide/target" "-e" "CARGO_INCREMENTAL=0" "-e" "RUST_BACKTRACE=full" "-e" "RUSTFLAGS=--cap-lints=warn" "-e" "RUSTDOCFLAGS=--cap-lints=warn" "-w" "/opt/rustwide/workdir" "--user" "0:0" "18e686b1a1ec107021c2e9a9328a2872ee62430e3033bb6d25ae8ddf4bb319f2" "/opt/rustwide/cargo-home/bin/cargo" "+1.100.0-beta.1" "test" "--frozen" "--no-run" "--message-format=json" "--release", kill_on_drop: false }`
[INFO] [stderr]    Compiling serde_core v1.0.229
[INFO] [stderr]    Compiling proc-macro2 v1.0.107
[INFO] [stderr]    Compiling quote v1.0.47
[INFO] [stderr]    Compiling winnow v1.0.4
[INFO] [stderr]    Compiling target-triple v1.0.1
[INFO] [stderr]    Compiling serde v1.0.229
[INFO] [stderr]    Compiling critical-section v1.2.0
[INFO] [stderr]    Compiling toml_writer v1.1.2+spec-1.1.0
[INFO] [stderr]    Compiling termcolor v1.4.1
[INFO] [stderr]    Compiling glob v0.3.4
[INFO] [stderr]    Compiling hisi-alloc v0.1.0-alpha.3
[INFO] [stderr]    Compiling hisi-rf-rtos-driver v0.1.0-alpha.20
[INFO] [stderr]    Compiling toml_parser v1.1.3+spec-1.1.0
[INFO] [stderr]    Compiling hisi-rtos v0.1.0-alpha.25 (/opt/rustwide/workdir)
[INFO] [stderr]    Compiling syn v3.0.4
[INFO] [stderr]    Compiling serde_derive v1.0.229
[INFO] [stderr]    Compiling toml_datetime v1.1.1+spec-1.1.0
[INFO] [stderr]    Compiling serde_spanned v1.1.1
[INFO] [stderr]    Compiling serde_json v1.0.151
[INFO] [stderr]    Compiling toml v1.1.4+spec-1.1.0
[INFO] [stderr]    Compiling trybuild v1.0.120
[INFO] [stderr]     Finished `release` profile [optimized] target(s) in 27.65s
[INFO] running `Command { std: "docker" "inspect" "18e686b1a1ec107021c2e9a9328a2872ee62430e3033bb6d25ae8ddf4bb319f2", kill_on_drop: false }`
[INFO] running `Command { std: "docker" "exec" "-e" "SOURCE_DIR=/opt/rustwide/workdir" "-e" "CARGO_HOME=/opt/rustwide/cargo-home" "-e" "RUSTUP_HOME=/opt/rustwide/rustup-home" "-e" "CARGO_TARGET_DIR=/opt/rustwide/target" "-e" "CARGO_INCREMENTAL=0" "-e" "RUST_BACKTRACE=full" "-e" "RUSTFLAGS=--cap-lints=warn" "-e" "RUSTDOCFLAGS=--cap-lints=warn" "-w" "/opt/rustwide/workdir" "--user" "0:0" "18e686b1a1ec107021c2e9a9328a2872ee62430e3033bb6d25ae8ddf4bb319f2" "/opt/rustwide/cargo-home/bin/cargo" "+1.100.0-beta.1" "test" "--frozen" "--release", kill_on_drop: false }`
[INFO] [stderr]     Finished `release` profile [optimized] target(s) in 0.09s
[INFO] [stderr]      Running unittests src/lib.rs (/opt/rustwide/target/release/build/hisi-rtos/d5ca54767d1d2ccf/out/hisi_rtos-d5ca54767d1d2ccf)
[INFO] [stdout] 
[INFO] [stdout] running 89 tests
[INFO] [stdout] test runtime::driver::policy_tests::ported_budget_maps_without_post_spawn_mutation ... ok
[INFO] [stdout] test runtime::conformance::runtime_v1_executes_shared_conformance_scenarios ... ok
[INFO] [stdout] test runtime::resource::tests::duplicate_and_stale_handles_fail_before_pointer_resolution ... ok
[INFO] [stdout] test runtime::resource::tests::handle_kind_is_part_of_the_identity ... ok
[INFO] [stdout] test runtime::tests::all_run_policies_use_effective_priority_then_fifo ... ok
[INFO] [stdout] test runtime::tests::caller_selected_capacity_bounds_dynamic_slots_and_diagnostics ... ok
[INFO] [stdout] test runtime::tests::chained_mutex_inheritance_propagates_effective_priority ... ok
[INFO] [stdout] test runtime::tests::dynamic_allocation_reserves_main_and_idle_slots ... ok
[INFO] [stdout] test runtime::tests::cancelling_mutex_wait_restores_owner_priority ... ok
[INFO] [stdout] test runtime::tests::earliest_deadline_ignores_forever_waiters ... ok
[INFO] [stdout] test runtime::tests::cancelling_queued_semaphore_wait_makes_task_ready_without_minting_a_count ... ok
[INFO] [stdout] test runtime::tests::cancelling_semaphore_handoff_returns_exactly_one_count ... ok
[INFO] [stdout] test runtime::tests::completed_irq_switch_restores_the_detached_thread_target ... ok
[INFO] [stdout] test runtime::tests::coexistence_resource_plan_reserves_six_exact_groups_atomically ... ok
[INFO] [stdout] test runtime::tests::completed_switch_recovery_does_not_duplicate_an_already_requeued_target ... ok
[INFO] [stdout] test runtime::tests::completed_switch_recovery_keeps_idle_out_of_ready_queues ... ok
[INFO] [stdout] test runtime::tests::cooperative_task_is_not_preempted_by_irq_but_can_yield ... ok
[INFO] [stdout] test runtime::tests::budget_exhaustion_removes_task_until_replenishment ... ok
[INFO] [stdout] test runtime::tests::cancelling_mutex_handoff_releases_unconsumed_ownership ... ok
[INFO] [stdout] test runtime::tests::base_priority_change_preserves_and_then_restores_inheritance ... ok
[INFO] [stdout] test runtime::tests::forever_semaphore_wait_is_not_treated_as_an_expired_deadline ... ok
[INFO] [stdout] test runtime::tests::heterogeneous_resource_plan_reserves_children_in_plan_order ... ok
[INFO] [stdout] test runtime::tests::heterogeneous_slot_failure_leaves_no_partial_reservation ... ok
[INFO] [stdout] test runtime::tests::idle_is_selected_only_when_the_ready_queues_are_empty ... ok
[INFO] [stdout] test runtime::tests::idle_yield_hands_off_without_entering_the_ready_queue ... ok
[INFO] [stdout] test runtime::tests::outermost_scheduler_unlock_releases_pending_higher_priority_task ... ok
[INFO] [stdout] test runtime::tests::equal_priority_mutex_waiters_handoff_in_fifo_order ... ok
[INFO] [stdout] test runtime::tests::exited_stacks_are_retired_for_later_reclamation ... ok
[INFO] [stdout] test runtime::tests::cooperative_yield_hands_off_before_requeueing_higher_priority_task ... ok
[INFO] [stdout] test runtime::tests::mutex_cycle_is_rejected_without_mutating_wait_graph ... ok
[INFO] [stdout] test runtime::tests::expired_time_slice_round_robins_equal_priority_tasks ... ok
[INFO] [stdout] test runtime::tests::duplicate_mutex_waiters_keep_owner_inherited_until_both_leave ... ok
[INFO] [stdout] test runtime::tests::pending_handoff_cannot_leave_higher_ready_work_without_a_dispatch_deadline ... ok
[INFO] [stdout] test runtime::tests::mutex_handoff_transfers_remaining_inheritance_to_new_owner ... ok
[INFO] [stdout] test runtime::tests::heterogeneous_stack_failure_rolls_back_every_prior_group ... ok
[INFO] [stdout] test runtime::tests::idle_keeps_a_dispatch_deadline_for_ready_work ... ok
[INFO] [stdout] test runtime::tests::mutex_switch_away_preserves_wait_ownership ... ok
[INFO] [stdout] test runtime::tests::irq_epilogue_preempts_only_after_outermost_interrupt_exit ... ok
[INFO] [stdout] test runtime::tests::owned_or_waited_mutex_cannot_be_destroyed ... ok
[INFO] [stdout] test runtime::tests::ready_dispatch_deadline_preserves_policy_and_lock_boundaries ... ok
[INFO] [stdout] test runtime::tests::pending_thread_switch_is_not_mistaken_for_a_completed_irq_switch ... ok
[INFO] [stdout] test runtime::tests::policy_change_keeps_pending_target_detached ... ok
[INFO] [stdout] test runtime::tests::policy_change_releases_a_throttled_task ... ok
[INFO] [stdout] test runtime::driver::policy_tests::portless_rejects_forced_execution_policies ... ok
[INFO] [stdout] test runtime::tests::ready_ownership_audit_detects_detached_duplicate_and_wrong_bucket ... ok
[INFO] [stdout] test runtime::tests::ported_switch_ticket_owns_target_before_leaving_scheduler_lock ... ok
[INFO] [stdout] test runtime::tests::ported_thread_switch_requires_mie_but_irq_epilogue_does_not ... ok
[INFO] [stdout] test runtime::tests::ready_task_can_move_between_priority_queues ... ok
[INFO] [stdout] test runtime::tests::reservations_protect_promised_slots_from_ordinary_spawns ... ok
[INFO] [stdout] test runtime::tests::ready_ownership_audit_accepts_queued_and_pending_ready_tasks ... ok
[INFO] [stdout] test runtime::tests::preemptive_ready_queue_uses_priority_then_fifo ... ok
[INFO] [stdout] test runtime::tests::priority_change_keeps_pending_target_detached ... ok
[INFO] [stdout] test runtime::tests::releasing_a_reservation_returns_only_unconsumed_slots ... ok
[INFO] [stdout] test runtime::tests::ready_queue_prefers_lower_priority_number_and_keeps_fifo ... ok
[INFO] [stdout] test runtime::tests::resumed_switch_away_source_preserves_ready_target ... ok
[INFO] [stdout] test runtime::tests::scheduler_lock_limit_is_a_timer_deadline_and_fail_stop_violation ... ok
[INFO] [stdout] test runtime::tests::semaphore_switch_away_preserves_wait_ownership ... ok
[INFO] [stdout] test runtime::tests::scheduler_lock_defers_but_cannot_cancel_budget_throttle ... ok
[INFO] [stdout] test runtime::tests::semaphore_waiters_are_priority_fifo_and_reorder_on_priority_change ... ok
[INFO] [stdout] test runtime::tests::scheduler_lock_preserves_expired_time_slice_until_unlock ... ok
[INFO] [stdout] test runtime::tests::semaphore_with_waiters_cannot_be_destroyed ... ok
[INFO] [stdout] test runtime::tests::scheduler_lock_is_nested_and_rejects_unbalanced_unlock ... ok
[INFO] [stdout] test runtime::tests::shared_timer_uses_earliest_rtos_slice_or_embassy_deadline ... ok
[INFO] [stdout] test runtime::tests::scheduler_lock_rejects_switching_or_blocking_entry_points ... ok
[INFO] [stdout] test runtime::tests::switch_intent_source_identity_failure_restores_target ... ok
[INFO] [stdout] test runtime::tests::task_diagnostics_report_dynamic_stack_allocation_size ... ok
[INFO] [stdout] test runtime::tests::task_exit_switch_away_commits_after_source_is_freed ... ok
[INFO] [stdout] test runtime::tests::task_identity_generation_rejects_stale_slot_handle ... ok
[INFO] [stdout] test runtime::tests::task_metrics_measure_outermost_scheduler_lock_interval ... ok
[INFO] [stdout] test runtime::tests::task_resource_reservation_consumes_and_releases_preallocated_stacks ... ok
[INFO] [stdout] test runtime::tests::task_stack_preallocation_rolls_back_every_partial_allocation ... ok
[INFO] [stdout] test runtime::tests::timed_out_mutex_waiter_restores_owner_priority ... ok
[INFO] [stdout] test runtime::tests::timer_wakeup_preempts_idle_without_queueing_idle ... ok
[INFO] [stdout] test runtime::tests::switch_intent_is_committed_and_consumed_exactly_once ... ok
[INFO] [stdout] test runtime::tests::task_metrics_account_dispatch_cpu_and_ready_latency ... ok
[INFO] [stdout] test runtime::tests::unrelated_deadline_rearm_does_not_postpone_time_slice ... ok
[INFO] [stdout] test runtime::tests::switch_intent_rejects_reused_task_identity ... ok
[INFO] [stdout] test scheduling::tests::long_inactivity_advances_phase_without_looping_each_period ... ok
[INFO] [stdout] test scheduling::tests::exhausted_budget_throttles_until_phase_aligned_replenishment ... ok
[INFO] [stdout] test runtime::tests::stale_switch_intent_restores_its_detached_target ... ok
[INFO] [stdout] test scheduling::tests::rejects_capacity_larger_than_period ... ok
[INFO] [stdout] test runtime::tests::sleep_switch_away_commits_detached_target_ownership ... ok
[INFO] [stdout] test runtime::tests::stale_timer_programming_ticket_requires_retry ... ok
[INFO] [stdout] test runtime::tests::timed_semaphore_wait_wakes_only_after_its_deadline ... ok
[INFO] [stdout] test runtime::tests::task_metrics_attribute_outermost_irq_span_to_interrupted_task ... ok
[INFO] [stdout] test scheduling::tests::scheduler_lock_cannot_erase_an_exhaustion_by_crossing_periods ... ok
[INFO] [stdout] test scheduling::tests::switch_out_preserves_unused_budget ... ok
[INFO] [stdout] test storage::tests::caller_owned_arena_is_installed_once_and_reports_usage ... ok
[INFO] [stdout] test storage::tests::unsupported_capacity_fails_before_claiming_the_arena ... ok
[INFO] [stdout] 
[INFO] [stdout] test result: ok. 89 passed; 0 failed; 0 ignored; 0 measured; 0 filtered out; finished in 0.03s
[INFO] [stdout] 
[INFO] [stderr]      Running tests/ui.rs (/opt/rustwide/target/release/build/hisi-rtos/1ab4b0e6c2de5924/out/ui-1ab4b0e6c2de5924)
[INFO] [stdout] 
[INFO] [stdout] running 1 test
[INFO] [stderr]    Compiling critical-section v1.2.0
[INFO] [stderr]    Compiling linked_list_allocator v0.10.6
[INFO] [stderr]    Compiling hisi-rf-rtos-driver v0.1.0-alpha.20
[INFO] [stderr]    Compiling hisi-alloc v0.1.0-alpha.3
[INFO] [stderr]    Compiling hisi-rtos v0.1.0-alpha.25 (/opt/rustwide/workdir)
[INFO] [stderr]    Compiling hisi-rtos-tests v0.0.0 (/opt/rustwide/target/tests/trybuild/hisi-rtos)
[INFO] [stderr]     Finished `dev` profile [unoptimized + debuginfo] target(s) in 1.65s
[INFO] [stderr] 
[INFO] [stderr] 
[INFO] [stderr] test tests/ui/cooperative_policy.rs [should fail to compile] ... mismatch
[INFO] [stderr] 
[INFO] [stderr] EXPECTED:
[INFO] [stderr] ┈┈┈┈┈┈┈┈┈┈┈┈┈┈┈┈┈┈┈┈┈┈┈┈┈┈┈┈┈┈┈┈┈┈┈┈┈┈┈┈┈┈┈┈┈┈┈┈┈┈┈┈┈┈┈┈┈┈┈┈
[INFO] [stderr] error[E0599]: no method named `set_task_run_policy` found for reference `&RuntimeHandle<CooperativeOnly>` in the current scope
[INFO] [stderr]  --> tests/ui/cooperative_policy.rs:7:20
[INFO] [stderr]   |
[INFO] [stderr] 7 |     let _ = handle.set_task_run_policy(
[INFO] [stderr]   |             -------^^^^^^^^^^^^^^^^^^^ method not found in `&RuntimeHandle<CooperativeOnly>`
[INFO] [stderr] ┈┈┈┈┈┈┈┈┈┈┈┈┈┈┈┈┈┈┈┈┈┈┈┈┈┈┈┈┈┈┈┈┈┈┈┈┈┈┈┈┈┈┈┈┈┈┈┈┈┈┈┈┈┈┈┈┈┈┈┈
[INFO] [stderr] 
[INFO] [stderr] ACTUAL OUTPUT:
[INFO] [stderr] ┈┈┈┈┈┈┈┈┈┈┈┈┈┈┈┈┈┈┈┈┈┈┈┈┈┈┈┈┈┈┈┈┈┈┈┈┈┈┈┈┈┈┈┈┈┈┈┈┈┈┈┈┈┈┈┈┈┈┈┈
[INFO] [stderr] error[E0599]: no method named `set_task_run_policy` found for reference `&RuntimeHandle<CooperativeOnly>` in the current scope
[INFO] [stderr]  --> tests/ui/cooperative_policy.rs:7:20
[INFO] [stderr]   |
[INFO] [stderr] 7 |     let _ = handle.set_task_run_policy(
[INFO] [stderr]   |                    ^^^^^^^^^^^^^^^^^^^ method not found in `&RuntimeHandle<CooperativeOnly>`
[INFO] [stderr] ┈┈┈┈┈┈┈┈┈┈┈┈┈┈┈┈┈┈┈┈┈┈┈┈┈┈┈┈┈┈┈┈┈┈┈┈┈┈┈┈┈┈┈┈┈┈┈┈┈┈┈┈┈┈┈┈┈┈┈┈
[INFO] [stderr] note: If the actual output is the correct output you can bless it by rerunning
[INFO] [stderr]       your test with the environment variable TRYBUILD=overwrite
[INFO] [stderr] 
[INFO] [stderr] test tests/ui/ported_policy.rs [should pass] ... ok
[INFO] [stderr] 
[INFO] [stderr] 
[INFO] [stderr] error: test failed, to rerun pass `--test ui`
[INFO] [stdout] test runtime_mode_capabilities_are_checked_at_compile_time ... FAILED
[INFO] [stdout] 
[INFO] [stdout] failures:
[INFO] [stdout] 
[INFO] [stdout] ---- runtime_mode_capabilities_are_checked_at_compile_time stdout ----
[INFO] [stdout] 
[INFO] [stdout] thread 'runtime_mode_capabilities_are_checked_at_compile_time' (792) panicked at /opt/rustwide/cargo-home/registry/src/index.crates.io-1949cf8c6b5b557f/trybuild-1.0.120/src/run.rs:103:13:
[INFO] [stdout] 1 of 2 tests failed
[INFO] [stdout] stack backtrace:
[INFO] [stdout]    0:     0x640f923e0ee1 - <<std[617be2ca0a6fd877]::sys::backtrace::BacktraceLock>::print::DisplayBacktrace as core[a373ad73a504971]::fmt::Display>::fmt
[INFO] [stdout]    1:     0x640f923f71ca - core[a373ad73a504971]::fmt::write
[INFO] [stdout]    2:     0x640f923e572c - <alloc[2e1b2a31b91974c5]::vec::Vec<u8> as core[a373ad73a504971]::io::write::Write>::write_fmt
[INFO] [stdout]    3:     0x640f923ba346 - std[617be2ca0a6fd877]::panicking::default_hook::{closure#0}
[INFO] [stdout]    4:     0x640f923d8489 - std[617be2ca0a6fd877]::panicking::default_hook
[INFO] [stdout]    5:     0x640f92371a90 - test[aada8e7e76ba119b]::test_main_inner::{closure#0}
[INFO] [stdout]    6:     0x640f923d8642 - std[617be2ca0a6fd877]::panicking::panic_with_hook
[INFO] [stdout]    7:     0x640f923ba3f2 - std[617be2ca0a6fd877]::panicking::panic_handler::{closure#0}
[INFO] [stdout]    8:     0x640f923b2c49 - std[617be2ca0a6fd877]::sys::backtrace::__rust_end_short_backtrace::<std[617be2ca0a6fd877]::panicking::panic_handler::{closure#0}, !>
[INFO] [stdout]    9:     0x640f923baffd - __rustc[ea4f61d10b84890b]::rust_begin_unwind
[INFO] [stdout]   10:     0x640f923f793c - core[a373ad73a504971]::panicking::panic_fmt
[INFO] [stdout]   11:     0x640f922c5638 - <trybuild[edeaf9dbbe2a0d05]::Runner>::run
[INFO] [stdout]   12:     0x640f922c88a0 - <trybuild[edeaf9dbbe2a0d05]::TestCases as core[a373ad73a504971]::ops::drop::Drop>::drop
[INFO] [stdout]   13:     0x640f922beed6 - ui[daff643782168196]::runtime_mode_capabilities_are_checked_at_compile_time
[INFO] [stdout]   14:     0x640f922bf109 - <ui[daff643782168196]::runtime_mode_capabilities_are_checked_at_compile_time::{closure#0} as core[a373ad73a504971]::ops::function::FnOnce<()>>::call_once
[INFO] [stdout]   15:     0x640f92364edb - test[aada8e7e76ba119b]::__rust_begin_short_backtrace::<core[a373ad73a504971]::result::Result<(), alloc[2e1b2a31b91974c5]::string::String>, fn() -> core[a373ad73a504971]::result::Result<(), alloc[2e1b2a31b91974c5]::string::String>>
[INFO] [stdout]   16:     0x640f923720b5 - test[aada8e7e76ba119b]::run_test::{closure#0}
[INFO] [stdout]   17:     0x640f9236b9a4 - std[617be2ca0a6fd877]::sys::backtrace::__rust_begin_short_backtrace::<test[aada8e7e76ba119b]::run_test::{closure#1}, ()>
[INFO] [stdout]   18:     0x640f92375142 - <std[617be2ca0a6fd877]::thread::lifecycle::spawn_unchecked<test[aada8e7e76ba119b]::run_test::{closure#1}, ()>::{closure#1} as core[a373ad73a504971]::ops::function::FnOnce<()>>::call_once::{shim:vtable#0}
[INFO] [stdout]   19:     0x640f923e013f - <std[617be2ca0a6fd877]::sys::thread::unix::Thread>::new::thread_start
[INFO] [stdout]   20:     0x7dbb0cddddfa - <unknown>
[INFO] [stdout]   21:     0x7dbb0ce713d4 - clone
[INFO] [stdout]   22:                0x0 - <unknown>
[INFO] [stdout] 
[INFO] [stdout] 
[INFO] [stdout] failures:
[INFO] [stdout]     runtime_mode_capabilities_are_checked_at_compile_time
[INFO] [stdout] 
[INFO] [stdout] test result: FAILED. 0 passed; 1 failed; 0 ignored; 0 measured; 0 filtered out; finished in 3.88s
[INFO] [stdout] 
[INFO] running `Command { std: "docker" "inspect" "18e686b1a1ec107021c2e9a9328a2872ee62430e3033bb6d25ae8ddf4bb319f2", kill_on_drop: false }`
[INFO] running `Command { std: "docker" "rm" "-f" "18e686b1a1ec107021c2e9a9328a2872ee62430e3033bb6d25ae8ddf4bb319f2", kill_on_drop: false }`
[INFO] [stdout] 18e686b1a1ec107021c2e9a9328a2872ee62430e3033bb6d25ae8ddf4bb319f2
