[INFO] cloning repository https://github.com/hariappointy/trig
[INFO] running `Command { std: "git" "-c" "credential.helper=" "-c" "credential.helper=/workspace/cargo-home/bin/git-credential-null" "clone" "--bare" "https://github.com/hariappointy/trig" "/workspace/cache/git-repos/https%3A%2F%2Fgithub.com%2Fhariappointy%2Ftrig", kill_on_drop: false }`
[INFO] [stderr] Cloning into bare repository '/workspace/cache/git-repos/https%3A%2F%2Fgithub.com%2Fhariappointy%2Ftrig'...
[INFO] running `Command { std: "git" "rev-parse" "HEAD", kill_on_drop: false }`
[INFO] [stdout] 1b99551c619ee075a36227ee9f2d855169820167
[INFO] testing hariappointy/trig against 1.100.0-beta.1+cargoflags=--release for beta-release-1.100-2
[INFO] running `Command { std: "git" "clone" "/workspace/cache/git-repos/https%3A%2F%2Fgithub.com%2Fhariappointy%2Ftrig" "/workspace/builds/worker-1-tc2/source", kill_on_drop: false }`
[INFO] [stderr] Cloning into '/workspace/builds/worker-1-tc2/source'...
[INFO] [stderr] done.
[INFO] started tweaking git repo https://github.com/hariappointy/trig
[INFO] finished tweaking git repo https://github.com/hariappointy/trig
[INFO] tweaked toml for git repo https://github.com/hariappointy/trig written to /workspace/builds/worker-1-tc2/source/Cargo.toml
[INFO] validating manifest of git repo https://github.com/hariappointy/trig on toolchain 1.100.0-beta.1
[INFO] running `Command { std: CARGO_HOME="/workspace/cargo-home" RUSTUP_HOME="/workspace/rustup-home" "/workspace/cargo-home/bin/cargo" "+1.100.0-beta.1" "metadata" "--manifest-path" "Cargo.toml" "--no-deps", kill_on_drop: false }`
[INFO] crate git repo https://github.com/hariappointy/trig already has a lockfile, it will not be regenerated
[INFO] running `Command { std: CARGO_HOME="/workspace/cargo-home" RUSTUP_HOME="/workspace/rustup-home" "/workspace/cargo-home/bin/cargo" "+1.100.0-beta.1" "fetch" "--manifest-path" "Cargo.toml", kill_on_drop: false }`
[INFO] running `Command { std: "docker" "create" "-v" "/var/lib/crater-agent-workspace/builds/worker-1-tc2/source:/opt/rustwide/workdir:ro,Z" "-v" "/var/lib/crater-agent-workspace/builds/worker-1-tc2/target:/opt/rustwide/target:rw,Z" "-v" "/var/lib/crater-agent-workspace/cargo-home:/opt/rustwide/cargo-home:ro,Z" "-v" "/var/lib/crater-agent-workspace/rustup-home:/opt/rustwide/rustup-home:ro,Z" "-m" "1610612736" "--network" "none" "ghcr.io/rust-lang/crates-build-env/linux@sha256:77db811e55d90add9212f6832c23229e3de5f1c1f9905e8cb07319ea15df73ac" "sleep" "infinity", kill_on_drop: false }`
[INFO] [stdout] cdb363409d4afc14caf8008e0ad9dd2e718f91bd5cefb0080ef2f02fe6f098e2
[INFO] running `Command { std: "docker" "start" "cdb363409d4afc14caf8008e0ad9dd2e718f91bd5cefb0080ef2f02fe6f098e2", kill_on_drop: false }`
[INFO] running `Command { std: "docker" "inspect" "cdb363409d4afc14caf8008e0ad9dd2e718f91bd5cefb0080ef2f02fe6f098e2", kill_on_drop: false }`
[INFO] running `Command { std: "docker" "exec" "-e" "SOURCE_DIR=/opt/rustwide/workdir" "-e" "CARGO_HOME=/opt/rustwide/cargo-home" "-e" "RUSTUP_HOME=/opt/rustwide/rustup-home" "-e" "CARGO_TARGET_DIR=/opt/rustwide/target" "-w" "/opt/rustwide/workdir" "--user" "0:0" "cdb363409d4afc14caf8008e0ad9dd2e718f91bd5cefb0080ef2f02fe6f098e2" "/opt/rustwide/cargo-home/bin/cargo" "+1.100.0-beta.1" "metadata" "--no-deps" "--format-version=1", kill_on_drop: false }`
[INFO] running `Command { std: "docker" "inspect" "cdb363409d4afc14caf8008e0ad9dd2e718f91bd5cefb0080ef2f02fe6f098e2", kill_on_drop: false }`
[INFO] running `Command { std: "docker" "exec" "-e" "SOURCE_DIR=/opt/rustwide/workdir" "-e" "CARGO_HOME=/opt/rustwide/cargo-home" "-e" "RUSTUP_HOME=/opt/rustwide/rustup-home" "-e" "CARGO_TARGET_DIR=/opt/rustwide/target" "-e" "CARGO_INCREMENTAL=0" "-e" "RUST_BACKTRACE=full" "-e" "RUSTFLAGS=--cap-lints=warn" "-e" "RUSTDOCFLAGS=--cap-lints=warn" "-w" "/opt/rustwide/workdir" "--user" "0:0" "cdb363409d4afc14caf8008e0ad9dd2e718f91bd5cefb0080ef2f02fe6f098e2" "/opt/rustwide/cargo-home/bin/cargo" "+1.100.0-beta.1" "build" "--frozen" "--message-format=json" "--release", kill_on_drop: false }`
[INFO] [stderr]    Compiling crossbeam-utils v0.8.21
[INFO] [stderr]    Compiling proc-macro2 v1.0.106
[INFO] [stderr]    Compiling memchr v2.8.0
[INFO] [stderr]    Compiling unicode-ident v1.0.24
[INFO] [stderr]    Compiling quote v1.0.45
[INFO] [stderr]    Compiling utf8parse v0.2.2
[INFO] [stderr]    Compiling libc v0.2.183
[INFO] [stderr]    Compiling regex-syntax v0.8.10
[INFO] [stderr]    Compiling anstyle-parse v1.0.0
[INFO] [stderr]    Compiling anstyle v1.0.14
[INFO] [stderr]    Compiling anstyle-query v1.1.5
[INFO] [stderr]    Compiling colorchoice v1.0.5
[INFO] [stderr]    Compiling is_terminal_polyfill v1.70.2
[INFO] [stderr]    Compiling rayon-core v1.13.0
[INFO] [stderr]    Compiling anstream v1.0.0
[INFO] [stderr]    Compiling anyhow v1.0.102
[INFO] [stderr]    Compiling same-file v1.0.6
[INFO] [stderr]    Compiling clap_lex v1.1.0
[INFO] [stderr]    Compiling strsim v0.11.1
[INFO] [stderr]    Compiling heck v0.5.0
[INFO] [stderr]    Compiling aho-corasick v1.1.4
[INFO] [stderr]    Compiling crossbeam-epoch v0.9.18
[INFO] [stderr]    Compiling syn v2.0.117
[INFO] [stderr]    Compiling bstr v1.12.1
[INFO] [stderr]    Compiling log v0.4.29
[INFO] [stderr]    Compiling clap_builder v4.6.0
[INFO] [stderr]    Compiling walkdir v2.5.0
[INFO] [stderr]    Compiling either v1.15.0
[INFO] [stderr]    Compiling crossbeam-deque v0.8.6
[INFO] [stderr]    Compiling memmap2 v0.9.10
[INFO] [stderr]    Compiling is-terminal v0.4.17
[INFO] [stderr]    Compiling fnv v1.0.7
[INFO] [stderr]    Compiling byteorder v1.5.0
[INFO] [stderr]    Compiling rayon v1.11.0
[INFO] [stderr]    Compiling regex-automata v0.4.14
[INFO] [stderr]    Compiling clap_derive v4.6.0
[INFO] [stderr]    Compiling clap v4.6.0
[INFO] [stderr]    Compiling globset v0.4.18
[INFO] [stderr]    Compiling regex v1.12.3
[INFO] [stderr]    Compiling ignore v0.4.25
[INFO] [stderr]    Compiling trig v0.1.0 (/opt/rustwide/workdir)
[INFO] [stderr]     Finished `release` profile [optimized] target(s) in 1m 15s
[INFO] running `Command { std: "docker" "inspect" "cdb363409d4afc14caf8008e0ad9dd2e718f91bd5cefb0080ef2f02fe6f098e2", kill_on_drop: false }`
[INFO] running `Command { std: "docker" "exec" "-e" "SOURCE_DIR=/opt/rustwide/workdir" "-e" "CARGO_HOME=/opt/rustwide/cargo-home" "-e" "RUSTUP_HOME=/opt/rustwide/rustup-home" "-e" "CARGO_TARGET_DIR=/opt/rustwide/target" "-e" "CARGO_INCREMENTAL=0" "-e" "RUST_BACKTRACE=full" "-e" "RUSTFLAGS=--cap-lints=warn" "-e" "RUSTDOCFLAGS=--cap-lints=warn" "-w" "/opt/rustwide/workdir" "--user" "0:0" "cdb363409d4afc14caf8008e0ad9dd2e718f91bd5cefb0080ef2f02fe6f098e2" "/opt/rustwide/cargo-home/bin/cargo" "+1.100.0-beta.1" "test" "--frozen" "--no-run" "--message-format=json" "--release", kill_on_drop: false }`
[INFO] [stderr]    Compiling rustix v1.1.4
[INFO] [stderr]    Compiling getrandom v0.4.2
[INFO] [stderr]    Compiling linux-raw-sys v0.12.1
[INFO] [stderr]    Compiling bitflags v2.11.0
[INFO] [stderr]    Compiling cfg-if v1.0.4
[INFO] [stderr]    Compiling fastrand v2.3.0
[INFO] [stderr]    Compiling once_cell v1.21.4
[INFO] [stderr]    Compiling tempfile v3.27.0
[INFO] [stderr]    Compiling trig v0.1.0 (/opt/rustwide/workdir)
[INFO] [stderr]     Finished `release` profile [optimized] target(s) in 27.79s
[INFO] running `Command { std: "docker" "inspect" "cdb363409d4afc14caf8008e0ad9dd2e718f91bd5cefb0080ef2f02fe6f098e2", kill_on_drop: false }`
[INFO] running `Command { std: "docker" "exec" "-e" "SOURCE_DIR=/opt/rustwide/workdir" "-e" "CARGO_HOME=/opt/rustwide/cargo-home" "-e" "RUSTUP_HOME=/opt/rustwide/rustup-home" "-e" "CARGO_TARGET_DIR=/opt/rustwide/target" "-e" "CARGO_INCREMENTAL=0" "-e" "RUST_BACKTRACE=full" "-e" "RUSTFLAGS=--cap-lints=warn" "-e" "RUSTDOCFLAGS=--cap-lints=warn" "-w" "/opt/rustwide/workdir" "--user" "0:0" "cdb363409d4afc14caf8008e0ad9dd2e718f91bd5cefb0080ef2f02fe6f098e2" "/opt/rustwide/cargo-home/bin/cargo" "+1.100.0-beta.1" "test" "--frozen" "--release", kill_on_drop: false }`
[INFO] [stderr]     Finished `release` profile [optimized] target(s) in 0.12s
[INFO] [stderr]      Running unittests src/main.rs (/opt/rustwide/target/release/build/trig/25b1370b0bdee782/out/trig-25b1370b0bdee782)
[INFO] [stdout] 
[INFO] [stdout] running 22 tests
[INFO] [stdout] test index::tests::test_intersect_in_place_empty ... ok
[INFO] [stdout] test index::tests::test_varint_roundtrip ... ok
[INFO] [stdout] test index::tests::test_sorted_union ... ok
[INFO] [stdout] test index::tests::test_varint_truncated ... ok
[INFO] [stdout] test index::tests::test_intersect_in_place ... ok
[INFO] [stdout] test trigram::tests::test_class_expansion_middle ... ok
[INFO] [stdout] test trigram::tests::test_class_expansion_prefix ... ok
[INFO] [stdout] test index::tests::test_posting_list_roundtrip ... ok
[INFO] [stdout] test trigram::tests::test_alternation_produces_or ... ok
[INFO] [stdout] test index::tests::test_sorted_union_disjoint ... ok
[INFO] [stdout] test trigram::tests::test_extract_from_pattern_literal ... ok
[INFO] [stdout] test trigram::tests::test_large_class_no_expansion ... ok
[INFO] [stdout] test trigram::tests::test_class_expansion_suffix ... ok
[INFO] [stdout] test trigram::tests::test_extract_trigrams ... ok
[INFO] [stdout] test trigram::tests::test_extract_ci ... ok
[INFO] [stdout] test trigram::tests::test_has_uppercase ... ok
[INFO] [stdout] test trigram::tests::test_alternation_with_short_branch_returns_none ... ok
[INFO] [stdout] test trigram::tests::test_ci_pattern_extracts_lowercase_trigrams ... ok
[INFO] [stdout] test trigram::tests::test_repetition_min_zero_returns_none ... ok
[INFO] [stdout] test trigram::tests::test_or_in_concat_preserved ... ok
[INFO] [stdout] test trigram::tests::test_repetition_min_count ... ok
[INFO] [stdout] test trigram::tests::test_wildcard_returns_none ... ok
[INFO] [stdout] 
[INFO] [stdout] test result: ok. 22 passed; 0 failed; 0 ignored; 0 measured; 0 filtered out; finished in 0.01s
[INFO] [stdout] 
[INFO] [stderr]      Running tests/integration.rs (/opt/rustwide/target/release/build/trig/d197c5c8279e03d7/out/integration-d197c5c8279e03d7)
[INFO] [stdout] 
[INFO] [stdout] running 15 tests
[INFO] [stdout] test test_alternation_pattern ... FAILED
[INFO] [stdout] test test_binary_files_skipped ... FAILED
[INFO] [stdout] test test_case_insensitive_search ... FAILED
[INFO] [stdout] test test_auto_index_on_missing ... FAILED
[INFO] [stdout] test test_color_never ... FAILED
[INFO] [stdout] test test_index_and_search_basic ... FAILED
[INFO] [stdout] test test_ignore_case_preserves_inline_case_sensitive_scope ... FAILED
[INFO] [stdout] test test_non_utf8_text_file_is_reported ... FAILED
[INFO] [stdout] test test_regex_word_boundary ... FAILED
[INFO] [stdout] test test_short_pattern_scans_all ... FAILED
[INFO] [stdout] test test_version_flag ... FAILED
[INFO] [stdout] test test_search_count ... FAILED
[INFO] [stdout] test test_no_match_returns_zero ... FAILED
[INFO] [stdout] test test_reindex_flag ... FAILED
[INFO] [stdout] test test_search_files_only ... FAILED
[INFO] [stdout] 
[INFO] [stdout] failures:
[INFO] [stdout] 
[INFO] [stdout] ---- test_alternation_pattern stdout ----
[INFO] [stdout] 
[INFO] [stdout] thread 'test_alternation_pattern' (878) panicked at tests/integration.rs:50:10:
[INFO] [stdout] failed to run trig: Os { code: 2, kind: NotFound, message: "No such file or directory" }
[INFO] [stdout] stack backtrace:
[INFO] [stdout]    0:     0x5d39d6f1afd5 - <<std[617be2ca0a6fd877]::sys::backtrace::BacktraceLock>::print::DisplayBacktrace as core[a373ad73a504971]::fmt::Display>::fmt
[INFO] [stdout]    1:     0x5d39d6f0236a - core[a373ad73a504971]::fmt::write
[INFO] [stdout]    2:     0x5d39d6f1a66b - <alloc[2e1b2a31b91974c5]::vec::Vec<u8> as core[a373ad73a504971]::io::write::Write>::write_fmt
[INFO] [stdout]    3:     0x5d39d6f1a14f - std[617be2ca0a6fd877]::panicking::default_hook::{closure#0}
[INFO] [stdout]    4:     0x5d39d6f19d7a - std[617be2ca0a6fd877]::panicking::default_hook
[INFO] [stdout]    5:     0x5d39d6f198b5 - std[617be2ca0a6fd877]::panicking::panic_with_hook
[INFO] [stdout]    6:     0x5d39d6f406f1 - std[617be2ca0a6fd877]::panicking::panic_handler::{closure#0}
[INFO] [stdout]    7:     0x5d39d6f406a9 - std[617be2ca0a6fd877]::sys::backtrace::__rust_end_short_backtrace::<std[617be2ca0a6fd877]::panicking::panic_handler::{closure#0}, !>
[INFO] [stdout]    8:     0x5d39d6f40bac - __rustc[ea4f61d10b84890b]::rust_begin_unwind
[INFO] [stdout]    9:     0x5d39d6f021fb - core[a373ad73a504971]::panicking::panic_fmt
[INFO] [stdout]   10:     0x5d39d6f05511 - core[a373ad73a504971]::result::unwrap_failed
[INFO] [stdout]   11:     0x5d39d6efdb4f - integration[5f482278a7331343]::run_trig
[INFO] [stdout]   12:     0x5d39d6eff38d - <integration[5f482278a7331343]::test_alternation_pattern::{closure#0} as core[a373ad73a504971]::ops::function::FnOnce<()>>::call_once
[INFO] [stdout]   13:     0x5d39d6f5b49b - test[aada8e7e76ba119b]::__rust_begin_short_backtrace::<core[a373ad73a504971]::result::Result<(), alloc[2e1b2a31b91974c5]::string::String>, fn() -> core[a373ad73a504971]::result::Result<(), alloc[2e1b2a31b91974c5]::string::String>>
[INFO] [stdout]   14:     0x5d39d6f57461 - test[aada8e7e76ba119b]::run_test::{closure#0}
[INFO] [stdout]   15:     0x5d39d6f56c4c - std[617be2ca0a6fd877]::sys::backtrace::__rust_begin_short_backtrace::<test[aada8e7e76ba119b]::run_test::{closure#1}, ()>
[INFO] [stdout]   16:     0x5d39d6f768ec - <std[617be2ca0a6fd877]::thread::lifecycle::spawn_unchecked<test[aada8e7e76ba119b]::run_test::{closure#1}, ()>::{closure#1} as core[a373ad73a504971]::ops::function::FnOnce<()>>::call_once::{shim:vtable#0}
[INFO] [stdout]   17:     0x5d39d6f42424 - <std[617be2ca0a6fd877]::sys::thread::unix::Thread>::new::thread_start
[INFO] [stdout]   18:     0x7071d703fdfa - <unknown>
[INFO] [stdout]   19:     0x7071d70d33d4 - clone
[INFO] [stdout]   20:                0x0 - <unknown>
[INFO] [stdout] 
[INFO] [stdout] ---- test_binary_files_skipped stdout ----
[INFO] [stdout] 
[INFO] [stdout] thread 'test_binary_files_skipped' (880) panicked at tests/integration.rs:50:10:
[INFO] [stdout] failed to run trig: Os { code: 2, kind: NotFound, message: "No such file or directory" }
[INFO] [stdout] stack backtrace:
[INFO] [stdout]    0:     0x5d39d6f1afd5 - <<std[617be2ca0a6fd877]::sys::backtrace::BacktraceLock>::print::DisplayBacktrace as core[a373ad73a504971]::fmt::Display>::fmt
[INFO] [stdout]    1:     0x5d39d6f0236a - core[a373ad73a504971]::fmt::write
[INFO] [stdout]    2:     0x5d39d6f1a66b - <alloc[2e1b2a31b91974c5]::vec::Vec<u8> as core[a373ad73a504971]::io::write::Write>::write_fmt
[INFO] [stdout]    3:     0x5d39d6f1a14f - std[617be2ca0a6fd877]::panicking::default_hook::{closure#0}
[INFO] [stdout]    4:     0x5d39d6f19d7a - std[617be2ca0a6fd877]::panicking::default_hook
[INFO] [stdout]    5:     0x5d39d6f198b5 - std[617be2ca0a6fd877]::panicking::panic_with_hook
[INFO] [stdout]    6:     0x5d39d6f406f1 - std[617be2ca0a6fd877]::panicking::panic_handler::{closure#0}
[INFO] [stdout]    7:     0x5d39d6f406a9 - std[617be2ca0a6fd877]::sys::backtrace::__rust_end_short_backtrace::<std[617be2ca0a6fd877]::panicking::panic_handler::{closure#0}, !>
[INFO] [stdout]    8:     0x5d39d6f40bac - __rustc[ea4f61d10b84890b]::rust_begin_unwind
[INFO] [stdout]    9:     0x5d39d6f021fb - core[a373ad73a504971]::panicking::panic_fmt
[INFO] [stdout]   10:     0x5d39d6f05511 - core[a373ad73a504971]::result::unwrap_failed
[INFO] [stdout]   11:     0x5d39d6efdb4f - integration[5f482278a7331343]::run_trig
[INFO] [stdout]   12:     0x5d39d6eff7cd - <integration[5f482278a7331343]::test_binary_files_skipped::{closure#0} as core[a373ad73a504971]::ops::function::FnOnce<()>>::call_once
[INFO] [stdout]   13:     0x5d39d6f5b49b - test[aada8e7e76ba119b]::__rust_begin_short_backtrace::<core[a373ad73a504971]::result::Result<(), alloc[2e1b2a31b91974c5]::string::String>, fn() -> core[a373ad73a504971]::result::Result<(), alloc[2e1b2a31b91974c5]::string::String>>
[INFO] [stdout]   14:     0x5d39d6f57461 - test[aada8e7e76ba119b]::run_test::{closure#0}
[INFO] [stdout]   15:     0x5d39d6f56c4c - std[617be2ca0a6fd877]::sys::backtrace::__rust_begin_short_backtrace::<test[aada8e7e76ba119b]::run_test::{closure#1}, ()>
[INFO] [stdout]   16:     0x5d39d6f768ec - <std[617be2ca0a6fd877]::thread::lifecycle::spawn_unchecked<test[aada8e7e76ba119b]::run_test::{closure#1}, ()>::{closure#1} as core[a373ad73a504971]::ops::function::FnOnce<()>>::call_once::{shim:vtable#0}
[INFO] [stdout]   17:     0x5d39d6f42424 - <std[617be2ca0a6fd877]::sys::thread::unix::Thread>::new::thread_start
[INFO] [stdout]   18:     0x7071d703fdfa - <unknown>
[INFO] [stdout]   19:     0x7071d70d33d4 - clone
[INFO] [stdout]   20:                0x0 - <unknown>
[INFO] [stdout] 
[INFO] [stdout] ---- test_case_insensitive_search stdout ----
[INFO] [stdout] 
[INFO] [stdout] thread 'test_case_insensitive_search' (881) panicked at tests/integration.rs:50:10:
[INFO] [stdout] failed to run trig: Os { code: 2, kind: NotFound, message: "No such file or directory" }
[INFO] [stdout] stack backtrace:
[INFO] [stdout]    0:     0x5d39d6f1afd5 - <<std[617be2ca0a6fd877]::sys::backtrace::BacktraceLock>::print::DisplayBacktrace as core[a373ad73a504971]::fmt::Display>::fmt
[INFO] [stdout]    1:     0x5d39d6f0236a - core[a373ad73a504971]::fmt::write
[INFO] [stdout]    2:     0x5d39d6f1a66b - <alloc[2e1b2a31b91974c5]::vec::Vec<u8> as core[a373ad73a504971]::io::write::Write>::write_fmt
[INFO] [stdout]    3:     0x5d39d6f1a14f - std[617be2ca0a6fd877]::panicking::default_hook::{closure#0}
[INFO] [stdout]    4:     0x5d39d6f19d7a - std[617be2ca0a6fd877]::panicking::default_hook
[INFO] [stdout]    5:     0x5d39d6f198b5 - std[617be2ca0a6fd877]::panicking::panic_with_hook
[INFO] [stdout]    6:     0x5d39d6f406f1 - std[617be2ca0a6fd877]::panicking::panic_handler::{closure#0}
[INFO] [stdout]    7:     0x5d39d6f406a9 - std[617be2ca0a6fd877]::sys::backtrace::__rust_end_short_backtrace::<std[617be2ca0a6fd877]::panicking::panic_handler::{closure#0}, !>
[INFO] [stdout]    8:     0x5d39d6f40bac - __rustc[ea4f61d10b84890b]::rust_begin_unwind
[INFO] [stdout]    9:     0x5d39d6f021fb - core[a373ad73a504971]::panicking::panic_fmt
[INFO] [stdout]   10:     0x5d39d6f05511 - core[a373ad73a504971]::result::unwrap_failed
[INFO] [stdout]   11:     0x5d39d6efdb4f - integration[5f482278a7331343]::run_trig
[INFO] [stdout]   12:     0x5d39d6f00197 - <integration[5f482278a7331343]::test_case_insensitive_search::{closure#0} as core[a373ad73a504971]::ops::function::FnOnce<()>>::call_once
[INFO] [stdout]   13:     0x5d39d6f5b49b - test[aada8e7e76ba119b]::__rust_begin_short_backtrace::<core[a373ad73a504971]::result::Result<(), alloc[2e1b2a31b91974c5]::string::String>, fn() -> core[a373ad73a504971]::result::Result<(), alloc[2e1b2a31b91974c5]::string::String>>
[INFO] [stdout]   14:     0x5d39d6f57461 - test[aada8e7e76ba119b]::run_test::{closure#0}
[INFO] [stdout]   15:     0x5d39d6f56c4c - std[617be2ca0a6fd877]::sys::backtrace::__rust_begin_short_backtrace::<test[aada8e7e76ba119b]::run_test::{closure#1}, ()>
[INFO] [stdout]   16:     0x5d39d6f768ec - <std[617be2ca0a6fd877]::thread::lifecycle::spawn_unchecked<test[aada8e7e76ba119b]::run_test::{closure#1}, ()>::{closure#1} as core[a373ad73a504971]::ops::function::FnOnce<()>>::call_once::{shim:vtable#0}
[INFO] [stdout]   17:     0x5d39d6f42424 - <std[617be2ca0a6fd877]::sys::thread::unix::Thread>::new::thread_start
[INFO] [stdout]   18:     0x7071d703fdfa - <unknown>
[INFO] [stdout]   19:     0x7071d70d33d4 - clone
[INFO] [stdout]   20:                0x0 - <unknown>
[INFO] [stdout] 
[INFO] [stdout] ---- test_auto_index_on_missing stdout ----
[INFO] [stdout] 
[INFO] [stdout] thread 'test_auto_index_on_missing' (879) panicked at tests/integration.rs:50:10:
[INFO] [stdout] failed to run trig: Os { code: 2, kind: NotFound, message: "No such file or directory" }
[INFO] [stdout] stack backtrace:
[INFO] [stdout]    0:     0x5d39d6f1afd5 - <<std[617be2ca0a6fd877]::sys::backtrace::BacktraceLock>::print::DisplayBacktrace as core[a373ad73a504971]::fmt::Display>::fmt
[INFO] [stdout]    1:     0x5d39d6f0236a - core[a373ad73a504971]::fmt::write
[INFO] [stdout]    2:     0x5d39d6f1a66b - <alloc[2e1b2a31b91974c5]::vec::Vec<u8> as core[a373ad73a504971]::io::write::Write>::write_fmt
[INFO] [stdout]    3:     0x5d39d6f1a14f - std[617be2ca0a6fd877]::panicking::default_hook::{closure#0}
[INFO] [stdout]    4:     0x5d39d6f19d7a - std[617be2ca0a6fd877]::panicking::default_hook
[INFO] [stdout]    5:     0x5d39d6f198b5 - std[617be2ca0a6fd877]::panicking::panic_with_hook
[INFO] [stdout]    6:     0x5d39d6f406f1 - std[617be2ca0a6fd877]::panicking::panic_handler::{closure#0}
[INFO] [stdout]    7:     0x5d39d6f406a9 - std[617be2ca0a6fd877]::sys::backtrace::__rust_end_short_backtrace::<std[617be2ca0a6fd877]::panicking::panic_handler::{closure#0}, !>
[INFO] [stdout]    8:     0x5d39d6f40bac - __rustc[ea4f61d10b84890b]::rust_begin_unwind
[INFO] [stdout]    9:     0x5d39d6f021fb - core[a373ad73a504971]::panicking::panic_fmt
[INFO] [stdout]   10:     0x5d39d6f05511 - core[a373ad73a504971]::result::unwrap_failed
[INFO] [stdout]   11:     0x5d39d6efdb4f - integration[5f482278a7331343]::run_trig
[INFO] [stdout]   12:     0x5d39d6eff99d - <integration[5f482278a7331343]::test_auto_index_on_missing::{closure#0} as core[a373ad73a504971]::ops::function::FnOnce<()>>::call_once
[INFO] [stdout]   13:     0x5d39d6f5b49b - test[aada8e7e76ba119b]::__rust_begin_short_backtrace::<core[a373ad73a504971]::result::Result<(), alloc[2e1b2a31b91974c5]::string::String>, fn() -> core[a373ad73a504971]::result::Result<(), alloc[2e1b2a31b91974c5]::string::String>>
[INFO] [stdout]   14:     0x5d39d6f57461 - test[aada8e7e76ba119b]::run_test::{closure#0}
[INFO] [stdout]   15:     0x5d39d6f56c4c - std[617be2ca0a6fd877]::sys::backtrace::__rust_begin_short_backtrace::<test[aada8e7e76ba119b]::run_test::{closure#1}, ()>
[INFO] [stdout]   16:     0x5d39d6f768ec - <std[617be2ca0a6fd877]::thread::lifecycle::spawn_unchecked<test[aada8e7e76ba119b]::run_test::{closure#1}, ()>::{closure#1} as core[a373ad73a504971]::ops::function::FnOnce<()>>::call_once::{shim:vtable#0}
[INFO] [stdout]   17:     0x5d39d6f42424 - <std[617be2ca0a6fd877]::sys::thread::unix::Thread>::new::thread_start
[INFO] [stdout]   18:     0x7071d703fdfa - <unknown>
[INFO] [stdout]   19:     0x7071d70d33d4 - clone
[INFO] [stdout]   20:                0x0 - <unknown>
[INFO] [stdout] 
[INFO] [stdout] ---- test_color_never stdout ----
[INFO] [stdout] 
[INFO] [stdout] thread 'test_color_never' (884) panicked at tests/integration.rs:50:10:
[INFO] [stdout] failed to run trig: Os { code: 2, kind: NotFound, message: "No such file or directory" }
[INFO] [stdout] stack backtrace:
[INFO] [stdout]    0:     0x5d39d6f1afd5 - <<std[617be2ca0a6fd877]::sys::backtrace::BacktraceLock>::print::DisplayBacktrace as core[a373ad73a504971]::fmt::Display>::fmt
[INFO] [stdout]    1:     0x5d39d6f0236a - core[a373ad73a504971]::fmt::write
[INFO] [stdout]    2:     0x5d39d6f1a66b - <alloc[2e1b2a31b91974c5]::vec::Vec<u8> as core[a373ad73a504971]::io::write::Write>::write_fmt
[INFO] [stdout]    3:     0x5d39d6f1a14f - std[617be2ca0a6fd877]::panicking::default_hook::{closure#0}
[INFO] [stdout]    4:     0x5d39d6f19d7a - std[617be2ca0a6fd877]::panicking::default_hook
[INFO] [stdout]    5:     0x5d39d6f198b5 - std[617be2ca0a6fd877]::panicking::panic_with_hook
[INFO] [stdout]    6:     0x5d39d6f406f1 - std[617be2ca0a6fd877]::panicking::panic_handler::{closure#0}
[INFO] [stdout]    7:     0x5d39d6f406a9 - std[617be2ca0a6fd877]::sys::backtrace::__rust_end_short_backtrace::<std[617be2ca0a6fd877]::panicking::panic_handler::{closure#0}, !>
[INFO] [stdout]    8:     0x5d39d6f40bac - __rustc[ea4f61d10b84890b]::rust_begin_unwind
[INFO] [stdout]    9:     0x5d39d6f021fb - core[a373ad73a504971]::panicking::panic_fmt
[INFO] [stdout]   10:     0x5d39d6f05511 - core[a373ad73a504971]::result::unwrap_failed
[INFO] [stdout]   11:     0x5d39d6efdb4f - integration[5f482278a7331343]::run_trig
[INFO] [stdout]   12:     0x5d39d6efe65d - <integration[5f482278a7331343]::test_color_never::{closure#0} as core[a373ad73a504971]::ops::function::FnOnce<()>>::call_once
[INFO] [stdout]   13:     0x5d39d6f5b49b - test[aada8e7e76ba119b]::__rust_begin_short_backtrace::<core[a373ad73a504971]::result::Result<(), alloc[2e1b2a31b91974c5]::string::String>, fn() -> core[a373ad73a504971]::result::Result<(), alloc[2e1b2a31b91974c5]::string::String>>
[INFO] [stdout]   14:     0x5d39d6f57461 - test[aada8e7e76ba119b]::run_test::{closure#0}
[INFO] [stdout]   15:     0x5d39d6f56c4c - std[617be2ca0a6fd877]::sys::backtrace::__rust_begin_short_backtrace::<test[aada8e7e76ba119b]::run_test::{closure#1}, ()>
[INFO] [stdout]   16:     0x5d39d6f768ec - <std[617be2ca0a6fd877]::thread::lifecycle::spawn_unchecked<test[aada8e7e76ba119b]::run_test::{closure#1}, ()>::{closure#1} as core[a373ad73a504971]::ops::function::FnOnce<()>>::call_once::{shim:vtable#0}
[INFO] [stdout]   17:     0x5d39d6f42424 - <std[617be2ca0a6fd877]::sys::thread::unix::Thread>::new::thread_start
[INFO] [stdout]   18:     0x7071d703fdfa - <unknown>
[INFO] [stdout]   19:     0x7071d70d33d4 - clone
[INFO] [stdout]   20:                0x0 - <unknown>
[INFO] [stdout] 
[INFO] [stdout] ---- test_index_and_search_basic stdout ----
[INFO] [stdout] 
[INFO] [stdout] thread 'test_index_and_search_basic' (886) panicked at tests/integration.rs:50:10:
[INFO] [stdout] failed to run trig: Os { code: 2, kind: NotFound, message: "No such file or directory" }
[INFO] [stdout] stack backtrace:
[INFO] [stdout]    0:     0x5d39d6f1afd5 - <<std[617be2ca0a6fd877]::sys::backtrace::BacktraceLock>::print::DisplayBacktrace as core[a373ad73a504971]::fmt::Display>::fmt
[INFO] [stdout]    1:     0x5d39d6f0236a - core[a373ad73a504971]::fmt::write
[INFO] [stdout]    2:     0x5d39d6f1a66b - <alloc[2e1b2a31b91974c5]::vec::Vec<u8> as core[a373ad73a504971]::io::write::Write>::write_fmt
[INFO] [stdout]    3:     0x5d39d6f1a14f - std[617be2ca0a6fd877]::panicking::default_hook::{closure#0}
[INFO] [stdout]    4:     0x5d39d6f19d7a - std[617be2ca0a6fd877]::panicking::default_hook
[INFO] [stdout]    5:     0x5d39d6f198b5 - std[617be2ca0a6fd877]::panicking::panic_with_hook
[INFO] [stdout]    6:     0x5d39d6f406f1 - std[617be2ca0a6fd877]::panicking::panic_handler::{closure#0}
[INFO] [stdout]    7:     0x5d39d6f406a9 - std[617be2ca0a6fd877]::sys::backtrace::__rust_end_short_backtrace::<std[617be2ca0a6fd877]::panicking::panic_handler::{closure#0}, !>
[INFO] [stdout]    8:     0x5d39d6f40bac - __rustc[ea4f61d10b84890b]::rust_begin_unwind
[INFO] [stdout]    9:     0x5d39d6f021fb - core[a373ad73a504971]::panicking::panic_fmt
[INFO] [stdout]   10:     0x5d39d6f05511 - core[a373ad73a504971]::result::unwrap_failed
[INFO] [stdout]   11:     0x5d39d6efdb4f - integration[5f482278a7331343]::run_trig
[INFO] [stdout]   12:     0x5d39d6effd99 - <integration[5f482278a7331343]::test_index_and_search_basic::{closure#0} as core[a373ad73a504971]::ops::function::FnOnce<()>>::call_once
[INFO] [stdout]   13:     0x5d39d6f5b49b - test[aada8e7e76ba119b]::__rust_begin_short_backtrace::<core[a373ad73a504971]::result::Result<(), alloc[2e1b2a31b91974c5]::string::String>, fn() -> core[a373ad73a504971]::result::Result<(), alloc[2e1b2a31b91974c5]::string::String>>
[INFO] [stdout]   14:     0x5d39d6f57461 - test[aada8e7e76ba119b]::run_test::{closure#0}
[INFO] [stdout]   15:     0x5d39d6f56c4c - std[617be2ca0a6fd877]::sys::backtrace::__rust_begin_short_backtrace::<test[aada8e7e76ba119b]::run_test::{closure#1}, ()>
[INFO] [stdout]   16:     0x5d39d6f768ec - <std[617be2ca0a6fd877]::thread::lifecycle::spawn_unchecked<test[aada8e7e76ba119b]::run_test::{closure#1}, ()>::{closure#1} as core[a373ad73a504971]::ops::function::FnOnce<()>>::call_once::{shim:vtable#0}
[INFO] [stdout]   17:     0x5d39d6f42424 - <std[617be2ca0a6fd877]::sys::thread::unix::Thread>::new::thread_start
[INFO] [stdout]   18:     0x7071d703fdfa - <unknown>
[INFO] [stdout]   19:     0x7071d70d33d4 - clone
[INFO] [stdout]   20:                0x0 - <unknown>
[INFO] [stdout] 
[INFO] [stdout] ---- test_ignore_case_preserves_inline_case_sensitive_scope stdout ----
[INFO] [stdout] 
[INFO] [stdout] thread 'test_ignore_case_preserves_inline_case_sensitive_scope' (885) panicked at tests/integration.rs:50:10:
[INFO] [stdout] failed to run trig: Os { code: 2, kind: NotFound, message: "No such file or directory" }
[INFO] [stdout] stack backtrace:
[INFO] [stdout]    0:     0x5d39d6f1afd5 - <<std[617be2ca0a6fd877]::sys::backtrace::BacktraceLock>::print::DisplayBacktrace as core[a373ad73a504971]::fmt::Display>::fmt
[INFO] [stdout]    1:     0x5d39d6f0236a - core[a373ad73a504971]::fmt::write
[INFO] [stdout]    2:     0x5d39d6f1a66b - <alloc[2e1b2a31b91974c5]::vec::Vec<u8> as core[a373ad73a504971]::io::write::Write>::write_fmt
[INFO] [stdout]    3:     0x5d39d6f1a14f - std[617be2ca0a6fd877]::panicking::default_hook::{closure#0}
[INFO] [stdout]    4:     0x5d39d6f19d7a - std[617be2ca0a6fd877]::panicking::default_hook
[INFO] [stdout]    5:     0x5d39d6f198b5 - std[617be2ca0a6fd877]::panicking::panic_with_hook
[INFO] [stdout]    6:     0x5d39d6f406f1 - std[617be2ca0a6fd877]::panicking::panic_handler::{closure#0}
[INFO] [stdout]    7:     0x5d39d6f406a9 - std[617be2ca0a6fd877]::sys::backtrace::__rust_end_short_backtrace::<std[617be2ca0a6fd877]::panicking::panic_handler::{closure#0}, !>
[INFO] [stdout]    8:     0x5d39d6f40bac - __rustc[ea4f61d10b84890b]::rust_begin_unwind
[INFO] [stdout]    9:     0x5d39d6f021fb - core[a373ad73a504971]::panicking::panic_fmt
[INFO] [stdout]   10:     0x5d39d6f05511 - core[a373ad73a504971]::result::unwrap_failed
[INFO] [stdout]   11:     0x5d39d6efdb4f - integration[5f482278a7331343]::run_trig
[INFO] [stdout]   12:     0x5d39d6f00a06 - <integration[5f482278a7331343]::test_ignore_case_preserves_inline_case_sensitive_scope::{closure#0} as core[a373ad73a504971]::ops::function::FnOnce<()>>::call_once
[INFO] [stdout]   13:     0x5d39d6f5b49b - test[aada8e7e76ba119b]::__rust_begin_short_backtrace::<core[a373ad73a504971]::result::Result<(), alloc[2e1b2a31b91974c5]::string::String>, fn() -> core[a373ad73a504971]::result::Result<(), alloc[2e1b2a31b91974c5]::string::String>>
[INFO] [stdout]   14:     0x5d39d6f57461 - test[aada8e7e76ba119b]::run_test::{closure#0}
[INFO] [stdout]   15:     0x5d39d6f56c4c - std[617be2ca0a6fd877]::sys::backtrace::__rust_begin_short_backtrace::<test[aada8e7e76ba119b]::run_test::{closure#1}, ()>
[INFO] [stdout]   16:     0x5d39d6f768ec - <std[617be2ca0a6fd877]::thread::lifecycle::spawn_unchecked<test[aada8e7e76ba119b]::run_test::{closure#1}, ()>::{closure#1} as core[a373ad73a504971]::ops::function::FnOnce<()>>::call_once::{shim:vtable#0}
[INFO] [stdout]   17:     0x5d39d6f42424 - <std[617be2ca0a6fd877]::sys::thread::unix::Thread>::new::thread_start
[INFO] [stdout]   18:     0x7071d703fdfa - <unknown>
[INFO] [stdout]   19:     0x7071d70d33d4 - clone
[INFO] [stdout]   20:                0x0 - <unknown>
[INFO] [stdout] 
[INFO] [stdout] ---- test_non_utf8_text_file_is_reported stdout ----
[INFO] [stdout] 
[INFO] [stdout] thread 'test_non_utf8_text_file_is_reported' (894) panicked at tests/integration.rs:50:10:
[INFO] [stdout] failed to run trig: Os { code: 2, kind: NotFound, message: "No such file or directory" }
[INFO] [stdout] stack backtrace:
[INFO] [stdout]    0:     0x5d39d6f1afd5 - <<std[617be2ca0a6fd877]::sys::backtrace::BacktraceLock>::print::DisplayBacktrace as core[a373ad73a504971]::fmt::Display>::fmt
[INFO] [stdout]    1:     0x5d39d6f0236a - core[a373ad73a504971]::fmt::write
[INFO] [stdout]    2:     0x5d39d6f1a66b - <alloc[2e1b2a31b91974c5]::vec::Vec<u8> as core[a373ad73a504971]::io::write::Write>::write_fmt
[INFO] [stdout]    3:     0x5d39d6f1a14f - std[617be2ca0a6fd877]::panicking::default_hook::{closure#0}
[INFO] [stdout]    4:     0x5d39d6f19d7a - std[617be2ca0a6fd877]::panicking::default_hook
[INFO] [stdout]    5:     0x5d39d6f198b5 - std[617be2ca0a6fd877]::panicking::panic_with_hook
[INFO] [stdout]    6:     0x5d39d6f406f1 - std[617be2ca0a6fd877]::panicking::panic_handler::{closure#0}
[INFO] [stdout]    7:     0x5d39d6f406a9 - std[617be2ca0a6fd877]::sys::backtrace::__rust_end_short_backtrace::<std[617be2ca0a6fd877]::panicking::panic_handler::{closure#0}, !>
[INFO] [stdout]    8:     0x5d39d6f40bac - __rustc[ea4f61d10b84890b]::rust_begin_unwind
[INFO] [stdout]    9:     0x5d39d6f021fb - core[a373ad73a504971]::panicking::panic_fmt
[INFO] [stdout]   10:     0x5d39d6f05511 - core[a373ad73a504971]::result::unwrap_failed
[INFO] [stdout]   11:     0x5d39d6efdb4f - integration[5f482278a7331343]::run_trig
[INFO] [stdout]   12:     0x5d39d6f006a6 - <integration[5f482278a7331343]::test_non_utf8_text_file_is_reported::{closure#0} as core[a373ad73a504971]::ops::function::FnOnce<()>>::call_once
[INFO] [stdout]   13:     0x5d39d6f5b49b - test[aada8e7e76ba119b]::__rust_begin_short_backtrace::<core[a373ad73a504971]::result::Result<(), alloc[2e1b2a31b91974c5]::string::String>, fn() -> core[a373ad73a504971]::result::Result<(), alloc[2e1b2a31b91974c5]::string::String>>
[INFO] [stdout]   14:     0x5d39d6f57461 - test[aada8e7e76ba119b]::run_test::{closure#0}
[INFO] [stdout]   15:     0x5d39d6f56c4c - std[617be2ca0a6fd877]::sys::backtrace::__rust_begin_short_backtrace::<test[aada8e7e76ba119b]::run_test::{closure#1}, ()>
[INFO] [stdout]   16:     0x5d39d6f768ec - <std[617be2ca0a6fd877]::thread::lifecycle::spawn_unchecked<test[aada8e7e76ba119b]::run_test::{closure#1}, ()>::{closure#1} as core[a373ad73a504971]::ops::function::FnOnce<()>>::call_once::{shim:vtable#0}
[INFO] [stdout]   17:     0x5d39d6f42424 - <std[617be2ca0a6fd877]::sys::thread::unix::Thread>::new::thread_start
[INFO] [stdout]   18:     0x7071d703fdfa - <unknown>
[INFO] [stdout]   19:     0x7071d70d33d4 - clone
[INFO] [stdout]   20:                0x0 - <unknown>
[INFO] [stdout] 
[INFO] [stdout] ---- test_regex_word_boundary stdout ----
[INFO] [stdout] 
[INFO] [stdout] thread 'test_regex_word_boundary' (896) panicked at tests/integration.rs:50:10:
[INFO] [stdout] failed to run trig: Os { code: 2, kind: NotFound, message: "No such file or directory" }
[INFO] [stdout] stack backtrace:
[INFO] [stdout]    0:     0x5d39d6f1afd5 - <<std[617be2ca0a6fd877]::sys::backtrace::BacktraceLock>::print::DisplayBacktrace as core[a373ad73a504971]::fmt::Display>::fmt
[INFO] [stdout]    1:     0x5d39d6f0236a - core[a373ad73a504971]::fmt::write
[INFO] [stdout]    2:     0x5d39d6f1a66b - <alloc[2e1b2a31b91974c5]::vec::Vec<u8> as core[a373ad73a504971]::io::write::Write>::write_fmt
[INFO] [stdout]    3:     0x5d39d6f1a14f - std[617be2ca0a6fd877]::panicking::default_hook::{closure#0}
[INFO] [stdout]    4:     0x5d39d6f19d7a - std[617be2ca0a6fd877]::panicking::default_hook
[INFO] [stdout]    5:     0x5d39d6f198b5 - std[617be2ca0a6fd877]::panicking::panic_with_hook
[INFO] [stdout]    6:     0x5d39d6f406f1 - std[617be2ca0a6fd877]::panicking::panic_handler::{closure#0}
[INFO] [stdout]    7:     0x5d39d6f406a9 - std[617be2ca0a6fd877]::sys::backtrace::__rust_end_short_backtrace::<std[617be2ca0a6fd877]::panicking::panic_handler::{closure#0}, !>
[INFO] [stdout]    8:     0x5d39d6f40bac - __rustc[ea4f61d10b84890b]::rust_begin_unwind
[INFO] [stdout]    9:     0x5d39d6f021fb - core[a373ad73a504971]::panicking::panic_fmt
[INFO] [stdout]   10:     0x5d39d6f05511 - core[a373ad73a504971]::result::unwrap_failed
[INFO] [stdout]   11:     0x5d39d6efdb4f - integration[5f482278a7331343]::run_trig
[INFO] [stdout]   12:     0x5d39d6eff5fd - <integration[5f482278a7331343]::test_regex_word_boundary::{closure#0} as core[a373ad73a504971]::ops::function::FnOnce<()>>::call_once
[INFO] [stdout]   13:     0x5d39d6f5b49b - test[aada8e7e76ba119b]::__rust_begin_short_backtrace::<core[a373ad73a504971]::result::Result<(), alloc[2e1b2a31b91974c5]::string::String>, fn() -> core[a373ad73a504971]::result::Result<(), alloc[2e1b2a31b91974c5]::string::String>>
[INFO] [stdout]   14:     0x5d39d6f57461 - test[aada8e7e76ba119b]::run_test::{closure#0}
[INFO] [stdout]   15:     0x5d39d6f56c4c - std[617be2ca0a6fd877]::sys::backtrace::__rust_begin_short_backtrace::<test[aada8e7e76ba119b]::run_test::{closure#1}, ()>
[INFO] [stdout]   16:     0x5d39d6f768ec - <std[617be2ca0a6fd877]::thread::lifecycle::spawn_unchecked<test[aada8e7e76ba119b]::run_test::{closure#1}, ()>::{closure#1} as core[a373ad73a504971]::ops::function::FnOnce<()>>::call_once::{shim:vtable#0}
[INFO] [stdout]   17:     0x5d39d6f42424 - <std[617be2ca0a6fd877]::sys::thread::unix::Thread>::new::thread_start
[INFO] [stdout]   18:     0x7071d703fdfa - <unknown>
[INFO] [stdout]   19:     0x7071d70d33d4 - clone
[INFO] [stdout]   20:                0x0 - <unknown>
[INFO] [stdout] 
[INFO] [stdout] ---- test_short_pattern_scans_all stdout ----
[INFO] [stdout] 
[INFO] [stdout] thread 'test_short_pattern_scans_all' (902) panicked at tests/integration.rs:50:10:
[INFO] [stdout] failed to run trig: Os { code: 2, kind: NotFound, message: "No such file or directory" }
[INFO] [stdout] stack backtrace:
[INFO] [stdout]    0:     0x5d39d6f1afd5 - <<std[617be2ca0a6fd877]::sys::backtrace::BacktraceLock>::print::DisplayBacktrace as core[a373ad73a504971]::fmt::Display>::fmt
[INFO] [stdout]    1:     0x5d39d6f0236a - core[a373ad73a504971]::fmt::write
[INFO] [stdout]    2:     0x5d39d6f1a66b - <alloc[2e1b2a31b91974c5]::vec::Vec<u8> as core[a373ad73a504971]::io::write::Write>::write_fmt
[INFO] [stdout]    3:     0x5d39d6f1a14f - std[617be2ca0a6fd877]::panicking::default_hook::{closure#0}
[INFO] [stdout]    4:     0x5d39d6f19d7a - std[617be2ca0a6fd877]::panicking::default_hook
[INFO] [stdout]    5:     0x5d39d6f198b5 - std[617be2ca0a6fd877]::panicking::panic_with_hook
[INFO] [stdout]    6:     0x5d39d6f406f1 - std[617be2ca0a6fd877]::panicking::panic_handler::{closure#0}
[INFO] [stdout]    7:     0x5d39d6f406a9 - std[617be2ca0a6fd877]::sys::backtrace::__rust_end_short_backtrace::<std[617be2ca0a6fd877]::panicking::panic_handler::{closure#0}, !>
[INFO] [stdout]    8:     0x5d39d6f40bac - __rustc[ea4f61d10b84890b]::rust_begin_unwind
[INFO] [stdout]    9:     0x5d39d6f021fb - core[a373ad73a504971]::panicking::panic_fmt
[INFO] [stdout]   10:     0x5d39d6f05511 - core[a373ad73a504971]::result::unwrap_failed
[INFO] [stdout]   11:     0x5d39d6efdb4f - integration[5f482278a7331343]::run_trig
[INFO] [stdout]   12:     0x5d39d6f0041d - <integration[5f482278a7331343]::test_short_pattern_scans_all::{closure#0} as core[a373ad73a504971]::ops::function::FnOnce<()>>::call_once
[INFO] [stdout]   13:     0x5d39d6f5b49b - test[aada8e7e76ba119b]::__rust_begin_short_backtrace::<core[a373ad73a504971]::result::Result<(), alloc[2e1b2a31b91974c5]::string::String>, fn() -> core[a373ad73a504971]::result::Result<(), alloc[2e1b2a31b91974c5]::string::String>>
[INFO] [stdout]   14:     0x5d39d6f57461 - test[aada8e7e76ba119b]::run_test::{closure#0}
[INFO] [stdout]   15:     0x5d39d6f56c4c - std[617be2ca0a6fd877]::sys::backtrace::__rust_begin_short_backtrace::<test[aada8e7e76ba119b]::run_test::{closure#1}, ()>
[INFO] [stdout]   16:     0x5d39d6f768ec - <std[617be2ca0a6fd877]::thread::lifecycle::spawn_unchecked<test[aada8e7e76ba119b]::run_test::{closure#1}, ()>::{closure#1} as core[a373ad73a504971]::ops::function::FnOnce<()>>::call_once::{shim:vtable#0}
[INFO] [stdout]   17:     0x5d39d6f42424 - <std[617be2ca0a6fd877]::sys::thread::unix::Thread>::new::thread_start
[INFO] [stdout]   18:     0x7071d703fdfa - <unknown>
[INFO] [stdout]   19:     0x7071d70d33d4 - clone
[INFO] [stdout]   20:                0x0 - <unknown>
[INFO] [stdout] 
[INFO] [stdout] ---- test_version_flag stdout ----
[INFO] [stdout] 
[INFO] [stdout] thread 'test_version_flag' (903) panicked at tests/integration.rs:50:10:
[INFO] [stdout] failed to run trig: Os { code: 2, kind: NotFound, message: "No such file or directory" }
[INFO] [stdout] stack backtrace:
[INFO] [stdout]    0:     0x5d39d6f1afd5 - <<std[617be2ca0a6fd877]::sys::backtrace::BacktraceLock>::print::DisplayBacktrace as core[a373ad73a504971]::fmt::Display>::fmt
[INFO] [stdout]    1:     0x5d39d6f0236a - core[a373ad73a504971]::fmt::write
[INFO] [stdout]    2:     0x5d39d6f1a66b - <alloc[2e1b2a31b91974c5]::vec::Vec<u8> as core[a373ad73a504971]::io::write::Write>::write_fmt
[INFO] [stdout]    3:     0x5d39d6f1a14f - std[617be2ca0a6fd877]::panicking::default_hook::{closure#0}
[INFO] [stdout]    4:     0x5d39d6f19d7a - std[617be2ca0a6fd877]::panicking::default_hook
[INFO] [stdout]    5:     0x5d39d6f198b5 - std[617be2ca0a6fd877]::panicking::panic_with_hook
[INFO] [stdout]    6:     0x5d39d6f406f1 - std[617be2ca0a6fd877]::panicking::panic_handler::{closure#0}
[INFO] [stdout]    7:     0x5d39d6f406a9 - std[617be2ca0a6fd877]::sys::backtrace::__rust_end_short_backtrace::<std[617be2ca0a6fd877]::panicking::panic_handler::{closure#0}, !>
[INFO] [stdout]    8:     0x5d39d6f40bac - __rustc[ea4f61d10b84890b]::rust_begin_unwind
[INFO] [stdout]    9:     0x5d39d6f021fb - core[a373ad73a504971]::panicking::panic_fmt
[INFO] [stdout]   10:     0x5d39d6f05511 - core[a373ad73a504971]::result::unwrap_failed
[INFO] [stdout]   11:     0x5d39d6efdb4f - integration[5f482278a7331343]::run_trig
[INFO] [stdout]   12:     0x5d39d6efee42 - <integration[5f482278a7331343]::test_version_flag::{closure#0} as core[a373ad73a504971]::ops::function::FnOnce<()>>::call_once
[INFO] [stdout]   13:     0x5d39d6f5b49b - test[aada8e7e76ba119b]::__rust_begin_short_backtrace::<core[a373ad73a504971]::result::Result<(), alloc[2e1b2a31b91974c5]::string::String>, fn() -> core[a373ad73a504971]::result::Result<(), alloc[2e1b2a31b91974c5]::string::String>>
[INFO] [stdout]   14:     0x5d39d6f57461 - test[aada8e7e76ba119b]::run_test::{closure#0}
[INFO] [stdout]   15:     0x5d39d6f56c4c - std[617be2ca0a6fd877]::sys::backtrace::__rust_begin_short_backtrace::<test[aada8e7e76ba119b]::run_test::{closure#1}, ()>
[INFO] [stdout]   16:     0x5d39d6f768ec - <std[617be2ca0a6fd877]::thread::lifecycle::spawn_unchecked<test[aada8e7e76ba119b]::run_test::{closure#1}, ()>::{closure#1} as core[a373ad73a504971]::ops::function::FnOnce<()>>::call_once::{shim:vtable#0}
[INFO] [stdout]   17:     0x5d39d6f42424 - <std[617be2ca0a6fd877]::sys::thread::unix::Thread>::new::thread_start
[INFO] [stdout]   18:     0x7071d703fdfa - <unknown>
[INFO] [stdout]   19:     0x7071d70d33d4 - clone
[INFO] [stdout]   20:                0x0 - <unknown>
[INFO] [stdout] 
[INFO] [stdout] ---- test_search_count stdout ----
[INFO] [stdout] 
[INFO] [stdout] thread 'test_search_count' (898) panicked at tests/integration.rs:50:10:
[INFO] [stdout] failed to run trig: Os { code: 2, kind: NotFound, message: "No such file or directory" }
[INFO] [stdout] stack backtrace:
[INFO] [stdout]    0:     0x5d39d6f1afd5 - <<std[617be2ca0a6fd877]::sys::backtrace::BacktraceLock>::print::DisplayBacktrace as core[a373ad73a504971]::fmt::Display>::fmt
[INFO] [stdout]    1:     0x5d39d6f0236a - core[a373ad73a504971]::fmt::write
[INFO] [stdout]    2:     0x5d39d6f1a66b - <alloc[2e1b2a31b91974c5]::vec::Vec<u8> as core[a373ad73a504971]::io::write::Write>::write_fmt
[INFO] [stdout]    3:     0x5d39d6f1a14f - std[617be2ca0a6fd877]::panicking::default_hook::{closure#0}
[INFO] [stdout]    4:     0x5d39d6f19d7a - std[617be2ca0a6fd877]::panicking::default_hook
[INFO] [stdout]    5:     0x5d39d6f198b5 - std[617be2ca0a6fd877]::panicking::panic_with_hook
[INFO] [stdout]    6:     0x5d39d6f406f1 - std[617be2ca0a6fd877]::panicking::panic_handler::{closure#0}
[INFO] [stdout]    7:     0x5d39d6f406a9 - std[617be2ca0a6fd877]::sys::backtrace::__rust_end_short_backtrace::<std[617be2ca0a6fd877]::panicking::panic_handler::{closure#0}, !>
[INFO] [stdout]    8:     0x5d39d6f40bac - __rustc[ea4f61d10b84890b]::rust_begin_unwind
[INFO] [stdout]    9:     0x5d39d6f021fb - core[a373ad73a504971]::panicking::panic_fmt
[INFO] [stdout]   10:     0x5d39d6f05511 - core[a373ad73a504971]::result::unwrap_failed
[INFO] [stdout]   11:     0x5d39d6efdb4f - integration[5f482278a7331343]::run_trig
[INFO] [stdout]   12:     0x5d39d6efeb5d - <integration[5f482278a7331343]::test_search_count::{closure#0} as core[a373ad73a504971]::ops::function::FnOnce<()>>::call_once
[INFO] [stdout]   13:     0x5d39d6f5b49b - test[aada8e7e76ba119b]::__rust_begin_short_backtrace::<core[a373ad73a504971]::result::Result<(), alloc[2e1b2a31b91974c5]::string::String>, fn() -> core[a373ad73a504971]::result::Result<(), alloc[2e1b2a31b91974c5]::string::String>>
[INFO] [stdout]   14:     0x5d39d6f57461 - test[aada8e7e76ba119b]::run_test::{closure#0}
[INFO] [stdout]   15:     0x5d39d6f56c4c - std[617be2ca0a6fd877]::sys::backtrace::__rust_begin_short_backtrace::<test[aada8e7e76ba119b]::run_test::{closure#1}, ()>
[INFO] [stdout]   16:     0x5d39d6f768ec - <std[617be2ca0a6fd877]::thread::lifecycle::spawn_unchecked<test[aada8e7e76ba119b]::run_test::{closure#1}, ()>::{closure#1} as core[a373ad73a504971]::ops::function::FnOnce<()>>::call_once::{shim:vtable#0}
[INFO] [stdout]   17:     0x5d39d6f42424 - <std[617be2ca0a6fd877]::sys::thread::unix::Thread>::new::thread_start
[INFO] [stdout]   18:     0x7071d703fdfa - <unknown>
[INFO] [stdout]   19:     0x7071d70d33d4 - clone
[INFO] [stdout]   20:                0x0 - <unknown>
[INFO] [stdout] 
[INFO] [stdout] ---- test_no_match_returns_zero stdout ----
[INFO] [stdout] 
[INFO] [stdout] thread 'test_no_match_returns_zero' (887) panicked at tests/integration.rs:50:10:
[INFO] [stdout] failed to run trig: Os { code: 2, kind: NotFound, message: "No such file or directory" }
[INFO] [stdout] stack backtrace:
[INFO] [stdout]    0:     0x5d39d6f1afd5 - <<std[617be2ca0a6fd877]::sys::backtrace::BacktraceLock>::print::DisplayBacktrace as core[a373ad73a504971]::fmt::Display>::fmt
[INFO] [stdout]    1:     0x5d39d6f0236a - core[a373ad73a504971]::fmt::write
[INFO] [stdout]    2:     0x5d39d6f1a66b - <alloc[2e1b2a31b91974c5]::vec::Vec<u8> as core[a373ad73a504971]::io::write::Write>::write_fmt
[INFO] [stdout]    3:     0x5d39d6f1a14f - std[617be2ca0a6fd877]::panicking::default_hook::{closure#0}
[INFO] [stdout]    4:     0x5d39d6f19d7a - std[617be2ca0a6fd877]::panicking::default_hook
[INFO] [stdout]    5:     0x5d39d6f198b5 - std[617be2ca0a6fd877]::panicking::panic_with_hook
[INFO] [stdout]    6:     0x5d39d6f406f1 - std[617be2ca0a6fd877]::panicking::panic_handler::{closure#0}
[INFO] [stdout]    7:     0x5d39d6f406a9 - std[617be2ca0a6fd877]::sys::backtrace::__rust_end_short_backtrace::<std[617be2ca0a6fd877]::panicking::panic_handler::{closure#0}, !>
[INFO] [stdout]    8:     0x5d39d6f40bac - __rustc[ea4f61d10b84890b]::rust_begin_unwind
[INFO] [stdout]    9:     0x5d39d6f021fb - core[a373ad73a504971]::panicking::panic_fmt
[INFO] [stdout]   10:     0x5d39d6f05511 - core[a373ad73a504971]::result::unwrap_failed
[INFO] [stdout]   11:     0x5d39d6efdb4f - integration[5f482278a7331343]::run_trig
[INFO] [stdout]   12:     0x5d39d6effbcb - <integration[5f482278a7331343]::test_no_match_returns_zero::{closure#0} as core[a373ad73a504971]::ops::function::FnOnce<()>>::call_once
[INFO] [stdout]   13:     0x5d39d6f5b49b - test[aada8e7e76ba119b]::__rust_begin_short_backtrace::<core[a373ad73a504971]::result::Result<(), alloc[2e1b2a31b91974c5]::string::String>, fn() -> core[a373ad73a504971]::result::Result<(), alloc[2e1b2a31b91974c5]::string::String>>
[INFO] [stdout]   14:     0x5d39d6f57461 - test[aada8e7e76ba119b]::run_test::{closure#0}
[INFO] [stdout]   15:     0x5d39d6f56c4c - std[617be2ca0a6fd877]::sys::backtrace::__rust_begin_short_backtrace::<test[aada8e7e76ba119b]::run_test::{closure#1}, ()>
[INFO] [stdout]   16:     0x5d39d6f768ec - <std[617be2ca0a6fd877]::thread::lifecycle::spawn_unchecked<test[aada8e7e76ba119b]::run_test::{closure#1}, ()>::{closure#1} as core[a373ad73a504971]::ops::function::FnOnce<()>>::call_once::{shim:vtable#0}
[INFO] [stdout]   17:     0x5d39d6f42424 - <std[617be2ca0a6fd877]::sys::thread::unix::Thread>::new::thread_start
[INFO] [stdout]   18:     0x7071d703fdfa - <unknown>
[INFO] [stdout]   19:     0x7071d70d33d4 - clone
[INFO] [stdout]   20:                0x0 - <unknown>
[INFO] [stdout] 
[INFO] [stdout] ---- test_reindex_flag stdout ----
[INFO] [stdout] 
[INFO] [stdout] thread 'test_reindex_flag' (897) panicked at tests/integration.rs:50:10:
[INFO] [stdout] failed to run trig: Os { code: 2, kind: NotFound, message: "No such file or directory" }
[INFO] [stdout] stack backtrace:
[INFO] [stdout]    0:     0x5d39d6f1afd5 - <<std[617be2ca0a6fd877]::sys::backtrace::BacktraceLock>::print::DisplayBacktrace as core[a373ad73a504971]::fmt::Display>::fmt
[INFO] [stdout]    1:     0x5d39d6f0236a - core[a373ad73a504971]::fmt::write
[INFO] [stdout]    2:     0x5d39d6f1a66b - <alloc[2e1b2a31b91974c5]::vec::Vec<u8> as core[a373ad73a504971]::io::write::Write>::write_fmt
[INFO] [stdout]    3:     0x5d39d6f1a14f - std[617be2ca0a6fd877]::panicking::default_hook::{closure#0}
[INFO] [stdout]    4:     0x5d39d6f19d7a - std[617be2ca0a6fd877]::panicking::default_hook
[INFO] [stdout]    5:     0x5d39d6f198b5 - std[617be2ca0a6fd877]::panicking::panic_with_hook
[INFO] [stdout]    6:     0x5d39d6f406f1 - std[617be2ca0a6fd877]::panicking::panic_handler::{closure#0}
[INFO] [stdout]    7:     0x5d39d6f406a9 - std[617be2ca0a6fd877]::sys::backtrace::__rust_end_short_backtrace::<std[617be2ca0a6fd877]::panicking::panic_handler::{closure#0}, !>
[INFO] [stdout]    8:     0x5d39d6f40bac - __rustc[ea4f61d10b84890b]::rust_begin_unwind
[INFO] [stdout]    9:     0x5d39d6f021fb - core[a373ad73a504971]::panicking::panic_fmt
[INFO] [stdout]   10:     0x5d39d6f05511 - core[a373ad73a504971]::result::unwrap_failed
[INFO] [stdout]   11:     0x5d39d6efdb4f - integration[5f482278a7331343]::run_trig
[INFO] [stdout]   12:     0x5d39d6efe85d - <integration[5f482278a7331343]::test_reindex_flag::{closure#0} as core[a373ad73a504971]::ops::function::FnOnce<()>>::call_once
[INFO] [stdout]   13:     0x5d39d6f5b49b - test[aada8e7e76ba119b]::__rust_begin_short_backtrace::<core[a373ad73a504971]::result::Result<(), alloc[2e1b2a31b91974c5]::string::String>, fn() -> core[a373ad73a504971]::result::Result<(), alloc[2e1b2a31b91974c5]::string::String>>
[INFO] [stdout]   14:     0x5d39d6f57461 - test[aada8e7e76ba119b]::run_test::{closure#0}
[INFO] [stdout]   15:     0x5d39d6f56c4c - std[617be2ca0a6fd877]::sys::backtrace::__rust_begin_short_backtrace::<test[aada8e7e76ba119b]::run_test::{closure#1}, ()>
[INFO] [stdout]   16:     0x5d39d6f768ec - <std[617be2ca0a6fd877]::thread::lifecycle::spawn_unchecked<test[aada8e7e76ba119b]::run_test::{closure#1}, ()>::{closure#1} as core[a373ad73a504971]::ops::function::FnOnce<()>>::call_once::{shim:vtable#0}
[INFO] [stdout]   17:     0x5d39d6f42424 - <std[617be2ca0a6fd877]::sys::thread::unix::Thread>::new::thread_start
[INFO] [stdout]   18:     0x7071d703fdfa - <unknown>
[INFO] [stdout]   19:     0x7071d70d33d4 - clone
[INFO] [stdout]   20:                0x0 - <unknown>
[INFO] [stdout] 
[INFO] [stdout] ---- test_search_files_only stdout ----
[INFO] [stdout] 
[INFO] [stdout] thread 'test_search_files_only' (899) panicked at tests/integration.rs:50:10:
[INFO] [stdout] failed to run trig: Os { code: 2, kind: NotFound, message: "No such file or directory" }
[INFO] [stdout] stack backtrace:
[INFO] [stdout]    0:     0x5d39d6f1afd5 - <<std[617be2ca0a6fd877]::sys::backtrace::BacktraceLock>::print::DisplayBacktrace as core[a373ad73a504971]::fmt::Display>::fmt
[INFO] [stdout]    1:     0x5d39d6f0236a - core[a373ad73a504971]::fmt::write
[INFO] [stdout]    2:     0x5d39d6f1a66b - <alloc[2e1b2a31b91974c5]::vec::Vec<u8> as core[a373ad73a504971]::io::write::Write>::write_fmt
[INFO] [stdout]    3:     0x5d39d6f1a14f - std[617be2ca0a6fd877]::panicking::default_hook::{closure#0}
[INFO] [stdout]    4:     0x5d39d6f19d7a - std[617be2ca0a6fd877]::panicking::default_hook
[INFO] [stdout]    5:     0x5d39d6f198b5 - std[617be2ca0a6fd877]::panicking::panic_with_hook
[INFO] [stdout]    6:     0x5d39d6f406f1 - std[617be2ca0a6fd877]::panicking::panic_handler::{closure#0}
[INFO] [stdout]    7:     0x5d39d6f406a9 - std[617be2ca0a6fd877]::sys::backtrace::__rust_end_short_backtrace::<std[617be2ca0a6fd877]::panicking::panic_handler::{closure#0}, !>
[INFO] [stdout]    8:     0x5d39d6f40bac - __rustc[ea4f61d10b84890b]::rust_begin_unwind
[INFO] [stdout]    9:     0x5d39d6f021fb - core[a373ad73a504971]::panicking::panic_fmt
[INFO] [stdout]   10:     0x5d39d6f05511 - core[a373ad73a504971]::result::unwrap_failed
[INFO] [stdout]   11:     0x5d39d6efdb4f - integration[5f482278a7331343]::run_trig
[INFO] [stdout]   12:     0x5d39d6efef59 - <integration[5f482278a7331343]::test_search_files_only::{closure#0} as core[a373ad73a504971]::ops::function::FnOnce<()>>::call_once
[INFO] [stdout]   13:     0x5d39d6f5b49b - test[aada8e7e76ba119b]::__rust_begin_short_backtrace::<core[a373ad73a504971]::result::Result<(), alloc[2e1b2a31b91974c5]::string::String>, fn() -> core[a373ad73a504971]::result::Result<(), alloc[2e1b2a31b91974c5]::string::String>>
[INFO] [stdout]   14:     0x5d39d6f57461 - test[aada8e7e76ba119b]::run_test::{closure#0}
[INFO] [stdout]   15:     0x5d39d6f56c4c - std[617be2ca0a6fd877]::sys::backtrace::__rust_begin_short_backtrace::<test[aada8e7e76ba119b]::run_test::{closure#1}, ()>
[INFO] [stdout]   16:     0x5d39d6f768ec - <std[617be2ca0a6fd877]::thread::lifecycle::spawn_unchecked<test[aada8e7e76ba119b]::run_test::{closure#1}, ()>::{closure#1} as core[a373ad73a504971]::ops::function::FnOnce<()>>::call_once::{shim:vtable#0}
[INFO] [stdout]   17:     0x5d39d6f42424 - <std[617be2ca0a6fd877]::sys::thread::unix::Thread>::new::thread_start
[INFO] [stdout]   18:     0x7071d703fdfa - <unknown>
[INFO] [stdout]   19:     0x7071d70d33d4 - clone
[INFO] [stdout]   20:                0x0 - <unknown>
[INFO] [stdout] 
[INFO] [stdout] 
[INFO] [stdout] failures:
[INFO] [stdout]     test_alternation_pattern
[INFO] [stdout]     test_auto_index_on_missing
[INFO] [stdout]     test_binary_files_skipped
[INFO] [stdout]     test_case_insensitive_search
[INFO] [stdout]     test_color_never
[INFO] [stdout]     test_ignore_case_preserves_inline_case_sensitive_scope
[INFO] [stdout]     test_index_and_search_basic
[INFO] [stdout]     test_no_match_returns_zero
[INFO] [stdout]     test_non_utf8_text_file_is_reported
[INFO] [stdout]     test_regex_word_boundary
[INFO] [stdout]     test_reindex_flag
[INFO] [stdout]     test_search_count
[INFO] [stdout]     test_search_files_only
[INFO] [stdout]     test_short_pattern_scans_all
[INFO] [stdout]     test_version_flag
[INFO] [stdout] 
[INFO] [stdout] test result: FAILED. 0 passed; 15 failed; 0 ignored; 0 measured; 0 filtered out; finished in 0.01s
[INFO] [stdout] 
[INFO] [stderr] error: test failed, to rerun pass `--test integration`
[INFO] running `Command { std: "docker" "inspect" "cdb363409d4afc14caf8008e0ad9dd2e718f91bd5cefb0080ef2f02fe6f098e2", kill_on_drop: false }`
[INFO] running `Command { std: "docker" "rm" "-f" "cdb363409d4afc14caf8008e0ad9dd2e718f91bd5cefb0080ef2f02fe6f098e2", kill_on_drop: false }`
[INFO] [stdout] cdb363409d4afc14caf8008e0ad9dd2e718f91bd5cefb0080ef2f02fe6f098e2
