[INFO] cloning repository https://github.com/grammeaway/zymosis
[INFO] running `Command { std: "git" "-c" "credential.helper=" "-c" "credential.helper=/workspace/cargo-home/bin/git-credential-null" "clone" "--bare" "https://github.com/grammeaway/zymosis" "/workspace/cache/git-repos/https%3A%2F%2Fgithub.com%2Fgrammeaway%2Fzymosis", kill_on_drop: false }`
[INFO] [stderr] Cloning into bare repository '/workspace/cache/git-repos/https%3A%2F%2Fgithub.com%2Fgrammeaway%2Fzymosis'...
[INFO] running `Command { std: "git" "rev-parse" "HEAD", kill_on_drop: false }`
[INFO] [stdout] ac5db1347bffb5f3eb1781e409ef09b378daa7a9
[INFO] testing grammeaway/zymosis against 1.100.0-beta.1+cargoflags=--release for beta-release-1.100-2
[INFO] running `Command { std: "git" "clone" "/workspace/cache/git-repos/https%3A%2F%2Fgithub.com%2Fgrammeaway%2Fzymosis" "/workspace/builds/worker-3-tc2/source", kill_on_drop: false }`
[INFO] [stderr] Cloning into '/workspace/builds/worker-3-tc2/source'...
[INFO] [stderr] done.
[INFO] started tweaking git repo https://github.com/grammeaway/zymosis
[INFO] finished tweaking git repo https://github.com/grammeaway/zymosis
[INFO] tweaked toml for git repo https://github.com/grammeaway/zymosis written to /workspace/builds/worker-3-tc2/source/Cargo.toml
[INFO] validating manifest of git repo https://github.com/grammeaway/zymosis on toolchain 1.100.0-beta.1
[INFO] running `Command { std: CARGO_HOME="/workspace/cargo-home" RUSTUP_HOME="/workspace/rustup-home" "/workspace/cargo-home/bin/cargo" "+1.100.0-beta.1" "metadata" "--manifest-path" "Cargo.toml" "--no-deps", kill_on_drop: false }`
[INFO] crate git repo https://github.com/grammeaway/zymosis already has a lockfile, it will not be regenerated
[INFO] running `Command { std: CARGO_HOME="/workspace/cargo-home" RUSTUP_HOME="/workspace/rustup-home" "/workspace/cargo-home/bin/cargo" "+1.100.0-beta.1" "fetch" "--manifest-path" "Cargo.toml", kill_on_drop: false }`
[INFO] running `Command { std: "docker" "create" "-v" "/var/lib/crater-agent-workspace/builds/worker-3-tc2/source:/opt/rustwide/workdir:ro,Z" "-v" "/var/lib/crater-agent-workspace/builds/worker-3-tc2/target:/opt/rustwide/target:rw,Z" "-v" "/var/lib/crater-agent-workspace/cargo-home:/opt/rustwide/cargo-home:ro,Z" "-v" "/var/lib/crater-agent-workspace/rustup-home:/opt/rustwide/rustup-home:ro,Z" "-m" "1610612736" "--network" "none" "ghcr.io/rust-lang/crates-build-env/linux@sha256:77db811e55d90add9212f6832c23229e3de5f1c1f9905e8cb07319ea15df73ac" "sleep" "infinity", kill_on_drop: false }`
[INFO] [stdout] ebd7e77a8f8fcd856c2ffb1f0525b46412d59e87f9db8c1213af894ffe031c15
[INFO] running `Command { std: "docker" "start" "ebd7e77a8f8fcd856c2ffb1f0525b46412d59e87f9db8c1213af894ffe031c15", kill_on_drop: false }`
[INFO] running `Command { std: "docker" "inspect" "ebd7e77a8f8fcd856c2ffb1f0525b46412d59e87f9db8c1213af894ffe031c15", kill_on_drop: false }`
[INFO] running `Command { std: "docker" "exec" "-e" "SOURCE_DIR=/opt/rustwide/workdir" "-e" "CARGO_HOME=/opt/rustwide/cargo-home" "-e" "RUSTUP_HOME=/opt/rustwide/rustup-home" "-e" "CARGO_TARGET_DIR=/opt/rustwide/target" "-w" "/opt/rustwide/workdir" "--user" "0:0" "ebd7e77a8f8fcd856c2ffb1f0525b46412d59e87f9db8c1213af894ffe031c15" "/opt/rustwide/cargo-home/bin/cargo" "+1.100.0-beta.1" "metadata" "--no-deps" "--format-version=1", kill_on_drop: false }`
[INFO] running `Command { std: "docker" "inspect" "ebd7e77a8f8fcd856c2ffb1f0525b46412d59e87f9db8c1213af894ffe031c15", kill_on_drop: false }`
[INFO] running `Command { std: "docker" "exec" "-e" "SOURCE_DIR=/opt/rustwide/workdir" "-e" "CARGO_HOME=/opt/rustwide/cargo-home" "-e" "RUSTUP_HOME=/opt/rustwide/rustup-home" "-e" "CARGO_TARGET_DIR=/opt/rustwide/target" "-e" "CARGO_INCREMENTAL=0" "-e" "RUST_BACKTRACE=full" "-e" "RUSTFLAGS=--cap-lints=warn" "-e" "RUSTDOCFLAGS=--cap-lints=warn" "-w" "/opt/rustwide/workdir" "--user" "0:0" "ebd7e77a8f8fcd856c2ffb1f0525b46412d59e87f9db8c1213af894ffe031c15" "/opt/rustwide/cargo-home/bin/cargo" "+1.100.0-beta.1" "build" "--frozen" "--message-format=json" "--release", kill_on_drop: false }`
[INFO] [stderr]    Compiling proc-macro2 v1.0.107
[INFO] [stderr]    Compiling quote v1.0.47
[INFO] [stderr]    Compiling libc v0.2.189
[INFO] [stderr]    Compiling foldhash v0.2.0
[INFO] [stderr]    Compiling allocator-api2 v0.2.21
[INFO] [stderr]    Compiling rustversion v1.0.23
[INFO] [stderr]    Compiling bitflags v2.13.1
[INFO] [stderr]    Compiling thiserror v2.0.20
[INFO] [stderr]    Compiling either v1.18.0
[INFO] [stderr]    Compiling serde_core v1.0.229
[INFO] [stderr]    Compiling signal-hook v0.3.18
[INFO] [stderr]    Compiling instability v0.3.13
[INFO] [stderr]    Compiling unicode-width v0.2.2
[INFO] [stderr]    Compiling unicode-segmentation v1.13.3
[INFO] [stderr]    Compiling smallvec v1.15.2
[INFO] [stderr]    Compiling indoc v2.0.7
[INFO] [stderr]    Compiling convert_case v0.10.0
[INFO] [stderr]    Compiling rustix v1.1.4
[INFO] [stderr]    Compiling critical-section v1.2.0
[INFO] [stderr]    Compiling log v0.4.34
[INFO] [stderr]    Compiling num-conv v0.2.2
[INFO] [stderr]    Compiling linux-raw-sys v0.12.1
[INFO] [stderr]    Compiling num_threads v0.1.7
[INFO] [stderr]    Compiling litrs v1.0.0
[INFO] [stderr]    Compiling time-core v0.1.9
[INFO] [stderr]    Compiling itertools v0.14.0
[INFO] [stderr]    Compiling deranged v0.5.8
[INFO] [stderr]    Compiling line-clipping v0.3.8
[INFO] [stderr]    Compiling winnow v1.0.4
[INFO] [stderr]    Compiling serde_json v1.0.151
[INFO] [stderr]    Compiling serde v1.0.229
[INFO] [stderr]    Compiling clap_builder v4.6.6
[INFO] [stderr]    Compiling toml_writer v1.1.2+spec-1.1.0
[INFO] [stderr]    Compiling memchr v2.8.3
[INFO] [stderr]    Compiling hashbrown v0.16.1
[INFO] [stderr]    Compiling hashbrown v0.17.1
[INFO] [stderr]    Compiling castaway v0.2.4
[INFO] [stderr]    Compiling document-features v0.2.12
[INFO] [stderr]    Compiling compact_str v0.9.1
[INFO] [stderr]    Compiling toml_parser v1.1.3+spec-1.1.0
[INFO] [stderr]    Compiling syn v3.0.4
[INFO] [stderr]    Compiling syn v2.0.119
[INFO] [stderr]    Compiling errno v0.3.14
[INFO] [stderr]    Compiling lru v0.18.2
[INFO] [stderr]    Compiling parking_lot_core v0.9.12
[INFO] [stderr]    Compiling mio v1.2.2
[INFO] [stderr]    Compiling dirs-sys v0.5.0
[INFO] [stderr]    Compiling signal-hook-registry v1.4.8
[INFO] [stderr]    Compiling time v0.3.55
[INFO] [stderr]    Compiling parking_lot v0.12.5
[INFO] [stderr]    Compiling dirs v6.0.0
[INFO] [stderr]    Compiling unicode-truncate v2.0.1
[INFO] [stderr]    Compiling signal-hook-mio v0.2.5
[INFO] [stderr]    Compiling strum_macros v0.28.0
[INFO] [stderr]    Compiling derive_more-impl v2.1.1
[INFO] [stderr]    Compiling toml_datetime v1.1.1+spec-1.1.0
[INFO] [stderr]    Compiling serde_spanned v1.1.1
[INFO] [stderr]    Compiling toml v1.1.4+spec-1.1.0
[INFO] [stderr]    Compiling derive_more v2.1.1
[INFO] [stderr]    Compiling crossterm v0.29.0
[INFO] [stderr]    Compiling darling_core v0.24.1
[INFO] [stderr]    Compiling strum v0.28.0
[INFO] [stderr]    Compiling thiserror-impl v2.0.20
[INFO] [stderr]    Compiling serde_derive v1.0.229
[INFO] [stderr]    Compiling clap_derive v4.6.4
[INFO] [stderr]    Compiling kasuari v0.4.12
[INFO] [stderr]    Compiling clap v4.6.6
[INFO] [stderr]    Compiling ratatui-core v0.1.2
[INFO] [stderr]    Compiling darling_macro v0.24.1
[INFO] [stderr]    Compiling darling v0.24.1
[INFO] [stderr]    Compiling ratatui-widgets v0.3.2
[INFO] [stderr]    Compiling ratatui-crossterm v0.1.2
[INFO] [stderr]    Compiling ratatui-macros v0.7.2
[INFO] [stderr]    Compiling ratatui v0.30.2
[INFO] [stderr]    Compiling zymosis v1.5.1 (/opt/rustwide/workdir)
[INFO] [stderr]     Finished `release` profile [optimized] target(s) in 52.40s
[INFO] running `Command { std: "docker" "inspect" "ebd7e77a8f8fcd856c2ffb1f0525b46412d59e87f9db8c1213af894ffe031c15", kill_on_drop: false }`
[INFO] running `Command { std: "docker" "exec" "-e" "SOURCE_DIR=/opt/rustwide/workdir" "-e" "CARGO_HOME=/opt/rustwide/cargo-home" "-e" "RUSTUP_HOME=/opt/rustwide/rustup-home" "-e" "CARGO_TARGET_DIR=/opt/rustwide/target" "-e" "CARGO_INCREMENTAL=0" "-e" "RUST_BACKTRACE=full" "-e" "RUSTFLAGS=--cap-lints=warn" "-e" "RUSTDOCFLAGS=--cap-lints=warn" "-w" "/opt/rustwide/workdir" "--user" "0:0" "ebd7e77a8f8fcd856c2ffb1f0525b46412d59e87f9db8c1213af894ffe031c15" "/opt/rustwide/cargo-home/bin/cargo" "+1.100.0-beta.1" "test" "--frozen" "--no-run" "--message-format=json" "--release", kill_on_drop: false }`
[INFO] [stderr]    Compiling rustix v1.1.4
[INFO] [stderr]    Compiling getrandom v0.3.4
[INFO] [stderr]    Compiling getrandom v0.4.3
[INFO] [stderr]    Compiling zerocopy v0.8.56
[INFO] [stderr]    Compiling autocfg v1.5.1
[INFO] [stderr]    Compiling fastrand v2.5.0
[INFO] [stderr]    Compiling once_cell v1.21.4
[INFO] [stderr]    Compiling wait-timeout v0.2.1
[INFO] [stderr]    Compiling bit-vec v0.8.0
[INFO] [stderr]    Compiling regex-syntax v0.8.11
[INFO] [stderr]    Compiling unarray v0.1.4
[INFO] [stderr]    Compiling num-traits v0.2.19
[INFO] [stderr]    Compiling bit-set v0.8.0
[INFO] [stderr]    Compiling rand_core v0.9.5
[INFO] [stderr]    Compiling rand_xorshift v0.4.0
[INFO] [stderr]    Compiling rand v0.9.5
[INFO] [stderr]    Compiling crossterm v0.29.0
[INFO] [stderr]    Compiling tempfile v3.27.0
[INFO] [stderr]    Compiling rusty-fork v0.3.1
[INFO] [stderr]    Compiling ratatui-crossterm v0.1.2
[INFO] [stderr]    Compiling ratatui v0.30.2
[INFO] [stderr]    Compiling ppv-lite86 v0.2.21
[INFO] [stderr]    Compiling rand_chacha v0.9.0
[INFO] [stderr]    Compiling proptest v1.11.0
[INFO] [stderr]    Compiling zymosis v1.5.1 (/opt/rustwide/workdir)
[INFO] [stderr]     Finished `release` profile [optimized] target(s) in 26.55s
[INFO] running `Command { std: "docker" "inspect" "ebd7e77a8f8fcd856c2ffb1f0525b46412d59e87f9db8c1213af894ffe031c15", kill_on_drop: false }`
[INFO] running `Command { std: "docker" "exec" "-e" "SOURCE_DIR=/opt/rustwide/workdir" "-e" "CARGO_HOME=/opt/rustwide/cargo-home" "-e" "RUSTUP_HOME=/opt/rustwide/rustup-home" "-e" "CARGO_TARGET_DIR=/opt/rustwide/target" "-e" "CARGO_INCREMENTAL=0" "-e" "RUST_BACKTRACE=full" "-e" "RUSTFLAGS=--cap-lints=warn" "-e" "RUSTDOCFLAGS=--cap-lints=warn" "-w" "/opt/rustwide/workdir" "--user" "0:0" "ebd7e77a8f8fcd856c2ffb1f0525b46412d59e87f9db8c1213af894ffe031c15" "/opt/rustwide/cargo-home/bin/cargo" "+1.100.0-beta.1" "test" "--frozen" "--release", kill_on_drop: false }`
[INFO] [stderr]     Finished `release` profile [optimized] target(s) in 0.20s
[INFO] [stderr]      Running unittests src/main.rs (/opt/rustwide/target/release/build/zymosis/26cd9cd418b57928/out/zym-26cd9cd418b57928)
[INFO] [stdout] 
[INFO] [stdout] running 64 tests
[INFO] [stdout] test cli::tests::resolve_board_flag_beats_config_and_trims ... ok
[INFO] [stdout] test cli::tests::next_id_increments ... ok
[INFO] [stdout] test cli::tests::ago_picks_largest_whole_unit ... ok
[INFO] [stdout] test cli::tests::select_sorts_recent_first ... ok
[INFO] [stdout] test cli::tests::select_filters_by_tag ... ok
[INFO] [stdout] test config::tests::effective_overrides_win_and_others_inherit ... ok
[INFO] [stdout] test cli::tests::one_based_is_one_based_and_bounded ... ok
[INFO] [stdout] test config::tests::missing_file_is_defaults ... ok
[INFO] [stdout] test config::tests::partial_file_merges_over_defaults ... ok
[INFO] [stdout] test cli::tests::select_hides_done_and_dormant_by_default ... ok
[INFO] [stdout] test config::tests::save_load_roundtrip ... ok
[INFO] [stdout] test model::tests::progress_within_bounds ... ok
[INFO] [stdout] test config::tests::validation_rejects_bad_ordering ... ok
[INFO] [stdout] test config::tests::span_parse_format_roundtrip ... ok
[INFO] [stdout] test config::tests::validation_rejects_board_that_breaks_ordering ... ok
[INFO] [stdout] test model::tests::notes_append_and_ignore_empty ... ok
[INFO] [stdout] test config::tests::old_file_defaults_active_board_and_empty_map ... ok
[INFO] [stdout] test config::tests::effective_field_is_override_or_global ... ok
[INFO] [stdout] test config::tests::board_override_roundtrips ... ok
[INFO] [stdout] test model::tests::board_names_trim_and_reject_only_unsafe ... ok
[INFO] [stdout] test model::tests::status_monotonic_in_age ... ok
[INFO] [stdout] test model::tests::tags_normalize_and_dedup ... ok
[INFO] [stdout] test model::tests::make_dormant_shelves ... FAILED
[INFO] [stdout] test store::tests::empty_file_is_empty_list ... ok
[INFO] [stdout] test model::tests::touched_task_is_hot ... ok
[INFO] [stdout] test store::tests::load_missing_is_empty ... ok
[INFO] [stdout] test store::tests::migrate_fresh_install_creates_nothing ... ok
[INFO] [stdout] test tui::tests::add_subtask_appends_and_expands ... ok
[INFO] [stdout] test tui::tests::add_note_appends_expands_and_note_row_is_removable ... ok
[INFO] [stdout] test tui::tests::add_assigns_next_id ... ok
[INFO] [stdout] test tui::tests::apply_cfg_board_scope_sets_clears_and_validates ... ok
[INFO] [stdout] test tui::tests::apply_cfg_theme_validates_name_and_switches ... ok
[INFO] [stdout] test tui::tests::base64_matches_known_vectors ... ok
[INFO] [stdout] test tui::tests::board_deletable_guards_active_and_last ... ok
[INFO] [stdout] test store::tests::migrate_moves_legacy_into_default_board_and_is_idempotent ... ok
[INFO] [stdout] test store::tests::save_creates_parent_dirs_and_leaves_no_tmp ... ok
[INFO] [stdout] test store::tests::migrate_leaves_stray_legacy_when_boards_exists ... ok
[INFO] [stdout] test tui::tests::apply_cfg_parses_validates_and_rejects ... ok
[INFO] [stdout] test tui::tests::bubble_glyph_cycles ... ok
[INFO] [stdout] test tui::tests::delete_from_done_view_retires_task ... ok
[INFO] [stdout] test tui::tests::breathe_never_brighter_than_base ... ok
[INFO] [stdout] test tui::tests::edit_tags_sets_normalizes_dedups_and_clears ... ok
[INFO] [stdout] test store::tests::import_missing_is_error ... ok
[INFO] [stdout] test tui::tests::expand_reveals_subtask_rows_and_toggles_them ... ok
[INFO] [stdout] test tui::tests::gg_and_capital_g_jump_to_top_and_bottom ... ok
[INFO] [stdout] test tui::tests::find_match_hits_title_and_tags_case_insensitively ... ok
[INFO] [stdout] test tui::tests::decay_color_ramps_between_endpoints ... ok
[INFO] [stdout] test tui::tests::remove_on_subtask_row_deletes_only_the_subtask ... ok
[INFO] [stdout] test tui::tests::edit_targets_the_selected_subtask_and_note_row ... ok
[INFO] [stdout] test tui::tests::selection_clamps_to_bounds ... ok
[INFO] [stdout] test tui::tests::selection_follows_task_it_acted_on ... ]52;c;dDA=ok
[INFO] [stdout] test tui::tests::revive_clears_done_and_returns_to_active ... ]52;c;c3Vi]52;c;YSBub3Rlok
[INFO] [stdout] test tui::tests::input_window_scrolls_to_keep_cursor_visible ... ok
[INFO] [stdout] test tui::tests::theme_named_falls_back_to_default_on_unknown ... ok
[INFO] [stdout] test tui::tests::toggle_task_flips_done ... ok
[INFO] [stdout] test tui::tests::remove_clamps_selection ... ok
[INFO] [stdout] test tui::tests::yank_sets_status_for_each_row_kind ... ok
[INFO] [stdout] test tui::tests::mutations_on_empty_are_noops ... ok
[INFO] [stdout] test tui::tests::views_partition_active_dormant_and_done ... ok
[INFO] [stdout] test tui::tests::shelve_moves_active_task_to_dormant_view ... ok
[INFO] [stdout] test tui::tests::tail_keeps_trailing_chars ... ok
[INFO] [stdout] test tui::tests::sort_priority_hot_bubbling_first ... ok
[INFO] [stdout] test store::tests::list_boards_sorted_and_empty_when_missing ... ok
[INFO] [stderr] error: test failed, to rerun pass `--bin zym`
[INFO] [stdout] test store::tests::save_load_round_trip ... ok
[INFO] [stdout] 
[INFO] [stdout] failures:
[INFO] [stdout] 
[INFO] [stdout] ---- model::tests::make_dormant_shelves stdout ----
[INFO] [stdout] proptest: failed to append to /opt/rustwide/workdir/proptest-regressions/model.txt: Read-only file system (os error 30)
[INFO] [stdout] 
[INFO] [stdout] thread 'model::tests::make_dormant_shelves' (2184) panicked at src/model.rs:274:5:
[INFO] [stdout] Test failed: assertion failed: rank(task.status(&t, now)) >= rank(Status::Dormant) at src/model.rs:290.
[INFO] [stdout] minimal failing input: t = Thresholds {
[INFO] [stdout]     hot_window: 1s,
[INFO] [stdout]     dormant_after: 419s,
[INFO] [stdout]     bubble_after: 0ns,
[INFO] [stdout] }, now = 0
[INFO] [stdout] 	successes: 125
[INFO] [stdout] 	local rejects: 0
[INFO] [stdout] 	global rejects: 0
[INFO] [stdout] 
[INFO] [stdout] stack backtrace:
[INFO] [stdout]    0:     0x57b5f6f83c61 - <<std[617be2ca0a6fd877]::sys::backtrace::BacktraceLock>::print::DisplayBacktrace as core[a373ad73a504971]::fmt::Display>::fmt
[INFO] [stdout]    1:     0x57b5f6f9b6ca - core[a373ad73a504971]::fmt::write
[INFO] [stdout]    2:     0x57b5f6f885ac - <alloc[2e1b2a31b91974c5]::vec::Vec<u8> as core[a373ad73a504971]::io::write::Write>::write_fmt
[INFO] [stdout]    3:     0x57b5f6f5d4d6 - std[617be2ca0a6fd877]::panicking::default_hook::{closure#0}
[INFO] [stdout]    4:     0x57b5f6f7b1b9 - std[617be2ca0a6fd877]::panicking::default_hook
[INFO] [stdout]    5:     0x57b5f6ec38c0 - test[aada8e7e76ba119b]::test_main_inner::{closure#0}
[INFO] [stdout]    6:     0x57b5f6f7b372 - std[617be2ca0a6fd877]::panicking::panic_with_hook
[INFO] [stdout]    7:     0x57b5f6f5d582 - std[617be2ca0a6fd877]::panicking::panic_handler::{closure#0}
[INFO] [stdout]    8:     0x57b5f6f55eb9 - std[617be2ca0a6fd877]::sys::backtrace::__rust_end_short_backtrace::<std[617be2ca0a6fd877]::panicking::panic_handler::{closure#0}, !>
[INFO] [stdout]    9:     0x57b5f6f5e27d - __rustc[ea4f61d10b84890b]::rust_begin_unwind
[INFO] [stdout]   10:     0x57b5f6f9beec - core[a373ad73a504971]::panicking::panic_fmt
[INFO] [stdout]   11:     0x57b5f6e934fb - <zym[909a6cfaa0606cd7]::model::tests::make_dormant_shelves::{closure#0} as core[a373ad73a504971]::ops::function::FnOnce<()>>::call_once
[INFO] [stdout]   12:     0x57b5f6eb6d0b - test[aada8e7e76ba119b]::__rust_begin_short_backtrace::<core[a373ad73a504971]::result::Result<(), alloc[2e1b2a31b91974c5]::string::String>, fn() -> core[a373ad73a504971]::result::Result<(), alloc[2e1b2a31b91974c5]::string::String>>
[INFO] [stdout]   13:     0x57b5f6ec3ee5 - test[aada8e7e76ba119b]::run_test::{closure#0}
[INFO] [stdout]   14:     0x57b5f6ebd7d4 - std[617be2ca0a6fd877]::sys::backtrace::__rust_begin_short_backtrace::<test[aada8e7e76ba119b]::run_test::{closure#1}, ()>
[INFO] [stdout]   15:     0x57b5f6ec6f72 - <std[617be2ca0a6fd877]::thread::lifecycle::spawn_unchecked<test[aada8e7e76ba119b]::run_test::{closure#1}, ()>::{closure#1} as core[a373ad73a504971]::ops::function::FnOnce<()>>::call_once::{shim:vtable#0}
[INFO] [stdout]   16:     0x57b5f6f82f7f - <std[617be2ca0a6fd877]::sys::thread::unix::Thread>::new::thread_start
[INFO] [stdout]   17:     0x75b89238fdfa - <unknown>
[INFO] [stdout]   18:     0x75b8924233d4 - clone
[INFO] [stdout]   19:                0x0 - <unknown>
[INFO] [stdout] 
[INFO] [stdout] 
[INFO] [stdout] failures:
[INFO] [stdout]     model::tests::make_dormant_shelves
[INFO] [stdout] 
[INFO] [stdout] test result: FAILED. 63 passed; 1 failed; 0 ignored; 0 measured; 0 filtered out; finished in 1.16s
[INFO] [stdout] 
[INFO] running `Command { std: "docker" "inspect" "ebd7e77a8f8fcd856c2ffb1f0525b46412d59e87f9db8c1213af894ffe031c15", kill_on_drop: false }`
[INFO] running `Command { std: "docker" "rm" "-f" "ebd7e77a8f8fcd856c2ffb1f0525b46412d59e87f9db8c1213af894ffe031c15", kill_on_drop: false }`
[INFO] [stdout] ebd7e77a8f8fcd856c2ffb1f0525b46412d59e87f9db8c1213af894ffe031c15
