[INFO] cloning repository https://github.com/gardc/spyctl
[INFO] running `Command { std: "git" "-c" "credential.helper=" "-c" "credential.helper=/workspace/cargo-home/bin/git-credential-null" "clone" "--bare" "https://github.com/gardc/spyctl" "/workspace/cache/git-repos/https%3A%2F%2Fgithub.com%2Fgardc%2Fspyctl", kill_on_drop: false }`
[INFO] [stderr] Cloning into bare repository '/workspace/cache/git-repos/https%3A%2F%2Fgithub.com%2Fgardc%2Fspyctl'...
[INFO] running `Command { std: "git" "rev-parse" "HEAD", kill_on_drop: false }`
[INFO] [stdout] f150632780f51ba34f3ef8b66c213d9564f07380
[INFO] testing gardc/spyctl against 1.99.0-beta.8+cargoflags=--release for beta-release-1.100-2
[INFO] running `Command { std: "git" "clone" "/workspace/cache/git-repos/https%3A%2F%2Fgithub.com%2Fgardc%2Fspyctl" "/workspace/builds/worker-7-tc1/source", kill_on_drop: false }`
[INFO] [stderr] Cloning into '/workspace/builds/worker-7-tc1/source'...
[INFO] [stderr] done.
[INFO] started tweaking git repo https://github.com/gardc/spyctl
[INFO] finished tweaking git repo https://github.com/gardc/spyctl
[INFO] tweaked toml for git repo https://github.com/gardc/spyctl written to /workspace/builds/worker-7-tc1/source/Cargo.toml
[INFO] validating manifest of git repo https://github.com/gardc/spyctl on toolchain 1.99.0-beta.8
[INFO] running `Command { std: CARGO_HOME="/workspace/cargo-home" RUSTUP_HOME="/workspace/rustup-home" "/workspace/cargo-home/bin/cargo" "+1.99.0-beta.8" "metadata" "--manifest-path" "Cargo.toml" "--no-deps", kill_on_drop: false }`
[INFO] crate git repo https://github.com/gardc/spyctl already has a lockfile, it will not be regenerated
[INFO] running `Command { std: CARGO_HOME="/workspace/cargo-home" RUSTUP_HOME="/workspace/rustup-home" "/workspace/cargo-home/bin/cargo" "+1.99.0-beta.8" "fetch" "--manifest-path" "Cargo.toml", kill_on_drop: false }`
[INFO] [stderr]     Updating crates.io index
[INFO] [stderr]  Downloading crates ...
[INFO] [stderr]   Downloaded quick-xml v0.30.0
[INFO] [stderr]   Downloaded android-tzdata v0.1.1
[INFO] [stderr]   Downloaded windows-strings v0.1.0
[INFO] [stderr]   Downloaded windows-result v0.1.2
[INFO] [stderr]   Downloaded windows-implement v0.57.0
[INFO] [stderr]   Downloaded wasm-bindgen-macro-support v0.2.95
[INFO] [stderr]   Downloaded core-graphics v0.24.0
[INFO] [stderr]   Downloaded windows-interface v0.58.0
[INFO] [stderr]   Downloaded wasm-bindgen-shared v0.2.95
[INFO] [stderr]   Downloaded foldhash v0.1.3
[INFO] [stderr]   Downloaded profiling-procmacros v1.0.15
[INFO] [stderr]   Downloaded thiserror-impl v1.0.64
[INFO] [stderr]   Downloaded ravif v0.11.10
[INFO] [stderr]   Downloaded instability v0.3.2
[INFO] [stderr]   Downloaded num_threads v0.1.7
[INFO] [stderr]   Downloaded windows-result v0.2.0
[INFO] [stderr]   Downloaded profiling v1.0.15
[INFO] [stderr]   Downloaded signal-hook-registry v1.4.2
[INFO] [stderr]   Downloaded windows-implement v0.58.0
[INFO] [stderr]   Downloaded log v0.4.22
[INFO] [stderr]   Downloaded xcap v0.0.14
[INFO] [stderr]   Downloaded unicode-truncate v1.1.0
[INFO] [stderr]   Downloaded castaway v0.2.3
[INFO] [stderr]   Downloaded tokio-macros v2.4.0
[INFO] [stderr]   Downloaded lru v0.12.5
[INFO] [stderr]   Downloaded wasm-bindgen-macro v0.2.95
[INFO] [stderr]   Downloaded avif-serialize v0.8.1
[INFO] [stderr]   Downloaded crossbeam-deque v0.8.5
[INFO] [stderr]   Downloaded wasm-bindgen v0.2.95
[INFO] [stderr]   Downloaded wasm-bindgen-backend v0.2.95
[INFO] [stderr]   Downloaded built v0.7.4
[INFO] [stderr]   Downloaded core-graphics-types v0.2.0
[INFO] [stderr]   Downloaded tokio-tungstenite v0.24.0
[INFO] [stderr]   Downloaded cpufeatures v0.2.14
[INFO] [stderr]   Downloaded cassowary v0.3.0
[INFO] [stderr]   Downloaded unicode-ident v1.0.13
[INFO] [stderr]   Downloaded quote v1.0.37
[INFO] [stderr]   Downloaded proc-macro2 v1.0.87
[INFO] [stderr]   Downloaded thiserror v1.0.64
[INFO] [stderr]   Downloaded windows-interface v0.57.0
[INFO] [stderr]   Downloaded serde_derive v1.0.210
[INFO] [stderr]   Downloaded bitstream-io v2.5.3
[INFO] [stderr]   Downloaded anyhow v1.0.89
[INFO] [stderr]   Downloaded fdeflate v0.3.5
[INFO] [stderr]   Downloaded core-foundation v0.10.0
[INFO] [stderr]   Downloaded bitflags v2.6.0
[INFO] [stderr]   Downloaded whoami v1.5.2
[INFO] [stderr]   Downloaded redox_syscall v0.5.7
[INFO] [stderr]   Downloaded data-encoding v2.6.0
[INFO] [stderr]   Downloaded iana-time-zone v0.1.61
[INFO] [stderr]   Downloaded windows-core v0.58.0
[INFO] [stderr]   Downloaded zune-jpeg v0.4.13
[INFO] [stderr]   Downloaded miniz_oxide v0.8.0
[INFO] [stderr]   Downloaded bytemuck v1.19.0
[INFO] [stderr]   Downloaded indexmap v2.6.0
[INFO] [stderr]   Downloaded imgref v1.10.1
[INFO] [stderr]   Downloaded js-sys v0.3.72
[INFO] [stderr]   Downloaded tungstenite v0.24.0
[INFO] [stderr]   Downloaded httparse v1.9.5
[INFO] [stderr]   Downloaded bytes v1.7.2
[INFO] [stderr]   Downloaded windows-core v0.52.0
[INFO] [stderr]   Downloaded windows-core v0.57.0
[INFO] [stderr]   Downloaded serde v1.0.210
[INFO] [stderr]   Downloaded image-webp v0.1.3
[INFO] [stderr]   Downloaded flate2 v1.0.34
[INFO] [stderr]   Downloaded compact_str v0.8.0
[INFO] [stderr]   Downloaded cc v1.1.30
[INFO] [stderr]   Downloaded png v0.17.14
[INFO] [stderr]   Downloaded dbus v0.9.7
[INFO] [stderr]   Downloaded mio v1.0.2
[INFO] [stderr]   Downloaded libfuzzer-sys v0.4.7
[INFO] [stderr]   Downloaded ntapi v0.4.1
[INFO] [stderr]   Downloaded hashbrown v0.15.0
[INFO] [stderr]   Downloaded serde_json v1.0.128
[INFO] [stderr]   Downloaded crossterm v0.28.1
[INFO] [stderr]   Downloaded xcb v1.4.0
[INFO] [stderr]   Downloaded sysinfo v0.32.0
[INFO] [stderr]   Downloaded winnow v0.6.20
[INFO] [stderr]   Downloaded image v0.25.2
[INFO] [stderr]   Downloaded chrono v0.4.38
[INFO] [stderr]   Downloaded syn v2.0.79
[INFO] [stderr]   Downloaded object v0.36.5
[INFO] [stderr]   Downloaded rustix v0.38.37
[INFO] [stderr]   Downloaded ratatui v0.28.1
[INFO] [stderr]   Downloaded web-sys v0.3.72
[INFO] [stderr]   Downloaded libc v0.2.159
[INFO] [stderr]   Downloaded tokio v1.40.0
[INFO] [stderr]   Downloaded libdbus-sys v0.2.5
[INFO] [stderr]   Downloaded windows v0.58.0
[INFO] [stderr]   Downloaded windows v0.57.0
[INFO] running `Command { std: "docker" "create" "-v" "/var/lib/crater-agent-workspace/builds/worker-7-tc1/source:/opt/rustwide/workdir:ro,Z" "-v" "/var/lib/crater-agent-workspace/builds/worker-7-tc1/target:/opt/rustwide/target:rw,Z" "-v" "/var/lib/crater-agent-workspace/cargo-home:/opt/rustwide/cargo-home:ro,Z" "-v" "/var/lib/crater-agent-workspace/rustup-home:/opt/rustwide/rustup-home:ro,Z" "-m" "1610612736" "--network" "none" "ghcr.io/rust-lang/crates-build-env/linux@sha256:77db811e55d90add9212f6832c23229e3de5f1c1f9905e8cb07319ea15df73ac" "sleep" "infinity", kill_on_drop: false }`
[INFO] [stdout] ab57001cead9d179a7ff88921ecd4383435da513aed4a076f9393ce4aae21538
[INFO] running `Command { std: "docker" "start" "ab57001cead9d179a7ff88921ecd4383435da513aed4a076f9393ce4aae21538", kill_on_drop: false }`
[INFO] running `Command { std: "docker" "inspect" "ab57001cead9d179a7ff88921ecd4383435da513aed4a076f9393ce4aae21538", kill_on_drop: false }`
[INFO] running `Command { std: "docker" "exec" "-e" "SOURCE_DIR=/opt/rustwide/workdir" "-e" "CARGO_HOME=/opt/rustwide/cargo-home" "-e" "RUSTUP_HOME=/opt/rustwide/rustup-home" "-e" "CARGO_TARGET_DIR=/opt/rustwide/target" "-w" "/opt/rustwide/workdir" "--user" "0:0" "ab57001cead9d179a7ff88921ecd4383435da513aed4a076f9393ce4aae21538" "/opt/rustwide/cargo-home/bin/cargo" "+1.99.0-beta.8" "metadata" "--no-deps" "--format-version=1", kill_on_drop: false }`
[INFO] running `Command { std: "docker" "inspect" "ab57001cead9d179a7ff88921ecd4383435da513aed4a076f9393ce4aae21538", kill_on_drop: false }`
[INFO] running `Command { std: "docker" "exec" "-e" "SOURCE_DIR=/opt/rustwide/workdir" "-e" "CARGO_HOME=/opt/rustwide/cargo-home" "-e" "RUSTUP_HOME=/opt/rustwide/rustup-home" "-e" "CARGO_TARGET_DIR=/opt/rustwide/target" "-e" "CARGO_INCREMENTAL=0" "-e" "RUST_BACKTRACE=full" "-e" "RUSTFLAGS=--cap-lints=warn" "-e" "RUSTDOCFLAGS=--cap-lints=warn" "-w" "/opt/rustwide/workdir" "--user" "0:0" "ab57001cead9d179a7ff88921ecd4383435da513aed4a076f9393ce4aae21538" "/opt/rustwide/cargo-home/bin/cargo" "+1.99.0-beta.8" "build" "--frozen" "--message-format=json" "--release", kill_on_drop: false }`
[INFO] [stderr]    Compiling proc-macro2 v1.0.87
[INFO] [stderr]    Compiling unicode-ident v1.0.13
[INFO] [stderr]    Compiling libc v0.2.159
[INFO] [stderr]    Compiling log v0.4.22
[INFO] [stderr]    Compiling crossbeam-utils v0.8.20
[INFO] [stderr]    Compiling typenum v1.17.0
[INFO] [stderr]    Compiling thiserror v1.0.64
[INFO] [stderr]    Compiling generic-array v0.14.7
[INFO] [stderr]    Compiling rustversion v1.0.17
[INFO] [stderr]    Compiling anyhow v1.0.89
[INFO] [stderr]    Compiling futures-core v0.3.31
[INFO] [stderr]    Compiling built v0.7.4
[INFO] [stderr]    Compiling itoa v1.0.11
[INFO] [stderr]    Compiling miniz_oxide v0.8.0
[INFO] [stderr]    Compiling futures-sink v0.3.31
[INFO] [stderr]    Compiling bytemuck v1.19.0
[INFO] [stderr]    Compiling pin-project-lite v0.2.14
[INFO] [stderr]    Compiling pkg-config v0.3.31
[INFO] [stderr]    Compiling quick-xml v0.30.0
[INFO] [stderr]    Compiling futures-channel v0.3.31
[INFO] [stderr]    Compiling maybe-rayon v0.1.1
[INFO] [stderr]    Compiling rustix v0.38.37
[INFO] [stderr]    Compiling imgref v1.10.1
[INFO] [stderr]    Compiling bytes v1.7.2
[INFO] [stderr]    Compiling bitstream-io v2.5.3
[INFO] [stderr]    Compiling httparse v1.9.5
[INFO] [stderr]    Compiling rav1e v0.7.1
[INFO] [stderr]    Compiling rgb v0.8.50
[INFO] [stderr]    Compiling loop9 v0.1.5
[INFO] [stderr]    Compiling avif-serialize v0.8.1
[INFO] [stderr]    Compiling quote v1.0.37
[INFO] [stderr]    Compiling libdbus-sys v0.2.5
[INFO] [stderr]    Compiling flate2 v1.0.34
[INFO] [stderr]    Compiling fdeflate v0.3.5
[INFO] [stderr]    Compiling cpufeatures v0.2.14
[INFO] [stderr]    Compiling linux-raw-sys v0.4.14
[INFO] [stderr]    Compiling syn v2.0.79
[INFO] [stderr]    Compiling ryu v1.0.18
[INFO] [stderr]    Compiling allocator-api2 v0.2.18
[INFO] [stderr]    Compiling signal-hook-registry v1.4.2
[INFO] [stderr]    Compiling getrandom v0.2.15
[INFO] [stderr]    Compiling mio v1.0.2
[INFO] [stderr]    Compiling parking_lot_core v0.9.10
[INFO] [stderr]    Compiling rand_core v0.6.4
[INFO] [stderr]    Compiling simd_helpers v0.1.0
[INFO] [stderr]    Compiling parking_lot v0.12.3
[INFO] [stderr]    Compiling crossbeam-epoch v0.9.18
[INFO] [stderr]    Compiling av1-grain v0.2.3
[INFO] [stderr]    Compiling signal-hook v0.3.17
[INFO] [stderr]    Compiling xcb v1.4.0
[INFO] [stderr]    Compiling crossbeam-deque v0.8.5
[INFO] [stderr]    Compiling bitflags v2.6.0
[INFO] [stderr]    Compiling serde v1.0.210
[INFO] [stderr]    Compiling foldhash v0.1.3
[INFO] [stderr]    Compiling equivalent v1.0.1
[INFO] [stderr]    Compiling powerfmt v0.2.0
[INFO] [stderr]    Compiling rayon-core v1.12.1
[INFO] [stderr]    Compiling zune-jpeg v0.4.13
[INFO] [stderr]    Compiling image-webp v0.1.3
[INFO] [stderr]    Compiling hashbrown v0.15.0
[INFO] [stderr]    Compiling deranged v0.3.11
[INFO] [stderr]    Compiling signal-hook-mio v0.2.4
[INFO] [stderr]    Compiling tiff v0.9.1
[INFO] [stderr]    Compiling png v0.17.14
[INFO] [stderr]    Compiling http v1.1.0
[INFO] [stderr]    Compiling socket2 v0.5.7
[INFO] [stderr]    Compiling castaway v0.2.3
[INFO] [stderr]    Compiling block-buffer v0.10.4
[INFO] [stderr]    Compiling crypto-common v0.1.6
[INFO] [stderr]    Compiling rayon v1.10.0
[INFO] [stderr]    Compiling digest v0.10.7
[INFO] [stderr]    Compiling exr v1.72.0
[INFO] [stderr]    Compiling sha1 v0.10.6
[INFO] [stderr]    Compiling qoi v0.4.1
[INFO] [stderr]    Compiling itertools v0.13.0
[INFO] [stderr]    Compiling num_threads v0.1.7
[INFO] [stderr]    Compiling static_assertions v1.1.0
[INFO] [stderr]    Compiling utf-8 v0.7.6
[INFO] [stderr]    Compiling num-conv v0.1.0
[INFO] [stderr]    Compiling time-core v0.1.2
[INFO] [stderr]    Compiling serde_json v1.0.128
[INFO] [stderr]    Compiling data-encoding v2.6.0
[INFO] [stderr]    Compiling time v0.3.36
[INFO] [stderr]    Compiling compact_str v0.8.0
[INFO] [stderr]    Compiling crossterm v0.28.1
[INFO] [stderr]    Compiling lru v0.12.5
[INFO] [stderr]    Compiling dbus v0.9.7
[INFO] [stderr]    Compiling iana-time-zone v0.1.61
[INFO] [stderr]    Compiling cassowary v0.3.0
[INFO] [stderr]    Compiling whoami v1.5.2
[INFO] [stderr]    Compiling chrono v0.4.38
[INFO] [stderr]    Compiling unicode-truncate v1.1.0
[INFO] [stderr]    Compiling thiserror-impl v1.0.64
[INFO] [stderr]    Compiling zerocopy-derive v0.7.35
[INFO] [stderr]    Compiling profiling-procmacros v1.0.15
[INFO] [stderr]    Compiling arg_enum_proc_macro v0.3.4
[INFO] [stderr]    Compiling num-derive v0.4.2
[INFO] [stderr]    Compiling futures-macro v0.3.31
[INFO] [stderr]    Compiling serde_derive v1.0.210
[INFO] [stderr]    Compiling strum_macros v0.26.4
[INFO] [stderr]    Compiling tokio-macros v2.4.0
[INFO] [stderr]    Compiling instability v0.3.2
[INFO] [stderr]    Compiling profiling v1.0.15
[INFO] [stderr]    Compiling tokio v1.40.0
[INFO] [stderr]    Compiling futures-util v0.3.31
[INFO] [stderr]    Compiling sysinfo v0.32.0
[INFO] [stderr]    Compiling zerocopy v0.7.35
[INFO] [stderr]    Compiling strum v0.26.3
[INFO] [stderr]    Compiling ppv-lite86 v0.2.20
[INFO] [stderr]    Compiling ratatui v0.28.1
[INFO] [stderr]    Compiling rand_chacha v0.3.1
[INFO] [stderr]    Compiling rand v0.8.5
[INFO] [stderr]    Compiling tungstenite v0.24.0
[INFO] [stderr]    Compiling futures-executor v0.3.31
[INFO] [stderr]    Compiling futures v0.3.31
[INFO] [stderr]    Compiling ravif v0.11.10
[INFO] [stderr]    Compiling tokio-tungstenite v0.24.0
[INFO] [stderr]    Compiling image v0.25.2
[INFO] [stderr]    Compiling xcap v0.0.14
[INFO] [stderr]    Compiling spyctl v0.1.0 (/opt/rustwide/workdir)
[INFO] [stderr]     Finished `release` profile [optimized] target(s) in 2m 15s
[INFO] [stderr] warning: the following packages contain code that will be rejected by a future version of Rust: xcap v0.0.14
[INFO] [stderr] note: to see what the problems were, use the option `--future-incompat-report`, or run `cargo report future-incompatibilities --id 1`
[INFO] running `Command { std: "docker" "inspect" "ab57001cead9d179a7ff88921ecd4383435da513aed4a076f9393ce4aae21538", kill_on_drop: false }`
[INFO] running `Command { std: "docker" "exec" "-e" "SOURCE_DIR=/opt/rustwide/workdir" "-e" "CARGO_HOME=/opt/rustwide/cargo-home" "-e" "RUSTUP_HOME=/opt/rustwide/rustup-home" "-e" "CARGO_TARGET_DIR=/opt/rustwide/target" "-e" "CARGO_INCREMENTAL=0" "-e" "RUST_BACKTRACE=full" "-e" "RUSTFLAGS=--cap-lints=warn" "-e" "RUSTDOCFLAGS=--cap-lints=warn" "-w" "/opt/rustwide/workdir" "--user" "0:0" "ab57001cead9d179a7ff88921ecd4383435da513aed4a076f9393ce4aae21538" "/opt/rustwide/cargo-home/bin/cargo" "+1.99.0-beta.8" "test" "--frozen" "--no-run" "--message-format=json" "--release", kill_on_drop: false }`
[INFO] [stderr]    Compiling spyctl v0.1.0 (/opt/rustwide/workdir)
[INFO] [stderr]     Finished `release` profile [optimized] target(s) in 3.79s
[INFO] [stderr] warning: the following packages contain code that will be rejected by a future version of Rust: xcap v0.0.14
[INFO] [stderr] note: to see what the problems were, use the option `--future-incompat-report`, or run `cargo report future-incompatibilities --id 1`
[INFO] running `Command { std: "docker" "inspect" "ab57001cead9d179a7ff88921ecd4383435da513aed4a076f9393ce4aae21538", kill_on_drop: false }`
[INFO] running `Command { std: "docker" "exec" "-e" "SOURCE_DIR=/opt/rustwide/workdir" "-e" "CARGO_HOME=/opt/rustwide/cargo-home" "-e" "RUSTUP_HOME=/opt/rustwide/rustup-home" "-e" "CARGO_TARGET_DIR=/opt/rustwide/target" "-e" "CARGO_INCREMENTAL=0" "-e" "RUST_BACKTRACE=full" "-e" "RUSTFLAGS=--cap-lints=warn" "-e" "RUSTDOCFLAGS=--cap-lints=warn" "-w" "/opt/rustwide/workdir" "--user" "0:0" "ab57001cead9d179a7ff88921ecd4383435da513aed4a076f9393ce4aae21538" "/opt/rustwide/cargo-home/bin/cargo" "+1.99.0-beta.8" "test" "--frozen" "--release", kill_on_drop: false }`
[INFO] [stderr]     Finished `release` profile [optimized] target(s) in 0.22s
[INFO] [stderr] warning: the following packages contain code that will be rejected by a future version of Rust: xcap v0.0.14
[INFO] [stderr] note: to see what the problems were, use the option `--future-incompat-report`, or run `cargo report future-incompatibilities --id 1`
[INFO] [stderr]      Running unittests src/lib.rs (/opt/rustwide/target/release/deps/spyctl-a5da4fb3875dcf7f)
[INFO] [stdout] 
[INFO] [stdout] running 2 tests
[INFO] [stdout] test slave::surveillance::screen::tests::test_capture_screenshot ... FAILED
[INFO] [stdout] test slave::surveillance::sysinfo::tests::test_whoami ... FAILED
[INFO] [stdout] 
[INFO] [stdout] failures:
[INFO] [stdout] 
[INFO] [stdout] ---- slave::surveillance::screen::tests::test_capture_screenshot stdout ----
[INFO] [stdout] 
[INFO] [stdout] thread 'slave::surveillance::screen::tests::test_capture_screenshot' (2788) panicked at src/slave/surveillance/screen.rs:12:35:
[INFO] [stdout] called `Result::unwrap()` on an `Err` value: XcbConnError(ClosedParseErr)
[INFO] [stdout] stack backtrace:
[INFO] [stdout]    0:     0x619a92853641 - <<std[70759c8f55707aa4]::sys::backtrace::BacktraceLock>::print::DisplayBacktrace as core[df12db4294e9bfd3]::fmt::Display>::fmt
[INFO] [stdout]    1:     0x619a9286ba4a - core[df12db4294e9bfd3]::fmt::write
[INFO] [stdout]    2:     0x619a92857d5c - <alloc[2182bb758b4b3781]::vec::Vec<u8> as core[df12db4294e9bfd3]::io::write::Write>::write_fmt
[INFO] [stdout]    3:     0x619a9282db26 - std[70759c8f55707aa4]::panicking::default_hook::{closure#0}
[INFO] [stdout]    4:     0x619a9284aa79 - std[70759c8f55707aa4]::panicking::default_hook
[INFO] [stdout]    5:     0x619a926977a0 - test[9d35eded1c95d3be]::test_main_inner::<test[9d35eded1c95d3be]::test_main_static::{closure#0}>::{closure#0}
[INFO] [stdout]    6:     0x619a9284ac32 - std[70759c8f55707aa4]::panicking::panic_with_hook
[INFO] [stdout]    7:     0x619a9282dbd2 - std[70759c8f55707aa4]::panicking::panic_handler::{closure#0}
[INFO] [stdout]    8:     0x619a92826679 - std[70759c8f55707aa4]::sys::backtrace::__rust_end_short_backtrace::<std[70759c8f55707aa4]::panicking::panic_handler::{closure#0}, !>
[INFO] [stdout]    9:     0x619a9282e7cd - __rustc[8fa7c3cbc660c2b3]::rust_begin_unwind
[INFO] [stdout]   10:     0x619a9286c17c - core[df12db4294e9bfd3]::panicking::panic_fmt
[INFO] [stdout]   11:     0x619a9286bf52 - core[df12db4294e9bfd3]::result::unwrap_failed
[INFO] [stdout]   12:     0x619a9267d343 - spyctl[bddbf39330e24552]::slave::surveillance::screen::capture_screens
[INFO] [stdout]   13:     0x619a926817ad - spyctl[bddbf39330e24552]::slave::surveillance::screen::tests::test_capture_screenshot
[INFO] [stdout]   14:     0x619a92677df9 - <spyctl[bddbf39330e24552]::slave::surveillance::screen::tests::test_capture_screenshot::{closure#0} as core[df12db4294e9bfd3]::ops::function::FnOnce<()>>::call_once
[INFO] [stdout]   15:     0x619a9268aa8b - test[9d35eded1c95d3be]::__rust_begin_short_backtrace::<core[df12db4294e9bfd3]::result::Result<(), alloc[2182bb758b4b3781]::string::String>, fn() -> core[df12db4294e9bfd3]::result::Result<(), alloc[2182bb758b4b3781]::string::String>>
[INFO] [stdout]   16:     0x619a926980f5 - test[9d35eded1c95d3be]::run_test::{closure#0}
[INFO] [stdout]   17:     0x619a926919b4 - std[70759c8f55707aa4]::sys::backtrace::__rust_begin_short_backtrace::<test[9d35eded1c95d3be]::run_test::{closure#1}, ()>
[INFO] [stdout]   18:     0x619a9269b252 - <std[70759c8f55707aa4]::thread::lifecycle::spawn_unchecked<test[9d35eded1c95d3be]::run_test::{closure#1}, ()>::{closure#1} as core[df12db4294e9bfd3]::ops::function::FnOnce<()>>::call_once::{shim:vtable#0}
[INFO] [stdout]   19:     0x619a92852669 - <std[70759c8f55707aa4]::sys::thread::unix::Thread>::new::thread_start
[INFO] [stdout]   20:     0x70421542edfa - <unknown>
[INFO] [stdout]   21:     0x7042154c23d4 - clone
[INFO] [stdout]   22:                0x0 - <unknown>
[INFO] [stdout] 
[INFO] [stdout] ---- slave::surveillance::sysinfo::tests::test_whoami stdout ----
[INFO] [stdout] Machine ID Information:
[INFO] [stdout] User's Name:           root
[INFO] [stdout] User's Username:       root
[INFO] [stdout] 
[INFO] [stdout] thread 'slave::surveillance::sysinfo::tests::test_whoami' (2789) panicked at src/slave/surveillance/sysinfo.rs:81:66:
[INFO] [stdout] called `Option::unwrap()` on a `None` value
[INFO] [stdout] stack backtrace:
[INFO] [stdout]    0:     0x619a92853641 - <<std[70759c8f55707aa4]::sys::backtrace::BacktraceLock>::print::DisplayBacktrace as core[df12db4294e9bfd3]::fmt::Display>::fmt
[INFO] [stdout]    1:     0x619a9286ba4a - core[df12db4294e9bfd3]::fmt::write
[INFO] [stdout]    2:     0x619a92857d5c - <alloc[2182bb758b4b3781]::vec::Vec<u8> as core[df12db4294e9bfd3]::io::write::Write>::write_fmt
[INFO] [stdout]    3:     0x619a9282db26 - std[70759c8f55707aa4]::panicking::default_hook::{closure#0}
[INFO] [stdout]    4:     0x619a9284aa79 - std[70759c8f55707aa4]::panicking::default_hook
[INFO] [stdout]    5:     0x619a926977a0 - test[9d35eded1c95d3be]::test_main_inner::<test[9d35eded1c95d3be]::test_main_static::{closure#0}>::{closure#0}
[INFO] [stdout]    6:     0x619a9284ac32 - std[70759c8f55707aa4]::panicking::panic_with_hook
[INFO] [stdout]    7:     0x619a9282dc04 - std[70759c8f55707aa4]::panicking::panic_handler::{closure#0}
[INFO] [stdout]    8:     0x619a92826679 - std[70759c8f55707aa4]::sys::backtrace::__rust_end_short_backtrace::<std[70759c8f55707aa4]::panicking::panic_handler::{closure#0}, !>
[INFO] [stdout]    9:     0x619a9282e7cd - __rustc[8fa7c3cbc660c2b3]::rust_begin_unwind
[INFO] [stdout]   10:     0x619a9286c17c - core[df12db4294e9bfd3]::panicking::panic_fmt
[INFO] [stdout]   11:     0x619a9286c142 - core[df12db4294e9bfd3]::panicking::panic
[INFO] [stdout]   12:     0x619a9286bef9 - core[df12db4294e9bfd3]::option::unwrap_failed
[INFO] [stdout]   13:     0x619a9267e7ea - spyctl[bddbf39330e24552]::slave::surveillance::sysinfo::tests::test_whoami
[INFO] [stdout]   14:     0x619a92677e19 - <spyctl[bddbf39330e24552]::slave::surveillance::sysinfo::tests::test_whoami::{closure#0} as core[df12db4294e9bfd3]::ops::function::FnOnce<()>>::call_once
[INFO] [stdout]   15:     0x619a9268aa8b - test[9d35eded1c95d3be]::__rust_begin_short_backtrace::<core[df12db4294e9bfd3]::result::Result<(), alloc[2182bb758b4b3781]::string::String>, fn() -> core[df12db4294e9bfd3]::result::Result<(), alloc[2182bb758b4b3781]::string::String>>
[INFO] [stdout]   16:     0x619a926980f5 - test[9d35eded1c95d3be]::run_test::{closure#0}
[INFO] [stdout]   17:     0x619a926919b4 - std[70759c8f55707aa4]::sys::backtrace::__rust_begin_short_backtrace::<test[9d35eded1c95d3be]::run_test::{closure#1}, ()>
[INFO] [stdout]   18:     0x619a9269b252 - <std[70759c8f55707aa4]::thread::lifecycle::spawn_unchecked<test[9d35eded1c95d3be]::run_test::{closure#1}, ()>::{closure#1} as core[df12db4294e9bfd3]::ops::function::FnOnce<()>>::call_once::{shim:vtable#0}
[INFO] [stdout]   19:     0x619a92852669 - <std[70759c8f55707aa4]::sys::thread::unix::Thread>::new::thread_start
[INFO] [stdout]   20:     0x70421542edfa - <unknown>
[INFO] [stdout]   21:     0x7042154c23d4 - clone
[INFO] [stdout]   22:                0x0 - <unknown>
[INFO] [stdout] 
[INFO] [stdout] 
[INFO] [stdout] failures:
[INFO] [stdout]     slave::surveillance::screen::tests::test_capture_screenshot
[INFO] [stdout]     slave::surveillance::sysinfo::tests::test_whoami
[INFO] [stdout] 
[INFO] [stdout] test result: FAILED. 0 passed; 2 failed; 0 ignored; 0 measured; 0 filtered out; finished in 0.01s
[INFO] [stdout] 
[INFO] [stderr] error: test failed, to rerun pass `--lib`
[INFO] running `Command { std: "docker" "inspect" "ab57001cead9d179a7ff88921ecd4383435da513aed4a076f9393ce4aae21538", kill_on_drop: false }`
[INFO] running `Command { std: "docker" "rm" "-f" "ab57001cead9d179a7ff88921ecd4383435da513aed4a076f9393ce4aae21538", kill_on_drop: false }`
[INFO] [stdout] ab57001cead9d179a7ff88921ecd4383435da513aed4a076f9393ce4aae21538
