[INFO] cloning repository https://github.com/friedm/emote
[INFO] running `Command { std: "git" "-c" "credential.helper=" "-c" "credential.helper=/workspace/cargo-home/bin/git-credential-null" "clone" "--bare" "https://github.com/friedm/emote" "/workspace/cache/git-repos/https%3A%2F%2Fgithub.com%2Ffriedm%2Femote", kill_on_drop: false }`
[INFO] [stderr] Cloning into bare repository '/workspace/cache/git-repos/https%3A%2F%2Fgithub.com%2Ffriedm%2Femote'...
[INFO] running `Command { std: "git" "rev-parse" "HEAD", kill_on_drop: false }`
[INFO] [stdout] a290863a59ec382093c3c3c580675cc93bc43c17
[INFO] testing friedm/emote against 1.100.0-beta.1+cargoflags=--release for beta-release-1.100-2
[INFO] running `Command { std: "git" "clone" "/workspace/cache/git-repos/https%3A%2F%2Fgithub.com%2Ffriedm%2Femote" "/workspace/builds/worker-2-tc2/source", kill_on_drop: false }`
[INFO] [stderr] Cloning into '/workspace/builds/worker-2-tc2/source'...
[INFO] [stderr] done.
[INFO] started tweaking git repo https://github.com/friedm/emote
[INFO] finished tweaking git repo https://github.com/friedm/emote
[INFO] tweaked toml for git repo https://github.com/friedm/emote written to /workspace/builds/worker-2-tc2/source/Cargo.toml
[INFO] validating manifest of git repo https://github.com/friedm/emote on toolchain 1.100.0-beta.1
[INFO] running `Command { std: CARGO_HOME="/workspace/cargo-home" RUSTUP_HOME="/workspace/rustup-home" "/workspace/cargo-home/bin/cargo" "+1.100.0-beta.1" "metadata" "--manifest-path" "Cargo.toml" "--no-deps", kill_on_drop: false }`
[INFO] crate git repo https://github.com/friedm/emote already has a lockfile, it will not be regenerated
[INFO] running `Command { std: CARGO_HOME="/workspace/cargo-home" RUSTUP_HOME="/workspace/rustup-home" "/workspace/cargo-home/bin/cargo" "+1.100.0-beta.1" "fetch" "--manifest-path" "Cargo.toml", kill_on_drop: false }`
[INFO] [stderr] warning: Cargo.toml: `package.edition` is unspecified, defaulting to `2015` while the latest is `2024`
[INFO] [stderr] warning: `package.homepage` is redundant with `package.repository`
[INFO] [stderr]   --> Cargo.toml:23:12
[INFO] [stderr]    |
[INFO] [stderr] 23 | homepage = "https://github.com/friedm/emote"
[INFO] [stderr]    |            ^^^^^^^^^^^^^^^^^^^^^^^^^^^^^^^^^
[INFO] [stderr] ...
[INFO] [stderr] 28 | repository = "https://github.com/friedm/emote"
[INFO] [stderr]    |              ---------------------------------
[INFO] [stderr]    |
[INFO] [stderr]    = note: `cargo::redundant_homepage` is set to `warn` by default
[INFO] [stderr] help: consider removing `package.homepage`
[INFO] [stderr] warning: `emote` (manifest) generated 2 warnings
[INFO] running `Command { std: "docker" "create" "-v" "/var/lib/crater-agent-workspace/builds/worker-2-tc2/source:/opt/rustwide/workdir:ro,Z" "-v" "/var/lib/crater-agent-workspace/builds/worker-2-tc2/target:/opt/rustwide/target:rw,Z" "-v" "/var/lib/crater-agent-workspace/cargo-home:/opt/rustwide/cargo-home:ro,Z" "-v" "/var/lib/crater-agent-workspace/rustup-home:/opt/rustwide/rustup-home:ro,Z" "-m" "1610612736" "--network" "none" "ghcr.io/rust-lang/crates-build-env/linux@sha256:77db811e55d90add9212f6832c23229e3de5f1c1f9905e8cb07319ea15df73ac" "sleep" "infinity", kill_on_drop: false }`
[INFO] [stdout] d52fd5b07a0702ec41a158b462ae68b512773079c2bf06b060e9a9cae2c2f800
[INFO] running `Command { std: "docker" "start" "d52fd5b07a0702ec41a158b462ae68b512773079c2bf06b060e9a9cae2c2f800", kill_on_drop: false }`
[INFO] running `Command { std: "docker" "inspect" "d52fd5b07a0702ec41a158b462ae68b512773079c2bf06b060e9a9cae2c2f800", kill_on_drop: false }`
[INFO] running `Command { std: "docker" "exec" "-e" "SOURCE_DIR=/opt/rustwide/workdir" "-e" "CARGO_HOME=/opt/rustwide/cargo-home" "-e" "RUSTUP_HOME=/opt/rustwide/rustup-home" "-e" "CARGO_TARGET_DIR=/opt/rustwide/target" "-w" "/opt/rustwide/workdir" "--user" "0:0" "d52fd5b07a0702ec41a158b462ae68b512773079c2bf06b060e9a9cae2c2f800" "/opt/rustwide/cargo-home/bin/cargo" "+1.100.0-beta.1" "metadata" "--no-deps" "--format-version=1", kill_on_drop: false }`
[INFO] running `Command { std: "docker" "inspect" "d52fd5b07a0702ec41a158b462ae68b512773079c2bf06b060e9a9cae2c2f800", kill_on_drop: false }`
[INFO] running `Command { std: "docker" "exec" "-e" "SOURCE_DIR=/opt/rustwide/workdir" "-e" "CARGO_HOME=/opt/rustwide/cargo-home" "-e" "RUSTUP_HOME=/opt/rustwide/rustup-home" "-e" "CARGO_TARGET_DIR=/opt/rustwide/target" "-e" "CARGO_INCREMENTAL=0" "-e" "RUST_BACKTRACE=full" "-e" "RUSTFLAGS=--cap-lints=warn" "-e" "RUSTDOCFLAGS=--cap-lints=warn" "-w" "/opt/rustwide/workdir" "--user" "0:0" "d52fd5b07a0702ec41a158b462ae68b512773079c2bf06b060e9a9cae2c2f800" "/opt/rustwide/cargo-home/bin/cargo" "+1.100.0-beta.1" "build" "--frozen" "--message-format=json" "--release", kill_on_drop: false }`
[INFO] [stderr] warning: Cargo.toml: `package.edition` is unspecified, defaulting to `2015` while the latest is `2024`
[INFO] [stderr] warning: `package.homepage` is redundant with `package.repository`
[INFO] [stderr]   --> Cargo.toml:23:12
[INFO] [stderr]    |
[INFO] [stderr] 23 | homepage = "https://github.com/friedm/emote"
[INFO] [stderr]    |            ^^^^^^^^^^^^^^^^^^^^^^^^^^^^^^^^^
[INFO] [stderr] ...
[INFO] [stderr] 28 | repository = "https://github.com/friedm/emote"
[INFO] [stderr]    |              ---------------------------------
[INFO] [stderr]    |
[INFO] [stderr]    = note: `cargo::redundant_homepage` is set to `warn` by default
[INFO] [stderr] help: consider removing `package.homepage`
[INFO] [stderr] warning: `emote` (manifest) generated 2 warnings
[INFO] [stderr]    Compiling libc v0.2.42
[INFO] [stderr]    Compiling typenum v1.10.0
[INFO] [stderr]    Compiling num-traits v0.2.4
[INFO] [stderr]    Compiling void v1.0.2
[INFO] [stderr]    Compiling serde v1.0.66
[INFO] [stderr]    Compiling num-integer v0.1.38
[INFO] [stderr]    Compiling lazy_static v1.0.1
[INFO] [stderr]    Compiling regex v1.0.0
[INFO] [stderr]    Compiling ucd-util v0.1.1
[INFO] [stderr]    Compiling unicode-width v0.1.5
[INFO] [stderr]    Compiling constant_time_eq v0.1.3
[INFO] [stderr]    Compiling cfg-if v0.1.3
[INFO] [stderr]    Compiling bitflags v1.0.3
[INFO] [stderr]    Compiling dtoa v0.4.2
[INFO] [stderr]    Compiling xdg v2.1.0
[INFO] [stderr]    Compiling strsim v0.7.0
[INFO] [stderr]    Compiling textwrap v0.9.0
[INFO] [stderr]    Compiling unreachable v1.0.0
[INFO] [stderr]    Compiling log v0.4.2
[INFO] [stderr]    Compiling byte-tools v0.2.0
[INFO] [stderr]    Compiling termcolor v0.3.6
[INFO] [stderr]    Compiling thread_local v0.3.5
[INFO] [stderr]    Compiling vec_map v0.8.1
[INFO] [stderr]    Compiling regex-syntax v0.6.0
[INFO] [stderr]    Compiling itoa v0.4.1
[INFO] [stderr]    Compiling utf8-ranges v1.0.0
[INFO] [stderr]    Compiling remove_dir_all v0.5.1
[INFO] [stderr]    Compiling ansi_term v0.11.0
[INFO] [stderr]    Compiling app_dirs v1.2.1
[INFO] [stderr]    Compiling memchr v2.0.1
[INFO] [stderr]    Compiling time v0.1.40
[INFO] [stderr]    Compiling rand v0.4.2
[INFO] [stderr]    Compiling atty v0.2.10
[INFO] [stderr]    Compiling aho-corasick v0.6.4
[INFO] [stderr]    Compiling clap v2.31.2
[INFO] [stderr]    Compiling generic-array v0.9.0
[INFO] [stderr]    Compiling crypto-mac v0.5.2
[INFO] [stderr]    Compiling digest v0.7.2
[INFO] [stderr]    Compiling blake2 v0.7.1
[INFO] [stderr]    Compiling chrono v0.4.3
[INFO] [stderr]    Compiling tempfile v3.0.2
[INFO] [stderr]    Compiling stderrlog v0.4.0
[INFO] [stderr]    Compiling toml v0.4.6
[INFO] [stderr]    Compiling serde_json v1.0.20
[INFO] [stderr]    Compiling emote v0.1.0 (/opt/rustwide/workdir)
[INFO] [stdout] warning: use of deprecated constant `std::sync::ONCE_INIT`: the `Once::new()` function is now preferred
[INFO] [stdout]   --> src/emote.rs:76:9
[INFO] [stdout]    |
[INFO] [stdout] 76 | /         lazy_static! {
[INFO] [stdout] 77 | |             static ref RE: Regex = Regex::new(r":[a-zA-Z_]+?:").unwrap();
[INFO] [stdout] 78 | |         }
[INFO] [stdout]    | |_________^
[INFO] [stdout]    |
[INFO] [stdout]    = note: `#[warn(deprecated)]` on by default
[INFO] [stdout]    = note: this warning originates in the macro `__lazy_static_create` which comes from the expansion of the macro `lazy_static` (in Nightly builds, run with -Z macro-backtrace for more info)
[INFO] [stdout] 
[INFO] [stdout] 
[INFO] [stdout] warning: call to `.clone()` on a reference in this situation does nothing
[INFO] [stdout]   --> src/emote_map.rs:58:88
[INFO] [stdout]    |
[INFO] [stdout] 58 |   ...                   .expect(&format!("missing multi in toml: {:?}", item))
[INFO] [stdout]    |  _____________________________________________________________________________^
[INFO] [stdout] 59 | | ...                   .clone();
[INFO] [stdout]    | |______________________________^ help: remove this redundant call
[INFO] [stdout]    |
[INFO] [stdout]    = note: the type `str` does not implement `Clone`, so calling `clone` on `&str` copies the reference, which does not do anything and can be removed
[INFO] [stdout]    = note: `#[warn(noop_method_call)]` on by default
[INFO] [stdout] 
[INFO] [stdout] 
[INFO] [stderr] warning: unused dependency `tempfile`
[INFO] [stderr]   --> Cargo.toml:10:1
[INFO] [stderr]    |
[INFO] [stderr] 10 | tempfile = "3"
[INFO] [stderr]    | ^^^^^^^^^^^^^^
[INFO] [stderr]    |
[INFO] [stderr]    = note: `cargo::unused_dependencies` is set to `warn` by default
[INFO] [stderr] help: consider removing the dependency on `tempfile`
[INFO] [stderr] warning: `emote` (manifest) generated 1 warning
[INFO] [stderr]     Finished `release` profile [optimized] target(s) in 24.10s
[INFO] running `Command { std: "docker" "inspect" "d52fd5b07a0702ec41a158b462ae68b512773079c2bf06b060e9a9cae2c2f800", kill_on_drop: false }`
[INFO] running `Command { std: "docker" "exec" "-e" "SOURCE_DIR=/opt/rustwide/workdir" "-e" "CARGO_HOME=/opt/rustwide/cargo-home" "-e" "RUSTUP_HOME=/opt/rustwide/rustup-home" "-e" "CARGO_TARGET_DIR=/opt/rustwide/target" "-e" "CARGO_INCREMENTAL=0" "-e" "RUST_BACKTRACE=full" "-e" "RUSTFLAGS=--cap-lints=warn" "-e" "RUSTDOCFLAGS=--cap-lints=warn" "-w" "/opt/rustwide/workdir" "--user" "0:0" "d52fd5b07a0702ec41a158b462ae68b512773079c2bf06b060e9a9cae2c2f800" "/opt/rustwide/cargo-home/bin/cargo" "+1.100.0-beta.1" "test" "--frozen" "--no-run" "--message-format=json" "--release", kill_on_drop: false }`
[INFO] [stderr] warning: Cargo.toml: `package.edition` is unspecified, defaulting to `2015` while the latest is `2024`
[INFO] [stderr] warning: `package.homepage` is redundant with `package.repository`
[INFO] [stderr]   --> Cargo.toml:23:12
[INFO] [stderr]    |
[INFO] [stderr] 23 | homepage = "https://github.com/friedm/emote"
[INFO] [stderr]    |            ^^^^^^^^^^^^^^^^^^^^^^^^^^^^^^^^^
[INFO] [stderr] ...
[INFO] [stderr] 28 | repository = "https://github.com/friedm/emote"
[INFO] [stderr]    |              ---------------------------------
[INFO] [stderr]    |
[INFO] [stderr]    = note: `cargo::redundant_homepage` is set to `warn` by default
[INFO] [stderr] help: consider removing `package.homepage`
[INFO] [stderr] warning: `emote` (manifest) generated 2 warnings
[INFO] [stderr]    Compiling emote v0.1.0 (/opt/rustwide/workdir)
[INFO] [stdout] warning: use of deprecated constant `std::sync::ONCE_INIT`: the `Once::new()` function is now preferred
[INFO] [stdout]   --> src/emote.rs:76:9
[INFO] [stdout]    |
[INFO] [stdout] 76 | /         lazy_static! {
[INFO] [stdout] 77 | |             static ref RE: Regex = Regex::new(r":[a-zA-Z_]+?:").unwrap();
[INFO] [stdout] 78 | |         }
[INFO] [stdout]    | |_________^
[INFO] [stdout]    |
[INFO] [stdout]    = note: `#[warn(deprecated)]` on by default
[INFO] [stdout]    = note: this warning originates in the macro `__lazy_static_create` which comes from the expansion of the macro `lazy_static` (in Nightly builds, run with -Z macro-backtrace for more info)
[INFO] [stdout] 
[INFO] [stdout] 
[INFO] [stdout] warning: call to `.clone()` on a reference in this situation does nothing
[INFO] [stdout]   --> src/emote_map.rs:58:88
[INFO] [stdout]    |
[INFO] [stdout] 58 |   ...                   .expect(&format!("missing multi in toml: {:?}", item))
[INFO] [stdout]    |  _____________________________________________________________________________^
[INFO] [stdout] 59 | | ...                   .clone();
[INFO] [stdout]    | |______________________________^ help: remove this redundant call
[INFO] [stdout]    |
[INFO] [stdout]    = note: the type `str` does not implement `Clone`, so calling `clone` on `&str` copies the reference, which does not do anything and can be removed
[INFO] [stdout]    = note: `#[warn(noop_method_call)]` on by default
[INFO] [stdout] 
[INFO] [stdout] 
[INFO] [stdout] warning: use of deprecated constant `std::sync::ONCE_INIT`: the `Once::new()` function is now preferred
[INFO] [stdout]   --> src/emote.rs:76:9
[INFO] [stdout]    |
[INFO] [stdout] 76 | /         lazy_static! {
[INFO] [stdout] 77 | |             static ref RE: Regex = Regex::new(r":[a-zA-Z_]+?:").unwrap();
[INFO] [stdout] 78 | |         }
[INFO] [stdout]    | |_________^
[INFO] [stdout]    |
[INFO] [stdout]    = note: `#[warn(deprecated)]` on by default
[INFO] [stdout]    = note: this warning originates in the macro `__lazy_static_create` which comes from the expansion of the macro `lazy_static` (in Nightly builds, run with -Z macro-backtrace for more info)
[INFO] [stdout] 
[INFO] [stdout] 
[INFO] [stdout] warning: call to `.clone()` on a reference in this situation does nothing
[INFO] [stdout]   --> src/emote_map.rs:58:88
[INFO] [stdout]    |
[INFO] [stdout] 58 |   ...                   .expect(&format!("missing multi in toml: {:?}", item))
[INFO] [stdout]    |  _____________________________________________________________________________^
[INFO] [stdout] 59 | | ...                   .clone();
[INFO] [stdout]    | |______________________________^ help: remove this redundant call
[INFO] [stdout]    |
[INFO] [stdout]    = note: the type `str` does not implement `Clone`, so calling `clone` on `&str` copies the reference, which does not do anything and can be removed
[INFO] [stdout]    = note: `#[warn(noop_method_call)]` on by default
[INFO] [stdout] 
[INFO] [stdout] 
[INFO] [stdout] warning: panic message is not a string literal
[INFO] [stdout]   --> tests/tests.rs:93:47
[INFO] [stdout]    |
[INFO] [stdout] 93 |     assert!(s.contains("building emote map"), s);
[INFO] [stdout]    |                                               ^
[INFO] [stdout]    |
[INFO] [stdout]    = note: this usage of `assert!()` is deprecated; it will be a hard error in Rust 2021
[INFO] [stdout]    = note: for more information, see <https://doc.rust-lang.org/edition-guide/rust-2021/panic-macro-consistency.html>
[INFO] [stdout]    = note: for more information, see <https://doc.rust-lang.org/edition-guide/rust-2021/panic-macro-consistency.html>
[INFO] [stdout]    = note: `#[warn(non_fmt_panics)]` (part of `#[warn(rust_2021_compatibility)]`) on by default
[INFO] [stdout] help: add a "{}" format string to `Display` the message
[INFO] [stdout]    |
[INFO] [stdout] 93 |     assert!(s.contains("building emote map"), "{}", s);
[INFO] [stdout]    |                                               +++++
[INFO] [stdout] 
[INFO] [stdout] 
[INFO] [stdout] warning: panic message is not a string literal
[INFO] [stdout]   --> tests/tests.rs:94:37
[INFO] [stdout]    |
[INFO] [stdout] 94 |     assert!(!s.contains("loading"), s);
[INFO] [stdout]    |                                     ^
[INFO] [stdout]    |
[INFO] [stdout]    = note: this usage of `assert!()` is deprecated; it will be a hard error in Rust 2021
[INFO] [stdout]    = note: for more information, see <https://doc.rust-lang.org/edition-guide/rust-2021/panic-macro-consistency.html>
[INFO] [stdout]    = note: for more information, see <https://doc.rust-lang.org/edition-guide/rust-2021/panic-macro-consistency.html>
[INFO] [stdout] help: add a "{}" format string to `Display` the message
[INFO] [stdout]    |
[INFO] [stdout] 94 |     assert!(!s.contains("loading"), "{}", s);
[INFO] [stdout]    |                                     +++++
[INFO] [stdout] 
[INFO] [stdout] 
[INFO] [stdout] warning: panic message is not a string literal
[INFO] [stdout]    --> tests/tests.rs:100:46
[INFO] [stdout]     |
[INFO] [stdout] 100 |     assert!(s.contains("loading emote map"), s);
[INFO] [stdout]     |                                              ^
[INFO] [stdout]     |
[INFO] [stdout]     = note: this usage of `assert!()` is deprecated; it will be a hard error in Rust 2021
[INFO] [stdout]     = note: for more information, see <https://doc.rust-lang.org/edition-guide/rust-2021/panic-macro-consistency.html>
[INFO] [stdout]     = note: for more information, see <https://doc.rust-lang.org/edition-guide/rust-2021/panic-macro-consistency.html>
[INFO] [stdout] help: add a "{}" format string to `Display` the message
[INFO] [stdout]     |
[INFO] [stdout] 100 |     assert!(s.contains("loading emote map"), "{}", s);
[INFO] [stdout]     |                                              +++++
[INFO] [stdout] 
[INFO] [stdout] 
[INFO] [stdout] warning: panic message is not a string literal
[INFO] [stdout]    --> tests/tests.rs:101:38
[INFO] [stdout]     |
[INFO] [stdout] 101 |     assert!(!s.contains("building"), s);
[INFO] [stdout]     |                                      ^
[INFO] [stdout]     |
[INFO] [stdout]     = note: this usage of `assert!()` is deprecated; it will be a hard error in Rust 2021
[INFO] [stdout]     = note: for more information, see <https://doc.rust-lang.org/edition-guide/rust-2021/panic-macro-consistency.html>
[INFO] [stdout]     = note: for more information, see <https://doc.rust-lang.org/edition-guide/rust-2021/panic-macro-consistency.html>
[INFO] [stdout] help: add a "{}" format string to `Display` the message
[INFO] [stdout]     |
[INFO] [stdout] 101 |     assert!(!s.contains("building"), "{}", s);
[INFO] [stdout]     |                                      +++++
[INFO] [stdout] 
[INFO] [stdout] 
[INFO] [stderr]     Finished `release` profile [optimized] target(s) in 0.88s
[INFO] running `Command { std: "docker" "inspect" "d52fd5b07a0702ec41a158b462ae68b512773079c2bf06b060e9a9cae2c2f800", kill_on_drop: false }`
[INFO] running `Command { std: "docker" "exec" "-e" "SOURCE_DIR=/opt/rustwide/workdir" "-e" "CARGO_HOME=/opt/rustwide/cargo-home" "-e" "RUSTUP_HOME=/opt/rustwide/rustup-home" "-e" "CARGO_TARGET_DIR=/opt/rustwide/target" "-e" "CARGO_INCREMENTAL=0" "-e" "RUST_BACKTRACE=full" "-e" "RUSTFLAGS=--cap-lints=warn" "-e" "RUSTDOCFLAGS=--cap-lints=warn" "-w" "/opt/rustwide/workdir" "--user" "0:0" "d52fd5b07a0702ec41a158b462ae68b512773079c2bf06b060e9a9cae2c2f800" "/opt/rustwide/cargo-home/bin/cargo" "+1.100.0-beta.1" "test" "--frozen" "--release", kill_on_drop: false }`
[INFO] [stderr] warning: Cargo.toml: `package.edition` is unspecified, defaulting to `2015` while the latest is `2024`
[INFO] [stderr] warning: `package.homepage` is redundant with `package.repository`
[INFO] [stderr]   --> Cargo.toml:23:12
[INFO] [stderr]    |
[INFO] [stderr] 23 | homepage = "https://github.com/friedm/emote"
[INFO] [stderr]    |            ^^^^^^^^^^^^^^^^^^^^^^^^^^^^^^^^^
[INFO] [stderr] ...
[INFO] [stderr] 28 | repository = "https://github.com/friedm/emote"
[INFO] [stderr]    |              ---------------------------------
[INFO] [stderr]    |
[INFO] [stderr]    = note: `cargo::redundant_homepage` is set to `warn` by default
[INFO] [stderr] help: consider removing `package.homepage`
[INFO] [stderr] warning: `emote` (manifest) generated 2 warnings
[INFO] [stderr] warning: use of deprecated constant `std::sync::ONCE_INIT`: the `Once::new()` function is now preferred
[INFO] [stderr]   --> src/emote.rs:76:9
[INFO] [stderr]    |
[INFO] [stderr] 76 | /         lazy_static! {
[INFO] [stderr] 77 | |             static ref RE: Regex = Regex::new(r":[a-zA-Z_]+?:").unwrap();
[INFO] [stderr] 78 | |         }
[INFO] [stderr]    | |_________^
[INFO] [stderr]    |
[INFO] [stderr]    = note: `#[warn(deprecated)]` on by default
[INFO] [stderr]    = note: this warning originates in the macro `__lazy_static_create` which comes from the expansion of the macro `lazy_static` (in Nightly builds, run with -Z macro-backtrace for more info)
[INFO] [stderr] 
[INFO] [stderr] warning: call to `.clone()` on a reference in this situation does nothing
[INFO] [stderr]   --> src/emote_map.rs:58:88
[INFO] [stderr]    |
[INFO] [stderr] 58 |   ...                   .expect(&format!("missing multi in toml: {:?}", item))
[INFO] [stderr]    |  _____________________________________________________________________________^
[INFO] [stderr] 59 | | ...                   .clone();
[INFO] [stderr]    | |______________________________^ help: remove this redundant call
[INFO] [stderr]    |
[INFO] [stderr]    = note: the type `str` does not implement `Clone`, so calling `clone` on `&str` copies the reference, which does not do anything and can be removed
[INFO] [stderr]    = note: `#[warn(noop_method_call)]` on by default
[INFO] [stderr] 
[INFO] [stderr] warning: panic message is not a string literal
[INFO] [stderr]   --> tests/tests.rs:93:47
[INFO] [stderr]    |
[INFO] [stderr] 93 |     assert!(s.contains("building emote map"), s);
[INFO] [stderr]    |                                               ^
[INFO] [stderr]    |
[INFO] [stderr]    = note: this usage of `assert!()` is deprecated; it will be a hard error in Rust 2021
[INFO] [stderr]    = note: for more information, see <https://doc.rust-lang.org/edition-guide/rust-2021/panic-macro-consistency.html>
[INFO] [stderr]    = note: for more information, see <https://doc.rust-lang.org/edition-guide/rust-2021/panic-macro-consistency.html>
[INFO] [stderr]    = note: `#[warn(non_fmt_panics)]` (part of `#[warn(rust_2021_compatibility)]`) on by default
[INFO] [stderr] help: add a "{}" format string to `Display` the message
[INFO] [stderr]    |
[INFO] [stderr] 93 |     assert!(s.contains("building emote map"), "{}", s);
[INFO] [stderr]    |                                               +++++
[INFO] [stderr] 
[INFO] [stderr] warning: panic message is not a string literal
[INFO] [stderr]   --> tests/tests.rs:94:37
[INFO] [stderr]    |
[INFO] [stderr] 94 |     assert!(!s.contains("loading"), s);
[INFO] [stderr]    |                                     ^
[INFO] [stderr]    |
[INFO] [stderr]    = note: this usage of `assert!()` is deprecated; it will be a hard error in Rust 2021
[INFO] [stderr]    = note: for more information, see <https://doc.rust-lang.org/edition-guide/rust-2021/panic-macro-consistency.html>
[INFO] [stderr]    = note: for more information, see <https://doc.rust-lang.org/edition-guide/rust-2021/panic-macro-consistency.html>
[INFO] [stderr] help: add a "{}" format string to `Display` the message
[INFO] [stderr]    |
[INFO] [stderr] 94 |     assert!(!s.contains("loading"), "{}", s);
[INFO] [stderr]    |                                     +++++
[INFO] [stderr] 
[INFO] [stderr] warning: panic message is not a string literal
[INFO] [stderr]    --> tests/tests.rs:100:46
[INFO] [stderr]     |
[INFO] [stderr] 100 |     assert!(s.contains("loading emote map"), s);
[INFO] [stderr]     |                                              ^
[INFO] [stderr]     |
[INFO] [stderr]     = note: this usage of `assert!()` is deprecated; it will be a hard error in Rust 2021
[INFO] [stderr]     = note: for more information, see <https://doc.rust-lang.org/edition-guide/rust-2021/panic-macro-consistency.html>
[INFO] [stderr]     = note: for more information, see <https://doc.rust-lang.org/edition-guide/rust-2021/panic-macro-consistency.html>
[INFO] [stderr] help: add a "{}" format string to `Display` the message
[INFO] [stderr]     |
[INFO] [stderr] 100 |     assert!(s.contains("loading emote map"), "{}", s);
[INFO] [stderr]     |                                              +++++
[INFO] [stderr] 
[INFO] [stderr] warning: panic message is not a string literal
[INFO] [stderr]    --> tests/tests.rs:101:38
[INFO] [stderr]     |
[INFO] [stderr] 101 |     assert!(!s.contains("building"), s);
[INFO] [stderr]     |                                      ^
[INFO] [stderr]     |
[INFO] [stderr]     = note: this usage of `assert!()` is deprecated; it will be a hard error in Rust 2021
[INFO] [stderr]     = note: for more information, see <https://doc.rust-lang.org/edition-guide/rust-2021/panic-macro-consistency.html>
[INFO] [stderr]     = note: for more information, see <https://doc.rust-lang.org/edition-guide/rust-2021/panic-macro-consistency.html>
[INFO] [stderr] help: add a "{}" format string to `Display` the message
[INFO] [stderr]     |
[INFO] [stderr] 101 |     assert!(!s.contains("building"), "{}", s);
[INFO] [stderr]     |                                      +++++
[INFO] [stderr] 
[INFO] [stderr] warning: `emote` (bin "emote" test) generated 2 warnings (run `cargo fix --bin "emote" -p emote --tests` to apply 1 suggestion)
[INFO] [stderr] warning: `emote` (test "tests") generated 4 warnings (run `cargo fix --test "tests" -p emote` to apply 4 suggestions)
[INFO] [stderr] warning: `emote` (bin "emote") generated 2 warnings (2 duplicates)
[INFO] [stderr]     Finished `release` profile [optimized] target(s) in 0.05s
[INFO] [stderr]      Running unittests src/main.rs (/opt/rustwide/target/release/build/emote/742beec56362071b/out/emote-742beec56362071b)
[INFO] [stdout] 
[INFO] [stdout] running 0 tests
[INFO] [stdout] 
[INFO] [stdout] test result: ok. 0 passed; 0 failed; 0 ignored; 0 measured; 0 filtered out; finished in 0.00s
[INFO] [stdout] 
[INFO] [stderr]      Running tests/tests.rs (/opt/rustwide/target/release/build/emote/1e090a94cd7671fb/out/tests-1e090a94cd7671fb)
[INFO] [stdout] 
[INFO] [stdout] running 7 tests
[INFO] [stdout] test can_execute_command ... FAILED
[INFO] [stdout] test loads_cache ... FAILED
[INFO] [stdout] test outputs_emoticon ... FAILED
[INFO] [stdout] test creates_cache ... FAILED
[INFO] [stdout] test reads_stdin_multiline ... FAILED
[INFO] [stdout] test creates_config ... FAILED
[INFO] [stdout] test reads_stdin ... FAILED
[INFO] [stdout] 
[INFO] [stdout] failures:
[INFO] [stdout] 
[INFO] [stdout] ---- can_execute_command stdout ----
[INFO] [stdout] 
[INFO] [stdout] thread 'can_execute_command' (893) panicked at tests/tests.rs:27:5:
[INFO] [stdout] failed to find binary to test!
[INFO] [stdout] stack backtrace:
[INFO] [stdout]    0:     0x57e558eb5d81 - <<std[617be2ca0a6fd877]::sys::backtrace::BacktraceLock>::print::DisplayBacktrace as core[a373ad73a504971]::fmt::Display>::fmt
[INFO] [stdout]    1:     0x57e558eca0ea - core[a373ad73a504971]::fmt::write
[INFO] [stdout]    2:     0x57e558eba33c - <alloc[2e1b2a31b91974c5]::vec::Vec<u8> as core[a373ad73a504971]::io::write::Write>::write_fmt
[INFO] [stdout]    3:     0x57e558e90b46 - std[617be2ca0a6fd877]::panicking::default_hook::{closure#0}
[INFO] [stdout]    4:     0x57e558eadd39 - std[617be2ca0a6fd877]::panicking::default_hook
[INFO] [stdout]    5:     0x57e558e46890 - test[aada8e7e76ba119b]::test_main_inner::{closure#0}
[INFO] [stdout]    6:     0x57e558eadef2 - std[617be2ca0a6fd877]::panicking::panic_with_hook
[INFO] [stdout]    7:     0x57e558e9016c - std[617be2ca0a6fd877]::panicking::begin_panic::<&str>::{closure#0}
[INFO] [stdout]    8:     0x57e558e89799 - std[617be2ca0a6fd877]::sys::backtrace::__rust_end_short_backtrace::<std[617be2ca0a6fd877]::panicking::begin_panic<&str>::{closure#0}, !>
[INFO] [stdout]    9:     0x57e558e86e1b - std[617be2ca0a6fd877]::panicking::begin_panic::<&str>
[INFO] [stdout]   10:     0x57e558e3612d - tests[77a78a573a21cb9d]::get_paths
[INFO] [stdout]   11:     0x57e558e3841e - <tests[77a78a573a21cb9d]::can_execute_command::{closure#0} as core[a373ad73a504971]::ops::function::FnOnce<()>>::call_once
[INFO] [stdout]   12:     0x57e558e39cdb - test[aada8e7e76ba119b]::__rust_begin_short_backtrace::<core[a373ad73a504971]::result::Result<(), alloc[2e1b2a31b91974c5]::string::String>, fn() -> core[a373ad73a504971]::result::Result<(), alloc[2e1b2a31b91974c5]::string::String>>
[INFO] [stdout]   13:     0x57e558e46eb5 - test[aada8e7e76ba119b]::run_test::{closure#0}
[INFO] [stdout]   14:     0x57e558e407a4 - std[617be2ca0a6fd877]::sys::backtrace::__rust_begin_short_backtrace::<test[aada8e7e76ba119b]::run_test::{closure#1}, ()>
[INFO] [stdout]   15:     0x57e558e49f42 - <std[617be2ca0a6fd877]::thread::lifecycle::spawn_unchecked<test[aada8e7e76ba119b]::run_test::{closure#1}, ()>::{closure#1} as core[a373ad73a504971]::ops::function::FnOnce<()>>::call_once::{shim:vtable#0}
[INFO] [stdout]   16:     0x57e558eb55df - <std[617be2ca0a6fd877]::sys::thread::unix::Thread>::new::thread_start
[INFO] [stdout]   17:     0x7635fbc1ddfa - <unknown>
[INFO] [stdout]   18:     0x7635fbcb13d4 - clone
[INFO] [stdout]   19:                0x0 - <unknown>
[INFO] [stdout] 
[INFO] [stdout] ---- loads_cache stdout ----
[INFO] [stdout] 
[INFO] [stdout] thread 'loads_cache' (896) panicked at tests/tests.rs:27:5:
[INFO] [stdout] failed to find binary to test!
[INFO] [stdout] stack backtrace:
[INFO] [stdout]    0:     0x57e558eb5d81 - <<std[617be2ca0a6fd877]::sys::backtrace::BacktraceLock>::print::DisplayBacktrace as core[a373ad73a504971]::fmt::Display>::fmt
[INFO] [stdout]    1:     0x57e558eca0ea - core[a373ad73a504971]::fmt::write
[INFO] [stdout]    2:     0x57e558eba33c - <alloc[2e1b2a31b91974c5]::vec::Vec<u8> as core[a373ad73a504971]::io::write::Write>::write_fmt
[INFO] [stdout]    3:     0x57e558e90b46 - std[617be2ca0a6fd877]::panicking::default_hook::{closure#0}
[INFO] [stdout]    4:     0x57e558eadd39 - std[617be2ca0a6fd877]::panicking::default_hook
[INFO] [stdout]    5:     0x57e558e46890 - test[aada8e7e76ba119b]::test_main_inner::{closure#0}
[INFO] [stdout]    6:     0x57e558eadef2 - std[617be2ca0a6fd877]::panicking::panic_with_hook
[INFO] [stdout]    7:     0x57e558e9016c - std[617be2ca0a6fd877]::panicking::begin_panic::<&str>::{closure#0}
[INFO] [stdout]    8:     0x57e558e89799 - std[617be2ca0a6fd877]::sys::backtrace::__rust_end_short_backtrace::<std[617be2ca0a6fd877]::panicking::begin_panic<&str>::{closure#0}, !>
[INFO] [stdout]    9:     0x57e558e86e1b - std[617be2ca0a6fd877]::panicking::begin_panic::<&str>
[INFO] [stdout]   10:     0x57e558e3612d - tests[77a78a573a21cb9d]::get_paths
[INFO] [stdout]   11:     0x57e558e36bb3 - <tests[77a78a573a21cb9d]::loads_cache::{closure#0} as core[a373ad73a504971]::ops::function::FnOnce<()>>::call_once
[INFO] [stdout]   12:     0x57e558e39cdb - test[aada8e7e76ba119b]::__rust_begin_short_backtrace::<core[a373ad73a504971]::result::Result<(), alloc[2e1b2a31b91974c5]::string::String>, fn() -> core[a373ad73a504971]::result::Result<(), alloc[2e1b2a31b91974c5]::string::String>>
[INFO] [stdout]   13:     0x57e558e46eb5 - test[aada8e7e76ba119b]::run_test::{closure#0}
[INFO] [stdout]   14:     0x57e558e407a4 - std[617be2ca0a6fd877]::sys::backtrace::__rust_begin_short_backtrace::<test[aada8e7e76ba119b]::run_test::{closure#1}, ()>
[INFO] [stdout]   15:     0x57e558e49f42 - <std[617be2ca0a6fd877]::thread::lifecycle::spawn_unchecked<test[aada8e7e76ba119b]::run_test::{closure#1}, ()>::{closure#1} as core[a373ad73a504971]::ops::function::FnOnce<()>>::call_once::{shim:vtable#0}
[INFO] [stdout]   16:     0x57e558eb55df - <std[617be2ca0a6fd877]::sys::thread::unix::Thread>::new::thread_start
[INFO] [stdout]   17:     0x7635fbc1ddfa - <unknown>
[INFO] [stdout]   18:     0x7635fbcb13d4 - clone
[INFO] [stdout]   19:                0x0 - <unknown>
[INFO] [stdout] 
[INFO] [stdout] ---- outputs_emoticon stdout ----
[INFO] [stdout] 
[INFO] [stdout] thread 'outputs_emoticon' (897) panicked at tests/tests.rs:27:5:
[INFO] [stdout] failed to find binary to test!
[INFO] [stdout] stack backtrace:
[INFO] [stdout]    0:     0x57e558eb5d81 - <<std[617be2ca0a6fd877]::sys::backtrace::BacktraceLock>::print::DisplayBacktrace as core[a373ad73a504971]::fmt::Display>::fmt
[INFO] [stdout]    1:     0x57e558eca0ea - core[a373ad73a504971]::fmt::write
[INFO] [stdout]    2:     0x57e558eba33c - <alloc[2e1b2a31b91974c5]::vec::Vec<u8> as core[a373ad73a504971]::io::write::Write>::write_fmt
[INFO] [stdout]    3:     0x57e558e90b46 - std[617be2ca0a6fd877]::panicking::default_hook::{closure#0}
[INFO] [stdout]    4:     0x57e558eadd39 - std[617be2ca0a6fd877]::panicking::default_hook
[INFO] [stdout]    5:     0x57e558e46890 - test[aada8e7e76ba119b]::test_main_inner::{closure#0}
[INFO] [stdout]    6:     0x57e558eadef2 - std[617be2ca0a6fd877]::panicking::panic_with_hook
[INFO] [stdout]    7:     0x57e558e9016c - std[617be2ca0a6fd877]::panicking::begin_panic::<&str>::{closure#0}
[INFO] [stdout]    8:     0x57e558e89799 - std[617be2ca0a6fd877]::sys::backtrace::__rust_end_short_backtrace::<std[617be2ca0a6fd877]::panicking::begin_panic<&str>::{closure#0}, !>
[INFO] [stdout]    9:     0x57e558e86e1b - std[617be2ca0a6fd877]::panicking::begin_panic::<&str>
[INFO] [stdout]   10:     0x57e558e3612d - tests[77a78a573a21cb9d]::get_paths
[INFO] [stdout]   11:     0x57e558e3805e - <tests[77a78a573a21cb9d]::outputs_emoticon::{closure#0} as core[a373ad73a504971]::ops::function::FnOnce<()>>::call_once
[INFO] [stdout]   12:     0x57e558e39cdb - test[aada8e7e76ba119b]::__rust_begin_short_backtrace::<core[a373ad73a504971]::result::Result<(), alloc[2e1b2a31b91974c5]::string::String>, fn() -> core[a373ad73a504971]::result::Result<(), alloc[2e1b2a31b91974c5]::string::String>>
[INFO] [stdout]   13:     0x57e558e46eb5 - test[aada8e7e76ba119b]::run_test::{closure#0}
[INFO] [stdout]   14:     0x57e558e407a4 - std[617be2ca0a6fd877]::sys::backtrace::__rust_begin_short_backtrace::<test[aada8e7e76ba119b]::run_test::{closure#1}, ()>
[INFO] [stdout]   15:     0x57e558e49f42 - <std[617be2ca0a6fd877]::thread::lifecycle::spawn_unchecked<test[aada8e7e76ba119b]::run_test::{closure#1}, ()>::{closure#1} as core[a373ad73a504971]::ops::function::FnOnce<()>>::call_once::{shim:vtable#0}
[INFO] [stdout]   16:     0x57e558eb55df - <std[617be2ca0a6fd877]::sys::thread::unix::Thread>::new::thread_start
[INFO] [stdout]   17:     0x7635fbc1ddfa - <unknown>
[INFO] [stdout]   18:     0x7635fbcb13d4 - clone
[INFO] [stdout]   19:                0x0 - <unknown>
[INFO] [stdout] 
[INFO] [stdout] ---- creates_cache stdout ----
[INFO] [stdout] 
[INFO] [stdout] thread 'creates_cache' (894) panicked at tests/tests.rs:27:5:
[INFO] [stdout] failed to find binary to test!
[INFO] [stdout] stack backtrace:
[INFO] [stdout]    0:     0x57e558eb5d81 - <<std[617be2ca0a6fd877]::sys::backtrace::BacktraceLock>::print::DisplayBacktrace as core[a373ad73a504971]::fmt::Display>::fmt
[INFO] [stdout]    1:     0x57e558eca0ea - core[a373ad73a504971]::fmt::write
[INFO] [stdout]    2:     0x57e558eba33c - <alloc[2e1b2a31b91974c5]::vec::Vec<u8> as core[a373ad73a504971]::io::write::Write>::write_fmt
[INFO] [stdout]    3:     0x57e558e90b46 - std[617be2ca0a6fd877]::panicking::default_hook::{closure#0}
[INFO] [stdout]    4:     0x57e558eadd39 - std[617be2ca0a6fd877]::panicking::default_hook
[INFO] [stdout]    5:     0x57e558e46890 - test[aada8e7e76ba119b]::test_main_inner::{closure#0}
[INFO] [stdout]    6:     0x57e558eadef2 - std[617be2ca0a6fd877]::panicking::panic_with_hook
[INFO] [stdout]    7:     0x57e558e9016c - std[617be2ca0a6fd877]::panicking::begin_panic::<&str>::{closure#0}
[INFO] [stdout]    8:     0x57e558e89799 - std[617be2ca0a6fd877]::sys::backtrace::__rust_end_short_backtrace::<std[617be2ca0a6fd877]::panicking::begin_panic<&str>::{closure#0}, !>
[INFO] [stdout]    9:     0x57e558e86e1b - std[617be2ca0a6fd877]::panicking::begin_panic::<&str>
[INFO] [stdout]   10:     0x57e558e3612d - tests[77a78a573a21cb9d]::get_paths
[INFO] [stdout]   11:     0x57e558e3774e - <tests[77a78a573a21cb9d]::creates_cache::{closure#0} as core[a373ad73a504971]::ops::function::FnOnce<()>>::call_once
[INFO] [stdout]   12:     0x57e558e39cdb - test[aada8e7e76ba119b]::__rust_begin_short_backtrace::<core[a373ad73a504971]::result::Result<(), alloc[2e1b2a31b91974c5]::string::String>, fn() -> core[a373ad73a504971]::result::Result<(), alloc[2e1b2a31b91974c5]::string::String>>
[INFO] [stdout]   13:     0x57e558e46eb5 - test[aada8e7e76ba119b]::run_test::{closure#0}
[INFO] [stdout]   14:     0x57e558e407a4 - std[617be2ca0a6fd877]::sys::backtrace::__rust_begin_short_backtrace::<test[aada8e7e76ba119b]::run_test::{closure#1}, ()>
[INFO] [stdout]   15:     0x57e558e49f42 - <std[617be2ca0a6fd877]::thread::lifecycle::spawn_unchecked<test[aada8e7e76ba119b]::run_test::{closure#1}, ()>::{closure#1} as core[a373ad73a504971]::ops::function::FnOnce<()>>::call_once::{shim:vtable#0}
[INFO] [stdout]   16:     0x57e558eb55df - <std[617be2ca0a6fd877]::sys::thread::unix::Thread>::new::thread_start
[INFO] [stdout]   17:     0x7635fbc1ddfa - <unknown>
[INFO] [stdout]   18:     0x7635fbcb13d4 - clone
[INFO] [stdout]   19:                0x0 - <unknown>
[INFO] [stdout] 
[INFO] [stdout] ---- reads_stdin_multiline stdout ----
[INFO] [stdout] 
[INFO] [stdout] thread 'reads_stdin_multiline' (899) panicked at tests/tests.rs:27:5:
[INFO] [stdout] failed to find binary to test!
[INFO] [stdout] stack backtrace:
[INFO] [stdout]    0:     0x57e558eb5d81 - <<std[617be2ca0a6fd877]::sys::backtrace::BacktraceLock>::print::DisplayBacktrace as core[a373ad73a504971]::fmt::Display>::fmt
[INFO] [stdout]    1:     0x57e558eca0ea - core[a373ad73a504971]::fmt::write
[INFO] [stdout]    2:     0x57e558eba33c - <alloc[2e1b2a31b91974c5]::vec::Vec<u8> as core[a373ad73a504971]::io::write::Write>::write_fmt
[INFO] [stdout]    3:     0x57e558e90b46 - std[617be2ca0a6fd877]::panicking::default_hook::{closure#0}
[INFO] [stdout]    4:     0x57e558eadd39 - std[617be2ca0a6fd877]::panicking::default_hook
[INFO] [stdout]    5:     0x57e558e46890 - test[aada8e7e76ba119b]::test_main_inner::{closure#0}
[INFO] [stdout]    6:     0x57e558eadef2 - std[617be2ca0a6fd877]::panicking::panic_with_hook
[INFO] [stdout]    7:     0x57e558e9016c - std[617be2ca0a6fd877]::panicking::begin_panic::<&str>::{closure#0}
[INFO] [stdout]    8:     0x57e558e89799 - std[617be2ca0a6fd877]::sys::backtrace::__rust_end_short_backtrace::<std[617be2ca0a6fd877]::panicking::begin_panic<&str>::{closure#0}, !>
[INFO] [stdout]    9:     0x57e558e86e1b - std[617be2ca0a6fd877]::panicking::begin_panic::<&str>
[INFO] [stdout]   10:     0x57e558e3612d - tests[77a78a573a21cb9d]::get_paths
[INFO] [stdout]   11:     0x57e558e38680 - <tests[77a78a573a21cb9d]::reads_stdin_multiline::{closure#0} as core[a373ad73a504971]::ops::function::FnOnce<()>>::call_once
[INFO] [stdout]   12:     0x57e558e39cdb - test[aada8e7e76ba119b]::__rust_begin_short_backtrace::<core[a373ad73a504971]::result::Result<(), alloc[2e1b2a31b91974c5]::string::String>, fn() -> core[a373ad73a504971]::result::Result<(), alloc[2e1b2a31b91974c5]::string::String>>
[INFO] [stdout]   13:     0x57e558e46eb5 - test[aada8e7e76ba119b]::run_test::{closure#0}
[INFO] [stdout]   14:     0x57e558e407a4 - std[617be2ca0a6fd877]::sys::backtrace::__rust_begin_short_backtrace::<test[aada8e7e76ba119b]::run_test::{closure#1}, ()>
[INFO] [stderr] error: test failed, to rerun pass `--test tests`
[INFO] [stdout]   15:     0x57e558e49f42 - <std[617be2ca0a6fd877]::thread::lifecycle::spawn_unchecked<test[aada8e7e76ba119b]::run_test::{closure#1}, ()>::{closure#1} as core[a373ad73a504971]::ops::function::FnOnce<()>>::call_once::{shim:vtable#0}
[INFO] [stdout]   16:     0x57e558eb55df - <std[617be2ca0a6fd877]::sys::thread::unix::Thread>::new::thread_start
[INFO] [stdout]   17:     0x7635fbc1ddfa - <unknown>
[INFO] [stdout]   18:     0x7635fbcb13d4 - clone
[INFO] [stdout]   19:                0x0 - <unknown>
[INFO] [stdout] 
[INFO] [stdout] ---- creates_config stdout ----
[INFO] [stdout] 
[INFO] [stdout] thread 'creates_config' (895) panicked at tests/tests.rs:27:5:
[INFO] [stdout] failed to find binary to test!
[INFO] [stdout] stack backtrace:
[INFO] [stdout]    0:     0x57e558eb5d81 - <<std[617be2ca0a6fd877]::sys::backtrace::BacktraceLock>::print::DisplayBacktrace as core[a373ad73a504971]::fmt::Display>::fmt
[INFO] [stdout]    1:     0x57e558eca0ea - core[a373ad73a504971]::fmt::write
[INFO] [stdout]    2:     0x57e558eba33c - <alloc[2e1b2a31b91974c5]::vec::Vec<u8> as core[a373ad73a504971]::io::write::Write>::write_fmt
[INFO] [stdout]    3:     0x57e558e90b46 - std[617be2ca0a6fd877]::panicking::default_hook::{closure#0}
[INFO] [stdout]    4:     0x57e558eadd39 - std[617be2ca0a6fd877]::panicking::default_hook
[INFO] [stdout]    5:     0x57e558e46890 - test[aada8e7e76ba119b]::test_main_inner::{closure#0}
[INFO] [stdout]    6:     0x57e558eadef2 - std[617be2ca0a6fd877]::panicking::panic_with_hook
[INFO] [stdout]    7:     0x57e558e9016c - std[617be2ca0a6fd877]::panicking::begin_panic::<&str>::{closure#0}
[INFO] [stdout]    8:     0x57e558e89799 - std[617be2ca0a6fd877]::sys::backtrace::__rust_end_short_backtrace::<std[617be2ca0a6fd877]::panicking::begin_panic<&str>::{closure#0}, !>
[INFO] [stdout]    9:     0x57e558e86e1b - std[617be2ca0a6fd877]::panicking::begin_panic::<&str>
[INFO] [stdout]   10:     0x57e558e3612d - tests[77a78a573a21cb9d]::get_paths
[INFO] [stdout]   11:     0x57e558e37b8e - <tests[77a78a573a21cb9d]::creates_config::{closure#0} as core[a373ad73a504971]::ops::function::FnOnce<()>>::call_once
[INFO] [stdout]   12:     0x57e558e39cdb - test[aada8e7e76ba119b]::__rust_begin_short_backtrace::<core[a373ad73a504971]::result::Result<(), alloc[2e1b2a31b91974c5]::string::String>, fn() -> core[a373ad73a504971]::result::Result<(), alloc[2e1b2a31b91974c5]::string::String>>
[INFO] [stdout]   13:     0x57e558e46eb5 - test[aada8e7e76ba119b]::run_test::{closure#0}
[INFO] [stdout]   14:     0x57e558e407a4 - std[617be2ca0a6fd877]::sys::backtrace::__rust_begin_short_backtrace::<test[aada8e7e76ba119b]::run_test::{closure#1}, ()>
[INFO] [stdout]   15:     0x57e558e49f42 - <std[617be2ca0a6fd877]::thread::lifecycle::spawn_unchecked<test[aada8e7e76ba119b]::run_test::{closure#1}, ()>::{closure#1} as core[a373ad73a504971]::ops::function::FnOnce<()>>::call_once::{shim:vtable#0}
[INFO] [stdout]   16:     0x57e558eb55df - <std[617be2ca0a6fd877]::sys::thread::unix::Thread>::new::thread_start
[INFO] [stdout]   17:     0x7635fbc1ddfa - <unknown>
[INFO] [stdout]   18:     0x7635fbcb13d4 - clone
[INFO] [stdout]   19:                0x0 - <unknown>
[INFO] [stdout] 
[INFO] [stdout] ---- reads_stdin stdout ----
[INFO] [stdout] 
[INFO] [stdout] thread 'reads_stdin' (898) panicked at tests/tests.rs:27:5:
[INFO] [stdout] failed to find binary to test!
[INFO] [stdout] stack backtrace:
[INFO] [stdout]    0:     0x57e558eb5d81 - <<std[617be2ca0a6fd877]::sys::backtrace::BacktraceLock>::print::DisplayBacktrace as core[a373ad73a504971]::fmt::Display>::fmt
[INFO] [stdout]    1:     0x57e558eca0ea - core[a373ad73a504971]::fmt::write
[INFO] [stdout]    2:     0x57e558eba33c - <alloc[2e1b2a31b91974c5]::vec::Vec<u8> as core[a373ad73a504971]::io::write::Write>::write_fmt
[INFO] [stdout]    3:     0x57e558e90b46 - std[617be2ca0a6fd877]::panicking::default_hook::{closure#0}
[INFO] [stdout]    4:     0x57e558eadd39 - std[617be2ca0a6fd877]::panicking::default_hook
[INFO] [stdout]    5:     0x57e558e46890 - test[aada8e7e76ba119b]::test_main_inner::{closure#0}
[INFO] [stdout]    6:     0x57e558eadef2 - std[617be2ca0a6fd877]::panicking::panic_with_hook
[INFO] [stdout]    7:     0x57e558e9016c - std[617be2ca0a6fd877]::panicking::begin_panic::<&str>::{closure#0}
[INFO] [stdout]    8:     0x57e558e89799 - std[617be2ca0a6fd877]::sys::backtrace::__rust_end_short_backtrace::<std[617be2ca0a6fd877]::panicking::begin_panic<&str>::{closure#0}, !>
[INFO] [stdout]    9:     0x57e558e86e1b - std[617be2ca0a6fd877]::panicking::begin_panic::<&str>
[INFO] [stdout]   10:     0x57e558e3612d - tests[77a78a573a21cb9d]::get_paths
[INFO] [stdout]   11:     0x57e558e3726e - <tests[77a78a573a21cb9d]::reads_stdin::{closure#0} as core[a373ad73a504971]::ops::function::FnOnce<()>>::call_once
[INFO] [stdout]   12:     0x57e558e39cdb - test[aada8e7e76ba119b]::__rust_begin_short_backtrace::<core[a373ad73a504971]::result::Result<(), alloc[2e1b2a31b91974c5]::string::String>, fn() -> core[a373ad73a504971]::result::Result<(), alloc[2e1b2a31b91974c5]::string::String>>
[INFO] [stdout]   13:     0x57e558e46eb5 - test[aada8e7e76ba119b]::run_test::{closure#0}
[INFO] [stdout]   14:     0x57e558e407a4 - std[617be2ca0a6fd877]::sys::backtrace::__rust_begin_short_backtrace::<test[aada8e7e76ba119b]::run_test::{closure#1}, ()>
[INFO] [stdout]   15:     0x57e558e49f42 - <std[617be2ca0a6fd877]::thread::lifecycle::spawn_unchecked<test[aada8e7e76ba119b]::run_test::{closure#1}, ()>::{closure#1} as core[a373ad73a504971]::ops::function::FnOnce<()>>::call_once::{shim:vtable#0}
[INFO] [stdout]   16:     0x57e558eb55df - <std[617be2ca0a6fd877]::sys::thread::unix::Thread>::new::thread_start
[INFO] [stdout]   17:     0x7635fbc1ddfa - <unknown>
[INFO] [stdout]   18:     0x7635fbcb13d4 - clone
[INFO] [stdout]   19:                0x0 - <unknown>
[INFO] [stdout] 
[INFO] [stdout] 
[INFO] [stdout] failures:
[INFO] [stdout]     can_execute_command
[INFO] [stdout]     creates_cache
[INFO] [stdout]     creates_config
[INFO] [stdout]     loads_cache
[INFO] [stdout]     outputs_emoticon
[INFO] [stdout]     reads_stdin
[INFO] [stdout]     reads_stdin_multiline
[INFO] [stdout] 
[INFO] [stdout] test result: FAILED. 0 passed; 7 failed; 0 ignored; 0 measured; 0 filtered out; finished in 0.16s
[INFO] [stdout] 
[INFO] running `Command { std: "docker" "inspect" "d52fd5b07a0702ec41a158b462ae68b512773079c2bf06b060e9a9cae2c2f800", kill_on_drop: false }`
[INFO] running `Command { std: "docker" "rm" "-f" "d52fd5b07a0702ec41a158b462ae68b512773079c2bf06b060e9a9cae2c2f800", kill_on_drop: false }`
[INFO] [stdout] d52fd5b07a0702ec41a158b462ae68b512773079c2bf06b060e9a9cae2c2f800
