[INFO] cloning repository https://github.com/ethever/souffle-rs
[INFO] running `Command { std: "git" "-c" "credential.helper=" "-c" "credential.helper=/workspace/cargo-home/bin/git-credential-null" "clone" "--bare" "https://github.com/ethever/souffle-rs" "/workspace/cache/git-repos/https%3A%2F%2Fgithub.com%2Fethever%2Fsouffle-rs", kill_on_drop: false }`
[INFO] [stderr] Cloning into bare repository '/workspace/cache/git-repos/https%3A%2F%2Fgithub.com%2Fethever%2Fsouffle-rs'...
[INFO] running `Command { std: "git" "rev-parse" "HEAD", kill_on_drop: false }`
[INFO] [stdout] e51cda7b625c3cdda0bfe4de2943563c9cadb8e7
[INFO] testing ethever/souffle-rs against 1.100.0-beta.1+cargoflags=--release for beta-release-1.100-2
[INFO] running `Command { std: "git" "clone" "/workspace/cache/git-repos/https%3A%2F%2Fgithub.com%2Fethever%2Fsouffle-rs" "/workspace/builds/worker-3-tc2/source", kill_on_drop: false }`
[INFO] [stderr] Cloning into '/workspace/builds/worker-3-tc2/source'...
[INFO] [stderr] done.
[INFO] started tweaking git repo https://github.com/ethever/souffle-rs
[INFO] finished tweaking git repo https://github.com/ethever/souffle-rs
[INFO] tweaked toml for git repo https://github.com/ethever/souffle-rs written to /workspace/builds/worker-3-tc2/source/Cargo.toml
[INFO] validating manifest of git repo https://github.com/ethever/souffle-rs on toolchain 1.100.0-beta.1
[INFO] running `Command { std: CARGO_HOME="/workspace/cargo-home" RUSTUP_HOME="/workspace/rustup-home" "/workspace/cargo-home/bin/cargo" "+1.100.0-beta.1" "metadata" "--manifest-path" "Cargo.toml" "--no-deps", kill_on_drop: false }`
[INFO] crate git repo https://github.com/ethever/souffle-rs already has a lockfile, it will not be regenerated
[INFO] running `Command { std: CARGO_HOME="/workspace/cargo-home" RUSTUP_HOME="/workspace/rustup-home" "/workspace/cargo-home/bin/cargo" "+1.100.0-beta.1" "fetch" "--manifest-path" "Cargo.toml", kill_on_drop: false }`
[INFO] [stderr]     Blocking waiting for file lock on package cache
[INFO] running `Command { std: "docker" "create" "-v" "/var/lib/crater-agent-workspace/builds/worker-3-tc2/source:/opt/rustwide/workdir:ro,Z" "-v" "/var/lib/crater-agent-workspace/builds/worker-3-tc2/target:/opt/rustwide/target:rw,Z" "-v" "/var/lib/crater-agent-workspace/cargo-home:/opt/rustwide/cargo-home:ro,Z" "-v" "/var/lib/crater-agent-workspace/rustup-home:/opt/rustwide/rustup-home:ro,Z" "-m" "1610612736" "--network" "none" "ghcr.io/rust-lang/crates-build-env/linux@sha256:77db811e55d90add9212f6832c23229e3de5f1c1f9905e8cb07319ea15df73ac" "sleep" "infinity", kill_on_drop: false }`
[INFO] [stdout] 3b1e672361e76ece80130663239a877df3511412f198ec7e73518588fd0eb5e9
[INFO] running `Command { std: "docker" "start" "3b1e672361e76ece80130663239a877df3511412f198ec7e73518588fd0eb5e9", kill_on_drop: false }`
[INFO] running `Command { std: "docker" "inspect" "3b1e672361e76ece80130663239a877df3511412f198ec7e73518588fd0eb5e9", kill_on_drop: false }`
[INFO] running `Command { std: "docker" "exec" "-e" "SOURCE_DIR=/opt/rustwide/workdir" "-e" "CARGO_HOME=/opt/rustwide/cargo-home" "-e" "RUSTUP_HOME=/opt/rustwide/rustup-home" "-e" "CARGO_TARGET_DIR=/opt/rustwide/target" "-w" "/opt/rustwide/workdir" "--user" "0:0" "3b1e672361e76ece80130663239a877df3511412f198ec7e73518588fd0eb5e9" "/opt/rustwide/cargo-home/bin/cargo" "+1.100.0-beta.1" "metadata" "--no-deps" "--format-version=1", kill_on_drop: false }`
[INFO] running `Command { std: "docker" "inspect" "3b1e672361e76ece80130663239a877df3511412f198ec7e73518588fd0eb5e9", kill_on_drop: false }`
[INFO] running `Command { std: "docker" "exec" "-e" "SOURCE_DIR=/opt/rustwide/workdir" "-e" "CARGO_HOME=/opt/rustwide/cargo-home" "-e" "RUSTUP_HOME=/opt/rustwide/rustup-home" "-e" "CARGO_TARGET_DIR=/opt/rustwide/target" "-e" "CARGO_INCREMENTAL=0" "-e" "RUST_BACKTRACE=full" "-e" "RUSTFLAGS=--cap-lints=warn" "-e" "RUSTDOCFLAGS=--cap-lints=warn" "-w" "/opt/rustwide/workdir" "--user" "0:0" "3b1e672361e76ece80130663239a877df3511412f198ec7e73518588fd0eb5e9" "/opt/rustwide/cargo-home/bin/cargo" "+1.100.0-beta.1" "build" "--frozen" "--message-format=json" "--release", kill_on_drop: false }`
[INFO] [stderr]    Compiling quote v1.0.46
[INFO] [stderr]    Compiling serde_json v1.0.150
[INFO] [stderr]    Compiling memchr v2.8.2
[INFO] [stderr]    Compiling libc v0.2.186
[INFO] [stderr]    Compiling find-msvc-tools v0.1.9
[INFO] [stderr]    Compiling shlex v2.0.1
[INFO] [stderr]    Compiling bitflags v2.13.0
[INFO] [stderr]    Compiling fastrand v2.4.1
[INFO] [stderr]    Compiling cc v1.2.65
[INFO] [stderr]    Compiling rustix v1.1.4
[INFO] [stderr]    Compiling syn v2.0.118
[INFO] [stderr]    Compiling getrandom v0.4.3
[INFO] [stderr]    Compiling tempfile v3.27.0
[INFO] [stderr]    Compiling strum_macros v0.27.2
[INFO] [stderr]    Compiling thiserror-impl v2.0.18
[INFO] [stderr]    Compiling serde_derive v1.0.228
[INFO] [stderr]    Compiling thiserror v2.0.18
[INFO] [stderr]    Compiling strum v0.27.2
[INFO] [stderr]    Compiling souffle-rs-sys v0.1.0 (/opt/rustwide/workdir/crates/souffle-rs-sys)
[INFO] [stderr]    Compiling serde v1.0.228
[INFO] [stderr]    Compiling souffle-rs v0.1.0 (/opt/rustwide/workdir/crates/souffle-rs)
[INFO] [stderr]    Compiling souffle-rs-build v0.1.0 (/opt/rustwide/workdir/crates/souffle-rs-build)
[INFO] [stderr]    Compiling souffle-rs-example-dynamic-api v0.1.0 (/opt/rustwide/workdir/examples/dynamic-api)
[INFO] [stderr]    Compiling souffle-rs-example-process-backend v0.1.0 (/opt/rustwide/workdir/examples/process-backend)
[INFO] [stderr]    Compiling souffle-rs-example-build-plan v0.1.0 (/opt/rustwide/workdir/examples/build-plan)
[INFO] [stderr]    Compiling souffle-rs-example-auto-schema v0.1.0 (/opt/rustwide/workdir/examples/auto-schema)
[INFO] [stderr]     Finished `release` profile [optimized] target(s) in 33.29s
[INFO] running `Command { std: "docker" "inspect" "3b1e672361e76ece80130663239a877df3511412f198ec7e73518588fd0eb5e9", kill_on_drop: false }`
[INFO] running `Command { std: "docker" "exec" "-e" "SOURCE_DIR=/opt/rustwide/workdir" "-e" "CARGO_HOME=/opt/rustwide/cargo-home" "-e" "RUSTUP_HOME=/opt/rustwide/rustup-home" "-e" "CARGO_TARGET_DIR=/opt/rustwide/target" "-e" "CARGO_INCREMENTAL=0" "-e" "RUST_BACKTRACE=full" "-e" "RUSTFLAGS=--cap-lints=warn" "-e" "RUSTDOCFLAGS=--cap-lints=warn" "-w" "/opt/rustwide/workdir" "--user" "0:0" "3b1e672361e76ece80130663239a877df3511412f198ec7e73518588fd0eb5e9" "/opt/rustwide/cargo-home/bin/cargo" "+1.100.0-beta.1" "test" "--frozen" "--no-run" "--message-format=json" "--release", kill_on_drop: false }`
[INFO] [stderr]    Compiling cc v1.2.65
[INFO] [stderr]    Compiling hashbrown v0.15.5
[INFO] [stderr]    Compiling smallvec v1.15.2
[INFO] [stderr]    Compiling souffle-rs-sys v0.1.0 (/opt/rustwide/workdir/crates/souffle-rs-sys)
[INFO] [stderr]    Compiling hashlink v0.10.0
[INFO] [stderr]    Compiling libsqlite3-sys v0.34.0
[INFO] [stderr]    Compiling rusqlite v0.36.0
[INFO] [stderr]    Compiling souffle-rs v0.1.0 (/opt/rustwide/workdir/crates/souffle-rs)
[INFO] [stderr]    Compiling souffle-rs-build v0.1.0 (/opt/rustwide/workdir/crates/souffle-rs-build)
[INFO] [stderr]    Compiling souffle-rs-example-process-backend v0.1.0 (/opt/rustwide/workdir/examples/process-backend)
[INFO] [stderr]    Compiling souffle-rs-example-dynamic-api v0.1.0 (/opt/rustwide/workdir/examples/dynamic-api)
[INFO] [stderr]    Compiling souffle-rs-example-build-plan v0.1.0 (/opt/rustwide/workdir/examples/build-plan)
[INFO] [stderr]    Compiling souffle-rs-example-auto-schema v0.1.0 (/opt/rustwide/workdir/examples/auto-schema)
[INFO] [stderr]     Finished `release` profile [optimized] target(s) in 2m 12s
[INFO] running `Command { std: "docker" "inspect" "3b1e672361e76ece80130663239a877df3511412f198ec7e73518588fd0eb5e9", kill_on_drop: false }`
[INFO] running `Command { std: "docker" "exec" "-e" "SOURCE_DIR=/opt/rustwide/workdir" "-e" "CARGO_HOME=/opt/rustwide/cargo-home" "-e" "RUSTUP_HOME=/opt/rustwide/rustup-home" "-e" "CARGO_TARGET_DIR=/opt/rustwide/target" "-e" "CARGO_INCREMENTAL=0" "-e" "RUST_BACKTRACE=full" "-e" "RUSTFLAGS=--cap-lints=warn" "-e" "RUSTDOCFLAGS=--cap-lints=warn" "-w" "/opt/rustwide/workdir" "--user" "0:0" "3b1e672361e76ece80130663239a877df3511412f198ec7e73518588fd0eb5e9" "/opt/rustwide/cargo-home/bin/cargo" "+1.100.0-beta.1" "test" "--frozen" "--release", kill_on_drop: false }`
[INFO] [stderr]     Finished `release` profile [optimized] target(s) in 0.09s
[INFO] [stderr]      Running unittests src/lib.rs (/opt/rustwide/target/release/build/souffle-rs/4b2934d411735d65/out/souffle_rs-4b2934d411735d65)
[INFO] [stdout] 
[INFO] [stdout] running 69 tests
[INFO] [stdout] test tests::arity_mismatch_preserves_relation_context ... ok
[INFO] [stdout] test tests::adt_variant_errors_are_distinct_from_type_mismatch ... ok
[INFO] [stdout] test tests::cpu_budget_reports_typed_oversubscription ... ok
[INFO] [stdout] test tests::backend_parity_reports_schema_normalized_value_mismatch ... ok
[INFO] [stdout] test tests::embedded_union_input_rows_encode_selected_declared_type ... ok
[INFO] [stdout] test tests::backend_parity_compares_iterators_without_read_relation ... ok
[INFO] [stdout] test tests::embedded_program_rejects_interior_nul_names_before_ffi ... ok
[INFO] [stdout] test tests::build_info_exposes_schema_backend_and_abi_version ... ok
[INFO] [stdout] test tests::build_memory_returns_schema_error_without_panicking ... ok
[INFO] [stdout] test tests::ffi_status_mapping_preserves_cxx_exception ... ok
[INFO] [stdout] test tests::ffi_status_mapping_rejects_invalid_utf8_messages ... ok
[INFO] [stdout] test tests::ffi_status_mapping_preserves_typed_error_context ... ok
[INFO] [stdout] test tests::in_memory_new_returns_schema_error_without_panicking ... ok
[INFO] [stdout] test tests::embedded_scalar_input_rows_encode_c_abi_values ... ok
[INFO] [stdout] test tests::embedded_scalar_output_decode_preserves_float_bits_and_symbols ... ok
[INFO] [stdout] test tests::embedded_scalar_output_decode_preserves_subtype_wrapper ... ok
[INFO] [stdout] test tests::file_program_requires_store_configuration ... ok
[INFO] [stdout] test tests::embedded_scalar_output_decode_reports_kind_mismatch ... ok
[INFO] [stdout] test tests::in_memory_program_validates_dynamic_rows ... ok
[INFO] [stdout] test tests::output_iteration_requires_printable_relation ... ok
[INFO] [stdout] test tests::output_iteration_streams_schema_checked_rows ... ok
[INFO] [stdout] test tests::output_iteration_streams_bounded_chunks ... ok
[INFO] [stdout] test tests::backend_parity_compares_float_values_by_bits ... ok
[INFO] [stdout] test tests::performance_recorder_tracks_memory_backend_file_free_exchange ... ok
[INFO] [stdout] test tests::file_relation_store_exports_manifest_schema_and_rows ... ok
[INFO] [stdout] test tests::file_program_iter_relation_decodes_rows_lazily ... ok
[INFO] [stdout] test tests::performance_recorder_counts_file_backend_artifacts ... ok
[INFO] [stdout] test tests::file_program_persists_dynamic_rows_and_iterates_outputs ... ok
[INFO] [stdout] test tests::embedded_typed_subtype_input_rows_encode_runtime_abi_values ... ok
[INFO] [stdout] test tests::file_relation_store_exports_outputs_from_iterator_without_read_relation ... ok
[INFO] [stdout] test tests::ffi_status_mapping_handles_unknown_codes_and_abi_versions ... ok
[INFO] [stdout] test tests::performance_recorder_samples_or_overrides_resource_metrics ... ok
[INFO] [stdout] test tests::process_backend_refuses_unmanaged_output_directory ... ok
[INFO] [stdout] test tests::process_backend_ignores_composite_delimiters_inside_quoted_symbol_output ... ok
[INFO] [stdout] test tests::process_backend_refuses_unmanaged_facts_directory ... ok
[INFO] [stdout] test tests::embedded_composite_input_rows_encode_borrowed_c_abi_arena ... ok
[INFO] [stdout] test tests::process_backend_decodes_multiline_composite_symbol_output ... ok
[INFO] [stdout] test tests::relation_bundle_from_json_str_validates_decoded_schema ... ok
[INFO] [stdout] test tests::relation_handles_preserve_schema_identity_and_capabilities ... ok
[INFO] [stdout] test tests::run_options_keep_explicit_thread_count ... ok
[INFO] [stdout] test tests::row_json_preserves_declared_type_wrappers ... ok
[INFO] [stdout] test tests::row_json_preserves_float_bits_for_signed_zero_and_nan ... ok
[INFO] [stdout] test tests::schema_preserves_declared_identity_for_typed_subtypes_and_unions ... ok
[INFO] [stdout] test tests::schema_validation_allows_identical_named_type_definitions ... ok
[INFO] [stdout] test tests::schema_validation_rejects_adt_without_variant_order ... ok
[INFO] [stdout] test tests::schema_validation_rejects_duplicate_declared_definitions ... ok
[INFO] [stdout] test tests::schema_validation_rejects_duplicate_adt_definitions ... ok
[INFO] [stdout] test tests::schema_validation_rejects_duplicate_relation_names_from_json ... ok
[INFO] [stdout] test tests::program_uses_relation_handles_for_dynamic_operations ... ok
[INFO] [stdout] test tests::recursive_adt_references_validate_nested_values ... ok
[INFO] [stdout] test tests::schema_validation_rejects_duplicate_union_definitions ... ok
[INFO] [stdout] test tests::run_uses_configured_default_souffle_threads ... ok
[INFO] [stdout] test tests::sqlite_program_requires_store_configuration ... ok
[INFO] [stdout] test tests::stale_relation_handle_reports_typed_mismatch ... ok
[INFO] [stdout] test tests::schema_validation_rejects_duplicate_subtype_definitions ... ok
[INFO] [stdout] test tests::type_mismatch_preserves_relation_and_column ... ok
[INFO] [stdout] test tests::process_backend_rejects_fact_delimiter_symbols_on_insert ... ok
[INFO] [stdout] test tests::process_backend_reports_nonzero_process_exit ... ok
[INFO] [stdout] test tests::process_backend_decodes_single_symbol_output_with_tab ... ok
[INFO] [stdout] test tests::process_backend_preserves_declared_identity_for_subtype_and_union_io ... ok
[INFO] [stdout] test tests::schema_exposes_normalized_runtime_value_types ... ok
[INFO] [stdout] test tests::process_backend_runs_composite_fact_file_exchange ... ok
[INFO] [stdout] test tests::process_backend_runs_fact_file_exchange ... ok
[INFO] [stdout] test tests::process_backend_kills_timed_out_process ... ok
[INFO] [stdout] test tests::sqlite_relation_store_exports_outputs_from_iterator_without_read_relation ... ok
[INFO] [stdout] test tests::sqlite_relation_store_exports_schema_and_rows ... ok
[INFO] [stdout] test tests::performance_recorder_counts_sqlite_backend_artifacts ... ok
[INFO] [stdout] test tests::sqlite_program_iter_relation_decodes_rows_lazily ... ok
[INFO] [stdout] test tests::sqlite_program_persists_dynamic_rows_and_iterates_outputs ... ok
[INFO] [stdout] 
[INFO] [stdout] test result: ok. 69 passed; 0 failed; 0 ignored; 0 measured; 0 filtered out; finished in 0.23s
[INFO] [stdout] 
[INFO] [stderr]      Running tests/process_smoke.rs (/opt/rustwide/target/release/build/souffle-rs/f29c00c346e98178/out/process_smoke-f29c00c346e98178)
[INFO] [stdout] 
[INFO] [stderr]      Running unittests src/lib.rs (/opt/rustwide/target/release/build/souffle-rs-build/5efc30a5de237432/out/souffle_rs_build-5efc30a5de237432)
[INFO] [stdout] running 3 tests
[INFO] [stdout] test runs_composite_program_through_process_backend ... ignored, requires a local Souffle install to compile a process executable
[INFO] [stdout] test runs_scalar_nullary_and_union_program_through_process_backend ... ignored, requires a local Souffle install to compile a process executable
[INFO] [stdout] test runs_scalar_program_through_process_backend ... ignored, requires a local Souffle install to compile a process executable
[INFO] [stdout] 
[INFO] [stdout] test result: ok. 0 passed; 0 failed; 3 ignored; 0 measured; 0 filtered out; finished in 0.00s
[INFO] [stdout] 
[INFO] [stdout] 
[INFO] [stdout] running 31 tests
[INFO] [stdout] test tests::c_header_opt_in_is_recorded_in_metadata ... ok
[INFO] [stdout] test tests::cargo_directives_cover_inputs_env_and_link_libraries ... ok
[INFO] [stdout] test tests::cargo_env_helpers_hide_generated_output_layout ... ok
[INFO] [stdout] test tests::duplicate_program_names_are_typed_errors ... ok
[INFO] [stdout] test tests::directory_mode_plans_souffle_generation_command ... ok
[INFO] [stdout] test tests::dynamic_link_mode_forces_external_link_directives_dynamic ... ok
[INFO] [stdout] test tests::embedded_typed_api_profile_sets_standard_artifacts ... ok
[INFO] [stdout] test tests::empty_path_settings_are_typed_errors ... ok
[INFO] [stdout] test tests::cxx_wrapper_opt_in_records_header_wrapper_and_native_inputs ... ok
[INFO] [stdout] test tests::invalid_identifier_settings_are_typed_errors ... ok
[INFO] [stdout] test tests::empty_string_settings_are_typed_errors ... ok
[INFO] [stdout] test tests::metadata_records_reproducible_build_settings ... ok
[INFO] [stdout] test tests::multiple_programs_keep_distinct_namespaces_and_artifacts ... ok
[INFO] [stdout] test tests::invalid_program_names_are_typed_errors ... ok
[INFO] [stdout] test tests::native_compiler_env_vars_include_target_overrides ... ok
[INFO] [stdout] test tests::native_compile_opt_in_is_recorded_in_metadata ... ok
[INFO] [stdout] test tests::compile_rejects_unsupported_souffle_version_before_generation ... ok
[INFO] [stdout] test tests::platform_link_args_are_target_aware ... ok
[INFO] [stdout] test tests::out_dir_from_cargo_env_reports_missing_out_dir ... ok
[INFO] [stdout] test tests::single_file_mode_plans_stable_cpp_artifact ... ok
[INFO] [stdout] test tests::static_all_link_mode_forces_external_link_directives_static ... ok
[INFO] [stdout] test tests::unsupported_platform_link_capabilities_are_typed_errors ... ok
[INFO] [stdout] test tests::compile_validates_schema_bundle_before_souffle_generation ... ok
[INFO] [stdout] test tests::compile_returns_typed_command_failure ... ok
[INFO] [stdout] test tests::compile_runs_souffle_generation_and_writes_metadata ... FAILED
[INFO] [stdout] test tests::compile_native_reports_missing_sources_before_invoking_compiler ... ok
[INFO] [stdout] test tests::generated_typed_api_deconflicts_lossy_rust_names ... FAILED
[INFO] [stdout] test tests::compile_single_file_mode_creates_parent_and_generated_file ... ok
[INFO] [stdout] test tests::generated_typed_api_deconflicts_non_rawable_rust_identifiers ... FAILED
[INFO] [stdout] test tests::compile_emits_typed_api_module_index_for_multiple_programs ... FAILED
[INFO] [stdout] test tests::compile_extracts_schema_artifacts_from_transformed_ast ... FAILED
[INFO] [stderr] error: test failed, to rerun pass `-p souffle-rs-build --lib`
[INFO] [stdout] 
[INFO] [stdout] failures:
[INFO] [stdout] 
[INFO] [stdout] ---- tests::compile_runs_souffle_generation_and_writes_metadata stdout ----
[INFO] [stdout] cargo:rerun-if-changed=/tmp/.tmpaW6Fbd/fake-souffle
[INFO] [stdout] cargo:rerun-if-changed=/tmp/.tmpaW6Fbd/logic/main.dl
[INFO] [stdout] cargo:rerun-if-env-changed=SOUFFLE
[INFO] [stdout] cargo:rerun-if-env-changed=OUT_DIR
[INFO] [stdout] cargo:rerun-if-env-changed=CC
[INFO] [stdout] cargo:rerun-if-env-changed=CFLAGS
[INFO] [stdout] cargo:rerun-if-env-changed=CXX
[INFO] [stdout] cargo:rerun-if-env-changed=CXXFLAGS
[INFO] [stdout] cargo:rerun-if-env-changed=CXXSTDLIB
[INFO] [stdout] cargo:rerun-if-env-changed=HOST
[INFO] [stdout] cargo:rerun-if-env-changed=OPT_LEVEL
[INFO] [stdout] cargo:rerun-if-env-changed=PROFILE
[INFO] [stdout] cargo:rerun-if-env-changed=TARGET
[INFO] [stdout] 
[INFO] [stdout] thread 'tests::compile_runs_souffle_generation_and_writes_metadata' (1368) panicked at crates/souffle-rs-build/src/tests.rs:1379:10:
[INFO] [stdout] find souffle-rs rlib
[INFO] [stdout] stack backtrace:
[INFO] [stdout]    0:     0x5e71b1243031 - <<std[617be2ca0a6fd877]::sys::backtrace::BacktraceLock>::print::DisplayBacktrace as core[a373ad73a504971]::fmt::Display>::fmt
[INFO] [stdout]    1:     0x5e71b125a60a - core[a373ad73a504971]::fmt::write
[INFO] [stdout]    2:     0x5e71b1248b8c - <alloc[2e1b2a31b91974c5]::vec::Vec<u8> as core[a373ad73a504971]::io::write::Write>::write_fmt
[INFO] [stdout]    3:     0x5e71b121a846 - std[617be2ca0a6fd877]::panicking::default_hook::{closure#0}
[INFO] [stdout]    4:     0x5e71b1239319 - std[617be2ca0a6fd877]::panicking::default_hook
[INFO] [stdout]    5:     0x5e71b11aa710 - test[aada8e7e76ba119b]::test_main_inner::{closure#0}
[INFO] [stdout]    6:     0x5e71b12394d2 - std[617be2ca0a6fd877]::panicking::panic_with_hook
[INFO] [stdout]    7:     0x5e71b121a8f2 - std[617be2ca0a6fd877]::panicking::panic_handler::{closure#0}
[INFO] [stdout]    8:     0x5e71b1213089 - std[617be2ca0a6fd877]::sys::backtrace::__rust_end_short_backtrace::<std[617be2ca0a6fd877]::panicking::panic_handler::{closure#0}, !>
[INFO] [stdout]    9:     0x5e71b121b8cd - __rustc[ea4f61d10b84890b]::rust_begin_unwind
[INFO] [stdout]   10:     0x5e71b125ad3c - core[a373ad73a504971]::panicking::panic_fmt
[INFO] [stdout]   11:     0x5e71b125aa94 - core[a373ad73a504971]::option::expect_failed
[INFO] [stdout]   12:     0x5e71b10e22de - souffle_rs_build[92bd7cd3bf8b9d36]::tests::assert_generated_rust_compiles
[INFO] [stdout]   13:     0x5e71b10e744d - souffle_rs_build[92bd7cd3bf8b9d36]::tests::compile_runs_souffle_generation_and_writes_metadata
[INFO] [stdout]   14:     0x5e71b10f3099 - <souffle_rs_build[92bd7cd3bf8b9d36]::tests::compile_runs_souffle_generation_and_writes_metadata::{closure#0} as core[a373ad73a504971]::ops::function::FnOnce<()>>::call_once
[INFO] [stdout]   15:     0x5e71b119db5b - test[aada8e7e76ba119b]::__rust_begin_short_backtrace::<core[a373ad73a504971]::result::Result<(), alloc[2e1b2a31b91974c5]::string::String>, fn() -> core[a373ad73a504971]::result::Result<(), alloc[2e1b2a31b91974c5]::string::String>>
[INFO] [stdout]   16:     0x5e71b11aad35 - test[aada8e7e76ba119b]::run_test::{closure#0}
[INFO] [stdout]   17:     0x5e71b11a4624 - std[617be2ca0a6fd877]::sys::backtrace::__rust_begin_short_backtrace::<test[aada8e7e76ba119b]::run_test::{closure#1}, ()>
[INFO] [stdout]   18:     0x5e71b11addc2 - <std[617be2ca0a6fd877]::thread::lifecycle::spawn_unchecked<test[aada8e7e76ba119b]::run_test::{closure#1}, ()>::{closure#1} as core[a373ad73a504971]::ops::function::FnOnce<()>>::call_once::{shim:vtable#0}
[INFO] [stdout]   19:     0x5e71b124220f - <std[617be2ca0a6fd877]::sys::thread::unix::Thread>::new::thread_start
[INFO] [stdout]   20:     0x778e41fdcdfa - <unknown>
[INFO] [stdout]   21:     0x778e420703d4 - clone
[INFO] [stdout]   22:                0x0 - <unknown>
[INFO] [stdout] 
[INFO] [stdout] ---- tests::generated_typed_api_deconflicts_lossy_rust_names stdout ----
[INFO] [stdout] cargo:rerun-if-changed=/tmp/.tmpLLdS9k/fake-souffle
[INFO] [stdout] cargo:rerun-if-changed=/tmp/.tmpLLdS9k/logic/main.dl
[INFO] [stdout] cargo:rerun-if-env-changed=SOUFFLE
[INFO] [stdout] cargo:rerun-if-env-changed=OUT_DIR
[INFO] [stdout] cargo:rerun-if-env-changed=CC
[INFO] [stdout] cargo:rerun-if-env-changed=CFLAGS
[INFO] [stdout] cargo:rerun-if-env-changed=CXX
[INFO] [stdout] cargo:rerun-if-env-changed=CXXFLAGS
[INFO] [stdout] cargo:rerun-if-env-changed=CXXSTDLIB
[INFO] [stdout] cargo:rerun-if-env-changed=HOST
[INFO] [stdout] cargo:rerun-if-env-changed=OPT_LEVEL
[INFO] [stdout] cargo:rerun-if-env-changed=PROFILE
[INFO] [stdout] cargo:rerun-if-env-changed=TARGET
[INFO] [stdout] 
[INFO] [stdout] thread 'tests::generated_typed_api_deconflicts_lossy_rust_names' (1378) panicked at crates/souffle-rs-build/src/tests.rs:1379:10:
[INFO] [stdout] find souffle-rs rlib
[INFO] [stdout] stack backtrace:
[INFO] [stdout]    0:     0x5e71b1243031 - <<std[617be2ca0a6fd877]::sys::backtrace::BacktraceLock>::print::DisplayBacktrace as core[a373ad73a504971]::fmt::Display>::fmt
[INFO] [stdout]    1:     0x5e71b125a60a - core[a373ad73a504971]::fmt::write
[INFO] [stdout]    2:     0x5e71b1248b8c - <alloc[2e1b2a31b91974c5]::vec::Vec<u8> as core[a373ad73a504971]::io::write::Write>::write_fmt
[INFO] [stdout]    3:     0x5e71b121a846 - std[617be2ca0a6fd877]::panicking::default_hook::{closure#0}
[INFO] [stdout]    4:     0x5e71b1239319 - std[617be2ca0a6fd877]::panicking::default_hook
[INFO] [stdout]    5:     0x5e71b11aa710 - test[aada8e7e76ba119b]::test_main_inner::{closure#0}
[INFO] [stdout]    6:     0x5e71b12394d2 - std[617be2ca0a6fd877]::panicking::panic_with_hook
[INFO] [stdout]    7:     0x5e71b121a8f2 - std[617be2ca0a6fd877]::panicking::panic_handler::{closure#0}
[INFO] [stdout]    8:     0x5e71b1213089 - std[617be2ca0a6fd877]::sys::backtrace::__rust_end_short_backtrace::<std[617be2ca0a6fd877]::panicking::panic_handler::{closure#0}, !>
[INFO] [stdout]    9:     0x5e71b121b8cd - __rustc[ea4f61d10b84890b]::rust_begin_unwind
[INFO] [stdout]   10:     0x5e71b125ad3c - core[a373ad73a504971]::panicking::panic_fmt
[INFO] [stdout]   11:     0x5e71b125aa94 - core[a373ad73a504971]::option::expect_failed
[INFO] [stdout]   12:     0x5e71b10e22de - souffle_rs_build[92bd7cd3bf8b9d36]::tests::assert_generated_rust_compiles
[INFO] [stdout]   13:     0x5e71b10f1d2a - <souffle_rs_build[92bd7cd3bf8b9d36]::tests::generated_typed_api_deconflicts_lossy_rust_names::{closure#0} as core[a373ad73a504971]::ops::function::FnOnce<()>>::call_once
[INFO] [stdout]   14:     0x5e71b119db5b - test[aada8e7e76ba119b]::__rust_begin_short_backtrace::<core[a373ad73a504971]::result::Result<(), alloc[2e1b2a31b91974c5]::string::String>, fn() -> core[a373ad73a504971]::result::Result<(), alloc[2e1b2a31b91974c5]::string::String>>
[INFO] [stdout]   15:     0x5e71b11aad35 - test[aada8e7e76ba119b]::run_test::{closure#0}
[INFO] [stdout]   16:     0x5e71b11a4624 - std[617be2ca0a6fd877]::sys::backtrace::__rust_begin_short_backtrace::<test[aada8e7e76ba119b]::run_test::{closure#1}, ()>
[INFO] [stdout]   17:     0x5e71b11addc2 - <std[617be2ca0a6fd877]::thread::lifecycle::spawn_unchecked<test[aada8e7e76ba119b]::run_test::{closure#1}, ()>::{closure#1} as core[a373ad73a504971]::ops::function::FnOnce<()>>::call_once::{shim:vtable#0}
[INFO] [stdout]   18:     0x5e71b124220f - <std[617be2ca0a6fd877]::sys::thread::unix::Thread>::new::thread_start
[INFO] [stdout]   19:     0x778e41fdcdfa - <unknown>
[INFO] [stdout]   20:     0x778e420703d4 - clone
[INFO] [stdout]   21:                0x0 - <unknown>
[INFO] [stdout] 
[INFO] [stdout] ---- tests::generated_typed_api_deconflicts_non_rawable_rust_identifiers stdout ----
[INFO] [stdout] cargo:rerun-if-changed=/tmp/.tmpqZSiV2/fake-souffle
[INFO] [stdout] cargo:rerun-if-changed=/tmp/.tmpqZSiV2/logic/main.dl
[INFO] [stdout] cargo:rerun-if-env-changed=SOUFFLE
[INFO] [stdout] cargo:rerun-if-env-changed=OUT_DIR
[INFO] [stdout] cargo:rustc-env=SOUFFLE_RS_TYPED_API_MODULE=/tmp/.tmpqZSiV2/out/rust/mod.rs
[INFO] [stdout] cargo:rerun-if-env-changed=CC
[INFO] [stdout] cargo:rerun-if-env-changed=CFLAGS
[INFO] [stdout] cargo:rerun-if-env-changed=CXX
[INFO] [stdout] cargo:rerun-if-env-changed=CXXFLAGS
[INFO] [stdout] cargo:rerun-if-env-changed=CXXSTDLIB
[INFO] [stdout] cargo:rerun-if-env-changed=HOST
[INFO] [stdout] cargo:rerun-if-env-changed=OPT_LEVEL
[INFO] [stdout] cargo:rerun-if-env-changed=PROFILE
[INFO] [stdout] cargo:rerun-if-env-changed=TARGET
[INFO] [stdout] 
[INFO] [stdout] thread 'tests::generated_typed_api_deconflicts_non_rawable_rust_identifiers' (1379) panicked at crates/souffle-rs-build/src/tests.rs:1379:10:
[INFO] [stdout] find souffle-rs rlib
[INFO] [stdout] stack backtrace:
[INFO] [stdout]    0:     0x5e71b1243031 - <<std[617be2ca0a6fd877]::sys::backtrace::BacktraceLock>::print::DisplayBacktrace as core[a373ad73a504971]::fmt::Display>::fmt
[INFO] [stdout]    1:     0x5e71b125a60a - core[a373ad73a504971]::fmt::write
[INFO] [stdout]    2:     0x5e71b1248b8c - <alloc[2e1b2a31b91974c5]::vec::Vec<u8> as core[a373ad73a504971]::io::write::Write>::write_fmt
[INFO] [stdout]    3:     0x5e71b121a846 - std[617be2ca0a6fd877]::panicking::default_hook::{closure#0}
[INFO] [stdout]    4:     0x5e71b1239319 - std[617be2ca0a6fd877]::panicking::default_hook
[INFO] [stdout]    5:     0x5e71b11aa710 - test[aada8e7e76ba119b]::test_main_inner::{closure#0}
[INFO] [stdout]    6:     0x5e71b12394d2 - std[617be2ca0a6fd877]::panicking::panic_with_hook
[INFO] [stdout]    7:     0x5e71b121a8f2 - std[617be2ca0a6fd877]::panicking::panic_handler::{closure#0}
[INFO] [stdout]    8:     0x5e71b1213089 - std[617be2ca0a6fd877]::sys::backtrace::__rust_end_short_backtrace::<std[617be2ca0a6fd877]::panicking::panic_handler::{closure#0}, !>
[INFO] [stdout]    9:     0x5e71b121b8cd - __rustc[ea4f61d10b84890b]::rust_begin_unwind
[INFO] [stdout]   10:     0x5e71b125ad3c - core[a373ad73a504971]::panicking::panic_fmt
[INFO] [stdout]   11:     0x5e71b125aa94 - core[a373ad73a504971]::option::expect_failed
[INFO] [stdout]   12:     0x5e71b10e22de - souffle_rs_build[92bd7cd3bf8b9d36]::tests::assert_generated_rust_compiles
[INFO] [stdout]   13:     0x5e71b10fc879 - <souffle_rs_build[92bd7cd3bf8b9d36]::tests::generated_typed_api_deconflicts_non_rawable_rust_identifiers::{closure#0} as core[a373ad73a504971]::ops::function::FnOnce<()>>::call_once
[INFO] [stdout]   14:     0x5e71b119db5b - test[aada8e7e76ba119b]::__rust_begin_short_backtrace::<core[a373ad73a504971]::result::Result<(), alloc[2e1b2a31b91974c5]::string::String>, fn() -> core[a373ad73a504971]::result::Result<(), alloc[2e1b2a31b91974c5]::string::String>>
[INFO] [stdout]   15:     0x5e71b11aad35 - test[aada8e7e76ba119b]::run_test::{closure#0}
[INFO] [stdout]   16:     0x5e71b11a4624 - std[617be2ca0a6fd877]::sys::backtrace::__rust_begin_short_backtrace::<test[aada8e7e76ba119b]::run_test::{closure#1}, ()>
[INFO] [stdout]   17:     0x5e71b11addc2 - <std[617be2ca0a6fd877]::thread::lifecycle::spawn_unchecked<test[aada8e7e76ba119b]::run_test::{closure#1}, ()>::{closure#1} as core[a373ad73a504971]::ops::function::FnOnce<()>>::call_once::{shim:vtable#0}
[INFO] [stdout]   18:     0x5e71b124220f - <std[617be2ca0a6fd877]::sys::thread::unix::Thread>::new::thread_start
[INFO] [stdout]   19:     0x778e41fdcdfa - <unknown>
[INFO] [stdout]   20:     0x778e420703d4 - clone
[INFO] [stdout]   21:                0x0 - <unknown>
[INFO] [stdout] 
[INFO] [stdout] ---- tests::compile_emits_typed_api_module_index_for_multiple_programs stdout ----
[INFO] [stdout] cargo:rerun-if-changed=/tmp/.tmp8oZRJI/fake-souffle
[INFO] [stdout] cargo:rerun-if-changed=/tmp/.tmp8oZRJI/logic/analysis.dl
[INFO] [stdout] cargo:rerun-if-changed=/tmp/.tmp8oZRJI/logic/summary.dl
[INFO] [stdout] cargo:rerun-if-env-changed=SOUFFLE
[INFO] [stdout] cargo:rerun-if-env-changed=OUT_DIR
[INFO] [stdout] cargo:rustc-env=SOUFFLE_RS_TYPED_API_MODULE=/tmp/.tmp8oZRJI/out/rust/mod.rs
[INFO] [stdout] cargo:rerun-if-env-changed=CC
[INFO] [stdout] cargo:rerun-if-env-changed=CFLAGS
[INFO] [stdout] cargo:rerun-if-env-changed=CXX
[INFO] [stdout] cargo:rerun-if-env-changed=CXXFLAGS
[INFO] [stdout] cargo:rerun-if-env-changed=CXXSTDLIB
[INFO] [stdout] cargo:rerun-if-env-changed=HOST
[INFO] [stdout] cargo:rerun-if-env-changed=OPT_LEVEL
[INFO] [stdout] cargo:rerun-if-env-changed=PROFILE
[INFO] [stdout] cargo:rerun-if-env-changed=TARGET
[INFO] [stdout] 
[INFO] [stdout] thread 'tests::compile_emits_typed_api_module_index_for_multiple_programs' (1363) panicked at crates/souffle-rs-build/src/tests.rs:1379:10:
[INFO] [stdout] find souffle-rs rlib
[INFO] [stdout] stack backtrace:
[INFO] [stdout]    0:     0x5e71b1243031 - <<std[617be2ca0a6fd877]::sys::backtrace::BacktraceLock>::print::DisplayBacktrace as core[a373ad73a504971]::fmt::Display>::fmt
[INFO] [stdout]    1:     0x5e71b125a60a - core[a373ad73a504971]::fmt::write
[INFO] [stdout]    2:     0x5e71b1248b8c - <alloc[2e1b2a31b91974c5]::vec::Vec<u8> as core[a373ad73a504971]::io::write::Write>::write_fmt
[INFO] [stdout]    3:     0x5e71b121a846 - std[617be2ca0a6fd877]::panicking::default_hook::{closure#0}
[INFO] [stdout]    4:     0x5e71b1239319 - std[617be2ca0a6fd877]::panicking::default_hook
[INFO] [stdout]    5:     0x5e71b11aa710 - test[aada8e7e76ba119b]::test_main_inner::{closure#0}
[INFO] [stdout]    6:     0x5e71b12394d2 - std[617be2ca0a6fd877]::panicking::panic_with_hook
[INFO] [stdout]    7:     0x5e71b121a8f2 - std[617be2ca0a6fd877]::panicking::panic_handler::{closure#0}
[INFO] [stdout]    8:     0x5e71b1213089 - std[617be2ca0a6fd877]::sys::backtrace::__rust_end_short_backtrace::<std[617be2ca0a6fd877]::panicking::panic_handler::{closure#0}, !>
[INFO] [stdout]    9:     0x5e71b121b8cd - __rustc[ea4f61d10b84890b]::rust_begin_unwind
[INFO] [stdout]   10:     0x5e71b125ad3c - core[a373ad73a504971]::panicking::panic_fmt
[INFO] [stdout]   11:     0x5e71b125aa94 - core[a373ad73a504971]::option::expect_failed
[INFO] [stdout]   12:     0x5e71b10e22de - souffle_rs_build[92bd7cd3bf8b9d36]::tests::assert_generated_rust_compiles
[INFO] [stdout]   13:     0x5e71b10fa4e4 - <souffle_rs_build[92bd7cd3bf8b9d36]::tests::compile_emits_typed_api_module_index_for_multiple_programs::{closure#0} as core[a373ad73a504971]::ops::function::FnOnce<()>>::call_once
[INFO] [stdout]   14:     0x5e71b119db5b - test[aada8e7e76ba119b]::__rust_begin_short_backtrace::<core[a373ad73a504971]::result::Result<(), alloc[2e1b2a31b91974c5]::string::String>, fn() -> core[a373ad73a504971]::result::Result<(), alloc[2e1b2a31b91974c5]::string::String>>
[INFO] [stdout]   15:     0x5e71b11aad35 - test[aada8e7e76ba119b]::run_test::{closure#0}
[INFO] [stdout]   16:     0x5e71b11a4624 - std[617be2ca0a6fd877]::sys::backtrace::__rust_begin_short_backtrace::<test[aada8e7e76ba119b]::run_test::{closure#1}, ()>
[INFO] [stdout]   17:     0x5e71b11addc2 - <std[617be2ca0a6fd877]::thread::lifecycle::spawn_unchecked<test[aada8e7e76ba119b]::run_test::{closure#1}, ()>::{closure#1} as core[a373ad73a504971]::ops::function::FnOnce<()>>::call_once::{shim:vtable#0}
[INFO] [stdout]   18:     0x5e71b124220f - <std[617be2ca0a6fd877]::sys::thread::unix::Thread>::new::thread_start
[INFO] [stdout]   19:     0x778e41fdcdfa - <unknown>
[INFO] [stdout]   20:     0x778e420703d4 - clone
[INFO] [stdout]   21:                0x0 - <unknown>
[INFO] [stdout] 
[INFO] [stdout] ---- tests::compile_extracts_schema_artifacts_from_transformed_ast stdout ----
[INFO] [stdout] cargo:rerun-if-changed=/tmp/.tmphmmG5B/fake-souffle-with-schema
[INFO] [stdout] cargo:rerun-if-changed=/tmp/.tmphmmG5B/logic/main.dl
[INFO] [stdout] cargo:rerun-if-env-changed=SOUFFLE
[INFO] [stdout] cargo:rerun-if-env-changed=OUT_DIR
[INFO] [stdout] cargo:rerun-if-env-changed=CC
[INFO] [stdout] cargo:rerun-if-env-changed=CFLAGS
[INFO] [stdout] cargo:rerun-if-env-changed=CXX
[INFO] [stdout] cargo:rerun-if-env-changed=CXXFLAGS
[INFO] [stdout] cargo:rerun-if-env-changed=CXXSTDLIB
[INFO] [stdout] cargo:rerun-if-env-changed=HOST
[INFO] [stdout] cargo:rerun-if-env-changed=OPT_LEVEL
[INFO] [stdout] cargo:rerun-if-env-changed=PROFILE
[INFO] [stdout] cargo:rerun-if-env-changed=TARGET
[INFO] [stdout] cargo:rerun-if-changed=souffle-addon
[INFO] [stdout] cargo:rustc-link-search=souffle-addon
[INFO] [stdout] cargo:rerun-if-changed=souffle-functors
[INFO] [stdout] cargo:rustc-link-search=souffle-functors
[INFO] [stdout] cargo:rustc-link-lib=dylib=functors
[INFO] [stdout] 
[INFO] [stdout] thread 'tests::compile_extracts_schema_artifacts_from_transformed_ast' (1364) panicked at crates/souffle-rs-build/src/tests.rs:1379:10:
[INFO] [stdout] find souffle-rs rlib
[INFO] [stdout] stack backtrace:
[INFO] [stdout]    0:     0x5e71b1243031 - <<std[617be2ca0a6fd877]::sys::backtrace::BacktraceLock>::print::DisplayBacktrace as core[a373ad73a504971]::fmt::Display>::fmt
[INFO] [stdout]    1:     0x5e71b125a60a - core[a373ad73a504971]::fmt::write
[INFO] [stdout]    2:     0x5e71b1248b8c - <alloc[2e1b2a31b91974c5]::vec::Vec<u8> as core[a373ad73a504971]::io::write::Write>::write_fmt
[INFO] [stdout]    3:     0x5e71b121a846 - std[617be2ca0a6fd877]::panicking::default_hook::{closure#0}
[INFO] [stdout]    4:     0x5e71b1239319 - std[617be2ca0a6fd877]::panicking::default_hook
[INFO] [stdout]    5:     0x5e71b11aa710 - test[aada8e7e76ba119b]::test_main_inner::{closure#0}
[INFO] [stdout]    6:     0x5e71b12394d2 - std[617be2ca0a6fd877]::panicking::panic_with_hook
[INFO] [stdout]    7:     0x5e71b121a8f2 - std[617be2ca0a6fd877]::panicking::panic_handler::{closure#0}
[INFO] [stdout]    8:     0x5e71b1213089 - std[617be2ca0a6fd877]::sys::backtrace::__rust_end_short_backtrace::<std[617be2ca0a6fd877]::panicking::panic_handler::{closure#0}, !>
[INFO] [stdout]    9:     0x5e71b121b8cd - __rustc[ea4f61d10b84890b]::rust_begin_unwind
[INFO] [stdout]   10:     0x5e71b125ad3c - core[a373ad73a504971]::panicking::panic_fmt
[INFO] [stdout]   11:     0x5e71b125aa94 - core[a373ad73a504971]::option::expect_failed
[INFO] [stdout]   12:     0x5e71b10e22de - souffle_rs_build[92bd7cd3bf8b9d36]::tests::assert_generated_rust_compiles
[INFO] [stdout]   13:     0x5e71b10f5a5c - <souffle_rs_build[92bd7cd3bf8b9d36]::tests::compile_extracts_schema_artifacts_from_transformed_ast::{closure#0} as core[a373ad73a504971]::ops::function::FnOnce<()>>::call_once
[INFO] [stdout]   14:     0x5e71b119db5b - test[aada8e7e76ba119b]::__rust_begin_short_backtrace::<core[a373ad73a504971]::result::Result<(), alloc[2e1b2a31b91974c5]::string::String>, fn() -> core[a373ad73a504971]::result::Result<(), alloc[2e1b2a31b91974c5]::string::String>>
[INFO] [stdout]   15:     0x5e71b11aad35 - test[aada8e7e76ba119b]::run_test::{closure#0}
[INFO] [stdout]   16:     0x5e71b11a4624 - std[617be2ca0a6fd877]::sys::backtrace::__rust_begin_short_backtrace::<test[aada8e7e76ba119b]::run_test::{closure#1}, ()>
[INFO] [stdout]   17:     0x5e71b11addc2 - <std[617be2ca0a6fd877]::thread::lifecycle::spawn_unchecked<test[aada8e7e76ba119b]::run_test::{closure#1}, ()>::{closure#1} as core[a373ad73a504971]::ops::function::FnOnce<()>>::call_once::{shim:vtable#0}
[INFO] [stdout]   18:     0x5e71b124220f - <std[617be2ca0a6fd877]::sys::thread::unix::Thread>::new::thread_start
[INFO] [stdout]   19:     0x778e41fdcdfa - <unknown>
[INFO] [stdout]   20:     0x778e420703d4 - clone
[INFO] [stdout]   21:                0x0 - <unknown>
[INFO] [stdout] 
[INFO] [stdout] 
[INFO] [stdout] failures:
[INFO] [stdout]     tests::compile_emits_typed_api_module_index_for_multiple_programs
[INFO] [stdout]     tests::compile_extracts_schema_artifacts_from_transformed_ast
[INFO] [stdout]     tests::compile_runs_souffle_generation_and_writes_metadata
[INFO] [stdout]     tests::generated_typed_api_deconflicts_lossy_rust_names
[INFO] [stdout]     tests::generated_typed_api_deconflicts_non_rawable_rust_identifiers
[INFO] [stdout] 
[INFO] [stdout] test result: FAILED. 26 passed; 5 failed; 0 ignored; 0 measured; 0 filtered out; finished in 0.08s
[INFO] [stdout] 
[INFO] running `Command { std: "docker" "inspect" "3b1e672361e76ece80130663239a877df3511412f198ec7e73518588fd0eb5e9", kill_on_drop: false }`
[INFO] running `Command { std: "docker" "rm" "-f" "3b1e672361e76ece80130663239a877df3511412f198ec7e73518588fd0eb5e9", kill_on_drop: false }`
[INFO] [stdout] 3b1e672361e76ece80130663239a877df3511412f198ec7e73518588fd0eb5e9
