[INFO] cloning repository https://github.com/esmevane/sqlx-actix-web-actor-clash
[INFO] running `Command { std: "git" "-c" "credential.helper=" "-c" "credential.helper=/workspace/cargo-home/bin/git-credential-null" "clone" "--bare" "https://github.com/esmevane/sqlx-actix-web-actor-clash" "/workspace/cache/git-repos/https%3A%2F%2Fgithub.com%2Fesmevane%2Fsqlx-actix-web-actor-clash", kill_on_drop: false }`
[INFO] [stderr] Cloning into bare repository '/workspace/cache/git-repos/https%3A%2F%2Fgithub.com%2Fesmevane%2Fsqlx-actix-web-actor-clash'...
[INFO] running `Command { std: "git" "rev-parse" "HEAD", kill_on_drop: false }`
[INFO] [stdout] f8db470e0ef15f868186de0e5ad415bf01d4e08e
[INFO] testing esmevane/sqlx-actix-web-actor-clash against 1.99.0-beta.8+cargoflags=--release for beta-release-1.100-2
[INFO] running `Command { std: "git" "clone" "/workspace/cache/git-repos/https%3A%2F%2Fgithub.com%2Fesmevane%2Fsqlx-actix-web-actor-clash" "/workspace/builds/worker-3-tc1/source", kill_on_drop: false }`
[INFO] [stderr] Cloning into '/workspace/builds/worker-3-tc1/source'...
[INFO] [stderr] done.
[INFO] started tweaking git repo https://github.com/esmevane/sqlx-actix-web-actor-clash
[INFO] finished tweaking git repo https://github.com/esmevane/sqlx-actix-web-actor-clash
[INFO] tweaked toml for git repo https://github.com/esmevane/sqlx-actix-web-actor-clash written to /workspace/builds/worker-3-tc1/source/Cargo.toml
[INFO] validating manifest of git repo https://github.com/esmevane/sqlx-actix-web-actor-clash on toolchain 1.99.0-beta.8
[INFO] running `Command { std: CARGO_HOME="/workspace/cargo-home" RUSTUP_HOME="/workspace/rustup-home" "/workspace/cargo-home/bin/cargo" "+1.99.0-beta.8" "metadata" "--manifest-path" "Cargo.toml" "--no-deps", kill_on_drop: false }`
[INFO] crate git repo https://github.com/esmevane/sqlx-actix-web-actor-clash already has a lockfile, it will not be regenerated
[INFO] running `Command { std: CARGO_HOME="/workspace/cargo-home" RUSTUP_HOME="/workspace/rustup-home" "/workspace/cargo-home/bin/cargo" "+1.99.0-beta.8" "fetch" "--manifest-path" "Cargo.toml", kill_on_drop: false }`
[INFO] [stderr]  Downloading crates ...
[INFO] [stderr]   Downloaded thiserror-impl v1.0.35
[INFO] [stderr]   Downloaded dotenvy v0.15.5
[INFO] [stderr]   Downloaded md-5 v0.10.4
[INFO] [stderr]   Downloaded thiserror v1.0.35
[INFO] [stderr]   Downloaded tokio-stream v0.1.10
[INFO] [stderr]   Downloaded webpki-roots v0.22.4
[INFO] [stderr]   Downloaded libc v0.2.133
[INFO] running `Command { std: "docker" "create" "-v" "/var/lib/crater-agent-workspace/builds/worker-3-tc1/source:/opt/rustwide/workdir:ro,Z" "-v" "/var/lib/crater-agent-workspace/builds/worker-3-tc1/target:/opt/rustwide/target:rw,Z" "-v" "/var/lib/crater-agent-workspace/cargo-home:/opt/rustwide/cargo-home:ro,Z" "-v" "/var/lib/crater-agent-workspace/rustup-home:/opt/rustwide/rustup-home:ro,Z" "-m" "1610612736" "--network" "none" "ghcr.io/rust-lang/crates-build-env/linux@sha256:77db811e55d90add9212f6832c23229e3de5f1c1f9905e8cb07319ea15df73ac" "sleep" "infinity", kill_on_drop: false }`
[INFO] [stdout] 4efafaaa139b511551e4e116fc88becb1697dea2ea860b85bc6376220f8172c8
[INFO] running `Command { std: "docker" "start" "4efafaaa139b511551e4e116fc88becb1697dea2ea860b85bc6376220f8172c8", kill_on_drop: false }`
[INFO] running `Command { std: "docker" "inspect" "4efafaaa139b511551e4e116fc88becb1697dea2ea860b85bc6376220f8172c8", kill_on_drop: false }`
[INFO] running `Command { std: "docker" "exec" "-e" "SOURCE_DIR=/opt/rustwide/workdir" "-e" "CARGO_HOME=/opt/rustwide/cargo-home" "-e" "RUSTUP_HOME=/opt/rustwide/rustup-home" "-e" "CARGO_TARGET_DIR=/opt/rustwide/target" "-w" "/opt/rustwide/workdir" "--user" "0:0" "4efafaaa139b511551e4e116fc88becb1697dea2ea860b85bc6376220f8172c8" "/opt/rustwide/cargo-home/bin/cargo" "+1.99.0-beta.8" "metadata" "--no-deps" "--format-version=1", kill_on_drop: false }`
[INFO] running `Command { std: "docker" "inspect" "4efafaaa139b511551e4e116fc88becb1697dea2ea860b85bc6376220f8172c8", kill_on_drop: false }`
[INFO] running `Command { std: "docker" "exec" "-e" "SOURCE_DIR=/opt/rustwide/workdir" "-e" "CARGO_HOME=/opt/rustwide/cargo-home" "-e" "RUSTUP_HOME=/opt/rustwide/rustup-home" "-e" "CARGO_TARGET_DIR=/opt/rustwide/target" "-e" "CARGO_INCREMENTAL=0" "-e" "RUST_BACKTRACE=full" "-e" "RUSTFLAGS=--cap-lints=warn" "-e" "RUSTDOCFLAGS=--cap-lints=warn" "-w" "/opt/rustwide/workdir" "--user" "0:0" "4efafaaa139b511551e4e116fc88becb1697dea2ea860b85bc6376220f8172c8" "/opt/rustwide/cargo-home/bin/cargo" "+1.99.0-beta.8" "build" "--frozen" "--message-format=json" "--release", kill_on_drop: false }`
[INFO] [stderr]    Compiling libc v0.2.133
[INFO] [stderr]    Compiling proc-macro2 v1.0.43
[INFO] [stderr]    Compiling unicode-ident v1.0.4
[INFO] [stderr]    Compiling quote v1.0.21
[INFO] [stderr]    Compiling syn v1.0.100
[INFO] [stderr]    Compiling once_cell v1.15.0
[INFO] [stderr]    Compiling typenum v1.15.0
[INFO] [stderr]    Compiling futures-core v0.3.24
[INFO] [stderr]    Compiling serde v1.0.144
[INFO] [stderr]    Compiling serde_derive v1.0.144
[INFO] [stderr]    Compiling log v0.4.17
[INFO] [stderr]    Compiling smallvec v1.9.0
[INFO] [stderr]    Compiling ahash v0.7.6
[INFO] [stderr]    Compiling bytes v1.2.1
[INFO] [stderr]    Compiling parking_lot_core v0.9.3
[INFO] [stderr]    Compiling futures-task v0.3.24
[INFO] [stderr]    Compiling memchr v2.5.0
[INFO] [stderr]    Compiling tokio v1.21.1
[INFO] [stderr]    Compiling futures-util v0.3.24
[INFO] [stderr]    Compiling generic-array v0.14.6
[INFO] [stderr]    Compiling parking_lot_core v0.8.5
[INFO] [stderr]    Compiling crossbeam-utils v0.8.11
[INFO] [stderr]    Compiling rustls v0.20.6
[INFO] [stderr]    Compiling futures-sink v0.3.24
[INFO] [stderr]    Compiling pin-project-lite v0.2.9
[INFO] [stderr]    Compiling itoa v1.0.3
[INFO] [stderr]    Compiling spin v0.5.2
[INFO] [stderr]    Compiling untrusted v0.7.1
[INFO] [stderr]    Compiling tracing-core v0.1.29
[INFO] [stderr]    Compiling serde_json v1.0.85
[INFO] [stderr]    Compiling subtle v2.4.1
[INFO] [stderr]    Compiling futures-channel v0.3.24
[INFO] [stderr]    Compiling jobserver v0.1.24
[INFO] [stderr]    Compiling getrandom v0.2.7
[INFO] [stderr]    Compiling thiserror v1.0.35
[INFO] [stderr]    Compiling paste v1.0.9
[INFO] [stderr]    Compiling crossbeam-queue v0.3.6
[INFO] [stderr]    Compiling tinyvec_macros v0.1.0
[INFO] [stderr]    Compiling cc v1.0.73
[INFO] [stderr]    Compiling tinyvec v1.6.0
[INFO] [stderr]    Compiling signal-hook-registry v1.4.0
[INFO] [stderr]    Compiling num_cpus v1.13.1
[INFO] [stderr]    Compiling socket2 v0.4.7
[INFO] [stderr]    Compiling mio v0.8.4
[INFO] [stderr]    Compiling parking_lot v0.12.1
[INFO] [stderr]    Compiling tracing v0.1.36
[INFO] [stderr]    Compiling hashbrown v0.12.3
[INFO] [stderr]    Compiling indexmap v1.9.1
[INFO] [stderr]    Compiling rand_core v0.6.4
[INFO] [stderr]    Compiling instant v0.1.12
[INFO] [stderr]    Compiling lock_api v0.4.9
[INFO] [stderr]    Compiling scopeguard v1.1.0
[INFO] [stderr]    Compiling ring v0.16.20
[INFO] [stderr]    Compiling zstd-sys v2.0.1+zstd.1.5.2
[INFO] [stderr]    Compiling unicode-bidi v0.3.8
[INFO] [stderr]    Compiling ppv-lite86 v0.2.16
[INFO] [stderr]    Compiling unicode-normalization v0.1.22
[INFO] [stderr]    Compiling rand_chacha v0.3.1
[INFO] [stderr]    Compiling crypto-common v0.1.6
[INFO] [stderr]    Compiling block-buffer v0.10.3
[INFO] [stderr]    Compiling digest v0.10.5
[INFO] [stderr]    Compiling dirs-sys v0.3.7
[INFO] [stderr]    Compiling num-traits v0.2.15
[INFO] [stderr]    Compiling slab v0.4.7
[INFO] [stderr]    Compiling cpufeatures v0.2.5
[INFO] [stderr]    Compiling ryu v1.0.11
[INFO] [stderr]    Compiling base64 v0.13.0
[INFO] [stderr]    Compiling percent-encoding v2.2.0
[INFO] [stderr]    Compiling zstd-safe v5.0.2+zstd.1.5.2
[INFO] [stderr]    Compiling form_urlencoded v1.1.0
[INFO] [stderr]    Compiling idna v0.3.0
[INFO] [stderr]    Compiling nom v7.1.1
[INFO] [stderr]    Compiling http v0.2.8
[INFO] [stderr]    Compiling dirs v4.0.0
[INFO] [stderr]    Compiling sha1 v0.10.5
[INFO] [stderr]    Compiling hmac v0.12.1
[INFO] [stderr]    Compiling rand v0.8.5
[INFO] [stderr]    Compiling parking_lot v0.11.2
[INFO] [stderr]    Compiling aho-corasick v0.7.19
[INFO] [stderr]    Compiling regex-syntax v0.6.27
[INFO] [stderr]    Compiling crc-catalog v2.1.0
[INFO] [stderr]    Compiling encoding_rs v0.8.31
[INFO] [stderr]    Compiling crc v3.0.0
[INFO] [stderr]    Compiling rustls-pemfile v1.0.1
[INFO] [stderr]    Compiling miniz_oxide v0.5.4
[INFO] [stderr]    Compiling atoi v1.0.0
[INFO] [stderr]    Compiling futures-intrusive v0.4.0
[INFO] [stderr]    Compiling url v2.3.1
[INFO] [stderr]    Compiling hkdf v0.12.3
[INFO] [stderr]    Compiling dotenvy v0.15.5
[INFO] [stderr]    Compiling hashlink v0.8.1
[INFO] [stderr]    Compiling brotli-decompressor v2.3.2
[INFO] [stderr]    Compiling actix-utils v3.0.0
[INFO] [stderr]    Compiling sha2 v0.10.6
[INFO] [stderr]    Compiling stringprep v0.1.2
[INFO] [stderr]    Compiling md-5 v0.10.4
[INFO] [stderr]    Compiling actix-service v2.0.2
[INFO] [stderr]    Compiling bytestring v1.1.0
[INFO] [stderr]    Compiling cookie v0.16.0
[INFO] [stderr]    Compiling bitflags v1.3.2
[INFO] [stderr]    Compiling whoami v1.2.3
[INFO] [stderr]    Compiling unicode-segmentation v1.10.0
[INFO] [stderr]    Compiling num_threads v0.1.6
[INFO] [stderr]    Compiling byteorder v1.4.3
[INFO] [stderr]    Compiling time-macros v0.2.4
[INFO] [stderr]    Compiling regex v1.6.0
[INFO] [stderr]    Compiling heck v0.4.0
[INFO] [stderr]    Compiling brotli v3.3.4
[INFO] [stderr]    Compiling flate2 v1.0.24
[INFO] [stderr]    Compiling tokio-stream v0.1.10
[INFO] [stderr]    Compiling time v0.3.14
[INFO] [stderr]    Compiling local-channel v0.1.3
[INFO] [stderr]    Compiling tokio-macros v1.8.0
[INFO] [stderr]    Compiling thiserror-impl v1.0.35
[INFO] [stderr]    Compiling derive_more v0.99.17
[INFO] [stderr]    Compiling anyhow v1.0.65
[INFO] [stderr]    Compiling actix_derive v0.6.0
[INFO] [stderr]    Compiling actix-macros v0.2.3
[INFO] [stderr]    Compiling crossbeam-channel v0.5.6
[INFO] [stderr]    Compiling webpki v0.22.0
[INFO] [stderr]    Compiling sct v0.7.0
[INFO] [stderr]    Compiling webpki-roots v0.22.4
[INFO] [stderr]    Compiling tokio-rustls v0.23.4
[INFO] [stderr]    Compiling sqlx-rt v0.6.2
[INFO] [stderr]    Compiling either v1.8.0
[INFO] [stderr]    Compiling tokio-util v0.7.4
[INFO] [stderr]    Compiling itertools v0.10.5
[INFO] [stderr]    Compiling actix-rt v2.7.0
[INFO] [stderr]    Compiling sqlformat v0.2.0
[INFO] [stderr]    Compiling h2 v0.3.14
[INFO] [stderr]    Compiling actix-codec v0.5.0
[INFO] [stderr]    Compiling actix-router v0.5.1
[INFO] [stderr]    Compiling serde_urlencoded v0.7.1
[INFO] [stderr]    Compiling actix-server v2.1.1
[INFO] [stderr]    Compiling actix v0.13.0
[INFO] [stderr]    Compiling actix-web-codegen v4.1.0
[INFO] [stderr]    Compiling sqlx-core v0.6.2
[INFO] [stderr]    Compiling zstd v0.11.2+zstd.1.5.2
[INFO] [stderr]    Compiling sqlx-macros v0.6.2
[INFO] [stderr]    Compiling actix-http v3.2.2
[INFO] [stderr]    Compiling sqlx v0.6.2
[INFO] [stderr]    Compiling actix-web v4.2.1
[INFO] [stderr]    Compiling sqlx-actix-web-actor-clash v0.1.0 (/opt/rustwide/workdir)
[INFO] [stdout] warning: struct `ExampleActor` is never constructed
[INFO] [stdout]  --> src/main.rs:6:8
[INFO] [stdout]   |
[INFO] [stdout] 6 | struct ExampleActor;
[INFO] [stdout]   |        ^^^^^^^^^^^^
[INFO] [stdout]   |
[INFO] [stdout]   = note: `#[warn(dead_code)]` (part of `#[warn(unused)]`) on by default
[INFO] [stdout] 
[INFO] [stdout] 
[INFO] [stdout] warning: function `init_app_without_actor` is never used
[INFO] [stdout]   --> src/main.rs:12:4
[INFO] [stdout]    |
[INFO] [stdout] 12 | fn init_app_without_actor(pool: &PgPool) -> anyhow::Result<Server> {
[INFO] [stdout]    |    ^^^^^^^^^^^^^^^^^^^^^^
[INFO] [stdout] 
[INFO] [stdout] 
[INFO] [stdout] warning: function `init_app_with_actor` is never used
[INFO] [stdout]   --> src/main.rs:22:4
[INFO] [stdout]    |
[INFO] [stdout] 22 | fn init_app_with_actor(pool: &PgPool) -> anyhow::Result<Server> {
[INFO] [stdout]    |    ^^^^^^^^^^^^^^^^^^^
[INFO] [stdout] 
[INFO] [stdout] 
[INFO] [stderr]     Finished `release` profile [optimized] target(s) in 2m 57s
[INFO] [stderr] warning: the following packages contain code that will be rejected by a future version of Rust: sqlx-core v0.6.2
[INFO] [stderr] note: to see what the problems were, use the option `--future-incompat-report`, or run `cargo report future-incompatibilities --id 4`
[INFO] running `Command { std: "docker" "inspect" "4efafaaa139b511551e4e116fc88becb1697dea2ea860b85bc6376220f8172c8", kill_on_drop: false }`
[INFO] running `Command { std: "docker" "exec" "-e" "SOURCE_DIR=/opt/rustwide/workdir" "-e" "CARGO_HOME=/opt/rustwide/cargo-home" "-e" "RUSTUP_HOME=/opt/rustwide/rustup-home" "-e" "CARGO_TARGET_DIR=/opt/rustwide/target" "-e" "CARGO_INCREMENTAL=0" "-e" "RUST_BACKTRACE=full" "-e" "RUSTFLAGS=--cap-lints=warn" "-e" "RUSTDOCFLAGS=--cap-lints=warn" "-w" "/opt/rustwide/workdir" "--user" "0:0" "4efafaaa139b511551e4e116fc88becb1697dea2ea860b85bc6376220f8172c8" "/opt/rustwide/cargo-home/bin/cargo" "+1.99.0-beta.8" "test" "--frozen" "--no-run" "--message-format=json" "--release", kill_on_drop: false }`
[INFO] [stderr]    Compiling sqlx-actix-web-actor-clash v0.1.0 (/opt/rustwide/workdir)
[INFO] [stdout] warning: unused `Server` that must be used
[INFO] [stdout]   --> src/main.rs:43:5
[INFO] [stdout]    |
[INFO] [stdout] 43 |     init_app_with_actor(&pool)?;
[INFO] [stdout]    |     ^^^^^^^^^^^^^^^^^^^^^^^^^^^
[INFO] [stdout]    |
[INFO] [stdout]    = note: Server does nothing unless you `.await` or poll it
[INFO] [stdout]    = note: `#[warn(unused_must_use)]` (part of `#[warn(unused)]`) on by default
[INFO] [stdout] help: use `let _ = ...` to ignore the resulting value
[INFO] [stdout]    |
[INFO] [stdout] 43 |     let _ = init_app_with_actor(&pool)?;
[INFO] [stdout]    |     +++++++
[INFO] [stdout] 
[INFO] [stdout] 
[INFO] [stdout] warning: unused `Server` that must be used
[INFO] [stdout]   --> src/main.rs:50:5
[INFO] [stdout]    |
[INFO] [stdout] 50 |     init_app_without_actor(&pool)?;
[INFO] [stdout]    |     ^^^^^^^^^^^^^^^^^^^^^^^^^^^^^^
[INFO] [stdout]    |
[INFO] [stdout]    = note: Server does nothing unless you `.await` or poll it
[INFO] [stdout] help: use `let _ = ...` to ignore the resulting value
[INFO] [stdout]    |
[INFO] [stdout] 50 |     let _ = init_app_without_actor(&pool)?;
[INFO] [stdout]    |     +++++++
[INFO] [stdout] 
[INFO] [stdout] 
[INFO] [stderr]     Finished `release` profile [optimized] target(s) in 11.23s
[INFO] [stderr] warning: the following packages contain code that will be rejected by a future version of Rust: sqlx-core v0.6.2
[INFO] [stderr] note: to see what the problems were, use the option `--future-incompat-report`, or run `cargo report future-incompatibilities --id 4`
[INFO] running `Command { std: "docker" "inspect" "4efafaaa139b511551e4e116fc88becb1697dea2ea860b85bc6376220f8172c8", kill_on_drop: false }`
[INFO] running `Command { std: "docker" "exec" "-e" "SOURCE_DIR=/opt/rustwide/workdir" "-e" "CARGO_HOME=/opt/rustwide/cargo-home" "-e" "RUSTUP_HOME=/opt/rustwide/rustup-home" "-e" "CARGO_TARGET_DIR=/opt/rustwide/target" "-e" "CARGO_INCREMENTAL=0" "-e" "RUST_BACKTRACE=full" "-e" "RUSTFLAGS=--cap-lints=warn" "-e" "RUSTDOCFLAGS=--cap-lints=warn" "-w" "/opt/rustwide/workdir" "--user" "0:0" "4efafaaa139b511551e4e116fc88becb1697dea2ea860b85bc6376220f8172c8" "/opt/rustwide/cargo-home/bin/cargo" "+1.99.0-beta.8" "test" "--frozen" "--release", kill_on_drop: false }`
[INFO] [stderr] warning: unused `Server` that must be used
[INFO] [stderr]   --> src/main.rs:43:5
[INFO] [stderr]    |
[INFO] [stderr] 43 |     init_app_with_actor(&pool)?;
[INFO] [stderr]    |     ^^^^^^^^^^^^^^^^^^^^^^^^^^^
[INFO] [stderr]    |
[INFO] [stderr]    = note: Server does nothing unless you `.await` or poll it
[INFO] [stderr]    = note: `#[warn(unused_must_use)]` (part of `#[warn(unused)]`) on by default
[INFO] [stderr] help: use `let _ = ...` to ignore the resulting value
[INFO] [stderr]    |
[INFO] [stderr] 43 |     let _ = init_app_with_actor(&pool)?;
[INFO] [stderr]    |     +++++++
[INFO] [stderr] 
[INFO] [stderr] warning: unused `Server` that must be used
[INFO] [stderr]   --> src/main.rs:50:5
[INFO] [stderr]    |
[INFO] [stderr] 50 |     init_app_without_actor(&pool)?;
[INFO] [stderr]    |     ^^^^^^^^^^^^^^^^^^^^^^^^^^^^^^
[INFO] [stderr]    |
[INFO] [stderr]    = note: Server does nothing unless you `.await` or poll it
[INFO] [stderr] help: use `let _ = ...` to ignore the resulting value
[INFO] [stderr]    |
[INFO] [stderr] 50 |     let _ = init_app_without_actor(&pool)?;
[INFO] [stderr]    |     +++++++
[INFO] [stderr] 
[INFO] [stderr] warning: `sqlx-actix-web-actor-clash` (bin "sqlx-actix-web-actor-clash" test) generated 2 warnings
[INFO] [stderr]     Finished `release` profile [optimized] target(s) in 0.20s
[INFO] [stderr] warning: the following packages contain code that will be rejected by a future version of Rust: sqlx-core v0.6.2
[INFO] [stderr] note: to see what the problems were, use the option `--future-incompat-report`, or run `cargo report future-incompatibilities --id 4`
[INFO] [stderr]      Running unittests src/main.rs (/opt/rustwide/target/release/deps/sqlx_actix_web_actor_clash-7c11dcd79eee2bc5)
[INFO] [stdout] 
[INFO] [stdout] running 2 tests
[INFO] [stderr] error: test failed, to rerun pass `--bin sqlx-actix-web-actor-clash`
[INFO] [stdout] test test_does_not_explode ... FAILED
[INFO] [stdout] test test_explodes ... FAILED
[INFO] [stdout] 
[INFO] [stdout] failures:
[INFO] [stdout] 
[INFO] [stdout] ---- test_does_not_explode stdout ----
[INFO] [stdout] 
[INFO] [stdout] thread 'test_does_not_explode' (4259) panicked at /opt/rustwide/cargo-home/registry/src/index.crates.io-1949cf8c6b5b557f/sqlx-core-0.6.2/src/testing/mod.rs:214:14:
[INFO] [stdout] failed to connect to setup test database: PoolTimedOut
[INFO] [stdout] stack backtrace:
[INFO] [stdout]    0:     0x64d1f56105b1 - <<std[70759c8f55707aa4]::sys::backtrace::BacktraceLock>::print::DisplayBacktrace as core[df12db4294e9bfd3]::fmt::Display>::fmt
[INFO] [stdout]    1:     0x64d1f5628d3a - core[df12db4294e9bfd3]::fmt::write
[INFO] [stdout]    2:     0x64d1f561512c - <alloc[2182bb758b4b3781]::vec::Vec<u8> as core[df12db4294e9bfd3]::io::write::Write>::write_fmt
[INFO] [stdout]    3:     0x64d1f55eb216 - std[70759c8f55707aa4]::panicking::default_hook::{closure#0}
[INFO] [stdout]    4:     0x64d1f5608069 - std[70759c8f55707aa4]::panicking::default_hook
[INFO] [stdout]    5:     0x64d1f53046a0 - test[9d35eded1c95d3be]::test_main_inner::<test[9d35eded1c95d3be]::test_main_static::{closure#0}>::{closure#0}
[INFO] [stdout]    6:     0x64d1f5608392 - std[70759c8f55707aa4]::panicking::panic_with_hook
[INFO] [stdout]    7:     0x64d1f55eb2c2 - std[70759c8f55707aa4]::panicking::panic_handler::{closure#0}
[INFO] [stdout]    8:     0x64d1f55e3b99 - std[70759c8f55707aa4]::sys::backtrace::__rust_end_short_backtrace::<std[70759c8f55707aa4]::panicking::panic_handler::{closure#0}, !>
[INFO] [stdout]    9:     0x64d1f55ec14d - __rustc[8fa7c3cbc660c2b3]::rust_begin_unwind
[INFO] [stdout]   10:     0x64d1f562951c - core[df12db4294e9bfd3]::panicking::panic_fmt
[INFO] [stdout]   11:     0x64d1f56292f2 - core[df12db4294e9bfd3]::result::unwrap_failed
[INFO] [stdout]   12:     0x64d1f52c3d5f - <core[df12db4294e9bfd3]::pin::Pin<&mut sqlx_core[33aa7553030fb1c3]::testing::run_test<sqlx_core[33aa7553030fb1c3]::postgres::database::Postgres, sqlx_core[33aa7553030fb1c3]::testing::run_test_with_pool<sqlx_core[33aa7553030fb1c3]::postgres::database::Postgres, fn(sqlx_core[33aa7553030fb1c3]::pool::Pool<sqlx_core[33aa7553030fb1c3]::postgres::database::Postgres>) -> sqlx_actix_web_actor_clash[30982fe4f0e33653]::test_does_not_explode::inner::{closure#0}, sqlx_actix_web_actor_clash[30982fe4f0e33653]::test_does_not_explode::inner::{closure#0}>::{closure#0}, sqlx_core[33aa7553030fb1c3]::testing::run_test_with_pool<sqlx_core[33aa7553030fb1c3]::postgres::database::Postgres, fn(sqlx_core[33aa7553030fb1c3]::pool::Pool<sqlx_core[33aa7553030fb1c3]::postgres::database::Postgres>) -> sqlx_actix_web_actor_clash[30982fe4f0e33653]::test_does_not_explode::inner::{closure#0}, sqlx_actix_web_actor_clash[30982fe4f0e33653]::test_does_not_explode::inner::{closure#0}>::{closure#0}::{closure#0}>::{closure#0}> as core[df12db4294e9bfd3]::future::future::Future>::poll
[INFO] [stdout]   13:     0x64d1f52c518f - <tokio[afc26191850f0a29]::runtime::scheduler::current_thread::CurrentThread>::block_on::<sqlx_core[33aa7553030fb1c3]::testing::run_test<sqlx_core[33aa7553030fb1c3]::postgres::database::Postgres, sqlx_core[33aa7553030fb1c3]::testing::run_test_with_pool<sqlx_core[33aa7553030fb1c3]::postgres::database::Postgres, fn(sqlx_core[33aa7553030fb1c3]::pool::Pool<sqlx_core[33aa7553030fb1c3]::postgres::database::Postgres>) -> sqlx_actix_web_actor_clash[30982fe4f0e33653]::test_does_not_explode::inner::{closure#0}, sqlx_actix_web_actor_clash[30982fe4f0e33653]::test_does_not_explode::inner::{closure#0}>::{closure#0}, sqlx_core[33aa7553030fb1c3]::testing::run_test_with_pool<sqlx_core[33aa7553030fb1c3]::postgres::database::Postgres, fn(sqlx_core[33aa7553030fb1c3]::pool::Pool<sqlx_core[33aa7553030fb1c3]::postgres::database::Postgres>) -> sqlx_actix_web_actor_clash[30982fe4f0e33653]::test_does_not_explode::inner::{closure#0}, sqlx_actix_web_actor_clash[30982fe4f0e33653]::test_does_not_explode::inner::{closure#0}>::{closure#0}::{closure#0}>::{closure#0}>
[INFO] [stdout]   14:     0x64d1f52deeef - <tokio[afc26191850f0a29]::runtime::Runtime>::block_on::<sqlx_core[33aa7553030fb1c3]::testing::run_test<sqlx_core[33aa7553030fb1c3]::postgres::database::Postgres, sqlx_core[33aa7553030fb1c3]::testing::run_test_with_pool<sqlx_core[33aa7553030fb1c3]::postgres::database::Postgres, fn(sqlx_core[33aa7553030fb1c3]::pool::Pool<sqlx_core[33aa7553030fb1c3]::postgres::database::Postgres>) -> sqlx_actix_web_actor_clash[30982fe4f0e33653]::test_does_not_explode::inner::{closure#0}, sqlx_actix_web_actor_clash[30982fe4f0e33653]::test_does_not_explode::inner::{closure#0}>::{closure#0}, sqlx_core[33aa7553030fb1c3]::testing::run_test_with_pool<sqlx_core[33aa7553030fb1c3]::postgres::database::Postgres, fn(sqlx_core[33aa7553030fb1c3]::pool::Pool<sqlx_core[33aa7553030fb1c3]::postgres::database::Postgres>) -> sqlx_actix_web_actor_clash[30982fe4f0e33653]::test_does_not_explode::inner::{closure#0}, sqlx_actix_web_actor_clash[30982fe4f0e33653]::test_does_not_explode::inner::{closure#0}>::{closure#0}::{closure#0}>::{closure#0}>
[INFO] [stdout]   15:     0x64d1f52a0057 - sqlx_rt[8c8a718b03fe2111]::rt_tokio::test_block_on::<sqlx_core[33aa7553030fb1c3]::testing::run_test<sqlx_core[33aa7553030fb1c3]::postgres::database::Postgres, sqlx_core[33aa7553030fb1c3]::testing::run_test_with_pool<sqlx_core[33aa7553030fb1c3]::postgres::database::Postgres, fn(sqlx_core[33aa7553030fb1c3]::pool::Pool<sqlx_core[33aa7553030fb1c3]::postgres::database::Postgres>) -> sqlx_actix_web_actor_clash[30982fe4f0e33653]::test_does_not_explode::inner::{closure#0}, sqlx_actix_web_actor_clash[30982fe4f0e33653]::test_does_not_explode::inner::{closure#0}>::{closure#0}, sqlx_core[33aa7553030fb1c3]::testing::run_test_with_pool<sqlx_core[33aa7553030fb1c3]::postgres::database::Postgres, fn(sqlx_core[33aa7553030fb1c3]::pool::Pool<sqlx_core[33aa7553030fb1c3]::postgres::database::Postgres>) -> sqlx_actix_web_actor_clash[30982fe4f0e33653]::test_does_not_explode::inner::{closure#0}, sqlx_actix_web_actor_clash[30982fe4f0e33653]::test_does_not_explode::inner::{closure#0}>::{closure#0}::{closure#0}>::{closure#0}>
[INFO] [stdout]   16:     0x64d1f52f7325 - <sqlx_actix_web_actor_clash[30982fe4f0e33653]::test_does_not_explode::{closure#0} as core[df12db4294e9bfd3]::ops::function::FnOnce<()>>::call_once
[INFO] [stdout]   17:     0x64d1f52f798b - test[9d35eded1c95d3be]::__rust_begin_short_backtrace::<core[df12db4294e9bfd3]::result::Result<(), alloc[2182bb758b4b3781]::string::String>, fn() -> core[df12db4294e9bfd3]::result::Result<(), alloc[2182bb758b4b3781]::string::String>>
[INFO] [stdout]   18:     0x64d1f5304ff5 - test[9d35eded1c95d3be]::run_test::{closure#0}
[INFO] [stdout]   19:     0x64d1f52fe8b4 - std[70759c8f55707aa4]::sys::backtrace::__rust_begin_short_backtrace::<test[9d35eded1c95d3be]::run_test::{closure#1}, ()>
[INFO] [stdout]   20:     0x64d1f5308152 - <std[70759c8f55707aa4]::thread::lifecycle::spawn_unchecked<test[9d35eded1c95d3be]::run_test::{closure#1}, ()>::{closure#1} as core[df12db4294e9bfd3]::ops::function::FnOnce<()>>::call_once::{shim:vtable#0}
[INFO] [stdout]   21:     0x64d1f560f7b9 - <std[70759c8f55707aa4]::sys::thread::unix::Thread>::new::thread_start
[INFO] [stdout]   22:     0x77b6979eedfa - <unknown>
[INFO] [stdout]   23:     0x77b697a823d4 - clone
[INFO] [stdout]   24:                0x0 - <unknown>
[INFO] [stdout] 
[INFO] [stdout] ---- test_explodes stdout ----
[INFO] [stdout] 
[INFO] [stdout] thread 'test_explodes' (4260) panicked at /opt/rustwide/cargo-home/registry/src/index.crates.io-1949cf8c6b5b557f/sqlx-core-0.6.2/src/testing/mod.rs:214:14:
[INFO] [stdout] failed to connect to setup test database: PoolTimedOut
[INFO] [stdout] stack backtrace:
[INFO] [stdout]    0:     0x64d1f56105b1 - <<std[70759c8f55707aa4]::sys::backtrace::BacktraceLock>::print::DisplayBacktrace as core[df12db4294e9bfd3]::fmt::Display>::fmt
[INFO] [stdout]    1:     0x64d1f5628d3a - core[df12db4294e9bfd3]::fmt::write
[INFO] [stdout]    2:     0x64d1f561512c - <alloc[2182bb758b4b3781]::vec::Vec<u8> as core[df12db4294e9bfd3]::io::write::Write>::write_fmt
[INFO] [stdout]    3:     0x64d1f55eb216 - std[70759c8f55707aa4]::panicking::default_hook::{closure#0}
[INFO] [stdout]    4:     0x64d1f5608069 - std[70759c8f55707aa4]::panicking::default_hook
[INFO] [stdout]    5:     0x64d1f53046a0 - test[9d35eded1c95d3be]::test_main_inner::<test[9d35eded1c95d3be]::test_main_static::{closure#0}>::{closure#0}
[INFO] [stdout]    6:     0x64d1f5608392 - std[70759c8f55707aa4]::panicking::panic_with_hook
[INFO] [stdout]    7:     0x64d1f55eb2c2 - std[70759c8f55707aa4]::panicking::panic_handler::{closure#0}
[INFO] [stdout]    8:     0x64d1f55e3b99 - std[70759c8f55707aa4]::sys::backtrace::__rust_end_short_backtrace::<std[70759c8f55707aa4]::panicking::panic_handler::{closure#0}, !>
[INFO] [stdout]    9:     0x64d1f55ec14d - __rustc[8fa7c3cbc660c2b3]::rust_begin_unwind
[INFO] [stdout]   10:     0x64d1f562951c - core[df12db4294e9bfd3]::panicking::panic_fmt
[INFO] [stdout]   11:     0x64d1f56292f2 - core[df12db4294e9bfd3]::result::unwrap_failed
[INFO] [stdout]   12:     0x64d1f52c2f93 - <core[df12db4294e9bfd3]::pin::Pin<&mut sqlx_core[33aa7553030fb1c3]::testing::run_test<sqlx_core[33aa7553030fb1c3]::postgres::database::Postgres, sqlx_core[33aa7553030fb1c3]::testing::run_test_with_pool<sqlx_core[33aa7553030fb1c3]::postgres::database::Postgres, fn(sqlx_core[33aa7553030fb1c3]::pool::Pool<sqlx_core[33aa7553030fb1c3]::postgres::database::Postgres>) -> sqlx_actix_web_actor_clash[30982fe4f0e33653]::test_explodes::inner::{closure#0}, sqlx_actix_web_actor_clash[30982fe4f0e33653]::test_explodes::inner::{closure#0}>::{closure#0}, sqlx_core[33aa7553030fb1c3]::testing::run_test_with_pool<sqlx_core[33aa7553030fb1c3]::postgres::database::Postgres, fn(sqlx_core[33aa7553030fb1c3]::pool::Pool<sqlx_core[33aa7553030fb1c3]::postgres::database::Postgres>) -> sqlx_actix_web_actor_clash[30982fe4f0e33653]::test_explodes::inner::{closure#0}, sqlx_actix_web_actor_clash[30982fe4f0e33653]::test_explodes::inner::{closure#0}>::{closure#0}::{closure#0}>::{closure#0}> as core[df12db4294e9bfd3]::future::future::Future>::poll
[INFO] [stdout]   13:     0x64d1f52c475f - <tokio[afc26191850f0a29]::runtime::scheduler::current_thread::CurrentThread>::block_on::<sqlx_core[33aa7553030fb1c3]::testing::run_test<sqlx_core[33aa7553030fb1c3]::postgres::database::Postgres, sqlx_core[33aa7553030fb1c3]::testing::run_test_with_pool<sqlx_core[33aa7553030fb1c3]::postgres::database::Postgres, fn(sqlx_core[33aa7553030fb1c3]::pool::Pool<sqlx_core[33aa7553030fb1c3]::postgres::database::Postgres>) -> sqlx_actix_web_actor_clash[30982fe4f0e33653]::test_explodes::inner::{closure#0}, sqlx_actix_web_actor_clash[30982fe4f0e33653]::test_explodes::inner::{closure#0}>::{closure#0}, sqlx_core[33aa7553030fb1c3]::testing::run_test_with_pool<sqlx_core[33aa7553030fb1c3]::postgres::database::Postgres, fn(sqlx_core[33aa7553030fb1c3]::pool::Pool<sqlx_core[33aa7553030fb1c3]::postgres::database::Postgres>) -> sqlx_actix_web_actor_clash[30982fe4f0e33653]::test_explodes::inner::{closure#0}, sqlx_actix_web_actor_clash[30982fe4f0e33653]::test_explodes::inner::{closure#0}>::{closure#0}::{closure#0}>::{closure#0}>
[INFO] [stdout]   14:     0x64d1f52dedcf - <tokio[afc26191850f0a29]::runtime::Runtime>::block_on::<sqlx_core[33aa7553030fb1c3]::testing::run_test<sqlx_core[33aa7553030fb1c3]::postgres::database::Postgres, sqlx_core[33aa7553030fb1c3]::testing::run_test_with_pool<sqlx_core[33aa7553030fb1c3]::postgres::database::Postgres, fn(sqlx_core[33aa7553030fb1c3]::pool::Pool<sqlx_core[33aa7553030fb1c3]::postgres::database::Postgres>) -> sqlx_actix_web_actor_clash[30982fe4f0e33653]::test_explodes::inner::{closure#0}, sqlx_actix_web_actor_clash[30982fe4f0e33653]::test_explodes::inner::{closure#0}>::{closure#0}, sqlx_core[33aa7553030fb1c3]::testing::run_test_with_pool<sqlx_core[33aa7553030fb1c3]::postgres::database::Postgres, fn(sqlx_core[33aa7553030fb1c3]::pool::Pool<sqlx_core[33aa7553030fb1c3]::postgres::database::Postgres>) -> sqlx_actix_web_actor_clash[30982fe4f0e33653]::test_explodes::inner::{closure#0}, sqlx_actix_web_actor_clash[30982fe4f0e33653]::test_explodes::inner::{closure#0}>::{closure#0}::{closure#0}>::{closure#0}>
[INFO] [stdout]   15:     0x64d1f529fec7 - sqlx_rt[8c8a718b03fe2111]::rt_tokio::test_block_on::<sqlx_core[33aa7553030fb1c3]::testing::run_test<sqlx_core[33aa7553030fb1c3]::postgres::database::Postgres, sqlx_core[33aa7553030fb1c3]::testing::run_test_with_pool<sqlx_core[33aa7553030fb1c3]::postgres::database::Postgres, fn(sqlx_core[33aa7553030fb1c3]::pool::Pool<sqlx_core[33aa7553030fb1c3]::postgres::database::Postgres>) -> sqlx_actix_web_actor_clash[30982fe4f0e33653]::test_explodes::inner::{closure#0}, sqlx_actix_web_actor_clash[30982fe4f0e33653]::test_explodes::inner::{closure#0}>::{closure#0}, sqlx_core[33aa7553030fb1c3]::testing::run_test_with_pool<sqlx_core[33aa7553030fb1c3]::postgres::database::Postgres, fn(sqlx_core[33aa7553030fb1c3]::pool::Pool<sqlx_core[33aa7553030fb1c3]::postgres::database::Postgres>) -> sqlx_actix_web_actor_clash[30982fe4f0e33653]::test_explodes::inner::{closure#0}, sqlx_actix_web_actor_clash[30982fe4f0e33653]::test_explodes::inner::{closure#0}>::{closure#0}::{closure#0}>::{closure#0}>
[INFO] [stdout]   16:     0x64d1f52f71d5 - <sqlx_actix_web_actor_clash[30982fe4f0e33653]::test_explodes::{closure#0} as core[df12db4294e9bfd3]::ops::function::FnOnce<()>>::call_once
[INFO] [stdout]   17:     0x64d1f52f798b - test[9d35eded1c95d3be]::__rust_begin_short_backtrace::<core[df12db4294e9bfd3]::result::Result<(), alloc[2182bb758b4b3781]::string::String>, fn() -> core[df12db4294e9bfd3]::result::Result<(), alloc[2182bb758b4b3781]::string::String>>
[INFO] [stdout]   18:     0x64d1f5304ff5 - test[9d35eded1c95d3be]::run_test::{closure#0}
[INFO] [stdout]   19:     0x64d1f52fe8b4 - std[70759c8f55707aa4]::sys::backtrace::__rust_begin_short_backtrace::<test[9d35eded1c95d3be]::run_test::{closure#1}, ()>
[INFO] [stdout]   20:     0x64d1f5308152 - <std[70759c8f55707aa4]::thread::lifecycle::spawn_unchecked<test[9d35eded1c95d3be]::run_test::{closure#1}, ()>::{closure#1} as core[df12db4294e9bfd3]::ops::function::FnOnce<()>>::call_once::{shim:vtable#0}
[INFO] [stdout]   21:     0x64d1f560f7b9 - <std[70759c8f55707aa4]::sys::thread::unix::Thread>::new::thread_start
[INFO] [stdout]   22:     0x77b6979eedfa - <unknown>
[INFO] [stdout]   23:     0x77b697a823d4 - clone
[INFO] [stdout]   24:                0x0 - <unknown>
[INFO] [stdout] 
[INFO] [stdout] 
[INFO] [stdout] failures:
[INFO] [stdout]     test_does_not_explode
[INFO] [stdout]     test_explodes
[INFO] [stdout] 
[INFO] [stdout] test result: FAILED. 0 passed; 2 failed; 0 ignored; 0 measured; 0 filtered out; finished in 30.01s
[INFO] [stdout] 
[INFO] running `Command { std: "docker" "inspect" "4efafaaa139b511551e4e116fc88becb1697dea2ea860b85bc6376220f8172c8", kill_on_drop: false }`
[INFO] running `Command { std: "docker" "rm" "-f" "4efafaaa139b511551e4e116fc88becb1697dea2ea860b85bc6376220f8172c8", kill_on_drop: false }`
[INFO] [stdout] 4efafaaa139b511551e4e116fc88becb1697dea2ea860b85bc6376220f8172c8
