[INFO] cloning repository https://github.com/edwardowiejohn2005-pixel/catalog-gen
[INFO] running `Command { std: "git" "-c" "credential.helper=" "-c" "credential.helper=/workspace/cargo-home/bin/git-credential-null" "clone" "--bare" "https://github.com/edwardowiejohn2005-pixel/catalog-gen" "/workspace/cache/git-repos/https%3A%2F%2Fgithub.com%2Fedwardowiejohn2005-pixel%2Fcatalog-gen", kill_on_drop: false }`
[INFO] [stderr] Cloning into bare repository '/workspace/cache/git-repos/https%3A%2F%2Fgithub.com%2Fedwardowiejohn2005-pixel%2Fcatalog-gen'...
[INFO] running `Command { std: "git" "rev-parse" "HEAD", kill_on_drop: false }`
[INFO] [stdout] fafda7bede2e9ebdd5e452e94e5e3ff190272bd7
[INFO] testing edwardowiejohn2005-pixel/catalog-gen against 1.100.0-beta.1+cargoflags=--release for beta-release-1.100-2
[INFO] running `Command { std: "git" "clone" "/workspace/cache/git-repos/https%3A%2F%2Fgithub.com%2Fedwardowiejohn2005-pixel%2Fcatalog-gen" "/workspace/builds/worker-5-tc2/source", kill_on_drop: false }`
[INFO] [stderr] Cloning into '/workspace/builds/worker-5-tc2/source'...
[INFO] [stderr] done.
[INFO] started tweaking git repo https://github.com/edwardowiejohn2005-pixel/catalog-gen
[INFO] finished tweaking git repo https://github.com/edwardowiejohn2005-pixel/catalog-gen
[INFO] tweaked toml for git repo https://github.com/edwardowiejohn2005-pixel/catalog-gen written to /workspace/builds/worker-5-tc2/source/Cargo.toml
[INFO] validating manifest of git repo https://github.com/edwardowiejohn2005-pixel/catalog-gen on toolchain 1.100.0-beta.1
[INFO] running `Command { std: CARGO_HOME="/workspace/cargo-home" RUSTUP_HOME="/workspace/rustup-home" "/workspace/cargo-home/bin/cargo" "+1.100.0-beta.1" "metadata" "--manifest-path" "Cargo.toml" "--no-deps", kill_on_drop: false }`
[INFO] crate git repo https://github.com/edwardowiejohn2005-pixel/catalog-gen already has a lockfile, it will not be regenerated
[INFO] running `Command { std: CARGO_HOME="/workspace/cargo-home" RUSTUP_HOME="/workspace/rustup-home" "/workspace/cargo-home/bin/cargo" "+1.100.0-beta.1" "fetch" "--manifest-path" "Cargo.toml", kill_on_drop: false }`
[INFO] running `Command { std: "docker" "create" "-v" "/var/lib/crater-agent-workspace/builds/worker-5-tc2/source:/opt/rustwide/workdir:ro,Z" "-v" "/var/lib/crater-agent-workspace/builds/worker-5-tc2/target:/opt/rustwide/target:rw,Z" "-v" "/var/lib/crater-agent-workspace/cargo-home:/opt/rustwide/cargo-home:ro,Z" "-v" "/var/lib/crater-agent-workspace/rustup-home:/opt/rustwide/rustup-home:ro,Z" "-m" "1610612736" "--network" "none" "ghcr.io/rust-lang/crates-build-env/linux@sha256:77db811e55d90add9212f6832c23229e3de5f1c1f9905e8cb07319ea15df73ac" "sleep" "infinity", kill_on_drop: false }`
[INFO] [stdout] 2fc92b9fd09864e84d17695017c36b41d8932fe172228b317115f133cec9288f
[INFO] running `Command { std: "docker" "start" "2fc92b9fd09864e84d17695017c36b41d8932fe172228b317115f133cec9288f", kill_on_drop: false }`
[INFO] running `Command { std: "docker" "inspect" "2fc92b9fd09864e84d17695017c36b41d8932fe172228b317115f133cec9288f", kill_on_drop: false }`
[INFO] running `Command { std: "docker" "exec" "-e" "SOURCE_DIR=/opt/rustwide/workdir" "-e" "CARGO_HOME=/opt/rustwide/cargo-home" "-e" "RUSTUP_HOME=/opt/rustwide/rustup-home" "-e" "CARGO_TARGET_DIR=/opt/rustwide/target" "-w" "/opt/rustwide/workdir" "--user" "0:0" "2fc92b9fd09864e84d17695017c36b41d8932fe172228b317115f133cec9288f" "/opt/rustwide/cargo-home/bin/cargo" "+1.100.0-beta.1" "metadata" "--no-deps" "--format-version=1", kill_on_drop: false }`
[INFO] running `Command { std: "docker" "inspect" "2fc92b9fd09864e84d17695017c36b41d8932fe172228b317115f133cec9288f", kill_on_drop: false }`
[INFO] running `Command { std: "docker" "exec" "-e" "SOURCE_DIR=/opt/rustwide/workdir" "-e" "CARGO_HOME=/opt/rustwide/cargo-home" "-e" "RUSTUP_HOME=/opt/rustwide/rustup-home" "-e" "CARGO_TARGET_DIR=/opt/rustwide/target" "-e" "CARGO_INCREMENTAL=0" "-e" "RUST_BACKTRACE=full" "-e" "RUSTFLAGS=--cap-lints=warn" "-e" "RUSTDOCFLAGS=--cap-lints=warn" "-w" "/opt/rustwide/workdir" "--user" "0:0" "2fc92b9fd09864e84d17695017c36b41d8932fe172228b317115f133cec9288f" "/opt/rustwide/cargo-home/bin/cargo" "+1.100.0-beta.1" "build" "--frozen" "--message-format=json" "--release", kill_on_drop: false }`
[INFO] [stderr]    Compiling catalog-gen v0.1.0 (/opt/rustwide/workdir)
[INFO] [stderr]     Finished `release` profile [optimized] target(s) in 1.09s
[INFO] running `Command { std: "docker" "inspect" "2fc92b9fd09864e84d17695017c36b41d8932fe172228b317115f133cec9288f", kill_on_drop: false }`
[INFO] running `Command { std: "docker" "exec" "-e" "SOURCE_DIR=/opt/rustwide/workdir" "-e" "CARGO_HOME=/opt/rustwide/cargo-home" "-e" "RUSTUP_HOME=/opt/rustwide/rustup-home" "-e" "CARGO_TARGET_DIR=/opt/rustwide/target" "-e" "CARGO_INCREMENTAL=0" "-e" "RUST_BACKTRACE=full" "-e" "RUSTFLAGS=--cap-lints=warn" "-e" "RUSTDOCFLAGS=--cap-lints=warn" "-w" "/opt/rustwide/workdir" "--user" "0:0" "2fc92b9fd09864e84d17695017c36b41d8932fe172228b317115f133cec9288f" "/opt/rustwide/cargo-home/bin/cargo" "+1.100.0-beta.1" "test" "--frozen" "--no-run" "--message-format=json" "--release", kill_on_drop: false }`
[INFO] [stderr]    Compiling catalog-gen v0.1.0 (/opt/rustwide/workdir)
[INFO] [stderr]     Finished `release` profile [optimized] target(s) in 1.32s
[INFO] running `Command { std: "docker" "inspect" "2fc92b9fd09864e84d17695017c36b41d8932fe172228b317115f133cec9288f", kill_on_drop: false }`
[INFO] running `Command { std: "docker" "exec" "-e" "SOURCE_DIR=/opt/rustwide/workdir" "-e" "CARGO_HOME=/opt/rustwide/cargo-home" "-e" "RUSTUP_HOME=/opt/rustwide/rustup-home" "-e" "CARGO_TARGET_DIR=/opt/rustwide/target" "-e" "CARGO_INCREMENTAL=0" "-e" "RUST_BACKTRACE=full" "-e" "RUSTFLAGS=--cap-lints=warn" "-e" "RUSTDOCFLAGS=--cap-lints=warn" "-w" "/opt/rustwide/workdir" "--user" "0:0" "2fc92b9fd09864e84d17695017c36b41d8932fe172228b317115f133cec9288f" "/opt/rustwide/cargo-home/bin/cargo" "+1.100.0-beta.1" "test" "--frozen" "--release", kill_on_drop: false }`
[INFO] [stderr]     Finished `release` profile [optimized] target(s) in 0.03s
[INFO] [stderr]      Running unittests src/lib.rs (/opt/rustwide/target/release/build/catalog-gen/ab04e05937348e54/out/catalog_gen-ab04e05937348e54)
[INFO] [stdout] 
[INFO] [stdout] running 16 tests
[INFO] [stdout] test tests::base64_known_vectors ... ok
[INFO] [stdout] test tests::csv_handles_escaped_quotes ... ok
[INFO] [stdout] test tests::csv_handles_quoted_commas ... ok
[INFO] [stdout] test tests::base64_binary_data ... ok
[INFO] [stdout] test tests::csv_parses_simple_rows ... ok
[INFO] [stdout] test tests::format_parse_rejects_unknown ... ok
[INFO] [stdout] test tests::js_output_wraps_in_const_products ... ok
[INFO] [stderr]      Running unittests src/main.rs (/opt/rustwide/target/release/build/catalog-gen/e215065353d4b618/out/catalog_gen-e215065353d4b618)
[INFO] [stdout] test tests::csv_rejects_malformed_rows ... ok
[INFO] [stdout] test tests::json_output_empty_catalog ... ok
[INFO] [stdout] test tests::csv_skips_blank_lines ... ok
[INFO] [stdout] test tests::base64_empty ... ok
[INFO] [stdout] test tests::json_output_is_well_formed_for_one_product ... ok
[INFO] [stdout] test tests::escape_handles_control_chars ... ok
[INFO] [stdout] test tests::escape_handles_quotes_and_backslashes ... ok
[INFO] [stdout] test tests::format_parse_accepts_known_values ... ok
[INFO] [stdout] test tests::mime_detection ... ok
[INFO] [stdout] 
[INFO] [stdout] test result: ok. 16 passed; 0 failed; 0 ignored; 0 measured; 0 filtered out; finished in 0.01s
[INFO] [stdout] 
[INFO] [stdout] 
[INFO] [stdout] running 0 tests
[INFO] [stdout] 
[INFO] [stdout] test result: ok. 0 passed; 0 failed; 0 ignored; 0 measured; 0 filtered out; finished in 0.00s
[INFO] [stdout] 
[INFO] [stderr]      Running tests/cli.rs (/opt/rustwide/target/release/build/catalog-gen/b5aca68e689578bb/out/cli-b5aca68e689578bb)
[INFO] [stdout] 
[INFO] [stdout] running 4 tests
[INFO] [stdout] test missing_photo_is_skipped_with_a_warning_not_a_crash ... FAILED
[INFO] [stdout] test generates_json_catalog_from_fixtures ... FAILED
[INFO] [stdout] test reports_a_clear_error_for_a_missing_catalog_file ... FAILED
[INFO] [stdout] test generates_js_catalog_when_format_flag_is_set ... FAILED
[INFO] [stdout] 
[INFO] [stdout] failures:
[INFO] [stdout] 
[INFO] [stdout] ---- missing_photo_is_skipped_with_a_warning_not_a_crash stdout ----
[INFO] [stdout] 
[INFO] [stdout] thread 'missing_photo_is_skipped_with_a_warning_not_a_crash' (223) panicked at tests/cli.rs:119:10:
[INFO] [stdout] failed to run catalog-gen binary: Os { code: 2, kind: NotFound, message: "No such file or directory" }
[INFO] [stdout] stack backtrace:
[INFO] [stdout]    0:     0x62670d7dd241 - <<std[617be2ca0a6fd877]::sys::backtrace::BacktraceLock>::print::DisplayBacktrace as core[a373ad73a504971]::fmt::Display>::fmt
[INFO] [stdout]    1:     0x62670d7f120a - core[a373ad73a504971]::fmt::write
[INFO] [stdout]    2:     0x62670d7e145c - <alloc[2e1b2a31b91974c5]::vec::Vec<u8> as core[a373ad73a504971]::io::write::Write>::write_fmt
[INFO] [stdout]    3:     0x62670d7b89f6 - std[617be2ca0a6fd877]::panicking::default_hook::{closure#0}
[INFO] [stdout]    4:     0x62670d7d52b9 - std[617be2ca0a6fd877]::panicking::default_hook
[INFO] [stdout]    5:     0x62670d770c80 - test[aada8e7e76ba119b]::test_main_inner::{closure#0}
[INFO] [stdout]    6:     0x62670d7d5472 - std[617be2ca0a6fd877]::panicking::panic_with_hook
[INFO] [stdout]    7:     0x62670d7b8aa2 - std[617be2ca0a6fd877]::panicking::panic_handler::{closure#0}
[INFO] [stdout]    8:     0x62670d7b1579 - std[617be2ca0a6fd877]::sys::backtrace::__rust_end_short_backtrace::<std[617be2ca0a6fd877]::panicking::panic_handler::{closure#0}, !>
[INFO] [stdout]    9:     0x62670d7b96ad - __rustc[ea4f61d10b84890b]::rust_begin_unwind
[INFO] [stdout]   10:     0x62670d7f193c - core[a373ad73a504971]::panicking::panic_fmt
[INFO] [stdout]   11:     0x62670d7f1712 - core[a373ad73a504971]::result::unwrap_failed
[INFO] [stdout]   12:     0x62670d763e05 - <cli[e6479a7d5604d267]::missing_photo_is_skipped_with_a_warning_not_a_crash::{closure#0} as core[a373ad73a504971]::ops::function::FnOnce<()>>::call_once
[INFO] [stdout]   13:     0x62670d7640cb - test[aada8e7e76ba119b]::__rust_begin_short_backtrace::<core[a373ad73a504971]::result::Result<(), alloc[2e1b2a31b91974c5]::string::String>, fn() -> core[a373ad73a504971]::result::Result<(), alloc[2e1b2a31b91974c5]::string::String>>
[INFO] [stdout]   14:     0x62670d7712a5 - test[aada8e7e76ba119b]::run_test::{closure#0}
[INFO] [stdout]   15:     0x62670d76ab94 - std[617be2ca0a6fd877]::sys::backtrace::__rust_begin_short_backtrace::<test[aada8e7e76ba119b]::run_test::{closure#1}, ()>
[INFO] [stdout]   16:     0x62670d774332 - <std[617be2ca0a6fd877]::thread::lifecycle::spawn_unchecked<test[aada8e7e76ba119b]::run_test::{closure#1}, ()>::{closure#1} as core[a373ad73a504971]::ops::function::FnOnce<()>>::call_once::{shim:vtable#0}
[INFO] [stdout]   17:     0x62670d7dc55f - <std[617be2ca0a6fd877]::sys::thread::unix::Thread>::new::thread_start
[INFO] [stdout]   18:     0x723b502c7dfa - <unknown>
[INFO] [stdout]   19:     0x723b5035b3d4 - clone
[INFO] [stdout]   20:                0x0 - <unknown>
[INFO] [stdout] 
[INFO] [stdout] ---- generates_json_catalog_from_fixtures stdout ----
[INFO] [stdout] 
[INFO] [stdout] thread 'generates_json_catalog_from_fixtures' (222) panicked at tests/cli.rs:37:10:
[INFO] [stdout] failed to run catalog-gen binary: Os { code: 2, kind: NotFound, message: "No such file or directory" }
[INFO] [stdout] stack backtrace:
[INFO] [stdout]    0:     0x62670d7dd241 - <<std[617be2ca0a6fd877]::sys::backtrace::BacktraceLock>::print::DisplayBacktrace as core[a373ad73a504971]::fmt::Display>::fmt
[INFO] [stdout]    1:     0x62670d7f120a - core[a373ad73a504971]::fmt::write
[INFO] [stdout]    2:     0x62670d7e145c - <alloc[2e1b2a31b91974c5]::vec::Vec<u8> as core[a373ad73a504971]::io::write::Write>::write_fmt
[INFO] [stdout]    3:     0x62670d7b89f6 - std[617be2ca0a6fd877]::panicking::default_hook::{closure#0}
[INFO] [stdout]    4:     0x62670d7d52b9 - std[617be2ca0a6fd877]::panicking::default_hook
[INFO] [stdout]    5:     0x62670d770c80 - test[aada8e7e76ba119b]::test_main_inner::{closure#0}
[INFO] [stdout]    6:     0x62670d7d5472 - std[617be2ca0a6fd877]::panicking::panic_with_hook
[INFO] [stdout]    7:     0x62670d7b8aa2 - std[617be2ca0a6fd877]::panicking::panic_handler::{closure#0}
[INFO] [stdout]    8:     0x62670d7b1579 - std[617be2ca0a6fd877]::sys::backtrace::__rust_end_short_backtrace::<std[617be2ca0a6fd877]::panicking::panic_handler::{closure#0}, !>
[INFO] [stdout]    9:     0x62670d7b96ad - __rustc[ea4f61d10b84890b]::rust_begin_unwind
[INFO] [stdout]   10:     0x62670d7f193c - core[a373ad73a504971]::panicking::panic_fmt
[INFO] [stdout]   11:     0x62670d7f1712 - core[a373ad73a504971]::result::unwrap_failed
[INFO] [stdout]   12:     0x62670d762730 - <cli[e6479a7d5604d267]::generates_json_catalog_from_fixtures::{closure#0} as core[a373ad73a504971]::ops::function::FnOnce<()>>::call_once
[INFO] [stdout]   13:     0x62670d7640cb - test[aada8e7e76ba119b]::__rust_begin_short_backtrace::<core[a373ad73a504971]::result::Result<(), alloc[2e1b2a31b91974c5]::string::String>, fn() -> core[a373ad73a504971]::result::Result<(), alloc[2e1b2a31b91974c5]::string::String>>
[INFO] [stdout]   14:     0x62670d7712a5 - test[aada8e7e76ba119b]::run_test::{closure#0}
[INFO] [stdout]   15:     0x62670d76ab94 - std[617be2ca0a6fd877]::sys::backtrace::__rust_begin_short_backtrace::<test[aada8e7e76ba119b]::run_test::{closure#1}, ()>
[INFO] [stdout]   16:     0x62670d774332 - <std[617be2ca0a6fd877]::thread::lifecycle::spawn_unchecked<test[aada8e7e76ba119b]::run_test::{closure#1}, ()>::{closure#1} as core[a373ad73a504971]::ops::function::FnOnce<()>>::call_once::{shim:vtable#0}
[INFO] [stdout]   17:     0x62670d7dc55f - <std[617be2ca0a6fd877]::sys::thread::unix::Thread>::new::thread_start
[INFO] [stdout]   18:     0x723b502c7dfa - <unknown>
[INFO] [stdout]   19:     0x723b5035b3d4 - clone
[INFO] [stdout]   20:                0x0 - <unknown>
[INFO] [stdout] 
[INFO] [stdout] ---- reports_a_clear_error_for_a_missing_catalog_file stdout ----
[INFO] [stdout] 
[INFO] [stdout] thread 'reports_a_clear_error_for_a_missing_catalog_file' (224) panicked at tests/cli.rs:90:10:
[INFO] [stdout] failed to run catalog-gen binary: Os { code: 2, kind: NotFound, message: "No such file or directory" }
[INFO] [stdout] stack backtrace:
[INFO] [stdout]    0:     0x62670d7dd241 - <<std[617be2ca0a6fd877]::sys::backtrace::BacktraceLock>::print::DisplayBacktrace as core[a373ad73a504971]::fmt::Display>::fmt
[INFO] [stdout]    1:     0x62670d7f120a - core[a373ad73a504971]::fmt::write
[INFO] [stdout]    2:     0x62670d7e145c - <alloc[2e1b2a31b91974c5]::vec::Vec<u8> as core[a373ad73a504971]::io::write::Write>::write_fmt
[INFO] [stdout]    3:     0x62670d7b89f6 - std[617be2ca0a6fd877]::panicking::default_hook::{closure#0}
[INFO] [stdout]    4:     0x62670d7d52b9 - std[617be2ca0a6fd877]::panicking::default_hook
[INFO] [stdout]    5:     0x62670d770c80 - test[aada8e7e76ba119b]::test_main_inner::{closure#0}
[INFO] [stdout]    6:     0x62670d7d5472 - std[617be2ca0a6fd877]::panicking::panic_with_hook
[INFO] [stdout]    7:     0x62670d7b8aa2 - std[617be2ca0a6fd877]::panicking::panic_handler::{closure#0}
[INFO] [stdout]    8:     0x62670d7b1579 - std[617be2ca0a6fd877]::sys::backtrace::__rust_end_short_backtrace::<std[617be2ca0a6fd877]::panicking::panic_handler::{closure#0}, !>
[INFO] [stdout]    9:     0x62670d7b96ad - __rustc[ea4f61d10b84890b]::rust_begin_unwind
[INFO] [stdout]   10:     0x62670d7f193c - core[a373ad73a504971]::panicking::panic_fmt
[INFO] [stdout]   11:     0x62670d7f1712 - core[a373ad73a504971]::result::unwrap_failed
[INFO] [stdout]   12:     0x62670d763645 - <cli[e6479a7d5604d267]::reports_a_clear_error_for_a_missing_catalog_file::{closure#0} as core[a373ad73a504971]::ops::function::FnOnce<()>>::call_once
[INFO] [stdout]   13:     0x62670d7640cb - test[aada8e7e76ba119b]::__rust_begin_short_backtrace::<core[a373ad73a504971]::result::Result<(), alloc[2e1b2a31b91974c5]::string::String>, fn() -> core[a373ad73a504971]::result::Result<(), alloc[2e1b2a31b91974c5]::string::String>>
[INFO] [stdout]   14:     0x62670d7712a5 - test[aada8e7e76ba119b]::run_test::{closure#0}
[INFO] [stdout]   15:     0x62670d76ab94 - std[617be2ca0a6fd877]::sys::backtrace::__rust_begin_short_backtrace::<test[aada8e7e76ba119b]::run_test::{closure#1}, ()>
[INFO] [stdout]   16:     0x62670d774332 - <std[617be2ca0a6fd877]::thread::lifecycle::spawn_unchecked<test[aada8e7e76ba119b]::run_test::{closure#1}, ()>::{closure#1} as core[a373ad73a504971]::ops::function::FnOnce<()>>::call_once::{shim:vtable#0}
[INFO] [stdout]   17:     0x62670d7dc55f - <std[617be2ca0a6fd877]::sys::thread::unix::Thread>::new::thread_start
[INFO] [stdout]   18:     0x723b502c7dfa - <unknown>
[INFO] [stdout]   19:     0x723b5035b3d4 - clone
[INFO] [stdout]   20:                0x0 - <unknown>
[INFO] [stdout] 
[INFO] [stdout] ---- generates_js_catalog_when_format_flag_is_set stdout ----
[INFO] [stdout] 
[INFO] [stdout] thread 'generates_js_catalog_when_format_flag_is_set' (221) panicked at tests/cli.rs:67:10:
[INFO] [stdout] failed to run catalog-gen binary: Os { code: 2, kind: NotFound, message: "No such file or directory" }
[INFO] [stdout] stack backtrace:
[INFO] [stdout]    0:     0x62670d7dd241 - <<std[617be2ca0a6fd877]::sys::backtrace::BacktraceLock>::print::DisplayBacktrace as core[a373ad73a504971]::fmt::Display>::fmt
[INFO] [stdout]    1:     0x62670d7f120a - core[a373ad73a504971]::fmt::write
[INFO] [stdout]    2:     0x62670d7e145c - <alloc[2e1b2a31b91974c5]::vec::Vec<u8> as core[a373ad73a504971]::io::write::Write>::write_fmt
[INFO] [stdout]    3:     0x62670d7b89f6 - std[617be2ca0a6fd877]::panicking::default_hook::{closure#0}
[INFO] [stdout]    4:     0x62670d7d52b9 - std[617be2ca0a6fd877]::panicking::default_hook
[INFO] [stdout]    5:     0x62670d770c80 - test[aada8e7e76ba119b]::test_main_inner::{closure#0}
[INFO] [stdout]    6:     0x62670d7d5472 - std[617be2ca0a6fd877]::panicking::panic_with_hook
[INFO] [stdout]    7:     0x62670d7b8aa2 - std[617be2ca0a6fd877]::panicking::panic_handler::{closure#0}
[INFO] [stdout]    8:     0x62670d7b1579 - std[617be2ca0a6fd877]::sys::backtrace::__rust_end_short_backtrace::<std[617be2ca0a6fd877]::panicking::panic_handler::{closure#0}, !>
[INFO] [stdout]    9:     0x62670d7b96ad - __rustc[ea4f61d10b84890b]::rust_begin_unwind
[INFO] [stdout]   10:     0x62670d7f193c - core[a373ad73a504971]::panicking::panic_fmt
[INFO] [stdout]   11:     0x62670d7f1712 - core[a373ad73a504971]::result::unwrap_failed
[INFO] [stdout]   12:     0x62670d762f10 - <cli[e6479a7d5604d267]::generates_js_catalog_when_format_flag_is_set::{closure#0} as core[a373ad73a504971]::ops::function::FnOnce<()>>::call_once
[INFO] [stdout]   13:     0x62670d7640cb - test[aada8e7e76ba119b]::__rust_begin_short_backtrace::<core[a373ad73a504971]::result::Result<(), alloc[2e1b2a31b91974c5]::string::String>, fn() -> core[a373ad73a504971]::result::Result<(), alloc[2e1b2a31b91974c5]::string::String>>
[INFO] [stdout]   14:     0x62670d7712a5 - test[aada8e7e76ba119b]::run_test::{closure#0}
[INFO] [stdout]   15:     0x62670d76ab94 - std[617be2ca0a6fd877]::sys::backtrace::__rust_begin_short_backtrace::<test[aada8e7e76ba119b]::run_test::{closure#1}, ()>
[INFO] [stdout]   16:     0x62670d774332 - <std[617be2ca0a6fd877]::thread::lifecycle::spawn_unchecked<test[aada8e7e76ba119b]::run_test::{closure#1}, ()>::{closure#1} as core[a373ad73a504971]::ops::function::FnOnce<()>>::call_once::{shim:vtable#0}
[INFO] [stdout]   17:     0x62670d7dc55f - <std[617be2ca0a6fd877]::sys::thread::unix::Thread>::new::thread_start
[INFO] [stdout]   18:     0x723b502c7dfa - <unknown>
[INFO] [stdout]   19:     0x723b5035b3d4 - clone
[INFO] [stdout]   20:                0x0 - <unknown>
[INFO] [stdout] 
[INFO] [stdout] 
[INFO] [stdout] failures:
[INFO] [stdout]     generates_js_catalog_when_format_flag_is_set
[INFO] [stdout]     generates_json_catalog_from_fixtures
[INFO] [stdout]     missing_photo_is_skipped_with_a_warning_not_a_crash
[INFO] [stdout]     reports_a_clear_error_for_a_missing_catalog_file
[INFO] [stdout] 
[INFO] [stdout] test result: FAILED. 0 passed; 4 failed; 0 ignored; 0 measured; 0 filtered out; finished in 0.00s
[INFO] [stdout] 
[INFO] [stderr] error: test failed, to rerun pass `--test cli`
[INFO] running `Command { std: "docker" "inspect" "2fc92b9fd09864e84d17695017c36b41d8932fe172228b317115f133cec9288f", kill_on_drop: false }`
[INFO] running `Command { std: "docker" "rm" "-f" "2fc92b9fd09864e84d17695017c36b41d8932fe172228b317115f133cec9288f", kill_on_drop: false }`
[INFO] [stdout] 2fc92b9fd09864e84d17695017c36b41d8932fe172228b317115f133cec9288f
