[INFO] cloning repository https://github.com/dimo414/bkt
[INFO] running `Command { std: "git" "-c" "credential.helper=" "-c" "credential.helper=/workspace/cargo-home/bin/git-credential-null" "clone" "--bare" "https://github.com/dimo414/bkt" "/workspace/cache/git-repos/https%3A%2F%2Fgithub.com%2Fdimo414%2Fbkt", kill_on_drop: false }`
[INFO] [stderr] Cloning into bare repository '/workspace/cache/git-repos/https%3A%2F%2Fgithub.com%2Fdimo414%2Fbkt'...
[INFO] running `Command { std: "git" "rev-parse" "HEAD", kill_on_drop: false }`
[INFO] [stdout] 76c4d24306bd9679ebc6cbacfdb9934ec9ba3be5
[INFO] testing dimo414/bkt against 1.100.0-beta.1+cargoflags=--release for beta-release-1.100-2
[INFO] running `Command { std: "git" "clone" "/workspace/cache/git-repos/https%3A%2F%2Fgithub.com%2Fdimo414%2Fbkt" "/workspace/builds/worker-6-tc2/source", kill_on_drop: false }`
[INFO] [stderr] Cloning into '/workspace/builds/worker-6-tc2/source'...
[INFO] [stderr] done.
[INFO] started tweaking git repo https://github.com/dimo414/bkt
[INFO] finished tweaking git repo https://github.com/dimo414/bkt
[INFO] tweaked toml for git repo https://github.com/dimo414/bkt written to /workspace/builds/worker-6-tc2/source/Cargo.toml
[INFO] validating manifest of git repo https://github.com/dimo414/bkt on toolchain 1.100.0-beta.1
[INFO] running `Command { std: CARGO_HOME="/workspace/cargo-home" RUSTUP_HOME="/workspace/rustup-home" "/workspace/cargo-home/bin/cargo" "+1.100.0-beta.1" "metadata" "--manifest-path" "Cargo.toml" "--no-deps", kill_on_drop: false }`
[INFO] crate git repo https://github.com/dimo414/bkt already has a lockfile, it will not be regenerated
[INFO] running `Command { std: CARGO_HOME="/workspace/cargo-home" RUSTUP_HOME="/workspace/rustup-home" "/workspace/cargo-home/bin/cargo" "+1.100.0-beta.1" "fetch" "--manifest-path" "Cargo.toml", kill_on_drop: false }`
[INFO] [stderr]     Blocking waiting for file lock on package cache
[INFO] running `Command { std: "docker" "create" "-v" "/var/lib/crater-agent-workspace/builds/worker-6-tc2/source:/opt/rustwide/workdir:ro,Z" "-v" "/var/lib/crater-agent-workspace/builds/worker-6-tc2/target:/opt/rustwide/target:rw,Z" "-v" "/var/lib/crater-agent-workspace/cargo-home:/opt/rustwide/cargo-home:ro,Z" "-v" "/var/lib/crater-agent-workspace/rustup-home:/opt/rustwide/rustup-home:ro,Z" "-m" "1610612736" "--network" "none" "ghcr.io/rust-lang/crates-build-env/linux@sha256:77db811e55d90add9212f6832c23229e3de5f1c1f9905e8cb07319ea15df73ac" "sleep" "infinity", kill_on_drop: false }`
[INFO] [stdout] abfa0466d66c8600340aada7a5a87260ee6e736e601c3245d23c9737d591f1b1
[INFO] running `Command { std: "docker" "start" "abfa0466d66c8600340aada7a5a87260ee6e736e601c3245d23c9737d591f1b1", kill_on_drop: false }`
[INFO] running `Command { std: "docker" "inspect" "abfa0466d66c8600340aada7a5a87260ee6e736e601c3245d23c9737d591f1b1", kill_on_drop: false }`
[INFO] running `Command { std: "docker" "exec" "-e" "SOURCE_DIR=/opt/rustwide/workdir" "-e" "CARGO_HOME=/opt/rustwide/cargo-home" "-e" "RUSTUP_HOME=/opt/rustwide/rustup-home" "-e" "CARGO_TARGET_DIR=/opt/rustwide/target" "-w" "/opt/rustwide/workdir" "--user" "0:0" "abfa0466d66c8600340aada7a5a87260ee6e736e601c3245d23c9737d591f1b1" "/opt/rustwide/cargo-home/bin/cargo" "+1.100.0-beta.1" "metadata" "--no-deps" "--format-version=1", kill_on_drop: false }`
[INFO] running `Command { std: "docker" "inspect" "abfa0466d66c8600340aada7a5a87260ee6e736e601c3245d23c9737d591f1b1", kill_on_drop: false }`
[INFO] running `Command { std: "docker" "exec" "-e" "SOURCE_DIR=/opt/rustwide/workdir" "-e" "CARGO_HOME=/opt/rustwide/cargo-home" "-e" "RUSTUP_HOME=/opt/rustwide/rustup-home" "-e" "CARGO_TARGET_DIR=/opt/rustwide/target" "-e" "CARGO_INCREMENTAL=0" "-e" "RUST_BACKTRACE=full" "-e" "RUSTFLAGS=--cap-lints=warn" "-e" "RUSTDOCFLAGS=--cap-lints=warn" "-w" "/opt/rustwide/workdir" "--user" "0:0" "abfa0466d66c8600340aada7a5a87260ee6e736e601c3245d23c9737d591f1b1" "/opt/rustwide/cargo-home/bin/cargo" "+1.100.0-beta.1" "build" "--frozen" "--message-format=json" "--release", kill_on_drop: false }`
[INFO] [stderr]    Compiling proc-macro2 v1.0.95
[INFO] [stderr]    Compiling unicode-ident v1.0.18
[INFO] [stderr]    Compiling libc v0.2.172
[INFO] [stderr]    Compiling rustix v1.0.7
[INFO] [stderr]    Compiling zerocopy v0.8.25
[INFO] [stderr]    Compiling bitflags v2.9.1
[INFO] [stderr]    Compiling linux-raw-sys v0.9.4
[INFO] [stderr]    Compiling serde v1.0.219
[INFO] [stderr]    Compiling anyhow v1.0.98
[INFO] [stderr]    Compiling anstyle v1.0.11
[INFO] [stderr]    Compiling clap_lex v0.7.4
[INFO] [stderr]    Compiling base64 v0.21.7
[INFO] [stderr]    Compiling humantime v2.2.0
[INFO] [stderr]    Compiling quote v1.0.40
[INFO] [stderr]    Compiling syn v2.0.101
[INFO] [stderr]    Compiling getrandom v0.2.16
[INFO] [stderr]    Compiling terminal_size v0.4.2
[INFO] [stderr]    Compiling clap_builder v4.5.39
[INFO] [stderr]    Compiling rand_core v0.6.4
[INFO] [stderr]    Compiling ppv-lite86 v0.2.21
[INFO] [stderr]    Compiling rand_chacha v0.3.1
[INFO] [stderr]    Compiling rand v0.8.5
[INFO] [stderr]    Compiling serde_derive v1.0.219
[INFO] [stderr]    Compiling clap_derive v4.5.32
[INFO] [stderr]    Compiling clap v4.5.39
[INFO] [stderr]    Compiling bincode v1.3.3
[INFO] [stderr]    Compiling bkt v0.8.2 (/opt/rustwide/workdir)
[INFO] [stderr]     Finished `release` profile [optimized] target(s) in 23.82s
[INFO] running `Command { std: "docker" "inspect" "abfa0466d66c8600340aada7a5a87260ee6e736e601c3245d23c9737d591f1b1", kill_on_drop: false }`
[INFO] running `Command { std: "docker" "exec" "-e" "SOURCE_DIR=/opt/rustwide/workdir" "-e" "CARGO_HOME=/opt/rustwide/cargo-home" "-e" "RUSTUP_HOME=/opt/rustwide/rustup-home" "-e" "CARGO_TARGET_DIR=/opt/rustwide/target" "-e" "CARGO_INCREMENTAL=0" "-e" "RUST_BACKTRACE=full" "-e" "RUSTFLAGS=--cap-lints=warn" "-e" "RUSTDOCFLAGS=--cap-lints=warn" "-w" "/opt/rustwide/workdir" "--user" "0:0" "abfa0466d66c8600340aada7a5a87260ee6e736e601c3245d23c9737d591f1b1" "/opt/rustwide/cargo-home/bin/cargo" "+1.100.0-beta.1" "test" "--frozen" "--no-run" "--message-format=json" "--release", kill_on_drop: false }`
[INFO] [stderr]    Compiling memchr v2.7.4
[INFO] [stderr]    Compiling regex-syntax v0.8.5
[INFO] [stderr]    Compiling filetime v0.2.25
[INFO] [stderr]    Compiling test_dir v0.2.0
[INFO] [stderr]    Compiling aho-corasick v1.1.3
[INFO] [stderr]    Compiling regex-automata v0.4.9
[INFO] [stderr]    Compiling regex v1.11.1
[INFO] [stderr]    Compiling bkt v0.8.2 (/opt/rustwide/workdir)
[INFO] [stderr]     Finished `release` profile [optimized] target(s) in 22.95s
[INFO] running `Command { std: "docker" "inspect" "abfa0466d66c8600340aada7a5a87260ee6e736e601c3245d23c9737d591f1b1", kill_on_drop: false }`
[INFO] running `Command { std: "docker" "exec" "-e" "SOURCE_DIR=/opt/rustwide/workdir" "-e" "CARGO_HOME=/opt/rustwide/cargo-home" "-e" "RUSTUP_HOME=/opt/rustwide/rustup-home" "-e" "CARGO_TARGET_DIR=/opt/rustwide/target" "-e" "CARGO_INCREMENTAL=0" "-e" "RUST_BACKTRACE=full" "-e" "RUSTFLAGS=--cap-lints=warn" "-e" "RUSTDOCFLAGS=--cap-lints=warn" "-w" "/opt/rustwide/workdir" "--user" "0:0" "abfa0466d66c8600340aada7a5a87260ee6e736e601c3245d23c9737d591f1b1" "/opt/rustwide/cargo-home/bin/cargo" "+1.100.0-beta.1" "test" "--frozen" "--release", kill_on_drop: false }`
[INFO] [stderr]     Finished `release` profile [optimized] target(s) in 0.09s
[INFO] [stderr]      Running unittests src/lib.rs (/opt/rustwide/target/release/build/bkt/1663a0d16ea17b38/out/bkt-1663a0d16ea17b38)
[INFO] [stdout] 
[INFO] [stdout] running 19 tests
[INFO] [stdout] test cache_tests::lookup_ttls ... ok
[INFO] [stdout] test cache_tests::stable_hash ... ok
[INFO] [stdout] test cmd_tests::debug_label ... ok
[INFO] [stdout] test file_lock_tests::locks ... ok
[INFO] [stdout] test cache_tests::cache ... ok
[INFO] [stdout] test cmd_tests::collisions ... ok
[INFO] [stdout] test bkt_tests::cloneable ... ok
[INFO] [stdout] test cache_tests::scopes_support_special_chars ... ok
[INFO] [stdout] test cache_tests::scoped ... ok
[INFO] [stdout] test file_lock_tests::already_locked ... ok
[INFO] [stdout] test cache_tests::cleanup ... ok
[INFO] [stdout] test bkt_tests::with_working_dir ... ok
[INFO] [stdout] test bkt_tests::with_env ... ok
[INFO] [stdout] test bkt_tests::streaming_to_file ... ok
[INFO] [stdout] test bkt_tests::cached ... ok
[INFO] [stdout] test bkt_tests::streaming_refresh ... ok
[INFO] [stdout] test bkt_tests::streaming_same_output ... ok
[INFO] [stdout] test bkt_tests::with_modtime ... ok
[INFO] [stdout] test bkt_tests::discard_failures ... ok
[INFO] [stdout] 
[INFO] [stdout] test result: ok. 19 passed; 0 failed; 0 ignored; 0 measured; 0 filtered out; finished in 0.10s
[INFO] [stdout] 
[INFO] [stderr]      Running unittests src/main.rs (/opt/rustwide/target/release/build/bkt/10cbaa086f7787b3/out/bkt-10cbaa086f7787b3)
[INFO] [stdout] 
[INFO] [stdout] running 0 tests
[INFO] [stdout] 
[INFO] [stdout] test result: ok. 0 passed; 0 failed; 0 ignored; 0 measured; 0 filtered out; finished in 0.00s
[INFO] [stdout] 
[INFO] [stderr]      Running tests/cli.rs (/opt/rustwide/target/release/build/bkt/1a290dd9fc1e33a2/out/cli-1a290dd9fc1e33a2)
[INFO] [stdout] 
[INFO] [stdout] running 27 tests
[INFO] [stdout] test cli::discard_failures ... FAILED
[INFO] [stdout] test cli::cache_expires_separately ... FAILED
[INFO] [stdout] test cli::concurrent_call_race ... FAILED
[INFO] [stdout] test cli::large_output ... FAILED
[INFO] [stdout] test cli::discard_failures_in_background ... FAILED
[INFO] [stdout] test cli::output_preserved ... FAILED
[INFO] [stdout] test cli::help ... FAILED
[INFO] [stdout] test cli::force ... FAILED
[INFO] [stdout] test cli::discard_failure_cached_separately ... FAILED
[INFO] [stdout] test cli::cache_expires ... FAILED
[INFO] [stdout] test cli::exit_code_preserved ... FAILED
[INFO] [stdout] test cli::no_debug_output ... FAILED
[INFO] [stdout] test cli::cache_hits_with_different_settings ... FAILED
[INFO] [stdout] test cli::cache_refreshes_in_background ... FAILED
[INFO] [stdout] test cli::cache_dirs_multi_user ... ok
[INFO] [stdout] test cli::respects_args ... FAILED
[INFO] [stdout] test cli::cached ... FAILED
[INFO] [stdout] test cli::respects_cache_dir ... FAILED
[INFO] [stdout] test cli::respects_cwd ... FAILED
[INFO] [stdout] test cli::respects_cache_scope ... FAILED
[INFO] [stdout] test cli::respects_modtime ... FAILED
[INFO] [stdout] test cli::respects_relative_cache ... FAILED
[INFO] [stdout] test cli::respects_env ... FAILED
[INFO] [stdout] test cli::sensitive_output ... FAILED
[INFO] [stdout] test cli::truncated_output ... FAILED
[INFO] [stdout] test cli::streaming ... FAILED
[INFO] [stdout] test cli::warm ... FAILED
[INFO] [stdout] 
[INFO] [stdout] failures:
[INFO] [stdout] 
[INFO] [stdout] ---- cli::discard_failures stdout ----
[INFO] [stdout] 
[INFO] [stdout] thread 'cli::discard_failures' (1127) panicked at tests/cli.rs:33:9:
[INFO] [stdout] Could not find bkt binary in "/opt/rustwide/target/release/build/bkt/1a290dd9fc1e33a2"
[INFO] [stdout] stack backtrace:
[INFO] [stdout]    0:     0x601c86928541 - <<std[617be2ca0a6fd877]::sys::backtrace::BacktraceLock>::print::DisplayBacktrace as core[a373ad73a504971]::fmt::Display>::fmt
[INFO] [stdout]    1:     0x601c8693dd6a - core[a373ad73a504971]::fmt::write
[INFO] [stdout]    2:     0x601c8692d37c - <alloc[2e1b2a31b91974c5]::vec::Vec<u8> as core[a373ad73a504971]::io::write::Write>::write_fmt
[INFO] [stdout]    3:     0x601c86901316 - std[617be2ca0a6fd877]::panicking::default_hook::{closure#0}
[INFO] [stdout]    4:     0x601c8691f739 - std[617be2ca0a6fd877]::panicking::default_hook
[INFO] [stdout]    5:     0x601c868b2ac0 - test[aada8e7e76ba119b]::test_main_inner::{closure#0}
[INFO] [stdout]    6:     0x601c8691f8f2 - std[617be2ca0a6fd877]::panicking::panic_with_hook
[INFO] [stdout]    7:     0x601c869013c2 - std[617be2ca0a6fd877]::panicking::panic_handler::{closure#0}
[INFO] [stdout]    8:     0x601c868f9639 - std[617be2ca0a6fd877]::sys::backtrace::__rust_end_short_backtrace::<std[617be2ca0a6fd877]::panicking::panic_handler::{closure#0}, !>
[INFO] [stdout]    9:     0x601c8690217d - __rustc[ea4f61d10b84890b]::rust_begin_unwind
[INFO] [stdout]   10:     0x601c8693e49c - core[a373ad73a504971]::panicking::panic_fmt
[INFO] [stdout]   11:     0x601c86895d51 - cli[ae99a8f68694c997]::cli::bkt::<std[617be2ca0a6fd877]::path::PathBuf>
[INFO] [stdout]   12:     0x601c868993d7 - <cli[ae99a8f68694c997]::cli::discard_failures::{closure#0} as core[a373ad73a504971]::ops::function::FnOnce<()>>::call_once
[INFO] [stdout]   13:     0x601c868a5f0b - test[aada8e7e76ba119b]::__rust_begin_short_backtrace::<core[a373ad73a504971]::result::Result<(), alloc[2e1b2a31b91974c5]::string::String>, fn() -> core[a373ad73a504971]::result::Result<(), alloc[2e1b2a31b91974c5]::string::String>>
[INFO] [stdout]   14:     0x601c868b30e5 - test[aada8e7e76ba119b]::run_test::{closure#0}
[INFO] [stdout]   15:     0x601c868ac9d4 - std[617be2ca0a6fd877]::sys::backtrace::__rust_begin_short_backtrace::<test[aada8e7e76ba119b]::run_test::{closure#1}, ()>
[INFO] [stdout]   16:     0x601c868b6172 - <std[617be2ca0a6fd877]::thread::lifecycle::spawn_unchecked<test[aada8e7e76ba119b]::run_test::{closure#1}, ()>::{closure#1} as core[a373ad73a504971]::ops::function::FnOnce<()>>::call_once::{shim:vtable#0}
[INFO] [stdout]   17:     0x601c86927a3f - <std[617be2ca0a6fd877]::sys::thread::unix::Thread>::new::thread_start
[INFO] [stdout]   18:     0x7f4b1d3b1dfa - <unknown>
[INFO] [stdout]   19:     0x7f4b1d4453d4 - clone
[INFO] [stdout]   20:                0x0 - <unknown>
[INFO] [stdout] 
[INFO] [stdout] ---- cli::cache_expires_separately stdout ----
[INFO] [stdout] 
[INFO] [stdout] thread 'cli::cache_expires_separately' (1121) panicked at tests/cli.rs:33:9:
[INFO] [stdout] Could not find bkt binary in "/opt/rustwide/target/release/build/bkt/1a290dd9fc1e33a2"
[INFO] [stdout] stack backtrace:
[INFO] [stdout]    0:     0x601c86928541 - <<std[617be2ca0a6fd877]::sys::backtrace::BacktraceLock>::print::DisplayBacktrace as core[a373ad73a504971]::fmt::Display>::fmt
[INFO] [stdout]    1:     0x601c8693dd6a - core[a373ad73a504971]::fmt::write
[INFO] [stdout]    2:     0x601c8692d37c - <alloc[2e1b2a31b91974c5]::vec::Vec<u8> as core[a373ad73a504971]::io::write::Write>::write_fmt
[INFO] [stdout]    3:     0x601c86901316 - std[617be2ca0a6fd877]::panicking::default_hook::{closure#0}
[INFO] [stdout]    4:     0x601c8691f739 - std[617be2ca0a6fd877]::panicking::default_hook
[INFO] [stdout]    5:     0x601c868b2ac0 - test[aada8e7e76ba119b]::test_main_inner::{closure#0}
[INFO] [stdout]    6:     0x601c8691f8f2 - std[617be2ca0a6fd877]::panicking::panic_with_hook
[INFO] [stdout]    7:     0x601c869013c2 - std[617be2ca0a6fd877]::panicking::panic_handler::{closure#0}
[INFO] [stdout]    8:     0x601c868f9639 - std[617be2ca0a6fd877]::sys::backtrace::__rust_end_short_backtrace::<std[617be2ca0a6fd877]::panicking::panic_handler::{closure#0}, !>
[INFO] [stdout]    9:     0x601c8690217d - __rustc[ea4f61d10b84890b]::rust_begin_unwind
[INFO] [stdout]   10:     0x601c8693e49c - core[a373ad73a504971]::panicking::panic_fmt
[INFO] [stdout]   11:     0x601c86895d51 - cli[ae99a8f68694c997]::cli::bkt::<std[617be2ca0a6fd877]::path::PathBuf>
[INFO] [stdout]   12:     0x601c8689e05d - <cli[ae99a8f68694c997]::cli::cache_expires_separately::{closure#0} as core[a373ad73a504971]::ops::function::FnOnce<()>>::call_once
[INFO] [stdout]   13:     0x601c868a5f0b - test[aada8e7e76ba119b]::__rust_begin_short_backtrace::<core[a373ad73a504971]::result::Result<(), alloc[2e1b2a31b91974c5]::string::String>, fn() -> core[a373ad73a504971]::result::Result<(), alloc[2e1b2a31b91974c5]::string::String>>
[INFO] [stdout]   14:     0x601c868b30e5 - test[aada8e7e76ba119b]::run_test::{closure#0}
[INFO] [stdout]   15:     0x601c868ac9d4 - std[617be2ca0a6fd877]::sys::backtrace::__rust_begin_short_backtrace::<test[aada8e7e76ba119b]::run_test::{closure#1}, ()>
[INFO] [stdout]   16:     0x601c868b6172 - <std[617be2ca0a6fd877]::thread::lifecycle::spawn_unchecked<test[aada8e7e76ba119b]::run_test::{closure#1}, ()>::{closure#1} as core[a373ad73a504971]::ops::function::FnOnce<()>>::call_once::{shim:vtable#0}
[INFO] [stdout]   17:     0x601c86927a3f - <std[617be2ca0a6fd877]::sys::thread::unix::Thread>::new::thread_start
[INFO] [stdout]   18:     0x7f4b1d3b1dfa - <unknown>
[INFO] [stdout]   19:     0x7f4b1d4453d4 - clone
[INFO] [stdout]   20:                0x0 - <unknown>
[INFO] [stdout] 
[INFO] [stdout] ---- cli::concurrent_call_race stdout ----
[INFO] [stdout] ["--", "bash", "-c", "sleep \"0.5$RANDOM\"; file=${1:?} lines=0; \\\n                                       printf '%s' '.' >> \"$file\"; \\\n                                       read < \"$file\"; \\\n                                       printf '%s' \"${#REPLY}\";", "arg0", "/tmp/tVxuZhwL/file"]
[INFO] [stdout] 
[INFO] [stdout] thread 'cli::concurrent_call_race' (1125) panicked at tests/cli.rs:33:9:
[INFO] [stdout] Could not find bkt binary in "/opt/rustwide/target/release/build/bkt/1a290dd9fc1e33a2"
[INFO] [stdout] stack backtrace:
[INFO] [stdout]    0:     0x601c86928541 - <<std[617be2ca0a6fd877]::sys::backtrace::BacktraceLock>::print::DisplayBacktrace as core[a373ad73a504971]::fmt::Display>::fmt
[INFO] [stdout]    1:     0x601c8693dd6a - core[a373ad73a504971]::fmt::write
[INFO] [stdout]    2:     0x601c8692d37c - <alloc[2e1b2a31b91974c5]::vec::Vec<u8> as core[a373ad73a504971]::io::write::Write>::write_fmt
[INFO] [stdout]    3:     0x601c86901316 - std[617be2ca0a6fd877]::panicking::default_hook::{closure#0}
[INFO] [stdout]    4:     0x601c8691f739 - std[617be2ca0a6fd877]::panicking::default_hook
[INFO] [stdout]    5:     0x601c868b2ac0 - test[aada8e7e76ba119b]::test_main_inner::{closure#0}
[INFO] [stdout]    6:     0x601c8691f8f2 - std[617be2ca0a6fd877]::panicking::panic_with_hook
[INFO] [stdout]    7:     0x601c869013c2 - std[617be2ca0a6fd877]::panicking::panic_handler::{closure#0}
[INFO] [stdout]    8:     0x601c868f9639 - std[617be2ca0a6fd877]::sys::backtrace::__rust_end_short_backtrace::<std[617be2ca0a6fd877]::panicking::panic_handler::{closure#0}, !>
[INFO] [stdout]    9:     0x601c8690217d - __rustc[ea4f61d10b84890b]::rust_begin_unwind
[INFO] [stdout]   10:     0x601c8693e49c - core[a373ad73a504971]::panicking::panic_fmt
[INFO] [stdout]   11:     0x601c86895d51 - cli[ae99a8f68694c997]::cli::bkt::<std[617be2ca0a6fd877]::path::PathBuf>
[INFO] [stdout]   12:     0x601c8689c080 - <cli[ae99a8f68694c997]::cli::concurrent_call_race::{closure#0} as core[a373ad73a504971]::ops::function::FnOnce<()>>::call_once
[INFO] [stdout]   13:     0x601c868a5f0b - test[aada8e7e76ba119b]::__rust_begin_short_backtrace::<core[a373ad73a504971]::result::Result<(), alloc[2e1b2a31b91974c5]::string::String>, fn() -> core[a373ad73a504971]::result::Result<(), alloc[2e1b2a31b91974c5]::string::String>>
[INFO] [stdout]   14:     0x601c868b30e5 - test[aada8e7e76ba119b]::run_test::{closure#0}
[INFO] [stdout]   15:     0x601c868ac9d4 - std[617be2ca0a6fd877]::sys::backtrace::__rust_begin_short_backtrace::<test[aada8e7e76ba119b]::run_test::{closure#1}, ()>
[INFO] [stdout]   16:     0x601c868b6172 - <std[617be2ca0a6fd877]::thread::lifecycle::spawn_unchecked<test[aada8e7e76ba119b]::run_test::{closure#1}, ()>::{closure#1} as core[a373ad73a504971]::ops::function::FnOnce<()>>::call_once::{shim:vtable#0}
[INFO] [stdout]   17:     0x601c86927a3f - <std[617be2ca0a6fd877]::sys::thread::unix::Thread>::new::thread_start
[INFO] [stdout]   18:     0x7f4b1d3b1dfa - <unknown>
[INFO] [stdout]   19:     0x7f4b1d4453d4 - clone
[INFO] [stdout]   20:                0x0 - <unknown>
[INFO] [stdout] 
[INFO] [stdout] ---- cli::large_output stdout ----
[INFO] [stdout] 
[INFO] [stdout] thread 'cli::large_output' (1132) panicked at tests/cli.rs:33:9:
[INFO] [stdout] Could not find bkt binary in "/opt/rustwide/target/release/build/bkt/1a290dd9fc1e33a2"
[INFO] [stdout] stack backtrace:
[INFO] [stdout]    0:     0x601c86928541 - <<std[617be2ca0a6fd877]::sys::backtrace::BacktraceLock>::print::DisplayBacktrace as core[a373ad73a504971]::fmt::Display>::fmt
[INFO] [stdout]    1:     0x601c8693dd6a - core[a373ad73a504971]::fmt::write
[INFO] [stdout]    2:     0x601c8692d37c - <alloc[2e1b2a31b91974c5]::vec::Vec<u8> as core[a373ad73a504971]::io::write::Write>::write_fmt
[INFO] [stdout]    3:     0x601c86901316 - std[617be2ca0a6fd877]::panicking::default_hook::{closure#0}
[INFO] [stdout]    4:     0x601c8691f739 - std[617be2ca0a6fd877]::panicking::default_hook
[INFO] [stdout]    5:     0x601c868b2ac0 - test[aada8e7e76ba119b]::test_main_inner::{closure#0}
[INFO] [stdout]    6:     0x601c8691f8f2 - std[617be2ca0a6fd877]::panicking::panic_with_hook
[INFO] [stdout]    7:     0x601c869013c2 - std[617be2ca0a6fd877]::panicking::panic_handler::{closure#0}
[INFO] [stdout]    8:     0x601c868f9639 - std[617be2ca0a6fd877]::sys::backtrace::__rust_end_short_backtrace::<std[617be2ca0a6fd877]::panicking::panic_handler::{closure#0}, !>
[INFO] [stdout]    9:     0x601c8690217d - __rustc[ea4f61d10b84890b]::rust_begin_unwind
[INFO] [stdout]   10:     0x601c8693e49c - core[a373ad73a504971]::panicking::panic_fmt
[INFO] [stdout]   11:     0x601c86895d51 - cli[ae99a8f68694c997]::cli::bkt::<std[617be2ca0a6fd877]::path::PathBuf>
[INFO] [stdout]   12:     0x601c86896841 - <cli[ae99a8f68694c997]::cli::large_output::{closure#0} as core[a373ad73a504971]::ops::function::FnOnce<()>>::call_once
[INFO] [stdout]   13:     0x601c868a5f0b - test[aada8e7e76ba119b]::__rust_begin_short_backtrace::<core[a373ad73a504971]::result::Result<(), alloc[2e1b2a31b91974c5]::string::String>, fn() -> core[a373ad73a504971]::result::Result<(), alloc[2e1b2a31b91974c5]::string::String>>
[INFO] [stdout]   14:     0x601c868b30e5 - test[aada8e7e76ba119b]::run_test::{closure#0}
[INFO] [stdout]   15:     0x601c868ac9d4 - std[617be2ca0a6fd877]::sys::backtrace::__rust_begin_short_backtrace::<test[aada8e7e76ba119b]::run_test::{closure#1}, ()>
[INFO] [stdout]   16:     0x601c868b6172 - <std[617be2ca0a6fd877]::thread::lifecycle::spawn_unchecked<test[aada8e7e76ba119b]::run_test::{closure#1}, ()>::{closure#1} as core[a373ad73a504971]::ops::function::FnOnce<()>>::call_once::{shim:vtable#0}
[INFO] [stdout]   17:     0x601c86927a3f - <std[617be2ca0a6fd877]::sys::thread::unix::Thread>::new::thread_start
[INFO] [stdout]   18:     0x7f4b1d3b1dfa - <unknown>
[INFO] [stdout]   19:     0x7f4b1d4453d4 - clone
[INFO] [stdout]   20:                0x0 - <unknown>
[INFO] [stdout] 
[INFO] [stdout] ---- cli::discard_failures_in_background stdout ----
[INFO] [stdout] 
[INFO] [stdout] thread 'cli::discard_failures_in_background' (1128) panicked at tests/cli.rs:33:9:
[INFO] [stdout] Could not find bkt binary in "/opt/rustwide/target/release/build/bkt/1a290dd9fc1e33a2"
[INFO] [stdout] stack backtrace:
[INFO] [stdout]    0:     0x601c86928541 - <<std[617be2ca0a6fd877]::sys::backtrace::BacktraceLock>::print::DisplayBacktrace as core[a373ad73a504971]::fmt::Display>::fmt
[INFO] [stdout]    1:     0x601c8693dd6a - core[a373ad73a504971]::fmt::write
[INFO] [stdout]    2:     0x601c8692d37c - <alloc[2e1b2a31b91974c5]::vec::Vec<u8> as core[a373ad73a504971]::io::write::Write>::write_fmt
[INFO] [stdout]    3:     0x601c86901316 - std[617be2ca0a6fd877]::panicking::default_hook::{closure#0}
[INFO] [stdout]    4:     0x601c8691f739 - std[617be2ca0a6fd877]::panicking::default_hook
[INFO] [stdout]    5:     0x601c868b2ac0 - test[aada8e7e76ba119b]::test_main_inner::{closure#0}
[INFO] [stdout]    6:     0x601c8691f8f2 - std[617be2ca0a6fd877]::panicking::panic_with_hook
[INFO] [stdout]    7:     0x601c869013c2 - std[617be2ca0a6fd877]::panicking::panic_handler::{closure#0}
[INFO] [stdout]    8:     0x601c868f9639 - std[617be2ca0a6fd877]::sys::backtrace::__rust_end_short_backtrace::<std[617be2ca0a6fd877]::panicking::panic_handler::{closure#0}, !>
[INFO] [stdout]    9:     0x601c8690217d - __rustc[ea4f61d10b84890b]::rust_begin_unwind
[INFO] [stdout]   10:     0x601c8693e49c - core[a373ad73a504971]::panicking::panic_fmt
[INFO] [stdout]   11:     0x601c86895d51 - cli[ae99a8f68694c997]::cli::bkt::<std[617be2ca0a6fd877]::path::PathBuf>
[INFO] [stdout]   12:     0x601c8689f2b3 - <cli[ae99a8f68694c997]::cli::discard_failures_in_background::{closure#0} as core[a373ad73a504971]::ops::function::FnOnce<()>>::call_once
[INFO] [stdout]   13:     0x601c868a5f0b - test[aada8e7e76ba119b]::__rust_begin_short_backtrace::<core[a373ad73a504971]::result::Result<(), alloc[2e1b2a31b91974c5]::string::String>, fn() -> core[a373ad73a504971]::result::Result<(), alloc[2e1b2a31b91974c5]::string::String>>
[INFO] [stdout]   14:     0x601c868b30e5 - test[aada8e7e76ba119b]::run_test::{closure#0}
[INFO] [stdout]   15:     0x601c868ac9d4 - std[617be2ca0a6fd877]::sys::backtrace::__rust_begin_short_backtrace::<test[aada8e7e76ba119b]::run_test::{closure#1}, ()>
[INFO] [stdout]   16:     0x601c868b6172 - <std[617be2ca0a6fd877]::thread::lifecycle::spawn_unchecked<test[aada8e7e76ba119b]::run_test::{closure#1}, ()>::{closure#1} as core[a373ad73a504971]::ops::function::FnOnce<()>>::call_once::{shim:vtable#0}
[INFO] [stdout]   17:     0x601c86927a3f - <std[617be2ca0a6fd877]::sys::thread::unix::Thread>::new::thread_start
[INFO] [stdout]   18:     0x7f4b1d3b1dfa - <unknown>
[INFO] [stdout]   19:     0x7f4b1d4453d4 - clone
[INFO] [stdout]   20:                0x0 - <unknown>
[INFO] [stdout] 
[INFO] [stdout] ---- cli::output_preserved stdout ----
[INFO] [stdout] 
[INFO] [stdout] thread 'cli::output_preserved' (1134) panicked at tests/cli.rs:33:9:
[INFO] [stdout] Could not find bkt binary in "/opt/rustwide/target/release/build/bkt/1a290dd9fc1e33a2"
[INFO] [stdout] stack backtrace:
[INFO] [stdout]    0:     0x601c86928541 - <<std[617be2ca0a6fd877]::sys::backtrace::BacktraceLock>::print::DisplayBacktrace as core[a373ad73a504971]::fmt::Display>::fmt
[INFO] [stdout]    1:     0x601c8693dd6a - core[a373ad73a504971]::fmt::write
[INFO] [stdout]    2:     0x601c8692d37c - <alloc[2e1b2a31b91974c5]::vec::Vec<u8> as core[a373ad73a504971]::io::write::Write>::write_fmt
[INFO] [stdout]    3:     0x601c86901316 - std[617be2ca0a6fd877]::panicking::default_hook::{closure#0}
[INFO] [stdout]    4:     0x601c8691f739 - std[617be2ca0a6fd877]::panicking::default_hook
[INFO] [stdout]    5:     0x601c868b2ac0 - test[aada8e7e76ba119b]::test_main_inner::{closure#0}
[INFO] [stdout]    6:     0x601c8691f8f2 - std[617be2ca0a6fd877]::panicking::panic_with_hook
[INFO] [stdout]    7:     0x601c869013c2 - std[617be2ca0a6fd877]::panicking::panic_handler::{closure#0}
[INFO] [stdout]    8:     0x601c868f9639 - std[617be2ca0a6fd877]::sys::backtrace::__rust_end_short_backtrace::<std[617be2ca0a6fd877]::panicking::panic_handler::{closure#0}, !>
[INFO] [stdout]    9:     0x601c8690217d - __rustc[ea4f61d10b84890b]::rust_begin_unwind
[INFO] [stdout]   10:     0x601c8693e49c - core[a373ad73a504971]::panicking::panic_fmt
[INFO] [stdout]   11:     0x601c86895d51 - cli[ae99a8f68694c997]::cli::bkt::<std[617be2ca0a6fd877]::path::PathBuf>
[INFO] [stdout]   12:     0x601c8689614c - cli[ae99a8f68694c997]::cli::output_preserved::same_output
[INFO] [stdout]   13:     0x601c86899965 - <cli[ae99a8f68694c997]::cli::output_preserved::{closure#0} as core[a373ad73a504971]::ops::function::FnOnce<()>>::call_once
[INFO] [stdout]   14:     0x601c868a5f0b - test[aada8e7e76ba119b]::__rust_begin_short_backtrace::<core[a373ad73a504971]::result::Result<(), alloc[2e1b2a31b91974c5]::string::String>, fn() -> core[a373ad73a504971]::result::Result<(), alloc[2e1b2a31b91974c5]::string::String>>
[INFO] [stdout]   15:     0x601c868b30e5 - test[aada8e7e76ba119b]::run_test::{closure#0}
[INFO] [stdout]   16:     0x601c868ac9d4 - std[617be2ca0a6fd877]::sys::backtrace::__rust_begin_short_backtrace::<test[aada8e7e76ba119b]::run_test::{closure#1}, ()>
[INFO] [stdout]   17:     0x601c868b6172 - <std[617be2ca0a6fd877]::thread::lifecycle::spawn_unchecked<test[aada8e7e76ba119b]::run_test::{closure#1}, ()>::{closure#1} as core[a373ad73a504971]::ops::function::FnOnce<()>>::call_once::{shim:vtable#0}
[INFO] [stdout]   18:     0x601c86927a3f - <std[617be2ca0a6fd877]::sys::thread::unix::Thread>::new::thread_start
[INFO] [stdout]   19:     0x7f4b1d3b1dfa - <unknown>
[INFO] [stdout]   20:     0x7f4b1d4453d4 - clone
[INFO] [stdout]   21:                0x0 - <unknown>
[INFO] [stdout] 
[INFO] [stdout] ---- cli::help stdout ----
[INFO] [stdout] 
[INFO] [stdout] thread 'cli::help' (1131) panicked at tests/cli.rs:33:9:
[INFO] [stdout] Could not find bkt binary in "/opt/rustwide/target/release/build/bkt/1a290dd9fc1e33a2"
[INFO] [stdout] stack backtrace:
[INFO] [stdout]    0:     0x601c86928541 - <<std[617be2ca0a6fd877]::sys::backtrace::BacktraceLock>::print::DisplayBacktrace as core[a373ad73a504971]::fmt::Display>::fmt
[INFO] [stdout]    1:     0x601c8693dd6a - core[a373ad73a504971]::fmt::write
[INFO] [stdout]    2:     0x601c8692d37c - <alloc[2e1b2a31b91974c5]::vec::Vec<u8> as core[a373ad73a504971]::io::write::Write>::write_fmt
[INFO] [stdout]    3:     0x601c86901316 - std[617be2ca0a6fd877]::panicking::default_hook::{closure#0}
[INFO] [stdout]    4:     0x601c8691f739 - std[617be2ca0a6fd877]::panicking::default_hook
[INFO] [stdout]    5:     0x601c868b2ac0 - test[aada8e7e76ba119b]::test_main_inner::{closure#0}
[INFO] [stdout]    6:     0x601c8691f8f2 - std[617be2ca0a6fd877]::panicking::panic_with_hook
[INFO] [stdout]    7:     0x601c869013c2 - std[617be2ca0a6fd877]::panicking::panic_handler::{closure#0}
[INFO] [stdout]    8:     0x601c868f9639 - std[617be2ca0a6fd877]::sys::backtrace::__rust_end_short_backtrace::<std[617be2ca0a6fd877]::panicking::panic_handler::{closure#0}, !>
[INFO] [stdout]    9:     0x601c8690217d - __rustc[ea4f61d10b84890b]::rust_begin_unwind
[INFO] [stdout]   10:     0x601c8693e49c - core[a373ad73a504971]::panicking::panic_fmt
[INFO] [stdout]   11:     0x601c86895d51 - cli[ae99a8f68694c997]::cli::bkt::<std[617be2ca0a6fd877]::path::PathBuf>
[INFO] [stdout]   12:     0x601c868a09fe - <cli[ae99a8f68694c997]::cli::help::{closure#0} as core[a373ad73a504971]::ops::function::FnOnce<()>>::call_once
[INFO] [stdout]   13:     0x601c868a5f0b - test[aada8e7e76ba119b]::__rust_begin_short_backtrace::<core[a373ad73a504971]::result::Result<(), alloc[2e1b2a31b91974c5]::string::String>, fn() -> core[a373ad73a504971]::result::Result<(), alloc[2e1b2a31b91974c5]::string::String>>
[INFO] [stdout]   14:     0x601c868b30e5 - test[aada8e7e76ba119b]::run_test::{closure#0}
[INFO] [stdout]   15:     0x601c868ac9d4 - std[617be2ca0a6fd877]::sys::backtrace::__rust_begin_short_backtrace::<test[aada8e7e76ba119b]::run_test::{closure#1}, ()>
[INFO] [stdout]   16:     0x601c868b6172 - <std[617be2ca0a6fd877]::thread::lifecycle::spawn_unchecked<test[aada8e7e76ba119b]::run_test::{closure#1}, ()>::{closure#1} as core[a373ad73a504971]::ops::function::FnOnce<()>>::call_once::{shim:vtable#0}
[INFO] [stdout]   17:     0x601c86927a3f - <std[617be2ca0a6fd877]::sys::thread::unix::Thread>::new::thread_start
[INFO] [stdout]   18:     0x7f4b1d3b1dfa - <unknown>
[INFO] [stdout]   19:     0x7f4b1d4453d4 - clone
[INFO] [stdout]   20:                0x0 - <unknown>
[INFO] [stdout] 
[INFO] [stdout] ---- cli::force stdout ----
[INFO] [stdout] 
[INFO] [stdout] thread 'cli::force' (1130) panicked at tests/cli.rs:33:9:
[INFO] [stdout] Could not find bkt binary in "/opt/rustwide/target/release/build/bkt/1a290dd9fc1e33a2"
[INFO] [stdout] stack backtrace:
[INFO] [stdout]    0:     0x601c86928541 - <<std[617be2ca0a6fd877]::sys::backtrace::BacktraceLock>::print::DisplayBacktrace as core[a373ad73a504971]::fmt::Display>::fmt
[INFO] [stdout]    1:     0x601c8693dd6a - core[a373ad73a504971]::fmt::write
[INFO] [stdout]    2:     0x601c8692d37c - <alloc[2e1b2a31b91974c5]::vec::Vec<u8> as core[a373ad73a504971]::io::write::Write>::write_fmt
[INFO] [stdout]    3:     0x601c86901316 - std[617be2ca0a6fd877]::panicking::default_hook::{closure#0}
[INFO] [stdout]    4:     0x601c8691f739 - std[617be2ca0a6fd877]::panicking::default_hook
[INFO] [stdout]    5:     0x601c868b2ac0 - test[aada8e7e76ba119b]::test_main_inner::{closure#0}
[INFO] [stdout]    6:     0x601c8691f8f2 - std[617be2ca0a6fd877]::panicking::panic_with_hook
[INFO] [stdout]    7:     0x601c869013c2 - std[617be2ca0a6fd877]::panicking::panic_handler::{closure#0}
[INFO] [stdout]    8:     0x601c868f9639 - std[617be2ca0a6fd877]::sys::backtrace::__rust_end_short_backtrace::<std[617be2ca0a6fd877]::panicking::panic_handler::{closure#0}, !>
[INFO] [stdout]    9:     0x601c8690217d - __rustc[ea4f61d10b84890b]::rust_begin_unwind
[INFO] [stdout]   10:     0x601c8693e49c - core[a373ad73a504971]::panicking::panic_fmt
[INFO] [stdout]   11:     0x601c86895d51 - cli[ae99a8f68694c997]::cli::bkt::<std[617be2ca0a6fd877]::path::PathBuf>
[INFO] [stdout]   12:     0x601c868a1c58 - <cli[ae99a8f68694c997]::cli::force::{closure#0} as core[a373ad73a504971]::ops::function::FnOnce<()>>::call_once
[INFO] [stdout]   13:     0x601c868a5f0b - test[aada8e7e76ba119b]::__rust_begin_short_backtrace::<core[a373ad73a504971]::result::Result<(), alloc[2e1b2a31b91974c5]::string::String>, fn() -> core[a373ad73a504971]::result::Result<(), alloc[2e1b2a31b91974c5]::string::String>>
[INFO] [stdout]   14:     0x601c868b30e5 - test[aada8e7e76ba119b]::run_test::{closure#0}
[INFO] [stdout]   15:     0x601c868ac9d4 - std[617be2ca0a6fd877]::sys::backtrace::__rust_begin_short_backtrace::<test[aada8e7e76ba119b]::run_test::{closure#1}, ()>
[INFO] [stdout]   16:     0x601c868b6172 - <std[617be2ca0a6fd877]::thread::lifecycle::spawn_unchecked<test[aada8e7e76ba119b]::run_test::{closure#1}, ()>::{closure#1} as core[a373ad73a504971]::ops::function::FnOnce<()>>::call_once::{shim:vtable#0}
[INFO] [stdout]   17:     0x601c86927a3f - <std[617be2ca0a6fd877]::sys::thread::unix::Thread>::new::thread_start
[INFO] [stdout]   18:     0x7f4b1d3b1dfa - <unknown>
[INFO] [stdout]   19:     0x7f4b1d4453d4 - clone
[INFO] [stdout]   20:                0x0 - <unknown>
[INFO] [stdout] 
[INFO] [stdout] ---- cli::discard_failure_cached_separately stdout ----
[INFO] [stdout] 
[INFO] [stdout] thread 'cli::discard_failure_cached_separately' (1126) panicked at tests/cli.rs:33:9:
[INFO] [stdout] Could not find bkt binary in "/opt/rustwide/target/release/build/bkt/1a290dd9fc1e33a2"
[INFO] [stdout] stack backtrace:
[INFO] [stdout]    0:     0x601c86928541 - <<std[617be2ca0a6fd877]::sys::backtrace::BacktraceLock>::print::DisplayBacktrace as core[a373ad73a504971]::fmt::Display>::fmt
[INFO] [stdout]    1:     0x601c8693dd6a - core[a373ad73a504971]::fmt::write
[INFO] [stdout]    2:     0x601c8692d37c - <alloc[2e1b2a31b91974c5]::vec::Vec<u8> as core[a373ad73a504971]::io::write::Write>::write_fmt
[INFO] [stdout]    3:     0x601c86901316 - std[617be2ca0a6fd877]::panicking::default_hook::{closure#0}
[INFO] [stdout]    4:     0x601c8691f739 - std[617be2ca0a6fd877]::panicking::default_hook
[INFO] [stdout]    5:     0x601c868b2ac0 - test[aada8e7e76ba119b]::test_main_inner::{closure#0}
[INFO] [stdout]    6:     0x601c8691f8f2 - std[617be2ca0a6fd877]::panicking::panic_with_hook
[INFO] [stdout]    7:     0x601c869013c2 - std[617be2ca0a6fd877]::panicking::panic_handler::{closure#0}
[INFO] [stdout]    8:     0x601c868f9639 - std[617be2ca0a6fd877]::sys::backtrace::__rust_end_short_backtrace::<std[617be2ca0a6fd877]::panicking::panic_handler::{closure#0}, !>
[INFO] [stdout]    9:     0x601c8690217d - __rustc[ea4f61d10b84890b]::rust_begin_unwind
[INFO] [stdout]   10:     0x601c8693e49c - core[a373ad73a504971]::panicking::panic_fmt
[INFO] [stdout]   11:     0x601c86895d51 - cli[ae99a8f68694c997]::cli::bkt::<std[617be2ca0a6fd877]::path::PathBuf>
[INFO] [stdout]   12:     0x601c8689fc22 - <cli[ae99a8f68694c997]::cli::discard_failure_cached_separately::{closure#0} as core[a373ad73a504971]::ops::function::FnOnce<()>>::call_once
[INFO] [stdout]   13:     0x601c868a5f0b - test[aada8e7e76ba119b]::__rust_begin_short_backtrace::<core[a373ad73a504971]::result::Result<(), alloc[2e1b2a31b91974c5]::string::String>, fn() -> core[a373ad73a504971]::result::Result<(), alloc[2e1b2a31b91974c5]::string::String>>
[INFO] [stdout]   14:     0x601c868b30e5 - test[aada8e7e76ba119b]::run_test::{closure#0}
[INFO] [stdout]   15:     0x601c868ac9d4 - std[617be2ca0a6fd877]::sys::backtrace::__rust_begin_short_backtrace::<test[aada8e7e76ba119b]::run_test::{closure#1}, ()>
[INFO] [stdout]   16:     0x601c868b6172 - <std[617be2ca0a6fd877]::thread::lifecycle::spawn_unchecked<test[aada8e7e76ba119b]::run_test::{closure#1}, ()>::{closure#1} as core[a373ad73a504971]::ops::function::FnOnce<()>>::call_once::{shim:vtable#0}
[INFO] [stdout]   17:     0x601c86927a3f - <std[617be2ca0a6fd877]::sys::thread::unix::Thread>::new::thread_start
[INFO] [stdout]   18:     0x7f4b1d3b1dfa - <unknown>
[INFO] [stdout]   19:     0x7f4b1d4453d4 - clone
[INFO] [stdout]   20:                0x0 - <unknown>
[INFO] [stdout] 
[INFO] [stdout] ---- cli::cache_expires stdout ----
[INFO] [stdout] 
[INFO] [stdout] thread 'cli::cache_expires' (1120) panicked at tests/cli.rs:33:9:
[INFO] [stdout] Could not find bkt binary in "/opt/rustwide/target/release/build/bkt/1a290dd9fc1e33a2"
[INFO] [stdout] stack backtrace:
[INFO] [stdout]    0:     0x601c86928541 - <<std[617be2ca0a6fd877]::sys::backtrace::BacktraceLock>::print::DisplayBacktrace as core[a373ad73a504971]::fmt::Display>::fmt
[INFO] [stdout]    1:     0x601c8693dd6a - core[a373ad73a504971]::fmt::write
[INFO] [stdout]    2:     0x601c8692d37c - <alloc[2e1b2a31b91974c5]::vec::Vec<u8> as core[a373ad73a504971]::io::write::Write>::write_fmt
[INFO] [stdout]    3:     0x601c86901316 - std[617be2ca0a6fd877]::panicking::default_hook::{closure#0}
[INFO] [stdout]    4:     0x601c8691f739 - std[617be2ca0a6fd877]::panicking::default_hook
[INFO] [stdout]    5:     0x601c868b2ac0 - test[aada8e7e76ba119b]::test_main_inner::{closure#0}
[INFO] [stdout]    6:     0x601c8691f8f2 - std[617be2ca0a6fd877]::panicking::panic_with_hook
[INFO] [stdout]    7:     0x601c869013c2 - std[617be2ca0a6fd877]::panicking::panic_handler::{closure#0}
[INFO] [stdout]    8:     0x601c868f9639 - std[617be2ca0a6fd877]::sys::backtrace::__rust_end_short_backtrace::<std[617be2ca0a6fd877]::panicking::panic_handler::{closure#0}, !>
[INFO] [stdout]    9:     0x601c8690217d - __rustc[ea4f61d10b84890b]::rust_begin_unwind
[INFO] [stdout]   10:     0x601c8693e49c - core[a373ad73a504971]::panicking::panic_fmt
[INFO] [stdout]   11:     0x601c86895d51 - cli[ae99a8f68694c997]::cli::bkt::<std[617be2ca0a6fd877]::path::PathBuf>
[INFO] [stdout]   12:     0x601c8689802f - <cli[ae99a8f68694c997]::cli::cache_expires::{closure#0} as core[a373ad73a504971]::ops::function::FnOnce<()>>::call_once
[INFO] [stdout]   13:     0x601c868a5f0b - test[aada8e7e76ba119b]::__rust_begin_short_backtrace::<core[a373ad73a504971]::result::Result<(), alloc[2e1b2a31b91974c5]::string::String>, fn() -> core[a373ad73a504971]::result::Result<(), alloc[2e1b2a31b91974c5]::string::String>>
[INFO] [stdout]   14:     0x601c868b30e5 - test[aada8e7e76ba119b]::run_test::{closure#0}
[INFO] [stdout]   15:     0x601c868ac9d4 - std[617be2ca0a6fd877]::sys::backtrace::__rust_begin_short_backtrace::<test[aada8e7e76ba119b]::run_test::{closure#1}, ()>
[INFO] [stdout]   16:     0x601c868b6172 - <std[617be2ca0a6fd877]::thread::lifecycle::spawn_unchecked<test[aada8e7e76ba119b]::run_test::{closure#1}, ()>::{closure#1} as core[a373ad73a504971]::ops::function::FnOnce<()>>::call_once::{shim:vtable#0}
[INFO] [stdout]   17:     0x601c86927a3f - <std[617be2ca0a6fd877]::sys::thread::unix::Thread>::new::thread_start
[INFO] [stdout]   18:     0x7f4b1d3b1dfa - <unknown>
[INFO] [stdout]   19:     0x7f4b1d4453d4 - clone
[INFO] [stdout]   20:                0x0 - <unknown>
[INFO] [stdout] 
[INFO] [stdout] ---- cli::exit_code_preserved stdout ----
[INFO] [stdout] 
[INFO] [stdout] thread 'cli::exit_code_preserved' (1129) panicked at tests/cli.rs:33:9:
[INFO] [stdout] Could not find bkt binary in "/opt/rustwide/target/release/build/bkt/1a290dd9fc1e33a2"
[INFO] [stdout] stack backtrace:
[INFO] [stdout]    0:     0x601c86928541 - <<std[617be2ca0a6fd877]::sys::backtrace::BacktraceLock>::print::DisplayBacktrace as core[a373ad73a504971]::fmt::Display>::fmt
[INFO] [stdout]    1:     0x601c8693dd6a - core[a373ad73a504971]::fmt::write
[INFO] [stdout]    2:     0x601c8692d37c - <alloc[2e1b2a31b91974c5]::vec::Vec<u8> as core[a373ad73a504971]::io::write::Write>::write_fmt
[INFO] [stdout]    3:     0x601c86901316 - std[617be2ca0a6fd877]::panicking::default_hook::{closure#0}
[INFO] [stdout]    4:     0x601c8691f739 - std[617be2ca0a6fd877]::panicking::default_hook
[INFO] [stdout]    5:     0x601c868b2ac0 - test[aada8e7e76ba119b]::test_main_inner::{closure#0}
[INFO] [stdout]    6:     0x601c8691f8f2 - std[617be2ca0a6fd877]::panicking::panic_with_hook
[INFO] [stdout]    7:     0x601c869013c2 - std[617be2ca0a6fd877]::panicking::panic_handler::{closure#0}
[INFO] [stdout]    8:     0x601c868f9639 - std[617be2ca0a6fd877]::sys::backtrace::__rust_end_short_backtrace::<std[617be2ca0a6fd877]::panicking::panic_handler::{closure#0}, !>
[INFO] [stdout]    9:     0x601c8690217d - __rustc[ea4f61d10b84890b]::rust_begin_unwind
[INFO] [stdout]   10:     0x601c8693e49c - core[a373ad73a504971]::panicking::panic_fmt
[INFO] [stdout]   11:     0x601c86895d51 - cli[ae99a8f68694c997]::cli::bkt::<std[617be2ca0a6fd877]::path::PathBuf>
[INFO] [stdout]   12:     0x601c8689bab7 - <cli[ae99a8f68694c997]::cli::exit_code_preserved::{closure#0} as core[a373ad73a504971]::ops::function::FnOnce<()>>::call_once
[INFO] [stdout]   13:     0x601c868a5f0b - test[aada8e7e76ba119b]::__rust_begin_short_backtrace::<core[a373ad73a504971]::result::Result<(), alloc[2e1b2a31b91974c5]::string::String>, fn() -> core[a373ad73a504971]::result::Result<(), alloc[2e1b2a31b91974c5]::string::String>>
[INFO] [stdout]   14:     0x601c868b30e5 - test[aada8e7e76ba119b]::run_test::{closure#0}
[INFO] [stdout]   15:     0x601c868ac9d4 - std[617be2ca0a6fd877]::sys::backtrace::__rust_begin_short_backtrace::<test[aada8e7e76ba119b]::run_test::{closure#1}, ()>
[INFO] [stdout]   16:     0x601c868b6172 - <std[617be2ca0a6fd877]::thread::lifecycle::spawn_unchecked<test[aada8e7e76ba119b]::run_test::{closure#1}, ()>::{closure#1} as core[a373ad73a504971]::ops::function::FnOnce<()>>::call_once::{shim:vtable#0}
[INFO] [stdout]   17:     0x601c86927a3f - <std[617be2ca0a6fd877]::sys::thread::unix::Thread>::new::thread_start
[INFO] [stdout]   18:     0x7f4b1d3b1dfa - <unknown>
[INFO] [stdout]   19:     0x7f4b1d4453d4 - clone
[INFO] [stdout]   20:                0x0 - <unknown>
[INFO] [stdout] 
[INFO] [stdout] ---- cli::no_debug_output stdout ----
[INFO] [stdout] 
[INFO] [stdout] thread 'cli::no_debug_output' (1133) panicked at tests/cli.rs:33:9:
[INFO] [stdout] Could not find bkt binary in "/opt/rustwide/target/release/build/bkt/1a290dd9fc1e33a2"
[INFO] [stdout] stack backtrace:
[INFO] [stdout]    0:     0x601c86928541 - <<std[617be2ca0a6fd877]::sys::backtrace::BacktraceLock>::print::DisplayBacktrace as core[a373ad73a504971]::fmt::Display>::fmt
[INFO] [stdout]    1:     0x601c8693dd6a - core[a373ad73a504971]::fmt::write
[INFO] [stdout]    2:     0x601c8692d37c - <alloc[2e1b2a31b91974c5]::vec::Vec<u8> as core[a373ad73a504971]::io::write::Write>::write_fmt
[INFO] [stdout]    3:     0x601c86901316 - std[617be2ca0a6fd877]::panicking::default_hook::{closure#0}
[INFO] [stdout]    4:     0x601c8691f739 - std[617be2ca0a6fd877]::panicking::default_hook
[INFO] [stdout]    5:     0x601c868b2ac0 - test[aada8e7e76ba119b]::test_main_inner::{closure#0}
[INFO] [stdout]    6:     0x601c8691f8f2 - std[617be2ca0a6fd877]::panicking::panic_with_hook
[INFO] [stdout]    7:     0x601c869013c2 - std[617be2ca0a6fd877]::panicking::panic_handler::{closure#0}
[INFO] [stdout]    8:     0x601c868f9639 - std[617be2ca0a6fd877]::sys::backtrace::__rust_end_short_backtrace::<std[617be2ca0a6fd877]::panicking::panic_handler::{closure#0}, !>
[INFO] [stdout]    9:     0x601c8690217d - __rustc[ea4f61d10b84890b]::rust_begin_unwind
[INFO] [stdout]   10:     0x601c8693e49c - core[a373ad73a504971]::panicking::panic_fmt
[INFO] [stdout]   11:     0x601c86895d51 - cli[ae99a8f68694c997]::cli::bkt::<std[617be2ca0a6fd877]::path::PathBuf>
[INFO] [stdout]   12:     0x601c86898e76 - <cli[ae99a8f68694c997]::cli::no_debug_output::{closure#0} as core[a373ad73a504971]::ops::function::FnOnce<()>>::call_once
[INFO] [stdout]   13:     0x601c868a5f0b - test[aada8e7e76ba119b]::__rust_begin_short_backtrace::<core[a373ad73a504971]::result::Result<(), alloc[2e1b2a31b91974c5]::string::String>, fn() -> core[a373ad73a504971]::result::Result<(), alloc[2e1b2a31b91974c5]::string::String>>
[INFO] [stdout]   14:     0x601c868b30e5 - test[aada8e7e76ba119b]::run_test::{closure#0}
[INFO] [stdout]   15:     0x601c868ac9d4 - std[617be2ca0a6fd877]::sys::backtrace::__rust_begin_short_backtrace::<test[aada8e7e76ba119b]::run_test::{closure#1}, ()>
[INFO] [stdout]   16:     0x601c868b6172 - <std[617be2ca0a6fd877]::thread::lifecycle::spawn_unchecked<test[aada8e7e76ba119b]::run_test::{closure#1}, ()>::{closure#1} as core[a373ad73a504971]::ops::function::FnOnce<()>>::call_once::{shim:vtable#0}
[INFO] [stdout]   17:     0x601c86927a3f - <std[617be2ca0a6fd877]::sys::thread::unix::Thread>::new::thread_start
[INFO] [stdout]   18:     0x7f4b1d3b1dfa - <unknown>
[INFO] [stdout]   19:     0x7f4b1d4453d4 - clone
[INFO] [stdout]   20:                0x0 - <unknown>
[INFO] [stdout] 
[INFO] [stdout] ---- cli::cache_hits_with_different_settings stdout ----
[INFO] [stdout] 
[INFO] [stdout] thread 'cli::cache_hits_with_different_settings' (1122) panicked at tests/cli.rs:33:9:
[INFO] [stdout] Could not find bkt binary in "/opt/rustwide/target/release/build/bkt/1a290dd9fc1e33a2"
[INFO] [stdout] stack backtrace:
[INFO] [stdout]    0:     0x601c86928541 - <<std[617be2ca0a6fd877]::sys::backtrace::BacktraceLock>::print::DisplayBacktrace as core[a373ad73a504971]::fmt::Display>::fmt
[INFO] [stdout]    1:     0x601c8693dd6a - core[a373ad73a504971]::fmt::write
[INFO] [stdout]    2:     0x601c8692d37c - <alloc[2e1b2a31b91974c5]::vec::Vec<u8> as core[a373ad73a504971]::io::write::Write>::write_fmt
[INFO] [stdout]    3:     0x601c86901316 - std[617be2ca0a6fd877]::panicking::default_hook::{closure#0}
[INFO] [stdout]    4:     0x601c8691f739 - std[617be2ca0a6fd877]::panicking::default_hook
[INFO] [stdout]    5:     0x601c868b2ac0 - test[aada8e7e76ba119b]::test_main_inner::{closure#0}
[INFO] [stdout]    6:     0x601c8691f8f2 - std[617be2ca0a6fd877]::panicking::panic_with_hook
[INFO] [stdout]    7:     0x601c869013c2 - std[617be2ca0a6fd877]::panicking::panic_handler::{closure#0}
[INFO] [stdout]    8:     0x601c868f9639 - std[617be2ca0a6fd877]::sys::backtrace::__rust_end_short_backtrace::<std[617be2ca0a6fd877]::panicking::panic_handler::{closure#0}, !>
[INFO] [stdout]    9:     0x601c8690217d - __rustc[ea4f61d10b84890b]::rust_begin_unwind
[INFO] [stdout]   10:     0x601c8693e49c - core[a373ad73a504971]::panicking::panic_fmt
[INFO] [stdout]   11:     0x601c86895d51 - cli[ae99a8f68694c997]::cli::bkt::<std[617be2ca0a6fd877]::path::PathBuf>
[INFO] [stdout]   12:     0x601c868a01ec - <cli[ae99a8f68694c997]::cli::cache_hits_with_different_settings::{closure#0} as core[a373ad73a504971]::ops::function::FnOnce<()>>::call_once
[INFO] [stdout]   13:     0x601c868a5f0b - test[aada8e7e76ba119b]::__rust_begin_short_backtrace::<core[a373ad73a504971]::result::Result<(), alloc[2e1b2a31b91974c5]::string::String>, fn() -> core[a373ad73a504971]::result::Result<(), alloc[2e1b2a31b91974c5]::string::String>>
[INFO] [stdout]   14:     0x601c868b30e5 - test[aada8e7e76ba119b]::run_test::{closure#0}
[INFO] [stdout]   15:     0x601c868ac9d4 - std[617be2ca0a6fd877]::sys::backtrace::__rust_begin_short_backtrace::<test[aada8e7e76ba119b]::run_test::{closure#1}, ()>
[INFO] [stdout]   16:     0x601c868b6172 - <std[617be2ca0a6fd877]::thread::lifecycle::spawn_unchecked<test[aada8e7e76ba119b]::run_test::{closure#1}, ()>::{closure#1} as core[a373ad73a504971]::ops::function::FnOnce<()>>::call_once::{shim:vtable#0}
[INFO] [stdout]   17:     0x601c86927a3f - <std[617be2ca0a6fd877]::sys::thread::unix::Thread>::new::thread_start
[INFO] [stdout]   18:     0x7f4b1d3b1dfa - <unknown>
[INFO] [stdout]   19:     0x7f4b1d4453d4 - clone
[INFO] [stdout]   20:                0x0 - <unknown>
[INFO] [stdout] 
[INFO] [stdout] ---- cli::cache_refreshes_in_background stdout ----
[INFO] [stdout] 
[INFO] [stdout] thread 'cli::cache_refreshes_in_background' (1123) panicked at tests/cli.rs:33:9:
[INFO] [stdout] Could not find bkt binary in "/opt/rustwide/target/release/build/bkt/1a290dd9fc1e33a2"
[INFO] [stdout] stack backtrace:
[INFO] [stdout]    0:     0x601c86928541 - <<std[617be2ca0a6fd877]::sys::backtrace::BacktraceLock>::print::DisplayBacktrace as core[a373ad73a504971]::fmt::Display>::fmt
[INFO] [stdout]    1:     0x601c8693dd6a - core[a373ad73a504971]::fmt::write
[INFO] [stdout]    2:     0x601c8692d37c - <alloc[2e1b2a31b91974c5]::vec::Vec<u8> as core[a373ad73a504971]::io::write::Write>::write_fmt
[INFO] [stdout]    3:     0x601c86901316 - std[617be2ca0a6fd877]::panicking::default_hook::{closure#0}
[INFO] [stdout]    4:     0x601c8691f739 - std[617be2ca0a6fd877]::panicking::default_hook
[INFO] [stdout]    5:     0x601c868b2ac0 - test[aada8e7e76ba119b]::test_main_inner::{closure#0}
[INFO] [stdout]    6:     0x601c8691f8f2 - std[617be2ca0a6fd877]::panicking::panic_with_hook
[INFO] [stdout]    7:     0x601c869013c2 - std[617be2ca0a6fd877]::panicking::panic_handler::{closure#0}
[INFO] [stdout]    8:     0x601c868f9639 - std[617be2ca0a6fd877]::sys::backtrace::__rust_end_short_backtrace::<std[617be2ca0a6fd877]::panicking::panic_handler::{closure#0}, !>
[INFO] [stdout]    9:     0x601c8690217d - __rustc[ea4f61d10b84890b]::rust_begin_unwind
[INFO] [stdout]   10:     0x601c8693e49c - core[a373ad73a504971]::panicking::panic_fmt
[INFO] [stdout]   11:     0x601c86895d51 - cli[ae99a8f68694c997]::cli::bkt::<std[617be2ca0a6fd877]::path::PathBuf>
[INFO] [stdout]   12:     0x601c8689ea88 - <cli[ae99a8f68694c997]::cli::cache_refreshes_in_background::{closure#0} as core[a373ad73a504971]::ops::function::FnOnce<()>>::call_once
[INFO] [stdout]   13:     0x601c868a5f0b - test[aada8e7e76ba119b]::__rust_begin_short_backtrace::<core[a373ad73a504971]::result::Result<(), alloc[2e1b2a31b91974c5]::string::String>, fn() -> core[a373ad73a504971]::result::Result<(), alloc[2e1b2a31b91974c5]::string::String>>
[INFO] [stdout]   14:     0x601c868b30e5 - test[aada8e7e76ba119b]::run_test::{closure#0}
[INFO] [stdout]   15:     0x601c868ac9d4 - std[617be2ca0a6fd877]::sys::backtrace::__rust_begin_short_backtrace::<test[aada8e7e76ba119b]::run_test::{closure#1}, ()>
[INFO] [stdout]   16:     0x601c868b6172 - <std[617be2ca0a6fd877]::thread::lifecycle::spawn_unchecked<test[aada8e7e76ba119b]::run_test::{closure#1}, ()>::{closure#1} as core[a373ad73a504971]::ops::function::FnOnce<()>>::call_once::{shim:vtable#0}
[INFO] [stdout]   17:     0x601c86927a3f - <std[617be2ca0a6fd877]::sys::thread::unix::Thread>::new::thread_start
[INFO] [stdout]   18:     0x7f4b1d3b1dfa - <unknown>
[INFO] [stdout]   19:     0x7f4b1d4453d4 - clone
[INFO] [stdout]   20:                0x0 - <unknown>
[INFO] [stdout] 
[INFO] [stdout] ---- cli::respects_args stdout ----
[INFO] [stdout] 
[INFO] [stdout] thread 'cli::respects_args' (1135) panicked at tests/cli.rs:33:9:
[INFO] [stdout] Could not find bkt binary in "/opt/rustwide/target/release/build/bkt/1a290dd9fc1e33a2"
[INFO] [stdout] stack backtrace:
[INFO] [stdout]    0:     0x601c86928541 - <<std[617be2ca0a6fd877]::sys::backtrace::BacktraceLock>::print::DisplayBacktrace as core[a373ad73a504971]::fmt::Display>::fmt
[INFO] [stdout]    1:     0x601c8693dd6a - core[a373ad73a504971]::fmt::write
[INFO] [stdout]    2:     0x601c8692d37c - <alloc[2e1b2a31b91974c5]::vec::Vec<u8> as core[a373ad73a504971]::io::write::Write>::write_fmt
[INFO] [stdout]    3:     0x601c86901316 - std[617be2ca0a6fd877]::panicking::default_hook::{closure#0}
[INFO] [stdout]    4:     0x601c8691f739 - std[617be2ca0a6fd877]::panicking::default_hook
[INFO] [stdout]    5:     0x601c868b2ac0 - test[aada8e7e76ba119b]::test_main_inner::{closure#0}
[INFO] [stdout]    6:     0x601c8691f8f2 - std[617be2ca0a6fd877]::panicking::panic_with_hook
[INFO] [stdout]    7:     0x601c869013c2 - std[617be2ca0a6fd877]::panicking::panic_handler::{closure#0}
[INFO] [stdout]    8:     0x601c868f9639 - std[617be2ca0a6fd877]::sys::backtrace::__rust_end_short_backtrace::<std[617be2ca0a6fd877]::panicking::panic_handler::{closure#0}, !>
[INFO] [stdout]    9:     0x601c8690217d - __rustc[ea4f61d10b84890b]::rust_begin_unwind
[INFO] [stdout]   10:     0x601c8693e49c - core[a373ad73a504971]::panicking::panic_fmt
[INFO] [stdout]   11:     0x601c86895d51 - cli[ae99a8f68694c997]::cli::bkt::<std[617be2ca0a6fd877]::path::PathBuf>
[INFO] [stdout]   12:     0x601c8689886e - <cli[ae99a8f68694c997]::cli::respects_args::{closure#0} as core[a373ad73a504971]::ops::function::FnOnce<()>>::call_once
[INFO] [stdout]   13:     0x601c868a5f0b - test[aada8e7e76ba119b]::__rust_begin_short_backtrace::<core[a373ad73a504971]::result::Result<(), alloc[2e1b2a31b91974c5]::string::String>, fn() -> core[a373ad73a504971]::result::Result<(), alloc[2e1b2a31b91974c5]::string::String>>
[INFO] [stdout]   14:     0x601c868b30e5 - test[aada8e7e76ba119b]::run_test::{closure#0}
[INFO] [stdout]   15:     0x601c868ac9d4 - std[617be2ca0a6fd877]::sys::backtrace::__rust_begin_short_backtrace::<test[aada8e7e76ba119b]::run_test::{closure#1}, ()>
[INFO] [stdout]   16:     0x601c868b6172 - <std[617be2ca0a6fd877]::thread::lifecycle::spawn_unchecked<test[aada8e7e76ba119b]::run_test::{closure#1}, ()>::{closure#1} as core[a373ad73a504971]::ops::function::FnOnce<()>>::call_once::{shim:vtable#0}
[INFO] [stdout]   17:     0x601c86927a3f - <std[617be2ca0a6fd877]::sys::thread::unix::Thread>::new::thread_start
[INFO] [stdout]   18:     0x7f4b1d3b1dfa - <unknown>
[INFO] [stdout]   19:     0x7f4b1d4453d4 - clone
[INFO] [stdout]   20:                0x0 - <unknown>
[INFO] [stdout] 
[INFO] [stdout] ---- cli::cached stdout ----
[INFO] [stdout] 
[INFO] [stdout] thread 'cli::cached' (1124) panicked at tests/cli.rs:33:9:
[INFO] [stdout] Could not find bkt binary in "/opt/rustwide/target/release/build/bkt/1a290dd9fc1e33a2"
[INFO] [stdout] stack backtrace:
[INFO] [stdout]    0:     0x601c86928541 - <<std[617be2ca0a6fd877]::sys::backtrace::BacktraceLock>::print::DisplayBacktrace as core[a373ad73a504971]::fmt::Display>::fmt
[INFO] [stdout]    1:     0x601c8693dd6a - core[a373ad73a504971]::fmt::write
[INFO] [stdout]    2:     0x601c8692d37c - <alloc[2e1b2a31b91974c5]::vec::Vec<u8> as core[a373ad73a504971]::io::write::Write>::write_fmt
[INFO] [stdout]    3:     0x601c86901316 - std[617be2ca0a6fd877]::panicking::default_hook::{closure#0}
[INFO] [stdout]    4:     0x601c8691f739 - std[617be2ca0a6fd877]::panicking::default_hook
[INFO] [stdout]    5:     0x601c868b2ac0 - test[aada8e7e76ba119b]::test_main_inner::{closure#0}
[INFO] [stdout]    6:     0x601c8691f8f2 - std[617be2ca0a6fd877]::panicking::panic_with_hook
[INFO] [stdout]    7:     0x601c869013c2 - std[617be2ca0a6fd877]::panicking::panic_handler::{closure#0}
[INFO] [stdout]    8:     0x601c868f9639 - std[617be2ca0a6fd877]::sys::backtrace::__rust_end_short_backtrace::<std[617be2ca0a6fd877]::panicking::panic_handler::{closure#0}, !>
[INFO] [stdout]    9:     0x601c8690217d - __rustc[ea4f61d10b84890b]::rust_begin_unwind
[INFO] [stdout]   10:     0x601c8693e49c - core[a373ad73a504971]::panicking::panic_fmt
[INFO] [stdout]   11:     0x601c86895d51 - cli[ae99a8f68694c997]::cli::bkt::<std[617be2ca0a6fd877]::path::PathBuf>
[INFO] [stdout]   12:     0x601c868a2479 - <cli[ae99a8f68694c997]::cli::cached::{closure#0} as core[a373ad73a504971]::ops::function::FnOnce<()>>::call_once
[INFO] [stdout]   13:     0x601c868a5f0b - test[aada8e7e76ba119b]::__rust_begin_short_backtrace::<core[a373ad73a504971]::result::Result<(), alloc[2e1b2a31b91974c5]::string::String>, fn() -> core[a373ad73a504971]::result::Result<(), alloc[2e1b2a31b91974c5]::string::String>>
[INFO] [stdout]   14:     0x601c868b30e5 - test[aada8e7e76ba119b]::run_test::{closure#0}
[INFO] [stdout]   15:     0x601c868ac9d4 - std[617be2ca0a6fd877]::sys::backtrace::__rust_begin_short_backtrace::<test[aada8e7e76ba119b]::run_test::{closure#1}, ()>
[INFO] [stdout]   16:     0x601c868b6172 - <std[617be2ca0a6fd877]::thread::lifecycle::spawn_unchecked<test[aada8e7e76ba119b]::run_test::{closure#1}, ()>::{closure#1} as core[a373ad73a504971]::ops::function::FnOnce<()>>::call_once::{shim:vtable#0}
[INFO] [stdout]   17:     0x601c86927a3f - <std[617be2ca0a6fd877]::sys::thread::unix::Thread>::new::thread_start
[INFO] [stdout]   18:     0x7f4b1d3b1dfa - <unknown>
[INFO] [stdout]   19:     0x7f4b1d4453d4 - clone
[INFO] [stdout]   20:                0x0 - <unknown>
[INFO] [stdout] 
[INFO] [stdout] ---- cli::respects_cache_dir stdout ----
[INFO] [stdout] 
[INFO] [stdout] thread 'cli::respects_cache_dir' (1136) panicked at tests/cli.rs:33:9:
[INFO] [stdout] Could not find bkt binary in "/opt/rustwide/target/release/build/bkt/1a290dd9fc1e33a2"
[INFO] [stdout] stack backtrace:
[INFO] [stdout]    0:     0x601c86928541 - <<std[617be2ca0a6fd877]::sys::backtrace::BacktraceLock>::print::DisplayBacktrace as core[a373ad73a504971]::fmt::Display>::fmt
[INFO] [stdout]    1:     0x601c8693dd6a - core[a373ad73a504971]::fmt::write
[INFO] [stdout]    2:     0x601c8692d37c - <alloc[2e1b2a31b91974c5]::vec::Vec<u8> as core[a373ad73a504971]::io::write::Write>::write_fmt
[INFO] [stdout]    3:     0x601c86901316 - std[617be2ca0a6fd877]::panicking::default_hook::{closure#0}
[INFO] [stdout]    4:     0x601c8691f739 - std[617be2ca0a6fd877]::panicking::default_hook
[INFO] [stdout]    5:     0x601c868b2ac0 - test[aada8e7e76ba119b]::test_main_inner::{closure#0}
[INFO] [stdout]    6:     0x601c8691f8f2 - std[617be2ca0a6fd877]::panicking::panic_with_hook
[INFO] [stdout]    7:     0x601c869013c2 - std[617be2ca0a6fd877]::panicking::panic_handler::{closure#0}
[INFO] [stdout]    8:     0x601c868f9639 - std[617be2ca0a6fd877]::sys::backtrace::__rust_end_short_backtrace::<std[617be2ca0a6fd877]::panicking::panic_handler::{closure#0}, !>
[INFO] [stdout]    9:     0x601c8690217d - __rustc[ea4f61d10b84890b]::rust_begin_unwind
[INFO] [stdout]   10:     0x601c8693e49c - core[a373ad73a504971]::panicking::panic_fmt
[INFO] [stdout]   11:     0x601c86895d51 - cli[ae99a8f68694c997]::cli::bkt::<std[617be2ca0a6fd877]::path::PathBuf>
[INFO] [stdout]   12:     0x601c8689b160 - <cli[ae99a8f68694c997]::cli::respects_cache_dir::{closure#0} as core[a373ad73a504971]::ops::function::FnOnce<()>>::call_once
[INFO] [stdout]   13:     0x601c868a5f0b - test[aada8e7e76ba119b]::__rust_begin_short_backtrace::<core[a373ad73a504971]::result::Result<(), alloc[2e1b2a31b91974c5]::string::String>, fn() -> core[a373ad73a504971]::result::Result<(), alloc[2e1b2a31b91974c5]::string::String>>
[INFO] [stdout]   14:     0x601c868b30e5 - test[aada8e7e76ba119b]::run_test::{closure#0}
[INFO] [stdout]   15:     0x601c868ac9d4 - std[617be2ca0a6fd877]::sys::backtrace::__rust_begin_short_backtrace::<test[aada8e7e76ba119b]::run_test::{closure#1}, ()>
[INFO] [stdout]   16:     0x601c868b6172 - <std[617be2ca0a6fd877]::thread::lifecycle::spawn_unchecked<test[aada8e7e76ba119b]::run_test::{closure#1}, ()>::{closure#1} as core[a373ad73a504971]::ops::function::FnOnce<()>>::call_once::{shim:vtable#0}
[INFO] [stdout]   17:     0x601c86927a3f - <std[617be2ca0a6fd877]::sys::thread::unix::Thread>::new::thread_start
[INFO] [stdout]   18:     0x7f4b1d3b1dfa - <unknown>
[INFO] [stdout]   19:     0x7f4b1d4453d4 - clone
[INFO] [stdout]   20:                0x0 - <unknown>
[INFO] [stdout] 
[INFO] [stdout] ---- cli::respects_cwd stdout ----
[INFO] [stdout] 
[INFO] [stdout] thread 'cli::respects_cwd' (1138) panicked at tests/cli.rs:33:9:
[INFO] [stdout] Could not find bkt binary in "/opt/rustwide/target/release/build/bkt/1a290dd9fc1e33a2"
[INFO] [stdout] stack backtrace:
[INFO] [stdout]    0:     0x601c86928541 - <<std[617be2ca0a6fd877]::sys::backtrace::BacktraceLock>::print::DisplayBacktrace as core[a373ad73a504971]::fmt::Display>::fmt
[INFO] [stdout]    1:     0x601c8693dd6a - core[a373ad73a504971]::fmt::write
[INFO] [stdout]    2:     0x601c8692d37c - <alloc[2e1b2a31b91974c5]::vec::Vec<u8> as core[a373ad73a504971]::io::write::Write>::write_fmt
[INFO] [stdout]    3:     0x601c86901316 - std[617be2ca0a6fd877]::panicking::default_hook::{closure#0}
[INFO] [stdout]    4:     0x601c8691f739 - std[617be2ca0a6fd877]::panicking::default_hook
[INFO] [stdout]    5:     0x601c868b2ac0 - test[aada8e7e76ba119b]::test_main_inner::{closure#0}
[INFO] [stdout]    6:     0x601c8691f8f2 - std[617be2ca0a6fd877]::panicking::panic_with_hook
[INFO] [stdout]    7:     0x601c869013c2 - std[617be2ca0a6fd877]::panicking::panic_handler::{closure#0}
[INFO] [stdout]    8:     0x601c868f9639 - std[617be2ca0a6fd877]::sys::backtrace::__rust_end_short_backtrace::<std[617be2ca0a6fd877]::panicking::panic_handler::{closure#0}, !>
[INFO] [stdout]    9:     0x601c8690217d - __rustc[ea4f61d10b84890b]::rust_begin_unwind
[INFO] [stdout]   10:     0x601c8693e49c - core[a373ad73a504971]::panicking::panic_fmt
[INFO] [stdout]   11:     0x601c86895d51 - cli[ae99a8f68694c997]::cli::bkt::<std[617be2ca0a6fd877]::path::PathBuf>
[INFO] [stdout]   12:     0x601c86896bf5 - <cli[ae99a8f68694c997]::cli::respects_cwd::{closure#0} as core[a373ad73a504971]::ops::function::FnOnce<()>>::call_once
[INFO] [stdout]   13:     0x601c868a5f0b - test[aada8e7e76ba119b]::__rust_begin_short_backtrace::<core[a373ad73a504971]::result::Result<(), alloc[2e1b2a31b91974c5]::string::String>, fn() -> core[a373ad73a504971]::result::Result<(), alloc[2e1b2a31b91974c5]::string::String>>
[INFO] [stdout]   14:     0x601c868b30e5 - test[aada8e7e76ba119b]::run_test::{closure#0}
[INFO] [stdout]   15:     0x601c868ac9d4 - std[617be2ca0a6fd877]::sys::backtrace::__rust_begin_short_backtrace::<test[aada8e7e76ba119b]::run_test::{closure#1}, ()>
[INFO] [stdout]   16:     0x601c868b6172 - <std[617be2ca0a6fd877]::thread::lifecycle::spawn_unchecked<test[aada8e7e76ba119b]::run_test::{closure#1}, ()>::{closure#1} as core[a373ad73a504971]::ops::function::FnOnce<()>>::call_once::{shim:vtable#0}
[INFO] [stdout]   17:     0x601c86927a3f - <std[617be2ca0a6fd877]::sys::thread::unix::Thread>::new::thread_start
[INFO] [stdout]   18:     0x7f4b1d3b1dfa - <unknown>
[INFO] [stdout]   19:     0x7f4b1d4453d4 - clone
[INFO] [stdout]   20:                0x0 - <unknown>
[INFO] [stdout] 
[INFO] [stdout] ---- cli::respects_cache_scope stdout ----
[INFO] [stdout] 
[INFO] [stdout] thread 'cli::respects_cache_scope' (1137) panicked at tests/cli.rs:33:9:
[INFO] [stdout] Could not find bkt binary in "/opt/rustwide/target/release/build/bkt/1a290dd9fc1e33a2"
[INFO] [stdout] stack backtrace:
[INFO] [stdout]    0:     0x601c86928541 - <<std[617be2ca0a6fd877]::sys::backtrace::BacktraceLock>::print::DisplayBacktrace as core[a373ad73a504971]::fmt::Display>::fmt
[INFO] [stdout]    1:     0x601c8693dd6a - core[a373ad73a504971]::fmt::write
[INFO] [stdout]    2:     0x601c8692d37c - <alloc[2e1b2a31b91974c5]::vec::Vec<u8> as core[a373ad73a504971]::io::write::Write>::write_fmt
[INFO] [stdout]    3:     0x601c86901316 - std[617be2ca0a6fd877]::panicking::default_hook::{closure#0}
[INFO] [stdout]    4:     0x601c8691f739 - std[617be2ca0a6fd877]::panicking::default_hook
[INFO] [stdout]    5:     0x601c868b2ac0 - test[aada8e7e76ba119b]::test_main_inner::{closure#0}
[INFO] [stdout]    6:     0x601c8691f8f2 - std[617be2ca0a6fd877]::panicking::panic_with_hook
[INFO] [stdout]    7:     0x601c869013c2 - std[617be2ca0a6fd877]::panicking::panic_handler::{closure#0}
[INFO] [stdout]    8:     0x601c868f9639 - std[617be2ca0a6fd877]::sys::backtrace::__rust_end_short_backtrace::<std[617be2ca0a6fd877]::panicking::panic_handler::{closure#0}, !>
[INFO] [stdout]    9:     0x601c8690217d - __rustc[ea4f61d10b84890b]::rust_begin_unwind
[INFO] [stdout]   10:     0x601c8693e49c - core[a373ad73a504971]::panicking::panic_fmt
[INFO] [stdout]   11:     0x601c86895d51 - cli[ae99a8f68694c997]::cli::bkt::<std[617be2ca0a6fd877]::path::PathBuf>
[INFO] [stdout]   12:     0x601c8689ca7e - <cli[ae99a8f68694c997]::cli::respects_cache_scope::{closure#0} as core[a373ad73a504971]::ops::function::FnOnce<()>>::call_once
[INFO] [stdout]   13:     0x601c868a5f0b - test[aada8e7e76ba119b]::__rust_begin_short_backtrace::<core[a373ad73a504971]::result::Result<(), alloc[2e1b2a31b91974c5]::string::String>, fn() -> core[a373ad73a504971]::result::Result<(), alloc[2e1b2a31b91974c5]::string::String>>
[INFO] [stdout]   14:     0x601c868b30e5 - test[aada8e7e76ba119b]::run_test::{closure#0}
[INFO] [stdout]   15:     0x601c868ac9d4 - std[617be2ca0a6fd877]::sys::backtrace::__rust_begin_short_backtrace::<test[aada8e7e76ba119b]::run_test::{closure#1}, ()>
[INFO] [stdout]   16:     0x601c868b6172 - <std[617be2ca0a6fd877]::thread::lifecycle::spawn_unchecked<test[aada8e7e76ba119b]::run_test::{closure#1}, ()>::{closure#1} as core[a373ad73a504971]::ops::function::FnOnce<()>>::call_once::{shim:vtable#0}
[INFO] [stdout]   17:     0x601c86927a3f - <std[617be2ca0a6fd877]::sys::thread::unix::Thread>::new::thread_start
[INFO] [stdout]   18:     0x7f4b1d3b1dfa - <unknown>
[INFO] [stdout]   19:     0x7f4b1d4453d4 - clone
[INFO] [stdout]   20:                0x0 - <unknown>
[INFO] [stdout] 
[INFO] [stdout] ---- cli::respects_modtime stdout ----
[INFO] [stdout] 
[INFO] [stdout] thread 'cli::respects_modtime' (1140) panicked at tests/cli.rs:33:9:
[INFO] [stdout] Could not find bkt binary in "/opt/rustwide/target/release/build/bkt/1a290dd9fc1e33a2"
[INFO] [stdout] stack backtrace:
[INFO] [stdout]    0:     0x601c86928541 - <<std[617be2ca0a6fd877]::sys::backtrace::BacktraceLock>::print::DisplayBacktrace as core[a373ad73a504971]::fmt::Display>::fmt
[INFO] [stdout]    1:     0x601c8693dd6a - core[a373ad73a504971]::fmt::write
[INFO] [stdout]    2:     0x601c8692d37c - <alloc[2e1b2a31b91974c5]::vec::Vec<u8> as core[a373ad73a504971]::io::write::Write>::write_fmt
[INFO] [stdout]    3:     0x601c86901316 - std[617be2ca0a6fd877]::panicking::default_hook::{closure#0}
[INFO] [stdout]    4:     0x601c8691f739 - std[617be2ca0a6fd877]::panicking::default_hook
[INFO] [stdout]    5:     0x601c868b2ac0 - test[aada8e7e76ba119b]::test_main_inner::{closure#0}
[INFO] [stdout]    6:     0x601c8691f8f2 - std[617be2ca0a6fd877]::panicking::panic_with_hook
[INFO] [stdout]    7:     0x601c869013c2 - std[617be2ca0a6fd877]::panicking::panic_handler::{closure#0}
[INFO] [stdout]    8:     0x601c868f9639 - std[617be2ca0a6fd877]::sys::backtrace::__rust_end_short_backtrace::<std[617be2ca0a6fd877]::panicking::panic_handler::{closure#0}, !>
[INFO] [stdout]    9:     0x601c8690217d - __rustc[ea4f61d10b84890b]::rust_begin_unwind
[INFO] [stdout]   10:     0x601c8693e49c - core[a373ad73a504971]::panicking::panic_fmt
[INFO] [stdout]   11:     0x601c86895d51 - cli[ae99a8f68694c997]::cli::bkt::<std[617be2ca0a6fd877]::path::PathBuf>
[INFO] [stdout]   12:     0x601c86899af3 - <cli[ae99a8f68694c997]::cli::respects_modtime::{closure#0} as core[a373ad73a504971]::ops::function::FnOnce<()>>::call_once
[INFO] [stdout]   13:     0x601c868a5f0b - test[aada8e7e76ba119b]::__rust_begin_short_backtrace::<core[a373ad73a504971]::result::Result<(), alloc[2e1b2a31b91974c5]::string::String>, fn() -> core[a373ad73a504971]::result::Result<(), alloc[2e1b2a31b91974c5]::string::String>>
[INFO] [stdout]   14:     0x601c868b30e5 - test[aada8e7e76ba119b]::run_test::{closure#0}
[INFO] [stdout]   15:     0x601c868ac9d4 - std[617be2ca0a6fd877]::sys::backtrace::__rust_begin_short_backtrace::<test[aada8e7e76ba119b]::run_test::{closure#1}, ()>
[INFO] [stdout]   16:     0x601c868b6172 - <std[617be2ca0a6fd877]::thread::lifecycle::spawn_unchecked<test[aada8e7e76ba119b]::run_test::{closure#1}, ()>::{closure#1} as core[a373ad73a504971]::ops::function::FnOnce<()>>::call_once::{shim:vtable#0}
[INFO] [stdout]   17:     0x601c86927a3f - <std[617be2ca0a6fd877]::sys::thread::unix::Thread>::new::thread_start
[INFO] [stdout]   18:     0x7f4b1d3b1dfa - <unknown>
[INFO] [stdout]   19:     0x7f4b1d4453d4 - clone
[INFO] [stdout]   20:                0x0 - <unknown>
[INFO] [stdout] 
[INFO] [stdout] ---- cli::respects_relative_cache stdout ----
[INFO] [stdout] 
[INFO] [stdout] thread 'cli::respects_relative_cache' (1141) panicked at tests/cli.rs:33:9:
[INFO] [stdout] Could not find bkt binary in "/opt/rustwide/target/release/build/bkt/1a290dd9fc1e33a2"
[INFO] [stdout] stack backtrace:
[INFO] [stdout]    0:     0x601c86928541 - <<std[617be2ca0a6fd877]::sys::backtrace::BacktraceLock>::print::DisplayBacktrace as core[a373ad73a504971]::fmt::Display>::fmt
[INFO] [stdout]    1:     0x601c8693dd6a - core[a373ad73a504971]::fmt::write
[INFO] [stdout]    2:     0x601c8692d37c - <alloc[2e1b2a31b91974c5]::vec::Vec<u8> as core[a373ad73a504971]::io::write::Write>::write_fmt
[INFO] [stdout]    3:     0x601c86901316 - std[617be2ca0a6fd877]::panicking::default_hook::{closure#0}
[INFO] [stdout]    4:     0x601c8691f739 - std[617be2ca0a6fd877]::panicking::default_hook
[INFO] [stdout]    5:     0x601c868b2ac0 - test[aada8e7e76ba119b]::test_main_inner::{closure#0}
[INFO] [stdout]    6:     0x601c8691f8f2 - std[617be2ca0a6fd877]::panicking::panic_with_hook
[INFO] [stdout]    7:     0x601c869013c2 - std[617be2ca0a6fd877]::panicking::panic_handler::{closure#0}
[INFO] [stdout]    8:     0x601c868f9639 - std[617be2ca0a6fd877]::sys::backtrace::__rust_end_short_backtrace::<std[617be2ca0a6fd877]::panicking::panic_handler::{closure#0}, !>
[INFO] [stdout]    9:     0x601c8690217d - __rustc[ea4f61d10b84890b]::rust_begin_unwind
[INFO] [stdout]   10:     0x601c8693e49c - core[a373ad73a504971]::panicking::panic_fmt
[INFO] [stdout]   11:     0x601c86895d51 - cli[ae99a8f68694c997]::cli::bkt::<std[617be2ca0a6fd877]::path::PathBuf>
[INFO] [stdout]   12:     0x601c8689dba8 - <cli[ae99a8f68694c997]::cli::respects_relative_cache::{closure#0} as core[a373ad73a504971]::ops::function::FnOnce<()>>::call_once
[INFO] [stdout]   13:     0x601c868a5f0b - test[aada8e7e76ba119b]::__rust_begin_short_backtrace::<core[a373ad73a504971]::result::Result<(), alloc[2e1b2a31b91974c5]::string::String>, fn() -> core[a373ad73a504971]::result::Result<(), alloc[2e1b2a31b91974c5]::string::String>>
[INFO] [stdout]   14:     0x601c868b30e5 - test[aada8e7e76ba119b]::run_test::{closure#0}
[INFO] [stdout]   15:     0x601c868ac9d4 - std[617be2ca0a6fd877]::sys::backtrace::__rust_begin_short_backtrace::<test[aada8e7e76ba119b]::run_test::{closure#1}, ()>
[INFO] [stdout]   16:     0x601c868b6172 - <std[617be2ca0a6fd877]::thread::lifecycle::spawn_unchecked<test[aada8e7e76ba119b]::run_test::{closure#1}, ()>::{closure#1} as core[a373ad73a504971]::ops::function::FnOnce<()>>::call_once::{shim:vtable#0}
[INFO] [stdout]   17:     0x601c86927a3f - <std[617be2ca0a6fd877]::sys::thread::unix::Thread>::new::thread_start
[INFO] [stdout]   18:     0x7f4b1d3b1dfa - <unknown>
[INFO] [stdout]   19:     0x7f4b1d4453d4 - clone
[INFO] [stdout]   20:                0x0 - <unknown>
[INFO] [stdout] 
[INFO] [stdout] ---- cli::respects_env stdout ----
[INFO] [stdout] 
[INFO] [stdout] thread 'cli::respects_env' (1139) panicked at tests/cli.rs:33:9:
[INFO] [stdout] Could not find bkt binary in "/opt/rustwide/target/release/build/bkt/1a290dd9fc1e33a2"
[INFO] [stdout] stack backtrace:
[INFO] [stdout]    0:     0x601c86928541 - <<std[617be2ca0a6fd877]::sys::backtrace::BacktraceLock>::print::DisplayBacktrace as core[a373ad73a504971]::fmt::Display>::fmt
[INFO] [stdout]    1:     0x601c8693dd6a - core[a373ad73a504971]::fmt::write
[INFO] [stdout]    2:     0x601c8692d37c - <alloc[2e1b2a31b91974c5]::vec::Vec<u8> as core[a373ad73a504971]::io::write::Write>::write_fmt
[INFO] [stdout]    3:     0x601c86901316 - std[617be2ca0a6fd877]::panicking::default_hook::{closure#0}
[INFO] [stdout]    4:     0x601c8691f739 - std[617be2ca0a6fd877]::panicking::default_hook
[INFO] [stdout]    5:     0x601c868b2ac0 - test[aada8e7e76ba119b]::test_main_inner::{closure#0}
[INFO] [stdout]    6:     0x601c8691f8f2 - std[617be2ca0a6fd877]::panicking::panic_with_hook
[INFO] [stdout]    7:     0x601c869013c2 - std[617be2ca0a6fd877]::panicking::panic_handler::{closure#0}
[INFO] [stdout]    8:     0x601c868f9639 - std[617be2ca0a6fd877]::sys::backtrace::__rust_end_short_backtrace::<std[617be2ca0a6fd877]::panicking::panic_handler::{closure#0}, !>
[INFO] [stdout]    9:     0x601c8690217d - __rustc[ea4f61d10b84890b]::rust_begin_unwind
[INFO] [stdout]   10:     0x601c8693e49c - core[a373ad73a504971]::panicking::panic_fmt
[INFO] [stdout]   11:     0x601c86895d51 - cli[ae99a8f68694c997]::cli::bkt::<std[617be2ca0a6fd877]::path::PathBuf>
[INFO] [stdout]   12:     0x601c86897448 - <cli[ae99a8f68694c997]::cli::respects_env::{closure#0} as core[a373ad73a504971]::ops::function::FnOnce<()>>::call_once
[INFO] [stdout]   13:     0x601c868a5f0b - test[aada8e7e76ba119b]::__rust_begin_short_backtrace::<core[a373ad73a504971]::result::Result<(), alloc[2e1b2a31b91974c5]::string::String>, fn() -> core[a373ad73a504971]::result::Result<(), alloc[2e1b2a31b91974c5]::string::String>>
[INFO] [stdout]   14:     0x601c868b30e5 - test[aada8e7e76ba119b]::run_test::{closure#0}
[INFO] [stdout]   15:     0x601c868ac9d4 - std[617be2ca0a6fd877]::sys::backtrace::__rust_begin_short_backtrace::<test[aada8e7e76ba119b]::run_test::{closure#1}, ()>
[INFO] [stdout]   16:     0x601c868b6172 - <std[617be2ca0a6fd877]::thread::lifecycle::spawn_unchecked<test[aada8e7e76ba119b]::run_test::{closure#1}, ()>::{closure#1} as core[a373ad73a504971]::ops::function::FnOnce<()>>::call_once::{shim:vtable#0}
[INFO] [stdout]   17:     0x601c86927a3f - <std[617be2ca0a6fd877]::sys::thread::unix::Thread>::new::thread_start
[INFO] [stdout]   18:     0x7f4b1d3b1dfa - <unknown>
[INFO] [stdout]   19:     0x7f4b1d4453d4 - clone
[INFO] [stdout]   20:                0x0 - <unknown>
[INFO] [stdout] 
[INFO] [stdout] ---- cli::sensitive_output stdout ----
[INFO] [stdout] 
[INFO] [stdout] thread 'cli::sensitive_output' (1142) panicked at tests/cli.rs:33:9:
[INFO] [stdout] Could not find bkt binary in "/opt/rustwide/target/release/build/bkt/1a290dd9fc1e33a2"
[INFO] [stdout] stack backtrace:
[INFO] [stdout]    0:     0x601c86928541 - <<std[617be2ca0a6fd877]::sys::backtrace::BacktraceLock>::print::DisplayBacktrace as core[a373ad73a504971]::fmt::Display>::fmt
[INFO] [stdout]    1:     0x601c8693dd6a - core[a373ad73a504971]::fmt::write
[INFO] [stdout]    2:     0x601c8692d37c - <alloc[2e1b2a31b91974c5]::vec::Vec<u8> as core[a373ad73a504971]::io::write::Write>::write_fmt
[INFO] [stdout]    3:     0x601c86901316 - std[617be2ca0a6fd877]::panicking::default_hook::{closure#0}
[INFO] [stdout]    4:     0x601c8691f739 - std[617be2ca0a6fd877]::panicking::default_hook
[INFO] [stdout]    5:     0x601c868b2ac0 - test[aada8e7e76ba119b]::test_main_inner::{closure#0}
[INFO] [stdout]    6:     0x601c8691f8f2 - std[617be2ca0a6fd877]::panicking::panic_with_hook
[INFO] [stdout]    7:     0x601c869013c2 - std[617be2ca0a6fd877]::panicking::panic_handler::{closure#0}
[INFO] [stdout]    8:     0x601c868f9639 - std[617be2ca0a6fd877]::sys::backtrace::__rust_end_short_backtrace::<std[617be2ca0a6fd877]::panicking::panic_handler::{closure#0}, !>
[INFO] [stdout]    9:     0x601c8690217d - __rustc[ea4f61d10b84890b]::rust_begin_unwind
[INFO] [stdout]   10:     0x601c8693e49c - core[a373ad73a504971]::panicking::panic_fmt
[INFO] [stdout]   11:     0x601c86895d51 - cli[ae99a8f68694c997]::cli::bkt::<std[617be2ca0a6fd877]::path::PathBuf>
[INFO] [stdout]   12:     0x601c8689a621 - <cli[ae99a8f68694c997]::cli::sensitive_output::{closure#0} as core[a373ad73a504971]::ops::function::FnOnce<()>>::call_once
[INFO] [stdout]   13:     0x601c868a5f0b - test[aada8e7e76ba119b]::__rust_begin_short_backtrace::<core[a373ad73a504971]::result::Result<(), alloc[2e1b2a31b91974c5]::string::String>, fn() -> core[a373ad73a504971]::result::Result<(), alloc[2e1b2a31b91974c5]::string::String>>
[INFO] [stdout]   14:     0x601c868b30e5 - test[aada8e7e76ba119b]::run_test::{closure#0}
[INFO] [stdout]   15:     0x601c868ac9d4 - std[617be2ca0a6fd877]::sys::backtrace::__rust_begin_short_backtrace::<test[aada8e7e76ba119b]::run_test::{closure#1}, ()>
[INFO] [stdout]   16:     0x601c868b6172 - <std[617be2ca0a6fd877]::thread::lifecycle::spawn_unchecked<test[aada8e7e76ba119b]::run_test::{closure#1}, ()>::{closure#1} as core[a373ad73a504971]::ops::function::FnOnce<()>>::call_once::{shim:vtable#0}
[INFO] [stdout]   17:     0x601c86927a3f - <std[617be2ca0a6fd877]::sys::thread::unix::Thread>::new::thread_start
[INFO] [stdout]   18:     0x7f4b1d3b1dfa - <unknown>
[INFO] [stdout]   19:     0x7f4b1d4453d4 - clone
[INFO] [stdout]   20:                0x0 - <unknown>
[INFO] [stdout] 
[INFO] [stdout] ---- cli::truncated_output stdout ----
[INFO] [stdout] 
[INFO] [stdout] thread 'cli::truncated_output' (1144) panicked at tests/cli.rs:33:9:
[INFO] [stdout] Could not find bkt binary in "/opt/rustwide/target/release/build/bkt/1a290dd9fc1e33a2"
[INFO] [stdout] stack backtrace:
[INFO] [stdout]    0:     0x601c86928541 - <<std[617be2ca0a6fd877]::sys::backtrace::BacktraceLock>::print::DisplayBacktrace as core[a373ad73a504971]::fmt::Display>::fmt
[INFO] [stdout]    1:     0x601c8693dd6a - core[a373ad73a504971]::fmt::write
[INFO] [stdout]    2:     0x601c8692d37c - <alloc[2e1b2a31b91974c5]::vec::Vec<u8> as core[a373ad73a504971]::io::write::Write>::write_fmt
[INFO] [stdout]    3:     0x601c86901316 - std[617be2ca0a6fd877]::panicking::default_hook::{closure#0}
[INFO] [stdout]    4:     0x601c8691f739 - std[617be2ca0a6fd877]::panicking::default_hook
[INFO] [stdout]    5:     0x601c868b2ac0 - test[aada8e7e76ba119b]::test_main_inner::{closure#0}
[INFO] [stdout]    6:     0x601c8691f8f2 - std[617be2ca0a6fd877]::panicking::panic_with_hook
[INFO] [stdout]    7:     0x601c869013c2 - std[617be2ca0a6fd877]::panicking::panic_handler::{closure#0}
[INFO] [stdout]    8:     0x601c868f9639 - std[617be2ca0a6fd877]::sys::backtrace::__rust_end_short_backtrace::<std[617be2ca0a6fd877]::panicking::panic_handler::{closure#0}, !>
[INFO] [stdout]    9:     0x601c8690217d - __rustc[ea4f61d10b84890b]::rust_begin_unwind
[INFO] [stdout]   10:     0x601c8693e49c - core[a373ad73a504971]::panicking::panic_fmt
[INFO] [stdout]   11:     0x601c86895d51 - cli[ae99a8f68694c997]::cli::bkt::<std[617be2ca0a6fd877]::path::PathBuf>
[INFO] [stdout]   12:     0x601c8689ac70 - <cli[ae99a8f68694c997]::cli::truncated_output::{closure#0} as core[a373ad73a504971]::ops::function::FnOnce<()>>::call_once
[INFO] [stdout]   13:     0x601c868a5f0b - test[aada8e7e76ba119b]::__rust_begin_short_backtrace::<core[a373ad73a504971]::result::Result<(), alloc[2e1b2a31b91974c5]::string::String>, fn() -> core[a373ad73a504971]::result::Result<(), alloc[2e1b2a31b91974c5]::string::String>>
[INFO] [stdout]   14:     0x601c868b30e5 - test[aada8e7e76ba119b]::run_test::{closure#0}
[INFO] [stdout]   15:     0x601c868ac9d4 - std[617be2ca0a6fd877]::sys::backtrace::__rust_begin_short_backtrace::<test[aada8e7e76ba119b]::run_test::{closure#1}, ()>
[INFO] [stdout]   16:     0x601c868b6172 - <std[617be2ca0a6fd877]::thread::lifecycle::spawn_unchecked<test[aada8e7e76ba119b]::run_test::{closure#1}, ()>::{closure#1} as core[a373ad73a504971]::ops::function::FnOnce<()>>::call_once::{shim:vtable#0}
[INFO] [stdout]   17:     0x601c86927a3f - <std[617be2ca0a6fd877]::sys::thread::unix::Thread>::new::thread_start
[INFO] [stdout]   18:     0x7f4b1d3b1dfa - <unknown>
[INFO] [stdout]   19:     0x7f4b1d4453d4 - clone
[INFO] [stdout]   20:                0x0 - <unknown>
[INFO] [stdout] 
[INFO] [stdout] ---- cli::streaming stdout ----
[INFO] [stdout] 
[INFO] [stdout] thread 'cli::streaming' (1143) panicked at tests/cli.rs:33:9:
[INFO] [stdout] Could not find bkt binary in "/opt/rustwide/target/release/build/bkt/1a290dd9fc1e33a2"
[INFO] [stdout] stack backtrace:
[INFO] [stdout]    0:     0x601c86928541 - <<std[617be2ca0a6fd877]::sys::backtrace::BacktraceLock>::print::DisplayBacktrace as core[a373ad73a504971]::fmt::Display>::fmt
[INFO] [stdout]    1:     0x601c8693dd6a - core[a373ad73a504971]::fmt::write
[INFO] [stdout]    2:     0x601c8692d37c - <alloc[2e1b2a31b91974c5]::vec::Vec<u8> as core[a373ad73a504971]::io::write::Write>::write_fmt
[INFO] [stdout]    3:     0x601c86901316 - std[617be2ca0a6fd877]::panicking::default_hook::{closure#0}
[INFO] [stdout]    4:     0x601c8691f739 - std[617be2ca0a6fd877]::panicking::default_hook
[INFO] [stdout]    5:     0x601c868b2ac0 - test[aada8e7e76ba119b]::test_main_inner::{closure#0}
[INFO] [stdout]    6:     0x601c8691f8f2 - std[617be2ca0a6fd877]::panicking::panic_with_hook
[INFO] [stdout]    7:     0x601c869013c2 - std[617be2ca0a6fd877]::panicking::panic_handler::{closure#0}
[INFO] [stdout]    8:     0x601c868f9639 - std[617be2ca0a6fd877]::sys::backtrace::__rust_end_short_backtrace::<std[617be2ca0a6fd877]::panicking::panic_handler::{closure#0}, !>
[INFO] [stdout]    9:     0x601c8690217d - __rustc[ea4f61d10b84890b]::rust_begin_unwind
[INFO] [stdout]   10:     0x601c8693e49c - core[a373ad73a504971]::panicking::panic_fmt
[INFO] [stdout]   11:     0x601c86895d51 - cli[ae99a8f68694c997]::cli::bkt::<std[617be2ca0a6fd877]::path::PathBuf>
[INFO] [stdout]   12:     0x601c868a2c4b - <cli[ae99a8f68694c997]::cli::streaming::{closure#0} as core[a373ad73a504971]::ops::function::FnOnce<()>>::call_once
[INFO] [stdout]   13:     0x601c868a5f0b - test[aada8e7e76ba119b]::__rust_begin_short_backtrace::<core[a373ad73a504971]::result::Result<(), alloc[2e1b2a31b91974c5]::string::String>, fn() -> core[a373ad73a504971]::result::Result<(), alloc[2e1b2a31b91974c5]::string::String>>
[INFO] [stdout]   14:     0x601c868b30e5 - test[aada8e7e76ba119b]::run_test::{closure#0}
[INFO] [stdout]   15:     0x601c868ac9d4 - std[617be2ca0a6fd877]::sys::backtrace::__rust_begin_short_backtrace::<test[aada8e7e76ba119b]::run_test::{closure#1}, ()>
[INFO] [stdout]   16:     0x601c868b6172 - <std[617be2ca0a6fd877]::thread::lifecycle::spawn_unchecked<test[aada8e7e76ba119b]::run_test::{closure#1}, ()>::{closure#1} as core[a373ad73a504971]::ops::function::FnOnce<()>>::call_once::{shim:vtable#0}
[INFO] [stdout]   17:     0x601c86927a3f - <std[617be2ca0a6fd877]::sys::thread::unix::Thread>::new::thread_start
[INFO] [stdout]   18:     0x7f4b1d3b1dfa - <unknown>
[INFO] [stdout]   19:     0x7f4b1d4453d4 - clone
[INFO] [stdout]   20:                0x0 - <unknown>
[INFO] [stdout] 
[INFO] [stdout] ---- cli::warm stdout ----
[INFO] [stdout] 
[INFO] [stdout] thread 'cli::warm' (1145) panicked at tests/cli.rs:33:9:
[INFO] [stdout] Could not find bkt binary in "/opt/rustwide/target/release/build/bkt/1a290dd9fc1e33a2"
[INFO] [stdout] stack backtrace:
[INFO] [stdout]    0:     0x601c86928541 - <<std[617be2ca0a6fd877]::sys::backtrace::BacktraceLock>::print::DisplayBacktrace as core[a373ad73a504971]::fmt::Display>::fmt
[INFO] [stdout]    1:     0x601c8693dd6a - core[a373ad73a504971]::fmt::write
[INFO] [stdout]    2:     0x601c8692d37c - <alloc[2e1b2a31b91974c5]::vec::Vec<u8> as core[a373ad73a504971]::io::write::Write>::write_fmt
[INFO] [stdout]    3:     0x601c86901316 - std[617be2ca0a6fd877]::panicking::default_hook::{closure#0}
[INFO] [stdout]    4:     0x601c8691f739 - std[617be2ca0a6fd877]::panicking::default_hook
[INFO] [stdout]    5:     0x601c868b2ac0 - test[aada8e7e76ba119b]::test_main_inner::{closure#0}
[INFO] [stdout]    6:     0x601c8691f8f2 - std[617be2ca0a6fd877]::panicking::panic_with_hook
[INFO] [stdout]    7:     0x601c869013c2 - std[617be2ca0a6fd877]::panicking::panic_handler::{closure#0}
[INFO] [stdout]    8:     0x601c868f9639 - std[617be2ca0a6fd877]::sys::backtrace::__rust_end_short_backtrace::<std[617be2ca0a6fd877]::panicking::panic_handler::{closure#0}, !>
[INFO] [stdout]    9:     0x601c8690217d - __rustc[ea4f61d10b84890b]::rust_begin_unwind
[INFO] [stdout]   10:     0x601c8693e49c - core[a373ad73a504971]::panicking::panic_fmt
[INFO] [stdout]   11:     0x601c86895d51 - cli[ae99a8f68694c997]::cli::bkt::<std[617be2ca0a6fd877]::path::PathBuf>
[INFO] [stdout]   12:     0x601c868a113e - <cli[ae99a8f68694c997]::cli::warm::{closure#0} as core[a373ad73a504971]::ops::function::FnOnce<()>>::call_once
[INFO] [stdout]   13:     0x601c868a5f0b - test[aada8e7e76ba119b]::__rust_begin_short_backtrace::<core[a373ad73a504971]::result::Result<(), alloc[2e1b2a31b91974c5]::string::String>, fn() -> core[a373ad73a504971]::result::Result<(), alloc[2e1b2a31b91974c5]::string::String>>
[INFO] [stdout]   14:     0x601c868b30e5 - test[aada8e7e76ba119b]::run_test::{closure#0}
[INFO] [stdout]   15:     0x601c868ac9d4 - std[617be2ca0a6fd877]::sys::backtrace::__rust_begin_short_backtrace::<test[aada8e7e76ba119b]::run_test::{closure#1}, ()>
[INFO] [stdout]   16:     0x601c868b6172 - <std[617be2ca0a6fd877]::thread::lifecycle::spawn_unchecked<test[aada8e7e76ba119b]::run_test::{closure#1}, ()>::{closure#1} as core[a373ad73a504971]::ops::function::FnOnce<()>>::call_once::{shim:vtable#0}
[INFO] [stdout]   17:     0x601c86927a3f - <std[617be2ca0a6fd877]::sys::thread::unix::Thread>::new::thread_start
[INFO] [stdout]   18:     0x7f4b1d3b1dfa - <unknown>
[INFO] [stdout]   19:     0x7f4b1d4453d4 - clone
[INFO] [stdout]   20:                0x0 - <unknown>
[INFO] [stdout] 
[INFO] [stdout] 
[INFO] [stdout] failures:
[INFO] [stdout]     cli::cache_expires
[INFO] [stdout]     cli::cache_expires_separately
[INFO] [stdout]     cli::cache_hits_with_different_settings
[INFO] [stdout]     cli::cache_refreshes_in_background
[INFO] [stdout]     cli::cached
[INFO] [stdout]     cli::concurrent_call_race
[INFO] [stdout]     cli::discard_failure_cached_separately
[INFO] [stdout]     cli::discard_failures
[INFO] [stdout]     cli::discard_failures_in_background
[INFO] [stdout]     cli::exit_code_preserved
[INFO] [stdout]     cli::force
[INFO] [stdout]     cli::help
[INFO] [stdout]     cli::large_output
[INFO] [stdout]     cli::no_debug_output
[INFO] [stdout]     cli::output_preserved
[INFO] [stdout]     cli::respects_args
[INFO] [stdout]     cli::respects_cache_dir
[INFO] [stdout]     cli::respects_cache_scope
[INFO] [stdout]     cli::respects_cwd
[INFO] [stdout]     cli::respects_env
[INFO] [stdout]     cli::respects_modtime
[INFO] [stdout]     cli::respects_relative_cache
[INFO] [stdout]     cli::sensitive_output
[INFO] [stdout]     cli::streaming
[INFO] [stdout]     cli::truncated_output
[INFO] [stdout]     cli::warm
[INFO] [stdout] 
[INFO] [stdout] test result: FAILED. 1 passed; 26 failed; 0 ignored; 0 measured; 0 filtered out; finished in 0.03s
[INFO] [stdout] 
[INFO] [stderr] error: test failed, to rerun pass `--test cli`
[INFO] running `Command { std: "docker" "inspect" "abfa0466d66c8600340aada7a5a87260ee6e736e601c3245d23c9737d591f1b1", kill_on_drop: false }`
[INFO] running `Command { std: "docker" "rm" "-f" "abfa0466d66c8600340aada7a5a87260ee6e736e601c3245d23c9737d591f1b1", kill_on_drop: false }`
[INFO] [stdout] abfa0466d66c8600340aada7a5a87260ee6e736e601c3245d23c9737d591f1b1
