[INFO] cloning repository https://github.com/devover30/learn_idiom_api
[INFO] running `Command { std: "git" "-c" "credential.helper=" "-c" "credential.helper=/workspace/cargo-home/bin/git-credential-null" "clone" "--bare" "https://github.com/devover30/learn_idiom_api" "/workspace/cache/git-repos/https%3A%2F%2Fgithub.com%2Fdevover30%2Flearn_idiom_api", kill_on_drop: false }`
[INFO] [stderr] Cloning into bare repository '/workspace/cache/git-repos/https%3A%2F%2Fgithub.com%2Fdevover30%2Flearn_idiom_api'...
[INFO] running `Command { std: "git" "rev-parse" "HEAD", kill_on_drop: false }`
[INFO] [stdout] 918cba2860d1ef1a521e311999a35c8f9475ef4e
[INFO] testing devover30/learn_idiom_api against 1.99.0-beta.8+cargoflags=--release for beta-release-1.100-2
[INFO] running `Command { std: "git" "clone" "/workspace/cache/git-repos/https%3A%2F%2Fgithub.com%2Fdevover30%2Flearn_idiom_api" "/workspace/builds/worker-0-tc1/source", kill_on_drop: false }`
[INFO] [stderr] Cloning into '/workspace/builds/worker-0-tc1/source'...
[INFO] [stderr] done.
[INFO] started tweaking git repo https://github.com/devover30/learn_idiom_api
[INFO] finished tweaking git repo https://github.com/devover30/learn_idiom_api
[INFO] tweaked toml for git repo https://github.com/devover30/learn_idiom_api written to /workspace/builds/worker-0-tc1/source/Cargo.toml
[INFO] validating manifest of git repo https://github.com/devover30/learn_idiom_api on toolchain 1.99.0-beta.8
[INFO] running `Command { std: CARGO_HOME="/workspace/cargo-home" RUSTUP_HOME="/workspace/rustup-home" "/workspace/cargo-home/bin/cargo" "+1.99.0-beta.8" "metadata" "--manifest-path" "Cargo.toml" "--no-deps", kill_on_drop: false }`
[INFO] crate git repo https://github.com/devover30/learn_idiom_api already has a lockfile, it will not be regenerated
[INFO] running `Command { std: CARGO_HOME="/workspace/cargo-home" RUSTUP_HOME="/workspace/rustup-home" "/workspace/cargo-home/bin/cargo" "+1.99.0-beta.8" "fetch" "--manifest-path" "Cargo.toml", kill_on_drop: false }`
[INFO] [stderr]     Blocking waiting for file lock on package cache
[INFO] [stderr]     Updating crates.io index
[INFO] [stderr]     Blocking waiting for file lock on package cache
[INFO] [stderr]  Downloading crates ...
[INFO] [stderr]   Downloaded uuid v1.8.0
[INFO] [stderr]   Downloaded thread_local v1.1.8
[INFO] [stderr]   Downloaded http-range-header v0.4.1
[INFO] [stderr]   Downloaded unicase v2.7.0
[INFO] [stderr]   Downloaded darling_macro v0.20.8
[INFO] [stderr]   Downloaded ident_case v1.0.1
[INFO] [stderr]   Downloaded serde_repr v0.1.19
[INFO] [stderr]   Downloaded proc-macro2 v1.0.82
[INFO] [stderr]   Downloaded parking_lot v0.12.2
[INFO] [stderr]   Downloaded mime_guess v2.0.4
[INFO] [stderr]   Downloaded testcontainers v0.16.7
[INFO] [stderr]   Downloaded serde_with_macros v3.8.1
[INFO] [stderr]   Downloaded dns-lookup v2.0.4
[INFO] [stderr]   Downloaded redox_users v0.4.5
[INFO] [stderr]   Downloaded serde_derive v1.0.200
[INFO] [stderr]   Downloaded darling v0.20.8
[INFO] [stderr]   Downloaded thiserror-impl v1.0.60
[INFO] [stderr]   Downloaded hyperlocal-next v0.9.0
[INFO] [stderr]   Downloaded home v0.5.9
[INFO] [stderr]   Downloaded parse-display v0.9.0
[INFO] [stderr]   Downloaded structmeta v0.3.0
[INFO] [stderr]   Downloaded docker_credential v1.3.1
[INFO] [stderr]   Downloaded structmeta-derive v0.3.0
[INFO] [stderr]   Downloaded miniz_oxide v0.7.2
[INFO] [stderr]   Downloaded wasite v0.1.0
[INFO] [stderr]   Downloaded rustls-pki-types v1.6.0
[INFO] [stderr]   Downloaded libredox v0.1.3
[INFO] [stderr]   Downloaded rustls-native-certs v0.7.0
[INFO] [stderr]   Downloaded allocator-api2 v0.2.18
[INFO] [stderr]   Downloaded parse-display-derive v0.9.0
[INFO] [stderr]   Downloaded hyper-rustls v0.26.0
[INFO] [stderr]   Downloaded hyper-named-pipe v0.1.0
[INFO] [stderr]   Downloaded either v1.11.0
[INFO] [stderr]   Downloaded crossbeam-queue v0.3.11
[INFO] [stderr]   Downloaded whoami v1.5.1
[INFO] [stderr]   Downloaded serde v1.0.200
[INFO] [stderr]   Downloaded backtrace v0.3.71
[INFO] [stderr]   Downloaded cc v1.0.97
[INFO] [stderr]   Downloaded testcontainers-modules v0.4.2
[INFO] [stderr]   Downloaded darling_core v0.20.8
[INFO] [stderr]   Downloaded thiserror v1.0.60
[INFO] [stderr]   Downloaded bollard-stubs v1.44.0-rc.2
[INFO] [stderr]   Downloaded tokio-rustls v0.25.0
[INFO] [stderr]   Downloaded tokio-stream v0.1.15
[INFO] [stderr]   Downloaded crossbeam-utils v0.8.19
[INFO] [stderr]   Downloaded tower-http v0.5.2
[INFO] [stderr]   Downloaded base64 v0.21.7
[INFO] [stderr]   Downloaded sqlx-sqlite v0.7.4
[INFO] [stderr]   Downloaded serde_path_to_error v0.1.16
[INFO] [stderr]   Downloaded sqlx-mysql v0.7.4
[INFO] [stderr]   Downloaded sqlx-macros-core v0.7.4
[INFO] [stderr]   Downloaded serde_json v1.0.116
[INFO] [stderr]   Downloaded bollard v0.16.1
[INFO] [stderr]   Downloaded der v0.7.9
[INFO] [stderr]   Downloaded sqlx-macros v0.7.4
[INFO] [stderr]   Downloaded tracing-subscriber v0.3.18
[INFO] [stderr]   Downloaded serde_with v3.8.1
[INFO] [stderr]   Downloaded sqlx-core v0.7.4
[INFO] [stderr]   Downloaded sqlx-postgres v0.7.4
[INFO] [stderr]   Downloaded unicode-segmentation v1.11.0
[INFO] [stderr]   Downloaded sync_wrapper v1.0.1
[INFO] [stderr]   Downloaded sqlx v0.7.4
[INFO] [stderr]   Downloaded axum-macros v0.4.1
[INFO] [stderr]   Downloaded rustls-webpki v0.102.3
[INFO] [stderr]   Downloaded syn v2.0.61
[INFO] [stderr]   Downloaded hkdf v0.12.4
[INFO] [stderr]   Downloaded regex-syntax v0.6.29
[INFO] [stderr]   Downloaded object v0.32.2
[INFO] [stderr]   Downloaded webpki-roots v0.25.4
[INFO] [stderr]   Downloaded rustversion v1.0.16
[INFO] [stderr]   Downloaded rustls v0.21.12
[INFO] [stderr]   Downloaded rustls v0.22.4
[INFO] [stderr]   Downloaded axum v0.7.5
[INFO] [stderr]   Downloaded libc v0.2.154
[INFO] [stderr]   Downloaded axum-core v0.4.3
[INFO] [stderr]   Downloaded tokio v1.37.0
[INFO] [stderr]   Downloaded linux-raw-sys v0.4.13
[INFO] [stderr]   Downloaded ring v0.17.8
[INFO] [stderr]   Downloaded hyper-util v0.1.3
[INFO] running `Command { std: "docker" "create" "-v" "/var/lib/crater-agent-workspace/builds/worker-0-tc1/source:/opt/rustwide/workdir:ro,Z" "-v" "/var/lib/crater-agent-workspace/builds/worker-0-tc1/target:/opt/rustwide/target:rw,Z" "-v" "/var/lib/crater-agent-workspace/cargo-home:/opt/rustwide/cargo-home:ro,Z" "-v" "/var/lib/crater-agent-workspace/rustup-home:/opt/rustwide/rustup-home:ro,Z" "-m" "1610612736" "--network" "none" "ghcr.io/rust-lang/crates-build-env/linux@sha256:77db811e55d90add9212f6832c23229e3de5f1c1f9905e8cb07319ea15df73ac" "sleep" "infinity", kill_on_drop: false }`
[INFO] [stdout] 32b9e54805dc41f0e04d1c6f1891e72bb50660d0f6f02b66640cd358a42d68fa
[INFO] running `Command { std: "docker" "start" "32b9e54805dc41f0e04d1c6f1891e72bb50660d0f6f02b66640cd358a42d68fa", kill_on_drop: false }`
[INFO] running `Command { std: "docker" "inspect" "32b9e54805dc41f0e04d1c6f1891e72bb50660d0f6f02b66640cd358a42d68fa", kill_on_drop: false }`
[INFO] running `Command { std: "docker" "exec" "-e" "SOURCE_DIR=/opt/rustwide/workdir" "-e" "CARGO_HOME=/opt/rustwide/cargo-home" "-e" "RUSTUP_HOME=/opt/rustwide/rustup-home" "-e" "CARGO_TARGET_DIR=/opt/rustwide/target" "-w" "/opt/rustwide/workdir" "--user" "0:0" "32b9e54805dc41f0e04d1c6f1891e72bb50660d0f6f02b66640cd358a42d68fa" "/opt/rustwide/cargo-home/bin/cargo" "+1.99.0-beta.8" "metadata" "--no-deps" "--format-version=1", kill_on_drop: false }`
[INFO] running `Command { std: "docker" "inspect" "32b9e54805dc41f0e04d1c6f1891e72bb50660d0f6f02b66640cd358a42d68fa", kill_on_drop: false }`
[INFO] running `Command { std: "docker" "exec" "-e" "SOURCE_DIR=/opt/rustwide/workdir" "-e" "CARGO_HOME=/opt/rustwide/cargo-home" "-e" "RUSTUP_HOME=/opt/rustwide/rustup-home" "-e" "CARGO_TARGET_DIR=/opt/rustwide/target" "-e" "CARGO_INCREMENTAL=0" "-e" "RUST_BACKTRACE=full" "-e" "RUSTFLAGS=--cap-lints=warn" "-e" "RUSTDOCFLAGS=--cap-lints=warn" "-w" "/opt/rustwide/workdir" "--user" "0:0" "32b9e54805dc41f0e04d1c6f1891e72bb50660d0f6f02b66640cd358a42d68fa" "/opt/rustwide/cargo-home/bin/cargo" "+1.99.0-beta.8" "build" "--frozen" "--message-format=json" "--release", kill_on_drop: false }`
[INFO] [stderr]    Compiling libc v0.2.154
[INFO] [stderr]    Compiling proc-macro2 v1.0.82
[INFO] [stderr]    Compiling version_check v0.9.4
[INFO] [stderr]    Compiling unicode-ident v1.0.12
[INFO] [stderr]    Compiling autocfg v1.3.0
[INFO] [stderr]    Compiling cfg-if v1.0.0
[INFO] [stderr]    Compiling typenum v1.17.0
[INFO] [stderr]    Compiling serde v1.0.200
[INFO] [stderr]    Compiling parking_lot_core v0.9.10
[INFO] [stderr]    Compiling cc v1.0.97
[INFO] [stderr]    Compiling pin-project-lite v0.2.14
[INFO] [stderr]    Compiling memchr v2.7.2
[INFO] [stderr]    Compiling once_cell v1.19.0
[INFO] [stderr]    Compiling bytes v1.6.0
[INFO] [stderr]    Compiling futures-core v0.3.30
[INFO] [stderr]    Compiling smallvec v1.13.2
[INFO] [stderr]    Compiling scopeguard v1.2.0
[INFO] [stderr]    Compiling itoa v1.0.11
[INFO] [stderr]    Compiling crossbeam-utils v0.8.19
[INFO] [stderr]    Compiling serde_json v1.0.116
[INFO] [stderr]    Compiling futures-sink v0.3.30
[INFO] [stderr]    Compiling thiserror v1.0.60
[INFO] [stderr]    Compiling rustls v0.21.12
[INFO] [stderr]    Compiling generic-array v0.14.7
[INFO] [stderr]    Compiling ahash v0.8.11
[INFO] [stderr]    Compiling tracing-core v0.1.32
[INFO] [stderr]    Compiling futures-io v0.3.30
[INFO] [stderr]    Compiling futures-task v0.3.30
[INFO] [stderr]    Compiling tinyvec_macros v0.1.1
[INFO] [stderr]    Compiling subtle v2.5.0
[INFO] [stderr]    Compiling pin-utils v0.1.0
[INFO] [stderr]    Compiling lock_api v0.4.12
[INFO] [stderr]    Compiling slab v0.4.9
[INFO] [stderr]    Compiling num-traits v0.2.19
[INFO] [stderr]    Compiling log v0.4.21
[INFO] [stderr]    Compiling tinyvec v1.6.0
[INFO] [stderr]    Compiling zerocopy v0.7.34
[INFO] [stderr]    Compiling paste v1.0.15
[INFO] [stderr]    Compiling spin v0.9.8
[INFO] [stderr]    Compiling getrandom v0.2.15
[INFO] [stderr]    Compiling signal-hook-registry v1.4.2
[INFO] [stderr]    Compiling mio v0.8.11
[INFO] [stderr]    Compiling socket2 v0.5.7
[INFO] [stderr]    Compiling num_cpus v1.16.0
[INFO] [stderr]    Compiling untrusted v0.9.0
[INFO] [stderr]    Compiling parking_lot v0.12.2
[INFO] [stderr]    Compiling futures-util v0.3.30
[INFO] [stderr]    Compiling quote v1.0.36
[INFO] [stderr]    Compiling unicase v2.7.0
[INFO] [stderr]    Compiling fnv v1.0.7
[INFO] [stderr]    Compiling syn v2.0.61
[INFO] [stderr]    Compiling percent-encoding v2.3.1
[INFO] [stderr]    Compiling allocator-api2 v0.2.18
[INFO] [stderr]    Compiling unicode-bidi v0.3.15
[INFO] [stderr]    Compiling rustversion v1.0.16
[INFO] [stderr]    Compiling unicode-normalization v0.1.23
[INFO] [stderr]    Compiling ring v0.17.8
[INFO] [stderr]    Compiling http v1.1.0
[INFO] [stderr]    Compiling crypto-common v0.1.6
[INFO] [stderr]    Compiling block-buffer v0.10.4
[INFO] [stderr]    Compiling digest v0.10.7
[INFO] [stderr]    Compiling hashbrown v0.14.5
[INFO] [stderr]    Compiling minimal-lexical v0.2.1
[INFO] [stderr]    Compiling form_urlencoded v1.2.1
[INFO] [stderr]    Compiling idna v0.5.0
[INFO] [stderr]    Compiling nom v7.1.3
[INFO] [stderr]    Compiling tokio v1.37.0
[INFO] [stderr]    Compiling rand_core v0.6.4
[INFO] [stderr]    Compiling futures-channel v0.3.30
[INFO] [stderr]    Compiling unicode-segmentation v1.11.0
[INFO] [stderr]    Compiling ppv-lite86 v0.2.17
[INFO] [stderr]    Compiling equivalent v1.0.1
[INFO] [stderr]    Compiling ryu v1.0.18
[INFO] [stderr]    Compiling unicode_categories v0.1.1
[INFO] [stderr]    Compiling base64 v0.21.7
[INFO] [stderr]    Compiling bitflags v2.5.0
[INFO] [stderr]    Compiling iana-time-zone v0.1.60
[INFO] [stderr]    Compiling crc-catalog v2.4.0
[INFO] [stderr]    Compiling http-body v1.0.0
[INFO] [stderr]    Compiling rustix v0.38.34
[INFO] [stderr]    Compiling cpufeatures v0.2.12
[INFO] [stderr]    Compiling sha2 v0.10.8
[INFO] [stderr]    Compiling rustls-pemfile v1.0.4
[INFO] [stderr]    Compiling rand_chacha v0.3.1
[INFO] [stderr]    Compiling chrono v0.4.38
[INFO] [stderr]    Compiling crc v3.2.1
[INFO] [stderr]    Compiling heck v0.4.1
[INFO] [stderr]    Compiling indexmap v2.2.6
[INFO] [stderr]    Compiling crossbeam-queue v0.3.11
[INFO] [stderr]    Compiling atoi v2.0.0
[INFO] [stderr]    Compiling url v2.5.0
[INFO] [stderr]    Compiling futures-intrusive v0.5.0
[INFO] [stderr]    Compiling hashlink v0.8.4
[INFO] [stderr]    Compiling hmac v0.12.1
[INFO] [stderr]    Compiling httparse v1.8.0
[INFO] [stderr]    Compiling hex v0.4.3
[INFO] [stderr]    Compiling webpki-roots v0.25.4
[INFO] [stderr]    Compiling event-listener v2.5.3
[INFO] [stderr]    Compiling syn v1.0.109
[INFO] [stderr]    Compiling byteorder v1.5.0
[INFO] [stderr]    Compiling finl_unicode v1.2.0
[INFO] [stderr]    Compiling linux-raw-sys v0.4.13
[INFO] [stderr]    Compiling hkdf v0.12.4
[INFO] [stderr]    Compiling rand v0.8.5
[INFO] [stderr]    Compiling md-5 v0.10.6
[INFO] [stderr]    Compiling stringprep v0.1.4
[INFO] [stderr]    Compiling whoami v1.5.1
[INFO] [stderr]    Compiling tower-service v0.3.2
[INFO] [stderr]    Compiling fastrand v2.1.0
[INFO] [stderr]    Compiling tower-layer v0.3.2
[INFO] [stderr]    Compiling httpdate v1.0.3
[INFO] [stderr]    Compiling dotenvy v0.15.7
[INFO] [stderr]    Compiling home v0.5.9
[INFO] [stderr]    Compiling mime v0.3.17
[INFO] [stderr]    Compiling mime_guess v2.0.4
[INFO] [stderr]    Compiling rustls-webpki v0.101.7
[INFO] [stderr]    Compiling sct v0.7.1
[INFO] [stderr]    Compiling http-body-util v0.1.1
[INFO] [stderr]    Compiling axum-core v0.4.3
[INFO] [stderr]    Compiling aho-corasick v1.1.3
[INFO] [stderr]    Compiling regex-syntax v0.8.3
[INFO] [stderr]    Compiling tempfile v3.10.1
[INFO] [stderr]    Compiling regex-syntax v0.6.29
[INFO] [stderr]    Compiling tokio-stream v0.1.15
[INFO] [stderr]    Compiling axum v0.7.5
[INFO] [stderr]    Compiling overload v0.1.1
[INFO] [stderr]    Compiling sync_wrapper v0.1.2
[INFO] [stderr]    Compiling lazy_static v1.4.0
[INFO] [stderr]    Compiling sharded-slab v0.1.7
[INFO] [stderr]    Compiling nu-ansi-term v0.46.0
[INFO] [stderr]    Compiling serde_derive v1.0.200
[INFO] [stderr]    Compiling tracing-attributes v0.1.27
[INFO] [stderr]    Compiling tokio-macros v2.2.0
[INFO] [stderr]    Compiling thiserror-impl v1.0.60
[INFO] [stderr]    Compiling pin-project-internal v1.1.5
[INFO] [stderr]    Compiling async-trait v0.1.80
[INFO] [stderr]    Compiling axum-macros v0.4.1
[INFO] [stderr]    Compiling tracing-log v0.2.0
[INFO] [stderr]    Compiling thread_local v1.1.8
[INFO] [stderr]    Compiling matchit v0.7.3
[INFO] [stderr]    Compiling http-range-header v0.4.1
[INFO] [stderr]    Compiling regex-automata v0.4.6
[INFO] [stderr]    Compiling pin-project v1.1.5
[INFO] [stderr]    Compiling regex-automata v0.1.10
[INFO] [stderr]    Compiling sync_wrapper v1.0.1
[INFO] [stderr]    Compiling uuid v1.8.0
[INFO] [stderr]    Compiling tracing v0.1.40
[INFO] [stderr]    Compiling base64 v0.22.1
[INFO] [stderr]    Compiling matchers v0.1.0
[INFO] [stderr]    Compiling either v1.11.0
[INFO] [stderr]    Compiling serde_urlencoded v0.7.1
[INFO] [stderr]    Compiling serde_path_to_error v0.1.16
[INFO] [stderr]    Compiling regex v1.10.4
[INFO] [stderr]    Compiling itertools v0.12.1
[INFO] [stderr]    Compiling tracing-subscriber v0.3.18
[INFO] [stderr]    Compiling hyper v1.3.1
[INFO] [stderr]    Compiling tokio-util v0.7.11
[INFO] [stderr]    Compiling tower v0.4.13
[INFO] [stderr]    Compiling sqlformat v0.2.3
[INFO] [stderr]    Compiling tower-http v0.5.2
[INFO] [stderr]    Compiling hyper-util v0.1.3
[INFO] [stderr]    Compiling sqlx-core v0.7.4
[INFO] [stderr]    Compiling sqlx-postgres v0.7.4
[INFO] [stderr]    Compiling sqlx-macros-core v0.7.4
[INFO] [stderr]    Compiling sqlx-macros v0.7.4
[INFO] [stderr]    Compiling sqlx v0.7.4
[INFO] [stderr]    Compiling learn_idiom_v1 v0.1.0 (/opt/rustwide/workdir)
[INFO] [stdout] warning: struct `TokenClaims` is never constructed
[INFO] [stdout]   --> src/models/mod.rs:22:12
[INFO] [stdout]    |
[INFO] [stdout] 22 | pub struct TokenClaims {
[INFO] [stdout]    |            ^^^^^^^^^^^
[INFO] [stdout]    |
[INFO] [stdout]    = note: `#[warn(dead_code)]` (part of `#[warn(unused)]`) on by default
[INFO] [stdout] 
[INFO] [stdout] 
[INFO] [stderr]     Finished `release` profile [optimized] target(s) in 2m 53s
[INFO] [stderr] warning: the following packages contain code that will be rejected by a future version of Rust: sqlx-postgres v0.7.4
[INFO] [stderr] note: to see what the problems were, use the option `--future-incompat-report`, or run `cargo report future-incompatibilities --id 2`
[INFO] running `Command { std: "docker" "inspect" "32b9e54805dc41f0e04d1c6f1891e72bb50660d0f6f02b66640cd358a42d68fa", kill_on_drop: false }`
[INFO] running `Command { std: "docker" "exec" "-e" "SOURCE_DIR=/opt/rustwide/workdir" "-e" "CARGO_HOME=/opt/rustwide/cargo-home" "-e" "RUSTUP_HOME=/opt/rustwide/rustup-home" "-e" "CARGO_TARGET_DIR=/opt/rustwide/target" "-e" "CARGO_INCREMENTAL=0" "-e" "RUST_BACKTRACE=full" "-e" "RUSTFLAGS=--cap-lints=warn" "-e" "RUSTDOCFLAGS=--cap-lints=warn" "-w" "/opt/rustwide/workdir" "--user" "0:0" "32b9e54805dc41f0e04d1c6f1891e72bb50660d0f6f02b66640cd358a42d68fa" "/opt/rustwide/cargo-home/bin/cargo" "+1.99.0-beta.8" "test" "--frozen" "--no-run" "--message-format=json" "--release", kill_on_drop: false }`
[INFO] [stderr]    Compiling syn v2.0.61
[INFO] [stderr]    Compiling serde v1.0.200
[INFO] [stderr]    Compiling fnv v1.0.7
[INFO] [stderr]    Compiling ident_case v1.0.1
[INFO] [stderr]    Compiling try-lock v0.2.5
[INFO] [stderr]    Compiling strsim v0.10.0
[INFO] [stderr]    Compiling rustls-pki-types v1.6.0
[INFO] [stderr]    Compiling rustls v0.22.4
[INFO] [stderr]    Compiling aho-corasick v1.1.3
[INFO] [stderr]    Compiling regex-syntax v0.8.3
[INFO] [stderr]    Compiling zeroize v1.7.0
[INFO] [stderr]    Compiling openssl-probe v0.1.5
[INFO] [stderr]    Compiling want v0.3.1
[INFO] [stderr]    Compiling option-ext v0.2.0
[INFO] [stderr]    Compiling dns-lookup v2.0.4
[INFO] [stderr]    Compiling dirs-sys v0.4.1
[INFO] [stderr]    Compiling dirs v5.0.1
[INFO] [stderr]    Compiling rustls-webpki v0.102.3
[INFO] [stderr]    Compiling rustls-pemfile v2.1.2
[INFO] [stderr]    Compiling rustls-native-certs v0.7.0
[INFO] [stderr]    Compiling regex-automata v0.4.6
[INFO] [stderr]    Compiling darling_core v0.20.8
[INFO] [stderr]    Compiling serde_derive v1.0.200
[INFO] [stderr]    Compiling tracing-attributes v0.1.27
[INFO] [stderr]    Compiling tokio-macros v2.2.0
[INFO] [stderr]    Compiling futures-macro v0.3.30
[INFO] [stderr]    Compiling thiserror-impl v1.0.60
[INFO] [stderr]    Compiling pin-project-internal v1.1.5
[INFO] [stderr]    Compiling structmeta-derive v0.3.0
[INFO] [stderr]    Compiling serde_repr v0.1.19
[INFO] [stderr]    Compiling async-trait v0.1.80
[INFO] [stderr]    Compiling axum-macros v0.4.1
[INFO] [stderr]    Compiling tokio v1.37.0
[INFO] [stderr]    Compiling regex v1.10.4
[INFO] [stderr]    Compiling futures-util v0.3.30
[INFO] [stderr]    Compiling thiserror v1.0.60
[INFO] [stderr]    Compiling structmeta v0.3.0
[INFO] [stderr]    Compiling pin-project v1.1.5
[INFO] [stderr]    Compiling parse-display-derive v0.9.0
[INFO] [stderr]    Compiling tracing v0.1.40
[INFO] [stderr]    Compiling tracing-subscriber v0.3.18
[INFO] [stderr]    Compiling darling_macro v0.20.8
[INFO] [stderr]    Compiling darling v0.20.8
[INFO] [stderr]    Compiling serde_with_macros v3.8.1
[INFO] [stderr]    Compiling parse-display v0.9.0
[INFO] [stderr]    Compiling futures-executor v0.3.30
[INFO] [stderr]    Compiling axum-core v0.4.3
[INFO] [stderr]    Compiling futures v0.3.30
[INFO] [stderr]    Compiling either v1.11.0
[INFO] [stderr]    Compiling serde_json v1.0.116
[INFO] [stderr]    Compiling itertools v0.12.1
[INFO] [stderr]    Compiling tower v0.4.13
[INFO] [stderr]    Compiling hyper v1.3.1
[INFO] [stderr]    Compiling tokio-rustls v0.25.0
[INFO] [stderr]    Compiling tokio-util v0.7.11
[INFO] [stderr]    Compiling tokio-stream v0.1.15
[INFO] [stderr]    Compiling url v2.5.0
[INFO] [stderr]    Compiling serde_urlencoded v0.7.1
[INFO] [stderr]    Compiling serde_with v3.8.1
[INFO] [stderr]    Compiling chrono v0.4.38
[INFO] [stderr]    Compiling serde_path_to_error v0.1.16
[INFO] [stderr]    Compiling tower-http v0.5.2
[INFO] [stderr]    Compiling sqlformat v0.2.3
[INFO] [stderr]    Compiling hyper-util v0.1.3
[INFO] [stderr]    Compiling docker_credential v1.3.1
[INFO] [stderr]    Compiling bollard-stubs v1.44.0-rc.2
[INFO] [stderr]    Compiling hyperlocal-next v0.9.0
[INFO] [stderr]    Compiling hyper-rustls v0.26.0
[INFO] [stderr]    Compiling axum v0.7.5
[INFO] [stderr]    Compiling sqlx-core v0.7.4
[INFO] [stderr]    Compiling sqlx-postgres v0.7.4
[INFO] [stderr]    Compiling sqlx-macros-core v0.7.4
[INFO] [stderr]    Compiling sqlx-macros v0.7.4
[INFO] [stderr]    Compiling bollard v0.16.1
[INFO] [stderr]    Compiling sqlx v0.7.4
[INFO] [stderr]    Compiling testcontainers v0.16.7
[INFO] [stderr]    Compiling testcontainers-modules v0.4.2
[INFO] [stderr]    Compiling learn_idiom_v1 v0.1.0 (/opt/rustwide/workdir)
[INFO] [stdout] warning: struct `TokenClaims` is never constructed
[INFO] [stdout]   --> src/models/mod.rs:22:12
[INFO] [stdout]    |
[INFO] [stdout] 22 | pub struct TokenClaims {
[INFO] [stdout]    |            ^^^^^^^^^^^
[INFO] [stdout]    |
[INFO] [stdout]    = note: `#[warn(dead_code)]` (part of `#[warn(unused)]`) on by default
[INFO] [stdout] 
[INFO] [stdout] 
[INFO] [stderr]     Finished `release` profile [optimized] target(s) in 2m 25s
[INFO] [stderr] warning: the following packages contain code that will be rejected by a future version of Rust: sqlx-postgres v0.7.4
[INFO] [stderr] note: to see what the problems were, use the option `--future-incompat-report`, or run `cargo report future-incompatibilities --id 2`
[INFO] running `Command { std: "docker" "inspect" "32b9e54805dc41f0e04d1c6f1891e72bb50660d0f6f02b66640cd358a42d68fa", kill_on_drop: false }`
[INFO] running `Command { std: "docker" "exec" "-e" "SOURCE_DIR=/opt/rustwide/workdir" "-e" "CARGO_HOME=/opt/rustwide/cargo-home" "-e" "RUSTUP_HOME=/opt/rustwide/rustup-home" "-e" "CARGO_TARGET_DIR=/opt/rustwide/target" "-e" "CARGO_INCREMENTAL=0" "-e" "RUST_BACKTRACE=full" "-e" "RUSTFLAGS=--cap-lints=warn" "-e" "RUSTDOCFLAGS=--cap-lints=warn" "-w" "/opt/rustwide/workdir" "--user" "0:0" "32b9e54805dc41f0e04d1c6f1891e72bb50660d0f6f02b66640cd358a42d68fa" "/opt/rustwide/cargo-home/bin/cargo" "+1.99.0-beta.8" "test" "--frozen" "--release", kill_on_drop: false }`
[INFO] [stderr] warning: struct `TokenClaims` is never constructed
[INFO] [stderr]   --> src/models/mod.rs:22:12
[INFO] [stderr]    |
[INFO] [stderr] 22 | pub struct TokenClaims {
[INFO] [stderr]    |            ^^^^^^^^^^^
[INFO] [stderr]    |
[INFO] [stderr]    = note: `#[warn(dead_code)]` (part of `#[warn(unused)]`) on by default
[INFO] [stderr] 
[INFO] [stderr] warning: `learn_idiom_v1` (bin "learn_idiom_v1" test) generated 1 warning
[INFO] [stderr]     Finished `release` profile [optimized] target(s) in 0.50s
[INFO] [stderr] warning: the following packages contain code that will be rejected by a future version of Rust: sqlx-postgres v0.7.4
[INFO] [stderr] note: to see what the problems were, use the option `--future-incompat-report`, or run `cargo report future-incompatibilities --id 2`
[INFO] [stderr]      Running unittests src/main.rs (/opt/rustwide/target/release/deps/learn_idiom_v1-07e87178a8f1d093)
[INFO] [stdout] 
[INFO] [stdout] running 5 tests
[INFO] [stdout] test tests::test_idiom_repo::test_get_idiom_req_by_id ... FAILED
[INFO] [stdout] test tests::test_containers::test_container ... FAILED
[INFO] [stdout] test tests::test_idiom_repo::test_update_idiom_req_tbl ... FAILED
[INFO] [stdout] test tests::test_idiom_repo::test_select_idioms ... FAILED
[INFO] [stdout] test tests::test_idiom_repo::test_insert_idiom_req_tbl ... FAILED
[INFO] [stdout] 
[INFO] [stdout] failures:
[INFO] [stdout] 
[INFO] [stdout] ---- tests::test_idiom_repo::test_get_idiom_req_by_id stdout ----
[INFO] [stdout] 
[INFO] [stdout] thread 'tests::test_idiom_repo::test_get_idiom_req_by_id' (5871) panicked at /opt/rustwide/cargo-home/registry/src/index.crates.io-1949cf8c6b5b557f/testcontainers-0.16.7/src/runners/async_runner.rs:204:29:
[INFO] [stdout] Error in the hyper legacy client: client error (Connect)
[INFO] [stdout] stack backtrace:
[INFO] [stdout]    0:     0x56b0950ed681 - <<std[70759c8f55707aa4]::sys::backtrace::BacktraceLock>::print::DisplayBacktrace as core[df12db4294e9bfd3]::fmt::Display>::fmt
[INFO] [stdout]    1:     0x56b09510537a - core[df12db4294e9bfd3]::fmt::write
[INFO] [stdout]    2:     0x56b0950f219c - <alloc[2182bb758b4b3781]::vec::Vec<u8> as core[df12db4294e9bfd3]::io::write::Write>::write_fmt
[INFO] [stdout]    3:     0x56b0950c7d56 - std[70759c8f55707aa4]::panicking::default_hook::{closure#0}
[INFO] [stdout]    4:     0x56b0950e5039 - std[70759c8f55707aa4]::panicking::default_hook
[INFO] [stdout]    5:     0x56b094de28c0 - test[9d35eded1c95d3be]::test_main_inner::<test[9d35eded1c95d3be]::test_main_static::{closure#0}>::{closure#0}
[INFO] [stdout]    6:     0x56b0950e5362 - std[70759c8f55707aa4]::panicking::panic_with_hook
[INFO] [stdout]    7:     0x56b0950c7e02 - std[70759c8f55707aa4]::panicking::panic_handler::{closure#0}
[INFO] [stdout]    8:     0x56b0950c0919 - std[70759c8f55707aa4]::sys::backtrace::__rust_end_short_backtrace::<std[70759c8f55707aa4]::panicking::panic_handler::{closure#0}, !>
[INFO] [stdout]    9:     0x56b0950c8bed - __rustc[8fa7c3cbc660c2b3]::rust_begin_unwind
[INFO] [stdout]   10:     0x56b095105adc - core[df12db4294e9bfd3]::panicking::panic_fmt
[INFO] [stdout]   11:     0x56b094dbfcae - core[df12db4294e9bfd3]::panicking::panic_display::<bollard[683558b28e07fa7]::errors::Error>
[INFO] [stdout]   12:     0x56b094dcc760 - <testcontainers_modules[f5d8be6c9f62b94c]::postgres::Postgres as testcontainers[4e9f7471817e9afb]::runners::async_runner::AsyncRunner<testcontainers_modules[f5d8be6c9f62b94c]::postgres::Postgres>>::start::{closure#0}
[INFO] [stdout]   13:     0x56b094db3255 - learn_idiom_v1[3e843075242c4619]::tests::test_idiom_repo::test_get_idiom_req_by_id::{closure#0}
[INFO] [stdout]   14:     0x56b094d82e23 - <tokio[2a0ea014a209f3af]::runtime::scheduler::current_thread::Context>::enter::<core[df12db4294e9bfd3]::task::poll::Poll<()>, <tokio[2a0ea014a209f3af]::runtime::scheduler::current_thread::CoreGuard>::block_on<core[df12db4294e9bfd3]::pin::Pin<&mut core[df12db4294e9bfd3]::pin::Pin<&mut dyn core[df12db4294e9bfd3]::future::future::Future<Output = ()>>>>::{closure#0}::{closure#0}>
[INFO] [stdout]   15:     0x56b094d2b172 - <tokio[2a0ea014a209f3af]::runtime::context::scoped::Scoped<tokio[2a0ea014a209f3af]::runtime::scheduler::Context>>::set::<<tokio[2a0ea014a209f3af]::runtime::scheduler::current_thread::CoreGuard>::enter<<tokio[2a0ea014a209f3af]::runtime::scheduler::current_thread::CoreGuard>::block_on<core[df12db4294e9bfd3]::pin::Pin<&mut core[df12db4294e9bfd3]::pin::Pin<&mut dyn core[df12db4294e9bfd3]::future::future::Future<Output = ()>>>>::{closure#0}, core[df12db4294e9bfd3]::option::Option<()>>::{closure#0}, (alloc[2182bb758b4b3781]::boxed::Box<tokio[2a0ea014a209f3af]::runtime::scheduler::current_thread::Core>, core[df12db4294e9bfd3]::option::Option<()>)>
[INFO] [stdout]   16:     0x56b094d83307 - <tokio[2a0ea014a209f3af]::runtime::scheduler::current_thread::CoreGuard>::block_on::<core[df12db4294e9bfd3]::pin::Pin<&mut core[df12db4294e9bfd3]::pin::Pin<&mut dyn core[df12db4294e9bfd3]::future::future::Future<Output = ()>>>>
[INFO] [stdout]   17:     0x56b094d77da3 - tokio[2a0ea014a209f3af]::runtime::context::runtime::enter_runtime::<<tokio[2a0ea014a209f3af]::runtime::scheduler::current_thread::CurrentThread>::block_on<core[df12db4294e9bfd3]::pin::Pin<&mut dyn core[df12db4294e9bfd3]::future::future::Future<Output = ()>>>::{closure#0}, ()>
[INFO] [stdout]   18:     0x56b094d6f6da - <tokio[2a0ea014a209f3af]::runtime::runtime::Runtime>::block_on::<core[df12db4294e9bfd3]::pin::Pin<&mut dyn core[df12db4294e9bfd3]::future::future::Future<Output = ()>>>
[INFO] [stdout]   19:     0x56b094db755a - learn_idiom_v1[3e843075242c4619]::tests::test_idiom_repo::test_get_idiom_req_by_id
[INFO] [stdout]   20:     0x56b094d3c1f9 - <learn_idiom_v1[3e843075242c4619]::tests::test_idiom_repo::test_get_idiom_req_by_id::{closure#0} as core[df12db4294e9bfd3]::ops::function::FnOnce<()>>::call_once
[INFO] [stdout]   21:     0x56b094dd5bab - test[9d35eded1c95d3be]::__rust_begin_short_backtrace::<core[df12db4294e9bfd3]::result::Result<(), alloc[2182bb758b4b3781]::string::String>, fn() -> core[df12db4294e9bfd3]::result::Result<(), alloc[2182bb758b4b3781]::string::String>>
[INFO] [stdout]   22:     0x56b094de3215 - test[9d35eded1c95d3be]::run_test::{closure#0}
[INFO] [stdout]   23:     0x56b094ddcad4 - std[70759c8f55707aa4]::sys::backtrace::__rust_begin_short_backtrace::<test[9d35eded1c95d3be]::run_test::{closure#1}, ()>
[INFO] [stdout]   24:     0x56b094de6372 - <std[70759c8f55707aa4]::thread::lifecycle::spawn_unchecked<test[9d35eded1c95d3be]::run_test::{closure#1}, ()>::{closure#1} as core[df12db4294e9bfd3]::ops::function::FnOnce<()>>::call_once::{shim:vtable#0}
[INFO] [stdout]   25:     0x56b0950ec519 - <std[70759c8f55707aa4]::sys::thread::unix::Thread>::new::thread_start
[INFO] [stdout]   26:     0x78bdf934adfa - <unknown>
[INFO] [stdout]   27:     0x78bdf93de3d4 - clone
[INFO] [stdout]   28:                0x0 - <unknown>
[INFO] [stdout] 
[INFO] [stdout] ---- tests::test_containers::test_container stdout ----
[INFO] [stdout] 
[INFO] [stdout] thread 'tests::test_containers::test_container' (5870) panicked at /opt/rustwide/cargo-home/registry/src/index.crates.io-1949cf8c6b5b557f/testcontainers-0.16.7/src/runners/async_runner.rs:204:29:
[INFO] [stdout] Error in the hyper legacy client: client error (Connect)
[INFO] [stdout] stack backtrace:
[INFO] [stdout]    0:     0x56b0950ed681 - <<std[70759c8f55707aa4]::sys::backtrace::BacktraceLock>::print::DisplayBacktrace as core[df12db4294e9bfd3]::fmt::Display>::fmt
[INFO] [stdout]    1:     0x56b09510537a - core[df12db4294e9bfd3]::fmt::write
[INFO] [stdout]    2:     0x56b0950f219c - <alloc[2182bb758b4b3781]::vec::Vec<u8> as core[df12db4294e9bfd3]::io::write::Write>::write_fmt
[INFO] [stdout]    3:     0x56b0950c7d56 - std[70759c8f55707aa4]::panicking::default_hook::{closure#0}
[INFO] [stdout]    4:     0x56b0950e5039 - std[70759c8f55707aa4]::panicking::default_hook
[INFO] [stdout]    5:     0x56b094de28c0 - test[9d35eded1c95d3be]::test_main_inner::<test[9d35eded1c95d3be]::test_main_static::{closure#0}>::{closure#0}
[INFO] [stdout]    6:     0x56b0950e5362 - std[70759c8f55707aa4]::panicking::panic_with_hook
[INFO] [stdout]    7:     0x56b0950c7e02 - std[70759c8f55707aa4]::panicking::panic_handler::{closure#0}
[INFO] [stdout]    8:     0x56b0950c0919 - std[70759c8f55707aa4]::sys::backtrace::__rust_end_short_backtrace::<std[70759c8f55707aa4]::panicking::panic_handler::{closure#0}, !>
[INFO] [stdout]    9:     0x56b0950c8bed - __rustc[8fa7c3cbc660c2b3]::rust_begin_unwind
[INFO] [stdout]   10:     0x56b095105adc - core[df12db4294e9bfd3]::panicking::panic_fmt
[INFO] [stdout]   11:     0x56b094dbfcae - core[df12db4294e9bfd3]::panicking::panic_display::<bollard[683558b28e07fa7]::errors::Error>
[INFO] [stdout]   12:     0x56b094dcc760 - <testcontainers_modules[f5d8be6c9f62b94c]::postgres::Postgres as testcontainers[4e9f7471817e9afb]::runners::async_runner::AsyncRunner<testcontainers_modules[f5d8be6c9f62b94c]::postgres::Postgres>>::start::{closure#0}
[INFO] [stdout]   13:     0x56b094d791c9 - learn_idiom_v1[3e843075242c4619]::tests::test_containers::test_container::{closure#0}
[INFO] [stdout]   14:     0x56b094d82e23 - <tokio[2a0ea014a209f3af]::runtime::scheduler::current_thread::Context>::enter::<core[df12db4294e9bfd3]::task::poll::Poll<()>, <tokio[2a0ea014a209f3af]::runtime::scheduler::current_thread::CoreGuard>::block_on<core[df12db4294e9bfd3]::pin::Pin<&mut core[df12db4294e9bfd3]::pin::Pin<&mut dyn core[df12db4294e9bfd3]::future::future::Future<Output = ()>>>>::{closure#0}::{closure#0}>
[INFO] [stdout]   15:     0x56b094d2b172 - <tokio[2a0ea014a209f3af]::runtime::context::scoped::Scoped<tokio[2a0ea014a209f3af]::runtime::scheduler::Context>>::set::<<tokio[2a0ea014a209f3af]::runtime::scheduler::current_thread::CoreGuard>::enter<<tokio[2a0ea014a209f3af]::runtime::scheduler::current_thread::CoreGuard>::block_on<core[df12db4294e9bfd3]::pin::Pin<&mut core[df12db4294e9bfd3]::pin::Pin<&mut dyn core[df12db4294e9bfd3]::future::future::Future<Output = ()>>>>::{closure#0}, core[df12db4294e9bfd3]::option::Option<()>>::{closure#0}, (alloc[2182bb758b4b3781]::boxed::Box<tokio[2a0ea014a209f3af]::runtime::scheduler::current_thread::Core>, core[df12db4294e9bfd3]::option::Option<()>)>
[INFO] [stdout]   16:     0x56b094d83307 - <tokio[2a0ea014a209f3af]::runtime::scheduler::current_thread::CoreGuard>::block_on::<core[df12db4294e9bfd3]::pin::Pin<&mut core[df12db4294e9bfd3]::pin::Pin<&mut dyn core[df12db4294e9bfd3]::future::future::Future<Output = ()>>>>
[INFO] [stdout]   17:     0x56b094d77da3 - tokio[2a0ea014a209f3af]::runtime::context::runtime::enter_runtime::<<tokio[2a0ea014a209f3af]::runtime::scheduler::current_thread::CurrentThread>::block_on<core[df12db4294e9bfd3]::pin::Pin<&mut dyn core[df12db4294e9bfd3]::future::future::Future<Output = ()>>>::{closure#0}, ()>
[INFO] [stdout]   18:     0x56b094d6f6da - <tokio[2a0ea014a209f3af]::runtime::runtime::Runtime>::block_on::<core[df12db4294e9bfd3]::pin::Pin<&mut dyn core[df12db4294e9bfd3]::future::future::Future<Output = ()>>>
[INFO] [stdout]   19:     0x56b094d8157a - learn_idiom_v1[3e843075242c4619]::tests::test_containers::test_container
[INFO] [stdout]   20:     0x56b094d3c1b9 - <learn_idiom_v1[3e843075242c4619]::tests::test_containers::test_container::{closure#0} as core[df12db4294e9bfd3]::ops::function::FnOnce<()>>::call_once
[INFO] [stdout]   21:     0x56b094dd5bab - test[9d35eded1c95d3be]::__rust_begin_short_backtrace::<core[df12db4294e9bfd3]::result::Result<(), alloc[2182bb758b4b3781]::string::String>, fn() -> core[df12db4294e9bfd3]::result::Result<(), alloc[2182bb758b4b3781]::string::String>>
[INFO] [stdout]   22:     0x56b094de3215 - test[9d35eded1c95d3be]::run_test::{closure#0}
[INFO] [stdout]   23:     0x56b094ddcad4 - std[70759c8f55707aa4]::sys::backtrace::__rust_begin_short_backtrace::<test[9d35eded1c95d3be]::run_test::{closure#1}, ()>
[INFO] [stdout]   24:     0x56b094de6372 - <std[70759c8f55707aa4]::thread::lifecycle::spawn_unchecked<test[9d35eded1c95d3be]::run_test::{closure#1}, ()>::{closure#1} as core[df12db4294e9bfd3]::ops::function::FnOnce<()>>::call_once::{shim:vtable#0}
[INFO] [stdout]   25:     0x56b0950ec519 - <std[70759c8f55707aa4]::sys::thread::unix::Thread>::new::thread_start
[INFO] [stdout]   26:     0x78bdf934adfa - <unknown>
[INFO] [stdout]   27:     0x78bdf93de3d4 - clone
[INFO] [stdout]   28:                0x0 - <unknown>
[INFO] [stdout] 
[INFO] [stdout] ---- tests::test_idiom_repo::test_update_idiom_req_tbl stdout ----
[INFO] [stdout] 
[INFO] [stdout] thread 'tests::test_idiom_repo::test_update_idiom_req_tbl' (5874) panicked at /opt/rustwide/cargo-home/registry/src/index.crates.io-1949cf8c6b5b557f/testcontainers-0.16.7/src/runners/async_runner.rs:204:29:
[INFO] [stdout] Error in the hyper legacy client: client error (Connect)
[INFO] [stdout] stack backtrace:
[INFO] [stdout]    0:     0x56b0950ed681 - <<std[70759c8f55707aa4]::sys::backtrace::BacktraceLock>::print::DisplayBacktrace as core[df12db4294e9bfd3]::fmt::Display>::fmt
[INFO] [stdout]    1:     0x56b09510537a - core[df12db4294e9bfd3]::fmt::write
[INFO] [stdout]    2:     0x56b0950f219c - <alloc[2182bb758b4b3781]::vec::Vec<u8> as core[df12db4294e9bfd3]::io::write::Write>::write_fmt
[INFO] [stdout]    3:     0x56b0950c7d56 - std[70759c8f55707aa4]::panicking::default_hook::{closure#0}
[INFO] [stdout]    4:     0x56b0950e5039 - std[70759c8f55707aa4]::panicking::default_hook
[INFO] [stdout]    5:     0x56b094de28c0 - test[9d35eded1c95d3be]::test_main_inner::<test[9d35eded1c95d3be]::test_main_static::{closure#0}>::{closure#0}
[INFO] [stdout]    6:     0x56b0950e5362 - std[70759c8f55707aa4]::panicking::panic_with_hook
[INFO] [stdout]    7:     0x56b0950c7e02 - std[70759c8f55707aa4]::panicking::panic_handler::{closure#0}
[INFO] [stdout]    8:     0x56b0950c0919 - std[70759c8f55707aa4]::sys::backtrace::__rust_end_short_backtrace::<std[70759c8f55707aa4]::panicking::panic_handler::{closure#0}, !>
[INFO] [stdout]    9:     0x56b0950c8bed - __rustc[8fa7c3cbc660c2b3]::rust_begin_unwind
[INFO] [stdout]   10:     0x56b095105adc - core[df12db4294e9bfd3]::panicking::panic_fmt
[INFO] [stdout]   11:     0x56b094dbfcae - core[df12db4294e9bfd3]::panicking::panic_display::<bollard[683558b28e07fa7]::errors::Error>
[INFO] [stdout]   12:     0x56b094dcc760 - <testcontainers_modules[f5d8be6c9f62b94c]::postgres::Postgres as testcontainers[4e9f7471817e9afb]::runners::async_runner::AsyncRunner<testcontainers_modules[f5d8be6c9f62b94c]::postgres::Postgres>>::start::{closure#0}
[INFO] [stdout]   13:     0x56b094db5b71 - learn_idiom_v1[3e843075242c4619]::tests::test_idiom_repo::test_update_idiom_req_tbl::{closure#0}
[INFO] [stdout]   14:     0x56b094d82e23 - <tokio[2a0ea014a209f3af]::runtime::scheduler::current_thread::Context>::enter::<core[df12db4294e9bfd3]::task::poll::Poll<()>, <tokio[2a0ea014a209f3af]::runtime::scheduler::current_thread::CoreGuard>::block_on<core[df12db4294e9bfd3]::pin::Pin<&mut core[df12db4294e9bfd3]::pin::Pin<&mut dyn core[df12db4294e9bfd3]::future::future::Future<Output = ()>>>>::{closure#0}::{closure#0}>
[INFO] [stdout]   15:     0x56b094d2b172 - <tokio[2a0ea014a209f3af]::runtime::context::scoped::Scoped<tokio[2a0ea014a209f3af]::runtime::scheduler::Context>>::set::<<tokio[2a0ea014a209f3af]::runtime::scheduler::current_thread::CoreGuard>::enter<<tokio[2a0ea014a209f3af]::runtime::scheduler::current_thread::CoreGuard>::block_on<core[df12db4294e9bfd3]::pin::Pin<&mut core[df12db4294e9bfd3]::pin::Pin<&mut dyn core[df12db4294e9bfd3]::future::future::Future<Output = ()>>>>::{closure#0}, core[df12db4294e9bfd3]::option::Option<()>>::{closure#0}, (alloc[2182bb758b4b3781]::boxed::Box<tokio[2a0ea014a209f3af]::runtime::scheduler::current_thread::Core>, core[df12db4294e9bfd3]::option::Option<()>)>
[INFO] [stdout]   16:     0x56b094d83307 - <tokio[2a0ea014a209f3af]::runtime::scheduler::current_thread::CoreGuard>::block_on::<core[df12db4294e9bfd3]::pin::Pin<&mut core[df12db4294e9bfd3]::pin::Pin<&mut dyn core[df12db4294e9bfd3]::future::future::Future<Output = ()>>>>
[INFO] [stdout]   17:     0x56b094d77da3 - tokio[2a0ea014a209f3af]::runtime::context::runtime::enter_runtime::<<tokio[2a0ea014a209f3af]::runtime::scheduler::current_thread::CurrentThread>::block_on<core[df12db4294e9bfd3]::pin::Pin<&mut dyn core[df12db4294e9bfd3]::future::future::Future<Output = ()>>>::{closure#0}, ()>
[INFO] [stdout]   18:     0x56b094d6f6da - <tokio[2a0ea014a209f3af]::runtime::runtime::Runtime>::block_on::<core[df12db4294e9bfd3]::pin::Pin<&mut dyn core[df12db4294e9bfd3]::future::future::Future<Output = ()>>>
[INFO] [stdout]   19:     0x56b094db781a - learn_idiom_v1[3e843075242c4619]::tests::test_idiom_repo::test_update_idiom_req_tbl
[INFO] [stdout]   20:     0x56b094d3c239 - <learn_idiom_v1[3e843075242c4619]::tests::test_idiom_repo::test_update_idiom_req_tbl::{closure#0} as core[df12db4294e9bfd3]::ops::function::FnOnce<()>>::call_once
[INFO] [stdout]   21:     0x56b094dd5bab - test[9d35eded1c95d3be]::__rust_begin_short_backtrace::<core[df12db4294e9bfd3]::result::Result<(), alloc[2182bb758b4b3781]::string::String>, fn() -> core[df12db4294e9bfd3]::result::Result<(), alloc[2182bb758b4b3781]::string::String>>
[INFO] [stdout]   22:     0x56b094de3215 - test[9d35eded1c95d3be]::run_test::{closure#0}
[INFO] [stdout]   23:     0x56b094ddcad4 - std[70759c8f55707aa4]::sys::backtrace::__rust_begin_short_backtrace::<test[9d35eded1c95d3be]::run_test::{closure#1}, ()>
[INFO] [stdout]   24:     0x56b094de6372 - <std[70759c8f55707aa4]::thread::lifecycle::spawn_unchecked<test[9d35eded1c95d3be]::run_test::{closure#1}, ()>::{closure#1} as core[df12db4294e9bfd3]::ops::function::FnOnce<()>>::call_once::{shim:vtable#0}
[INFO] [stdout]   25:     0x56b0950ec519 - <std[70759c8f55707aa4]::sys::thread::unix::Thread>::new::thread_start
[INFO] [stdout]   26:     0x78bdf934adfa - <unknown>
[INFO] [stdout]   27:     0x78bdf93de3d4 - clone
[INFO] [stdout]   28:                0x0 - <unknown>
[INFO] [stdout] 
[INFO] [stdout] ---- tests::test_idiom_repo::test_select_idioms stdout ----
[INFO] [stdout] 
[INFO] [stdout] thread 'tests::test_idiom_repo::test_select_idioms' (5873) panicked at /opt/rustwide/cargo-home/registry/src/index.crates.io-1949cf8c6b5b557f/testcontainers-0.16.7/src/runners/async_runner.rs:204:29:
[INFO] [stdout] Error in the hyper legacy client: client error (Connect)
[INFO] [stdout] stack backtrace:
[INFO] [stdout]    0:     0x56b0950ed681 - <<std[70759c8f55707aa4]::sys::backtrace::BacktraceLock>::print::DisplayBacktrace as core[df12db4294e9bfd3]::fmt::Display>::fmt
[INFO] [stdout]    1:     0x56b09510537a - core[df12db4294e9bfd3]::fmt::write
[INFO] [stdout]    2:     0x56b0950f219c - <alloc[2182bb758b4b3781]::vec::Vec<u8> as core[df12db4294e9bfd3]::io::write::Write>::write_fmt
[INFO] [stdout]    3:     0x56b0950c7d56 - std[70759c8f55707aa4]::panicking::default_hook::{closure#0}
[INFO] [stdout]    4:     0x56b0950e5039 - std[70759c8f55707aa4]::panicking::default_hook
[INFO] [stdout]    5:     0x56b094de28c0 - test[9d35eded1c95d3be]::test_main_inner::<test[9d35eded1c95d3be]::test_main_static::{closure#0}>::{closure#0}
[INFO] [stdout]    6:     0x56b0950e5362 - std[70759c8f55707aa4]::panicking::panic_with_hook
[INFO] [stdout]    7:     0x56b0950c7e02 - std[70759c8f55707aa4]::panicking::panic_handler::{closure#0}
[INFO] [stdout]    8:     0x56b0950c0919 - std[70759c8f55707aa4]::sys::backtrace::__rust_end_short_backtrace::<std[70759c8f55707aa4]::panicking::panic_handler::{closure#0}, !>
[INFO] [stdout]    9:     0x56b0950c8bed - __rustc[8fa7c3cbc660c2b3]::rust_begin_unwind
[INFO] [stdout]   10:     0x56b095105adc - core[df12db4294e9bfd3]::panicking::panic_fmt
[INFO] [stdout]   11:     0x56b094dbfcae - core[df12db4294e9bfd3]::panicking::panic_display::<bollard[683558b28e07fa7]::errors::Error>
[INFO] [stdout]   12:     0x56b094dcc760 - <testcontainers_modules[f5d8be6c9f62b94c]::postgres::Postgres as testcontainers[4e9f7471817e9afb]::runners::async_runner::AsyncRunner<testcontainers_modules[f5d8be6c9f62b94c]::postgres::Postgres>>::start::{closure#0}
[INFO] [stdout]   13:     0x56b094db232c - learn_idiom_v1[3e843075242c4619]::tests::test_idiom_repo::test_select_idioms::{closure#0}
[INFO] [stdout]   14:     0x56b094d82e23 - <tokio[2a0ea014a209f3af]::runtime::scheduler::current_thread::Context>::enter::<core[df12db4294e9bfd3]::task::poll::Poll<()>, <tokio[2a0ea014a209f3af]::runtime::scheduler::current_thread::CoreGuard>::block_on<core[df12db4294e9bfd3]::pin::Pin<&mut core[df12db4294e9bfd3]::pin::Pin<&mut dyn core[df12db4294e9bfd3]::future::future::Future<Output = ()>>>>::{closure#0}::{closure#0}>
[INFO] [stdout]   15:     0x56b094d2b172 - <tokio[2a0ea014a209f3af]::runtime::context::scoped::Scoped<tokio[2a0ea014a209f3af]::runtime::scheduler::Context>>::set::<<tokio[2a0ea014a209f3af]::runtime::scheduler::current_thread::CoreGuard>::enter<<tokio[2a0ea014a209f3af]::runtime::scheduler::current_thread::CoreGuard>::block_on<core[df12db4294e9bfd3]::pin::Pin<&mut core[df12db4294e9bfd3]::pin::Pin<&mut dyn core[df12db4294e9bfd3]::future::future::Future<Output = ()>>>>::{closure#0}, core[df12db4294e9bfd3]::option::Option<()>>::{closure#0}, (alloc[2182bb758b4b3781]::boxed::Box<tokio[2a0ea014a209f3af]::runtime::scheduler::current_thread::Core>, core[df12db4294e9bfd3]::option::Option<()>)>
[INFO] [stdout]   16:     0x56b094d83307 - <tokio[2a0ea014a209f3af]::runtime::scheduler::current_thread::CoreGuard>::block_on::<core[df12db4294e9bfd3]::pin::Pin<&mut core[df12db4294e9bfd3]::pin::Pin<&mut dyn core[df12db4294e9bfd3]::future::future::Future<Output = ()>>>>
[INFO] [stdout]   17:     0x56b094d77da3 - tokio[2a0ea014a209f3af]::runtime::context::runtime::enter_runtime::<<tokio[2a0ea014a209f3af]::runtime::scheduler::current_thread::CurrentThread>::block_on<core[df12db4294e9bfd3]::pin::Pin<&mut dyn core[df12db4294e9bfd3]::future::future::Future<Output = ()>>>::{closure#0}, ()>
[INFO] [stdout]   18:     0x56b094d6f6da - <tokio[2a0ea014a209f3af]::runtime::runtime::Runtime>::block_on::<core[df12db4294e9bfd3]::pin::Pin<&mut dyn core[df12db4294e9bfd3]::future::future::Future<Output = ()>>>
[INFO] [stdout]   19:     0x56b094db73fa - learn_idiom_v1[3e843075242c4619]::tests::test_idiom_repo::test_select_idioms
[INFO] [stdout]   20:     0x56b094d3c1d9 - <learn_idiom_v1[3e843075242c4619]::tests::test_idiom_repo::test_select_idioms::{closure#0} as core[df12db4294e9bfd3]::ops::function::FnOnce<()>>::call_once
[INFO] [stdout]   21:     0x56b094dd5bab - test[9d35eded1c95d3be]::__rust_begin_short_backtrace::<core[df12db4294e9bfd3]::result::Result<(), alloc[2182bb758b4b3781]::string::String>, fn() -> core[df12db4294e9bfd3]::result::Result<(), alloc[2182bb758b4b3781]::string::String>>
[INFO] [stdout]   22:     0x56b094de3215 - test[9d35eded1c95d3be]::run_test::{closure#0}
[INFO] [stdout]   23:     0x56b094ddcad4 - std[70759c8f55707aa4]::sys::backtrace::__rust_begin_short_backtrace::<test[9d35eded1c95d3be]::run_test::{closure#1}, ()>
[INFO] [stdout]   24:     0x56b094de6372 - <std[70759c8f55707aa4]::thread::lifecycle::spawn_unchecked<test[9d35eded1c95d3be]::run_test::{closure#1}, ()>::{closure#1} as core[df12db4294e9bfd3]::ops::function::FnOnce<()>>::call_once::{shim:vtable#0}
[INFO] [stdout]   25:     0x56b0950ec519 - <std[70759c8f55707aa4]::sys::thread::unix::Thread>::new::thread_start
[INFO] [stdout]   26:     0x78bdf934adfa - <unknown>
[INFO] [stdout]   27:     0x78bdf93de3d4 - clone
[INFO] [stdout]   28:                0x0 - <unknown>
[INFO] [stdout] 
[INFO] [stdout] ---- tests::test_idiom_repo::test_insert_idiom_req_tbl stdout ----
[INFO] [stdout] 
[INFO] [stdout] thread 'tests::test_idiom_repo::test_insert_idiom_req_tbl' (5872) panicked at /opt/rustwide/cargo-home/registry/src/index.crates.io-1949cf8c6b5b557f/testcontainers-0.16.7/src/runners/async_runner.rs:204:29:
[INFO] [stdout] Error in the hyper legacy client: client error (Connect)
[INFO] [stdout] stack backtrace:
[INFO] [stdout]    0:     0x56b0950ed681 - <<std[70759c8f55707aa4]::sys::backtrace::BacktraceLock>::print::DisplayBacktrace as core[df12db4294e9bfd3]::fmt::Display>::fmt
[INFO] [stdout]    1:     0x56b09510537a - core[df12db4294e9bfd3]::fmt::write
[INFO] [stdout]    2:     0x56b0950f219c - <alloc[2182bb758b4b3781]::vec::Vec<u8> as core[df12db4294e9bfd3]::io::write::Write>::write_fmt
[INFO] [stdout]    3:     0x56b0950c7d56 - std[70759c8f55707aa4]::panicking::default_hook::{closure#0}
[INFO] [stdout]    4:     0x56b0950e5039 - std[70759c8f55707aa4]::panicking::default_hook
[INFO] [stdout]    5:     0x56b094de28c0 - test[9d35eded1c95d3be]::test_main_inner::<test[9d35eded1c95d3be]::test_main_static::{closure#0}>::{closure#0}
[INFO] [stdout]    6:     0x56b0950e5362 - std[70759c8f55707aa4]::panicking::panic_with_hook
[INFO] [stdout]    7:     0x56b0950c7e02 - std[70759c8f55707aa4]::panicking::panic_handler::{closure#0}
[INFO] [stdout]    8:     0x56b0950c0919 - std[70759c8f55707aa4]::sys::backtrace::__rust_end_short_backtrace::<std[70759c8f55707aa4]::panicking::panic_handler::{closure#0}, !>
[INFO] [stdout]    9:     0x56b0950c8bed - __rustc[8fa7c3cbc660c2b3]::rust_begin_unwind
[INFO] [stdout]   10:     0x56b095105adc - core[df12db4294e9bfd3]::panicking::panic_fmt
[INFO] [stdout]   11:     0x56b094dbfcae - core[df12db4294e9bfd3]::panicking::panic_display::<bollard[683558b28e07fa7]::errors::Error>
[INFO] [stdout]   12:     0x56b094dcc760 - <testcontainers_modules[f5d8be6c9f62b94c]::postgres::Postgres as testcontainers[4e9f7471817e9afb]::runners::async_runner::AsyncRunner<testcontainers_modules[f5d8be6c9f62b94c]::postgres::Postgres>>::start::{closure#0}
[INFO] [stdout]   13:     0x56b094db4f56 - learn_idiom_v1[3e843075242c4619]::tests::test_idiom_repo::test_insert_idiom_req_tbl::{closure#0}
[INFO] [stdout]   14:     0x56b094d82e23 - <tokio[2a0ea014a209f3af]::runtime::scheduler::current_thread::Context>::enter::<core[df12db4294e9bfd3]::task::poll::Poll<()>, <tokio[2a0ea014a209f3af]::runtime::scheduler::current_thread::CoreGuard>::block_on<core[df12db4294e9bfd3]::pin::Pin<&mut core[df12db4294e9bfd3]::pin::Pin<&mut dyn core[df12db4294e9bfd3]::future::future::Future<Output = ()>>>>::{closure#0}::{closure#0}>
[INFO] [stdout]   15:     0x56b094d2b172 - <tokio[2a0ea014a209f3af]::runtime::context::scoped::Scoped<tokio[2a0ea014a209f3af]::runtime::scheduler::Context>>::set::<<tokio[2a0ea014a209f3af]::runtime::scheduler::current_thread::CoreGuard>::enter<<tokio[2a0ea014a209f3af]::runtime::scheduler::current_thread::CoreGuard>::block_on<core[df12db4294e9bfd3]::pin::Pin<&mut core[df12db4294e9bfd3]::pin::Pin<&mut dyn core[df12db4294e9bfd3]::future::future::Future<Output = ()>>>>::{closure#0}, core[df12db4294e9bfd3]::option::Option<()>>::{closure#0}, (alloc[2182bb758b4b3781]::boxed::Box<tokio[2a0ea014a209f3af]::runtime::scheduler::current_thread::Core>, core[df12db4294e9bfd3]::option::Option<()>)>
[INFO] [stdout]   16:     0x56b094d83307 - <tokio[2a0ea014a209f3af]::runtime::scheduler::current_thread::CoreGuard>::block_on::<core[df12db4294e9bfd3]::pin::Pin<&mut core[df12db4294e9bfd3]::pin::Pin<&mut dyn core[df12db4294e9bfd3]::future::future::Future<Output = ()>>>>
[INFO] [stdout]   17:     0x56b094d77da3 - tokio[2a0ea014a209f3af]::runtime::context::runtime::enter_runtime::<<tokio[2a0ea014a209f3af]::runtime::scheduler::current_thread::CurrentThread>::block_on<core[df12db4294e9bfd3]::pin::Pin<&mut dyn core[df12db4294e9bfd3]::future::future::Future<Output = ()>>>::{closure#0}, ()>
[INFO] [stdout]   18:     0x56b094d6f6da - <tokio[2a0ea014a209f3af]::runtime::runtime::Runtime>::block_on::<core[df12db4294e9bfd3]::pin::Pin<&mut dyn core[df12db4294e9bfd3]::future::future::Future<Output = ()>>>
[INFO] [stdout]   19:     0x56b094db76ba - learn_idiom_v1[3e843075242c4619]::tests::test_idiom_repo::test_insert_idiom_req_tbl
[INFO] [stdout]   20:     0x56b094d3c219 - <learn_idiom_v1[3e843075242c4619]::tests::test_idiom_repo::test_insert_idiom_req_tbl::{closure#0} as core[df12db4294e9bfd3]::ops::function::FnOnce<()>>::call_once
[INFO] [stdout]   21:     0x56b094dd5bab - test[9d35eded1c95d3be]::__rust_begin_short_backtrace::<core[df12db4294e9bfd3]::result::Result<(), alloc[2182bb758b4b3781]::string::String>, fn() -> core[df12db4294e9bfd3]::result::Result<(), alloc[2182bb758b4b3781]::string::String>>
[INFO] [stdout]   22:     0x56b094de3215 - test[9d35eded1c95d3be]::run_test::{closure#0}
[INFO] [stdout]   23:     0x56b094ddcad4 - std[70759c8f55707aa4]::sys::backtrace::__rust_begin_short_backtrace::<test[9d35eded1c95d3be]::run_test::{closure#1}, ()>
[INFO] [stdout]   24:     0x56b094de6372 - <std[70759c8f55707aa4]::thread::lifecycle::spawn_unchecked<test[9d35eded1c95d3be]::run_test::{closure#1}, ()>::{closure#1} as core[df12db4294e9bfd3]::ops::function::FnOnce<()>>::call_once::{shim:vtable#0}
[INFO] [stdout]   25:     0x56b0950ec519 - <std[70759c8f55707aa4]::sys::thread::unix::Thread>::new::thread_start
[INFO] [stdout]   26:     0x78bdf934adfa - <unknown>
[INFO] [stdout]   27:     0x78bdf93de3d4 - clone
[INFO] [stdout]   28:                0x0 - <unknown>
[INFO] [stdout] 
[INFO] [stdout] 
[INFO] [stdout] failures:
[INFO] [stdout]     tests::test_containers::test_container
[INFO] [stdout]     tests::test_idiom_repo::test_get_idiom_req_by_id
[INFO] [stdout]     tests::test_idiom_repo::test_insert_idiom_req_tbl
[INFO] [stdout]     tests::test_idiom_repo::test_select_idioms
[INFO] [stdout]     tests::test_idiom_repo::test_update_idiom_req_tbl
[INFO] [stdout] 
[INFO] [stdout] test result: FAILED. 0 passed; 5 failed; 0 ignored; 0 measured; 0 filtered out; finished in 0.01s
[INFO] [stdout] 
[INFO] [stderr] error: test failed, to rerun pass `--bin learn_idiom_v1`
[INFO] running `Command { std: "docker" "inspect" "32b9e54805dc41f0e04d1c6f1891e72bb50660d0f6f02b66640cd358a42d68fa", kill_on_drop: false }`
[INFO] running `Command { std: "docker" "rm" "-f" "32b9e54805dc41f0e04d1c6f1891e72bb50660d0f6f02b66640cd358a42d68fa", kill_on_drop: false }`
[INFO] [stdout] 32b9e54805dc41f0e04d1c6f1891e72bb50660d0f6f02b66640cd358a42d68fa
