[INFO] cloning repository https://github.com/dauid64/rust-web-app
[INFO] running `Command { std: "git" "-c" "credential.helper=" "-c" "credential.helper=/workspace/cargo-home/bin/git-credential-null" "clone" "--bare" "https://github.com/dauid64/rust-web-app" "/workspace/cache/git-repos/https%3A%2F%2Fgithub.com%2Fdauid64%2Frust-web-app", kill_on_drop: false }`
[INFO] [stderr] Cloning into bare repository '/workspace/cache/git-repos/https%3A%2F%2Fgithub.com%2Fdauid64%2Frust-web-app'...
[INFO] running `Command { std: "git" "rev-parse" "HEAD", kill_on_drop: false }`
[INFO] [stdout] 17284e7141dd096fd9569e6926064a582877eb8d
[INFO] testing dauid64/rust-web-app against 1.99.0-beta.8+cargoflags=--release for beta-release-1.100-2
[INFO] running `Command { std: "git" "clone" "/workspace/cache/git-repos/https%3A%2F%2Fgithub.com%2Fdauid64%2Frust-web-app" "/workspace/builds/worker-2-tc1/source", kill_on_drop: false }`
[INFO] [stderr] Cloning into '/workspace/builds/worker-2-tc1/source'...
[INFO] [stderr] done.
[INFO] removed /workspace/builds/worker-2-tc1/source/.cargo/config.toml
[INFO] started tweaking git repo https://github.com/dauid64/rust-web-app
[INFO] finished tweaking git repo https://github.com/dauid64/rust-web-app
[INFO] tweaked toml for git repo https://github.com/dauid64/rust-web-app written to /workspace/builds/worker-2-tc1/source/Cargo.toml
[INFO] validating manifest of git repo https://github.com/dauid64/rust-web-app on toolchain 1.99.0-beta.8
[INFO] running `Command { std: CARGO_HOME="/workspace/cargo-home" RUSTUP_HOME="/workspace/rustup-home" "/workspace/cargo-home/bin/cargo" "+1.99.0-beta.8" "metadata" "--manifest-path" "Cargo.toml" "--no-deps", kill_on_drop: false }`
[INFO] crate git repo https://github.com/dauid64/rust-web-app already has a lockfile, it will not be regenerated
[INFO] running `Command { std: CARGO_HOME="/workspace/cargo-home" RUSTUP_HOME="/workspace/rustup-home" "/workspace/cargo-home/bin/cargo" "+1.99.0-beta.8" "fetch" "--manifest-path" "Cargo.toml", kill_on_drop: false }`
[INFO] [stderr]  Downloading crates ...
[INFO] [stderr]   Downloaded autocfg v1.2.0
[INFO] [stderr]   Downloaded lazy-regex-proc_macros v3.1.0
[INFO] [stderr]   Downloaded fastrand v2.0.2
[INFO] [stderr]   Downloaded lazy-regex v3.1.0
[INFO] [stderr]   Downloaded reqwest_cookie_store v0.6.0
[INFO] [stderr]   Downloaded darling_macro v0.20.8
[INFO] [stderr]   Downloaded thiserror-impl v1.0.58
[INFO] [stderr]   Downloaded rustversion v1.0.15
[INFO] [stderr]   Downloaded thiserror v1.0.58
[INFO] [stderr]   Downloaded sqlformat v0.2.3
[INFO] [stderr]   Downloaded either v1.11.0
[INFO] [stderr]   Downloaded serde_with_macros v3.7.0
[INFO] [stderr]   Downloaded darling v0.20.8
[INFO] [stderr]   Downloaded strum_macros v0.25.3
[INFO] [stderr]   Downloaded security-framework-sys v2.10.0
[INFO] [stderr]   Downloaded cookie_store v0.20.0
[INFO] [stderr]   Downloaded proc-macro2 v1.0.80
[INFO] [stderr]   Downloaded tokio-stream v0.1.15
[INFO] [stderr]   Downloaded httpc-test v0.1.9
[INFO] [stderr]   Downloaded socket2 v0.5.6
[INFO] [stderr]   Downloaded serde_derive v1.0.197
[INFO] [stderr]   Downloaded darling_core v0.20.8
[INFO] [stderr]   Downloaded serde v1.0.197
[INFO] [stderr]   Downloaded security-framework v2.10.0
[INFO] [stderr]   Downloaded anyhow v1.0.82
[INFO] [stderr]   Downloaded backtrace v0.3.71
[INFO] [stderr]   Downloaded cc v1.0.94
[INFO] [stderr]   Downloaded syn v2.0.59
[INFO] [stderr]   Downloaded serde_with v3.7.0
[INFO] [stderr]   Downloaded rustix v0.38.32
[INFO] running `Command { std: "docker" "create" "-v" "/var/lib/crater-agent-workspace/builds/worker-2-tc1/source:/opt/rustwide/workdir:ro,Z" "-v" "/var/lib/crater-agent-workspace/builds/worker-2-tc1/target:/opt/rustwide/target:rw,Z" "-v" "/var/lib/crater-agent-workspace/cargo-home:/opt/rustwide/cargo-home:ro,Z" "-v" "/var/lib/crater-agent-workspace/rustup-home:/opt/rustwide/rustup-home:ro,Z" "-m" "1610612736" "--network" "none" "ghcr.io/rust-lang/crates-build-env/linux@sha256:77db811e55d90add9212f6832c23229e3de5f1c1f9905e8cb07319ea15df73ac" "sleep" "infinity", kill_on_drop: false }`
[INFO] [stdout] 1993df020acc844ad93890c4fa7f5f8818ecf06e60b980de9ff401da1cc95fc2
[INFO] running `Command { std: "docker" "start" "1993df020acc844ad93890c4fa7f5f8818ecf06e60b980de9ff401da1cc95fc2", kill_on_drop: false }`
[INFO] running `Command { std: "docker" "inspect" "1993df020acc844ad93890c4fa7f5f8818ecf06e60b980de9ff401da1cc95fc2", kill_on_drop: false }`
[INFO] running `Command { std: "docker" "exec" "-e" "SOURCE_DIR=/opt/rustwide/workdir" "-e" "CARGO_HOME=/opt/rustwide/cargo-home" "-e" "RUSTUP_HOME=/opt/rustwide/rustup-home" "-e" "CARGO_TARGET_DIR=/opt/rustwide/target" "-w" "/opt/rustwide/workdir" "--user" "0:0" "1993df020acc844ad93890c4fa7f5f8818ecf06e60b980de9ff401da1cc95fc2" "/opt/rustwide/cargo-home/bin/cargo" "+1.99.0-beta.8" "metadata" "--no-deps" "--format-version=1", kill_on_drop: false }`
[INFO] running `Command { std: "docker" "inspect" "1993df020acc844ad93890c4fa7f5f8818ecf06e60b980de9ff401da1cc95fc2", kill_on_drop: false }`
[INFO] running `Command { std: "docker" "exec" "-e" "SOURCE_DIR=/opt/rustwide/workdir" "-e" "CARGO_HOME=/opt/rustwide/cargo-home" "-e" "RUSTUP_HOME=/opt/rustwide/rustup-home" "-e" "CARGO_TARGET_DIR=/opt/rustwide/target" "-e" "CARGO_INCREMENTAL=0" "-e" "RUST_BACKTRACE=full" "-e" "RUSTFLAGS=--cap-lints=warn" "-e" "RUSTDOCFLAGS=--cap-lints=warn" "-w" "/opt/rustwide/workdir" "--user" "0:0" "1993df020acc844ad93890c4fa7f5f8818ecf06e60b980de9ff401da1cc95fc2" "/opt/rustwide/cargo-home/bin/cargo" "+1.99.0-beta.8" "build" "--frozen" "--message-format=json" "--release", kill_on_drop: false }`
[INFO] [stderr]    Compiling libc v0.2.153
[INFO] [stderr]    Compiling proc-macro2 v1.0.80
[INFO] [stderr]    Compiling autocfg v1.2.0
[INFO] [stderr]    Compiling cc v1.0.94
[INFO] [stderr]    Compiling typenum v1.17.0
[INFO] [stderr]    Compiling cfg-if v1.0.0
[INFO] [stderr]    Compiling smallvec v1.13.2
[INFO] [stderr]    Compiling pin-project-lite v0.2.14
[INFO] [stderr]    Compiling bytes v1.6.0
[INFO] [stderr]    Compiling itoa v1.0.11
[INFO] [stderr]    Compiling generic-array v0.14.7
[INFO] [stderr]    Compiling ahash v0.8.11
[INFO] [stderr]    Compiling lock_api v0.4.11
[INFO] [stderr]    Compiling parking_lot_core v0.8.6
[INFO] [stderr]    Compiling log v0.4.21
[INFO] [stderr]    Compiling getrandom v0.2.14
[INFO] [stderr]    Compiling rustls v0.20.9
[INFO] [stderr]    Compiling quote v1.0.36
[INFO] [stderr]    Compiling parking_lot_core v0.9.9
[INFO] [stderr]    Compiling socket2 v0.5.6
[INFO] [stderr]    Compiling syn v2.0.59
[INFO] [stderr]    Compiling mio v0.8.11
[INFO] [stderr]    Compiling signal-hook-registry v1.4.1
[INFO] [stderr]    Compiling num_cpus v1.16.0
[INFO] [stderr]    Compiling parking_lot v0.12.1
[INFO] [stderr]    Compiling ring v0.17.8
[INFO] [stderr]    Compiling ring v0.16.20
[INFO] [stderr]    Compiling slab v0.4.9
[INFO] [stderr]    Compiling once_cell v1.19.0
[INFO] [stderr]    Compiling num-traits v0.2.18
[INFO] [stderr]    Compiling memchr v2.7.2
[INFO] [stderr]    Compiling spin v0.9.8
[INFO] [stderr]    Compiling untrusted v0.9.0
[INFO] [stderr]    Compiling crossbeam-utils v0.8.19
[INFO] [stderr]    Compiling block-buffer v0.10.4
[INFO] [stderr]    Compiling crypto-common v0.1.6
[INFO] [stderr]    Compiling subtle v2.5.0
[INFO] [stderr]    Compiling rustversion v1.0.15
[INFO] [stderr]    Compiling num-conv v0.1.0
[INFO] [stderr]    Compiling time-core v0.1.2
[INFO] [stderr]    Compiling serde_json v1.0.116
[INFO] [stderr]    Compiling serde v1.0.197
[INFO] [stderr]    Compiling time-macros v0.2.18
[INFO] [stderr]    Compiling digest v0.10.7
[INFO] [stderr]    Compiling indexmap v1.9.3
[INFO] [stderr]    Compiling ahash v0.7.8
[INFO] [stderr]    Compiling thiserror v1.0.58
[INFO] [stderr]    Compiling tinyvec_macros v0.1.1
[INFO] [stderr]    Compiling tinyvec v1.6.0
[INFO] [stderr]    Compiling unicase v2.7.0
[INFO] [stderr]    Compiling spin v0.5.2
[INFO] [stderr]    Compiling untrusted v0.7.1
[INFO] [stderr]    Compiling futures-core v0.3.30
[INFO] [stderr]    Compiling unicode-normalization v0.1.23
[INFO] [stderr]    Compiling instant v0.1.12
[INFO] [stderr]    Compiling tracing-core v0.1.32
[INFO] [stderr]    Compiling tokio v1.37.0
[INFO] [stderr]    Compiling powerfmt v0.2.0
[INFO] [stderr]    Compiling webpki v0.22.4
[INFO] [stderr]    Compiling sct v0.7.1
[INFO] [stderr]    Compiling unicode-bidi v0.3.15
[INFO] [stderr]    Compiling zerocopy v0.7.32
[INFO] [stderr]    Compiling paste v1.0.14
[INFO] [stderr]    Compiling scopeguard v1.2.0
[INFO] [stderr]    Compiling serde_derive v1.0.197
[INFO] [stderr]    Compiling tokio-macros v2.2.0
[INFO] [stderr]    Compiling futures-macro v0.3.30
[INFO] [stderr]    Compiling thiserror-impl v1.0.58
[INFO] [stderr]    Compiling futures-util v0.3.30
[INFO] [stderr]    Compiling tracing-attributes v0.1.27
[INFO] [stderr]    Compiling deranged v0.3.11
[INFO] [stderr]    Compiling http v0.2.12
[INFO] [stderr]    Compiling rand_core v0.6.4
[INFO] [stderr]    Compiling minimal-lexical v0.2.1
[INFO] [stderr]    Compiling either v1.11.0
[INFO] [stderr]    Compiling allocator-api2 v0.2.18
[INFO] [stderr]    Compiling cpufeatures v0.2.12
[INFO] [stderr]    Compiling futures-sink v0.3.30
[INFO] [stderr]    Compiling percent-encoding v2.3.1
[INFO] [stderr]    Compiling ryu v1.0.17
[INFO] [stderr]    Compiling ppv-lite86 v0.2.17
[INFO] [stderr]    Compiling hashbrown v0.14.3
[INFO] [stderr]    Compiling rand_chacha v0.3.1
[INFO] [stderr]    Compiling form_urlencoded v1.2.1
[INFO] [stderr]    Compiling time v0.3.36
[INFO] [stderr]    Compiling itertools v0.12.1
[INFO] [stderr]    Compiling nom v7.1.3
[INFO] [stderr]    Compiling tokio-rustls v0.23.4
[INFO] [stderr]    Compiling http-body v0.4.6
[INFO] [stderr]    Compiling tracing v0.1.40
[INFO] [stderr]    Compiling parking_lot v0.11.2
[INFO] [stderr]    Compiling idna v0.5.0
[INFO] [stderr]    Compiling hmac v0.12.1
[INFO] [stderr]    Compiling dirs-sys v0.3.7
[INFO] [stderr]    Compiling hashbrown v0.12.3
[INFO] [stderr]    Compiling strsim v0.10.0
[INFO] [stderr]    Compiling base64 v0.21.7
[INFO] [stderr]    Compiling syn v1.0.109
[INFO] [stderr]    Compiling tower-layer v0.3.2
[INFO] [stderr]    Compiling finl_unicode v1.2.0
[INFO] [stderr]    Compiling fnv v1.0.7
[INFO] [stderr]    Compiling pin-utils v0.1.0
[INFO] [stderr]    Compiling unicode-segmentation v1.11.0
[INFO] [stderr]    Compiling ident_case v1.0.1
[INFO] [stderr]    Compiling crc-catalog v2.4.0
[INFO] [stderr]    Compiling unicode_categories v0.1.1
[INFO] [stderr]    Compiling futures-task v0.3.30
[INFO] [stderr]    Compiling sqlformat v0.2.3
[INFO] [stderr]    Compiling heck v0.4.1
[INFO] [stderr]    Compiling crc v3.2.1
[INFO] [stderr]    Compiling darling_core v0.20.8
[INFO] [stderr]    Compiling stringprep v0.1.4
[INFO] [stderr]    Compiling rustls-pemfile v1.0.4
[INFO] [stderr]    Compiling dirs v4.0.0
[INFO] [stderr]    Compiling url v2.5.0
[INFO] [stderr]    Compiling hkdf v0.12.4
[INFO] [stderr]    Compiling futures-intrusive v0.4.2
[INFO] [stderr]    Compiling atoi v1.0.0
[INFO] [stderr]    Compiling crossbeam-queue v0.3.11
[INFO] [stderr]    Compiling sqlx-rt v0.6.3
[INFO] [stderr]    Compiling rand v0.8.5
[INFO] [stderr]    Compiling hashlink v0.8.4
[INFO] [stderr]    Compiling futures-channel v0.3.30
[INFO] [stderr]    Compiling sha2 v0.10.8
[INFO] [stderr]    Compiling sha1 v0.10.6
[INFO] [stderr]    Compiling tokio-stream v0.1.15
[INFO] [stderr]    Compiling async-trait v0.1.80
[INFO] [stderr]    Compiling webpki-roots v0.22.6
[INFO] [stderr]    Compiling axum-core v0.3.4
[INFO] [stderr]    Compiling md-5 v0.10.6
[INFO] [stderr]    Compiling aho-corasick v1.1.3
[INFO] [stderr]    Compiling dotenvy v0.15.7
[INFO] [stderr]    Compiling regex-syntax v0.8.3
[INFO] [stderr]    Compiling base64 v0.13.1
[INFO] [stderr]    Compiling hex v0.4.3
[INFO] [stderr]    Compiling uuid v1.8.0
[INFO] [stderr]    Compiling bitflags v1.3.2
[INFO] [stderr]    Compiling event-listener v2.5.3
[INFO] [stderr]    Compiling whoami v1.5.1
[INFO] [stderr]    Compiling byteorder v1.5.0
[INFO] [stderr]    Compiling sqlx-core v0.6.3
[INFO] [stderr]    Compiling regex-automata v0.4.6
[INFO] [stderr]    Compiling mime_guess v2.0.4
[INFO] [stderr]    Compiling darling_macro v0.20.8
[INFO] [stderr]    Compiling pin-project-internal v1.1.5
[INFO] [stderr]    Compiling cookie v0.17.0
[INFO] [stderr]    Compiling regex-syntax v0.6.29
[INFO] [stderr]    Compiling pin-project v1.1.5
[INFO] [stderr]    Compiling darling v0.20.8
[INFO] [stderr]    Compiling regex v1.10.4
[INFO] [stderr]    Compiling axum v0.6.20
[INFO] [stderr]    Compiling overload v0.1.1
[INFO] [stderr]    Compiling sharded-slab v0.1.7
[INFO] [stderr]    Compiling lazy-regex-proc_macros v3.1.0
[INFO] [stderr]    Compiling regex-automata v0.1.10
[INFO] [stderr]    Compiling nu-ansi-term v0.46.0
[INFO] [stderr]    Compiling sqlx-macros v0.6.3
[INFO] [stderr]    Compiling hyper v0.14.28
[INFO] [stderr]    Compiling matchers v0.1.0
[INFO] [stderr]    Compiling serde_with_macros v3.7.0
[INFO] [stderr]    Compiling tower v0.4.13
[INFO] [stderr]    Compiling tokio-util v0.7.10
[INFO] [stderr]    Compiling serde_urlencoded v0.7.1
[INFO] [stderr]    Compiling serde_path_to_error v0.1.16
[INFO] [stderr]    Compiling sqlb-macros v0.3.2
[INFO] [stderr]    Compiling tracing-log v0.2.0
[INFO] [stderr]    Compiling thread_local v1.1.8
[INFO] [stderr]    Compiling bitflags v2.5.0
[INFO] [stderr]    Compiling http-range-header v0.3.1
[INFO] [stderr]    Compiling sync_wrapper v0.1.2
[INFO] [stderr]    Compiling matchit v0.7.3
[INFO] [stderr]    Compiling tower-http v0.4.4
[INFO] [stderr]    Compiling tracing-subscriber v0.3.18
[INFO] [stderr]    Compiling serde_with v3.7.0
[INFO] [stderr]    Compiling sqlx v0.6.3
[INFO] [stderr]    Compiling sqlb v0.3.8
[INFO] [stderr]    Compiling tower-cookies v0.9.0
[INFO] [stderr]    Compiling lazy-regex v3.1.0
[INFO] [stderr]    Compiling strum_macros v0.25.3
[INFO] [stderr]    Compiling base64-url v2.0.2
[INFO] [stderr]    Compiling rust-web-app v0.1.0 (/opt/rustwide/workdir)
[INFO] [stderr]     Finished `release` profile [optimized] target(s) in 5m 46s
[INFO] [stderr] warning: the following packages contain code that will be rejected by a future version of Rust: sqlx-core v0.6.3
[INFO] [stderr] note: to see what the problems were, use the option `--future-incompat-report`, or run `cargo report future-incompatibilities --id 3`
[INFO] running `Command { std: "docker" "inspect" "1993df020acc844ad93890c4fa7f5f8818ecf06e60b980de9ff401da1cc95fc2", kill_on_drop: false }`
[INFO] running `Command { std: "docker" "exec" "-e" "SOURCE_DIR=/opt/rustwide/workdir" "-e" "CARGO_HOME=/opt/rustwide/cargo-home" "-e" "RUSTUP_HOME=/opt/rustwide/rustup-home" "-e" "CARGO_TARGET_DIR=/opt/rustwide/target" "-e" "CARGO_INCREMENTAL=0" "-e" "RUST_BACKTRACE=full" "-e" "RUSTFLAGS=--cap-lints=warn" "-e" "RUSTDOCFLAGS=--cap-lints=warn" "-w" "/opt/rustwide/workdir" "--user" "0:0" "1993df020acc844ad93890c4fa7f5f8818ecf06e60b980de9ff401da1cc95fc2" "/opt/rustwide/cargo-home/bin/cargo" "+1.99.0-beta.8" "test" "--frozen" "--no-run" "--message-format=json" "--release", kill_on_drop: false }`
[INFO] [stderr]    Compiling futures-util v0.3.30
[INFO] [stderr]    Compiling hashbrown v0.14.3
[INFO] [stderr]    Compiling pkg-config v0.3.30
[INFO] [stderr]    Compiling tokio-util v0.7.10
[INFO] [stderr]    Compiling openssl v0.10.64
[INFO] [stderr]    Compiling url v2.5.0
[INFO] [stderr]    Compiling openssl-macros v0.1.1
[INFO] [stderr]    Compiling idna v0.3.0
[INFO] [stderr]    Compiling psl-types v2.0.11
[INFO] [stderr]    Compiling encoding_rs v0.8.34
[INFO] [stderr]    Compiling anyhow v1.0.82
[INFO] [stderr]    Compiling publicsuffix v2.2.3
[INFO] [stderr]    Compiling serial_test_derive v2.0.0
[INFO] [stderr]    Compiling openssl-sys v0.9.102
[INFO] [stderr]    Compiling indexmap v2.2.6
[INFO] [stderr]    Compiling native-tls v0.2.11
[INFO] [stderr]    Compiling hashlink v0.8.4
[INFO] [stderr]    Compiling cookie_store v0.20.0
[INFO] [stderr]    Compiling dashmap v5.5.3
[INFO] [stderr]    Compiling h2 v0.3.26
[INFO] [stderr]    Compiling futures-executor v0.3.30
[INFO] [stderr]    Compiling axum-core v0.3.4
[INFO] [stderr]    Compiling sqlx-core v0.6.3
[INFO] [stderr]    Compiling tower v0.4.13
[INFO] [stderr]    Compiling tower-http v0.4.4
[INFO] [stderr]    Compiling futures v0.3.30
[INFO] [stderr]    Compiling serial_test v2.0.0
[INFO] [stderr]    Compiling tower-cookies v0.9.0
[INFO] [stderr]    Compiling tokio-native-tls v0.3.1
[INFO] [stderr]    Compiling hyper v0.14.28
[INFO] [stderr]    Compiling sqlx v0.6.3
[INFO] [stderr]    Compiling sqlb v0.3.8
[INFO] [stderr]    Compiling hyper-tls v0.5.0
[INFO] [stderr]    Compiling axum v0.6.20
[INFO] [stderr]    Compiling reqwest v0.11.27
[INFO] [stderr]    Compiling reqwest_cookie_store v0.6.0
[INFO] [stderr]    Compiling httpc-test v0.1.9
[INFO] [stderr]    Compiling rust-web-app v0.1.0 (/opt/rustwide/workdir)
[INFO] [stderr]     Finished `release` profile [optimized] target(s) in 2m 07s
[INFO] [stderr] warning: the following packages contain code that will be rejected by a future version of Rust: sqlx-core v0.6.3
[INFO] [stderr] note: to see what the problems were, use the option `--future-incompat-report`, or run `cargo report future-incompatibilities --id 3`
[INFO] running `Command { std: "docker" "inspect" "1993df020acc844ad93890c4fa7f5f8818ecf06e60b980de9ff401da1cc95fc2", kill_on_drop: false }`
[INFO] running `Command { std: "docker" "exec" "-e" "SOURCE_DIR=/opt/rustwide/workdir" "-e" "CARGO_HOME=/opt/rustwide/cargo-home" "-e" "RUSTUP_HOME=/opt/rustwide/rustup-home" "-e" "CARGO_TARGET_DIR=/opt/rustwide/target" "-e" "CARGO_INCREMENTAL=0" "-e" "RUST_BACKTRACE=full" "-e" "RUSTFLAGS=--cap-lints=warn" "-e" "RUSTDOCFLAGS=--cap-lints=warn" "-w" "/opt/rustwide/workdir" "--user" "0:0" "1993df020acc844ad93890c4fa7f5f8818ecf06e60b980de9ff401da1cc95fc2" "/opt/rustwide/cargo-home/bin/cargo" "+1.99.0-beta.8" "test" "--frozen" "--release", kill_on_drop: false }`
[INFO] [stderr]     Finished `release` profile [optimized] target(s) in 0.45s
[INFO] [stderr] warning: the following packages contain code that will be rejected by a future version of Rust: sqlx-core v0.6.3
[INFO] [stderr] note: to see what the problems were, use the option `--future-incompat-report`, or run `cargo report future-incompatibilities --id 3`
[INFO] [stderr]      Running unittests src/main.rs (/opt/rustwide/target/release/deps/rust_web_app-d7f445ecdd59dc78)
[INFO] [stdout] 
[INFO] [stdout] running 11 tests
[INFO] [stdout] test crypt::token::tests::test_token_from_str_ok ... ok
[INFO] [stdout] test crypt::token::tests::test_token_display_ok ... ok
[INFO] [stdout] test crypt::tests::test_encrypt_into_b64u_ok ... ok
[INFO] [stdout] test crypt::token::tests::test_validate_web_token_ok ... FAILED
[INFO] [stdout] test crypt::token::tests::test_validate_web_token_err_expired ... FAILED
[INFO] [stdout] test model::task::tests::test_list_ok ... FAILED
[INFO] [stdout] test model::task::tests::test_create_ok ... FAILED
[INFO] [stdout] test model::user::tests::test_first_ok_demo1 ... FAILED
[INFO] [stdout] test model::task::tests::test_delete_err_not_found ... FAILED
[INFO] [stdout] test model::task::tests::test_update_ok ... FAILED
[INFO] [stdout] test model::task::tests::test_get_err_not_found ... FAILED
[INFO] [stdout] 
[INFO] [stdout] failures:
[INFO] [stdout] 
[INFO] [stdout] ---- crypt::token::tests::test_validate_web_token_ok stdout ----
[INFO] [stdout] 
[INFO] [stdout] thread 'crypt::token::tests::test_validate_web_token_ok' (5433) panicked at src/config.rs:9:13:
[INFO] [stdout] FATAL - WHILE LOADING CONF - Cause: ConfigMissingEnv("SERVICE_PWD_KEY")
[INFO] [stdout] stack backtrace:
[INFO] [stdout]    0:     0x5ae90a1ad431 - <<std[70759c8f55707aa4]::sys::backtrace::BacktraceLock>::print::DisplayBacktrace as core[df12db4294e9bfd3]::fmt::Display>::fmt
[INFO] [stdout]    1:     0x5ae90a1c5bba - core[df12db4294e9bfd3]::fmt::write
[INFO] [stdout]    2:     0x5ae90a1b25fc - <alloc[2182bb758b4b3781]::vec::Vec<u8> as core[df12db4294e9bfd3]::io::write::Write>::write_fmt
[INFO] [stdout]    3:     0x5ae90a187606 - std[70759c8f55707aa4]::panicking::default_hook::{closure#0}
[INFO] [stdout]    4:     0x5ae90a1a4a89 - std[70759c8f55707aa4]::panicking::default_hook
[INFO] [stdout]    5:     0x5ae909fc7650 - test[9d35eded1c95d3be]::test_main_inner::<test[9d35eded1c95d3be]::test_main_static::{closure#0}>::{closure#0}
[INFO] [stdout]    6:     0x5ae90a1a4db2 - std[70759c8f55707aa4]::panicking::panic_with_hook
[INFO] [stdout]    7:     0x5ae90a1876b2 - std[70759c8f55707aa4]::panicking::panic_handler::{closure#0}
[INFO] [stdout]    8:     0x5ae90a17fb99 - std[70759c8f55707aa4]::sys::backtrace::__rust_end_short_backtrace::<std[70759c8f55707aa4]::panicking::panic_handler::{closure#0}, !>
[INFO] [stdout]    9:     0x5ae90a1885ad - __rustc[8fa7c3cbc660c2b3]::rust_begin_unwind
[INFO] [stdout]   10:     0x5ae90a1c631c - core[df12db4294e9bfd3]::panicking::panic_fmt
[INFO] [stdout]   11:     0x5ae909f83844 - rust_web_app[98b94e73a284de0b]::config::config::{closure#0}::{closure#0}
[INFO] [stdout]   12:     0x5ae909f8380b - <std[70759c8f55707aa4]::sync::once::Once>::call_once_force::<<std[70759c8f55707aa4]::sync::once_lock::OnceLock<rust_web_app[98b94e73a284de0b]::config::Config>>::initialize<<std[70759c8f55707aa4]::sync::once_lock::OnceLock<rust_web_app[98b94e73a284de0b]::config::Config>>::get_or_init<rust_web_app[98b94e73a284de0b]::config::config::{closure#0}>::{closure#0}, !>::{closure#0}>::{closure#0}
[INFO] [stdout]   13:     0x5ae90a18d679 - <std[70759c8f55707aa4]::sys::sync::once::futex::Once>::call
[INFO] [stdout]   14:     0x5ae909f7d0a7 - <std[70759c8f55707aa4]::sync::once_lock::OnceLock<rust_web_app[98b94e73a284de0b]::config::Config>>::initialize::<<std[70759c8f55707aa4]::sync::once_lock::OnceLock<rust_web_app[98b94e73a284de0b]::config::Config>>::get_or_init<rust_web_app[98b94e73a284de0b]::config::config::{closure#0}>::{closure#0}, !>
[INFO] [stdout]   15:     0x5ae909fa7428 - rust_web_app[98b94e73a284de0b]::crypt::token::tests::test_validate_web_token_ok
[INFO] [stdout]   16:     0x5ae909f7cabf - <rust_web_app[98b94e73a284de0b]::crypt::token::tests::test_validate_web_token_ok::{closure#0} as core[df12db4294e9bfd3]::ops::function::FnOnce<()>>::call_once
[INFO] [stdout]   17:     0x5ae909fba93b - test[9d35eded1c95d3be]::__rust_begin_short_backtrace::<core[df12db4294e9bfd3]::result::Result<(), alloc[2182bb758b4b3781]::string::String>, fn() -> core[df12db4294e9bfd3]::result::Result<(), alloc[2182bb758b4b3781]::string::String>>
[INFO] [stdout]   18:     0x5ae909fc7fa5 - test[9d35eded1c95d3be]::run_test::{closure#0}
[INFO] [stdout]   19:     0x5ae909fc1864 - std[70759c8f55707aa4]::sys::backtrace::__rust_begin_short_backtrace::<test[9d35eded1c95d3be]::run_test::{closure#1}, ()>
[INFO] [stdout]   20:     0x5ae909fcb102 - <std[70759c8f55707aa4]::thread::lifecycle::spawn_unchecked<test[9d35eded1c95d3be]::run_test::{closure#1}, ()>::{closure#1} as core[df12db4294e9bfd3]::ops::function::FnOnce<()>>::call_once::{shim:vtable#0}
[INFO] [stdout]   21:     0x5ae90a1ac2c9 - <std[70759c8f55707aa4]::sys::thread::unix::Thread>::new::thread_start
[INFO] [stdout]   22:     0x7bc4ee767dfa - <unknown>
[INFO] [stdout]   23:     0x7bc4ee7fb3d4 - clone
[INFO] [stdout]   24:                0x0 - <unknown>
[INFO] [stdout] 
[INFO] [stdout] ---- crypt::token::tests::test_validate_web_token_err_expired stdout ----
[INFO] [stdout] 
[INFO] [stdout] thread 'crypt::token::tests::test_validate_web_token_err_expired' (5432) panicked at src/config.rs:9:13:
[INFO] [stdout] FATAL - WHILE LOADING CONF - Cause: ConfigMissingEnv("SERVICE_PWD_KEY")
[INFO] [stdout] stack backtrace:
[INFO] [stdout]    0:     0x5ae90a1ad431 - <<std[70759c8f55707aa4]::sys::backtrace::BacktraceLock>::print::DisplayBacktrace as core[df12db4294e9bfd3]::fmt::Display>::fmt
[INFO] [stdout]    1:     0x5ae90a1c5bba - core[df12db4294e9bfd3]::fmt::write
[INFO] [stdout]    2:     0x5ae90a1b25fc - <alloc[2182bb758b4b3781]::vec::Vec<u8> as core[df12db4294e9bfd3]::io::write::Write>::write_fmt
[INFO] [stdout]    3:     0x5ae90a187606 - std[70759c8f55707aa4]::panicking::default_hook::{closure#0}
[INFO] [stdout]    4:     0x5ae90a1a4a89 - std[70759c8f55707aa4]::panicking::default_hook
[INFO] [stdout]    5:     0x5ae909fc7650 - test[9d35eded1c95d3be]::test_main_inner::<test[9d35eded1c95d3be]::test_main_static::{closure#0}>::{closure#0}
[INFO] [stdout]    6:     0x5ae90a1a4db2 - std[70759c8f55707aa4]::panicking::panic_with_hook
[INFO] [stdout]    7:     0x5ae90a1876b2 - std[70759c8f55707aa4]::panicking::panic_handler::{closure#0}
[INFO] [stdout]    8:     0x5ae90a17fb99 - std[70759c8f55707aa4]::sys::backtrace::__rust_end_short_backtrace::<std[70759c8f55707aa4]::panicking::panic_handler::{closure#0}, !>
[INFO] [stdout]    9:     0x5ae90a1885ad - __rustc[8fa7c3cbc660c2b3]::rust_begin_unwind
[INFO] [stdout]   10:     0x5ae90a1c631c - core[df12db4294e9bfd3]::panicking::panic_fmt
[INFO] [stdout]   11:     0x5ae909f83844 - rust_web_app[98b94e73a284de0b]::config::config::{closure#0}::{closure#0}
[INFO] [stdout]   12:     0x5ae909f8380b - <std[70759c8f55707aa4]::sync::once::Once>::call_once_force::<<std[70759c8f55707aa4]::sync::once_lock::OnceLock<rust_web_app[98b94e73a284de0b]::config::Config>>::initialize<<std[70759c8f55707aa4]::sync::once_lock::OnceLock<rust_web_app[98b94e73a284de0b]::config::Config>>::get_or_init<rust_web_app[98b94e73a284de0b]::config::config::{closure#0}>::{closure#0}, !>::{closure#0}>::{closure#0}
[INFO] [stdout]   13:     0x5ae90a18d679 - <std[70759c8f55707aa4]::sys::sync::once::futex::Once>::call
[INFO] [stdout]   14:     0x5ae909f7d0a7 - <std[70759c8f55707aa4]::sync::once_lock::OnceLock<rust_web_app[98b94e73a284de0b]::config::Config>>::initialize::<<std[70759c8f55707aa4]::sync::once_lock::OnceLock<rust_web_app[98b94e73a284de0b]::config::Config>>::get_or_init<rust_web_app[98b94e73a284de0b]::config::config::{closure#0}>::{closure#0}, !>
[INFO] [stdout]   15:     0x5ae909fa75bd - rust_web_app[98b94e73a284de0b]::crypt::token::tests::test_validate_web_token_err_expired
[INFO] [stdout]   16:     0x5ae909f7cb6f - <rust_web_app[98b94e73a284de0b]::crypt::token::tests::test_validate_web_token_err_expired::{closure#0} as core[df12db4294e9bfd3]::ops::function::FnOnce<()>>::call_once
[INFO] [stdout]   17:     0x5ae909fba93b - test[9d35eded1c95d3be]::__rust_begin_short_backtrace::<core[df12db4294e9bfd3]::result::Result<(), alloc[2182bb758b4b3781]::string::String>, fn() -> core[df12db4294e9bfd3]::result::Result<(), alloc[2182bb758b4b3781]::string::String>>
[INFO] [stdout]   18:     0x5ae909fc7fa5 - test[9d35eded1c95d3be]::run_test::{closure#0}
[INFO] [stdout]   19:     0x5ae909fc1864 - std[70759c8f55707aa4]::sys::backtrace::__rust_begin_short_backtrace::<test[9d35eded1c95d3be]::run_test::{closure#1}, ()>
[INFO] [stdout]   20:     0x5ae909fcb102 - <std[70759c8f55707aa4]::thread::lifecycle::spawn_unchecked<test[9d35eded1c95d3be]::run_test::{closure#1}, ()>::{closure#1} as core[df12db4294e9bfd3]::ops::function::FnOnce<()>>::call_once::{shim:vtable#0}
[INFO] [stdout]   21:     0x5ae90a1ac2c9 - <std[70759c8f55707aa4]::sys::thread::unix::Thread>::new::thread_start
[INFO] [stdout]   22:     0x7bc4ee767dfa - <unknown>
[INFO] [stdout]   23:     0x7bc4ee7fb3d4 - clone
[INFO] [stdout]   24:                0x0 - <unknown>
[INFO] [stdout] 
[INFO] [stdout] ---- model::task::tests::test_list_ok stdout ----
[INFO] [stdout] 
[INFO] [stdout] thread 'model::task::tests::test_list_ok' (5437) panicked at src/_dev_utils/mod.rs:16:37:
[INFO] [stdout] called `Result::unwrap()` on an `Err` value: PoolTimedOut
[INFO] [stdout] stack backtrace:
[INFO] [stdout]    0:     0x5ae90a1ad431 - <<std[70759c8f55707aa4]::sys::backtrace::BacktraceLock>::print::DisplayBacktrace as core[df12db4294e9bfd3]::fmt::Display>::fmt
[INFO] [stdout]    1:     0x5ae90a1c5bba - core[df12db4294e9bfd3]::fmt::write
[INFO] [stdout]    2:     0x5ae90a1b25fc - <alloc[2182bb758b4b3781]::vec::Vec<u8> as core[df12db4294e9bfd3]::io::write::Write>::write_fmt
[INFO] [stdout]    3:     0x5ae90a187606 - std[70759c8f55707aa4]::panicking::default_hook::{closure#0}
[INFO] [stdout]    4:     0x5ae90a1a4a89 - std[70759c8f55707aa4]::panicking::default_hook
[INFO] [stdout]    5:     0x5ae909fc7650 - test[9d35eded1c95d3be]::test_main_inner::<test[9d35eded1c95d3be]::test_main_static::{closure#0}>::{closure#0}
[INFO] [stdout]    6:     0x5ae90a1a4db2 - std[70759c8f55707aa4]::panicking::panic_with_hook
[INFO] [stdout]    7:     0x5ae90a1876b2 - std[70759c8f55707aa4]::panicking::panic_handler::{closure#0}
[INFO] [stdout]    8:     0x5ae90a17fb99 - std[70759c8f55707aa4]::sys::backtrace::__rust_end_short_backtrace::<std[70759c8f55707aa4]::panicking::panic_handler::{closure#0}, !>
[INFO] [stdout]    9:     0x5ae90a1885ad - __rustc[8fa7c3cbc660c2b3]::rust_begin_unwind
[INFO] [stdout]   10:     0x5ae90a1c631c - core[df12db4294e9bfd3]::panicking::panic_fmt
[INFO] [stdout]   11:     0x5ae90a1c60f2 - core[df12db4294e9bfd3]::result::unwrap_failed
[INFO] [stdout]   12:     0x5ae909f4d59c - rust_web_app[98b94e73a284de0b]::_dev_utils::init_test::{closure#0}
[INFO] [stdout]   13:     0x5ae909f52162 - rust_web_app[98b94e73a284de0b]::model::task::tests::test_list_ok::{closure#0}
[INFO] [stdout]   14:     0x5ae909fb4268 - <tokio[f3f6ecd9fdb3e462]::runtime::scheduler::current_thread::Context>::enter::<core[df12db4294e9bfd3]::task::poll::Poll<core[df12db4294e9bfd3]::result::Result<(), anyhow[1418268494d90994]::Error>>, <tokio[f3f6ecd9fdb3e462]::runtime::scheduler::current_thread::CoreGuard>::block_on<core[df12db4294e9bfd3]::pin::Pin<&mut core[df12db4294e9bfd3]::pin::Pin<&mut dyn core[df12db4294e9bfd3]::future::future::Future<Output = core[df12db4294e9bfd3]::result::Result<(), anyhow[1418268494d90994]::Error>>>>>::{closure#0}::{closure#0}>
[INFO] [stdout]   15:     0x5ae909f843cf - <std[70759c8f55707aa4]::thread::local::LocalKey<tokio[f3f6ecd9fdb3e462]::runtime::context::Context>>::with::<tokio[f3f6ecd9fdb3e462]::runtime::context::set_scheduler<(alloc[2182bb758b4b3781]::boxed::Box<tokio[f3f6ecd9fdb3e462]::runtime::scheduler::current_thread::Core>, core[df12db4294e9bfd3]::option::Option<core[df12db4294e9bfd3]::result::Result<(), anyhow[1418268494d90994]::Error>>), <tokio[f3f6ecd9fdb3e462]::runtime::scheduler::current_thread::CoreGuard>::enter<<tokio[f3f6ecd9fdb3e462]::runtime::scheduler::current_thread::CoreGuard>::block_on<core[df12db4294e9bfd3]::pin::Pin<&mut core[df12db4294e9bfd3]::pin::Pin<&mut dyn core[df12db4294e9bfd3]::future::future::Future<Output = core[df12db4294e9bfd3]::result::Result<(), anyhow[1418268494d90994]::Error>>>>>::{closure#0}, core[df12db4294e9bfd3]::option::Option<core[df12db4294e9bfd3]::result::Result<(), anyhow[1418268494d90994]::Error>>>::{closure#0}>::{closure#0}, (alloc[2182bb758b4b3781]::boxed::Box<tokio[f3f6ecd9fdb3e462]::runtime::scheduler::current_thread::Core>, core[df12db4294e9bfd3]::option::Option<core[df12db4294e9bfd3]::result::Result<(), anyhow[1418268494d90994]::Error>>)>
[INFO] [stdout]   16:     0x5ae909fb45de - <tokio[f3f6ecd9fdb3e462]::runtime::scheduler::current_thread::CoreGuard>::block_on::<core[df12db4294e9bfd3]::pin::Pin<&mut core[df12db4294e9bfd3]::pin::Pin<&mut dyn core[df12db4294e9bfd3]::future::future::Future<Output = core[df12db4294e9bfd3]::result::Result<(), anyhow[1418268494d90994]::Error>>>>>
[INFO] [stdout]   17:     0x5ae909f876a5 - tokio[f3f6ecd9fdb3e462]::runtime::context::runtime::enter_runtime::<<tokio[f3f6ecd9fdb3e462]::runtime::scheduler::current_thread::CurrentThread>::block_on<core[df12db4294e9bfd3]::pin::Pin<&mut dyn core[df12db4294e9bfd3]::future::future::Future<Output = core[df12db4294e9bfd3]::result::Result<(), anyhow[1418268494d90994]::Error>>>>::{closure#0}, core[df12db4294e9bfd3]::result::Result<(), anyhow[1418268494d90994]::Error>>
[INFO] [stdout]   18:     0x5ae909f8b685 - <tokio[f3f6ecd9fdb3e462]::runtime::runtime::Runtime>::block_on::<core[df12db4294e9bfd3]::pin::Pin<&mut dyn core[df12db4294e9bfd3]::future::future::Future<Output = core[df12db4294e9bfd3]::result::Result<(), anyhow[1418268494d90994]::Error>>>>
[INFO] [stdout]   19:     0x5ae909f55929 - rust_web_app[98b94e73a284de0b]::model::task::tests::test_list_ok
[INFO] [stdout]   20:     0x5ae909f7cc1f - <rust_web_app[98b94e73a284de0b]::model::task::tests::test_list_ok::{closure#0} as core[df12db4294e9bfd3]::ops::function::FnOnce<()>>::call_once
[INFO] [stdout]   21:     0x5ae909fba93b - test[9d35eded1c95d3be]::__rust_begin_short_backtrace::<core[df12db4294e9bfd3]::result::Result<(), alloc[2182bb758b4b3781]::string::String>, fn() -> core[df12db4294e9bfd3]::result::Result<(), alloc[2182bb758b4b3781]::string::String>>
[INFO] [stdout]   22:     0x5ae909fc7fa5 - test[9d35eded1c95d3be]::run_test::{closure#0}
[INFO] [stdout]   23:     0x5ae909fc1864 - std[70759c8f55707aa4]::sys::backtrace::__rust_begin_short_backtrace::<test[9d35eded1c95d3be]::run_test::{closure#1}, ()>
[INFO] [stdout]   24:     0x5ae909fcb102 - <std[70759c8f55707aa4]::thread::lifecycle::spawn_unchecked<test[9d35eded1c95d3be]::run_test::{closure#1}, ()>::{closure#1} as core[df12db4294e9bfd3]::ops::function::FnOnce<()>>::call_once::{shim:vtable#0}
[INFO] [stdout]   25:     0x5ae90a1ac2c9 - <std[70759c8f55707aa4]::sys::thread::unix::Thread>::new::thread_start
[INFO] [stdout]   26:     0x7bc4ee767dfa - <unknown>
[INFO] [stdout]   27:     0x7bc4ee7fb3d4 - clone
[INFO] [stdout]   28:                0x0 - <unknown>
[INFO] [stdout] 
[INFO] [stdout] ---- model::task::tests::test_create_ok stdout ----
[INFO] [stdout] 
[INFO] [stdout] thread 'model::task::tests::test_create_ok' (5434) panicked at src/_dev_utils/mod.rs:16:37:
[INFO] [stdout] called `Result::unwrap()` on an `Err` value: PoolTimedOut
[INFO] [stdout] stack backtrace:
[INFO] [stdout]    0:     0x5ae90a1ad431 - <<std[70759c8f55707aa4]::sys::backtrace::BacktraceLock>::print::DisplayBacktrace as core[df12db4294e9bfd3]::fmt::Display>::fmt
[INFO] [stdout]    1:     0x5ae90a1c5bba - core[df12db4294e9bfd3]::fmt::write
[INFO] [stdout]    2:     0x5ae90a1b25fc - <alloc[2182bb758b4b3781]::vec::Vec<u8> as core[df12db4294e9bfd3]::io::write::Write>::write_fmt
[INFO] [stdout]    3:     0x5ae90a187606 - std[70759c8f55707aa4]::panicking::default_hook::{closure#0}
[INFO] [stdout]    4:     0x5ae90a1a4a89 - std[70759c8f55707aa4]::panicking::default_hook
[INFO] [stdout]    5:     0x5ae909fc7650 - test[9d35eded1c95d3be]::test_main_inner::<test[9d35eded1c95d3be]::test_main_static::{closure#0}>::{closure#0}
[INFO] [stdout]    6:     0x5ae90a1a4db2 - std[70759c8f55707aa4]::panicking::panic_with_hook
[INFO] [stdout]    7:     0x5ae90a1876b2 - std[70759c8f55707aa4]::panicking::panic_handler::{closure#0}
[INFO] [stdout]    8:     0x5ae90a17fb99 - std[70759c8f55707aa4]::sys::backtrace::__rust_end_short_backtrace::<std[70759c8f55707aa4]::panicking::panic_handler::{closure#0}, !>
[INFO] [stdout]    9:     0x5ae90a1885ad - __rustc[8fa7c3cbc660c2b3]::rust_begin_unwind
[INFO] [stdout]   10:     0x5ae90a1c631c - core[df12db4294e9bfd3]::panicking::panic_fmt
[INFO] [stdout]   11:     0x5ae90a1c60f2 - core[df12db4294e9bfd3]::result::unwrap_failed
[INFO] [stdout]   12:     0x5ae909f4d59c - rust_web_app[98b94e73a284de0b]::_dev_utils::init_test::{closure#0}
[INFO] [stdout]   13:     0x5ae909f53699 - rust_web_app[98b94e73a284de0b]::model::task::tests::test_create_ok::{closure#0}
[INFO] [stdout]   14:     0x5ae909fb4268 - <tokio[f3f6ecd9fdb3e462]::runtime::scheduler::current_thread::Context>::enter::<core[df12db4294e9bfd3]::task::poll::Poll<core[df12db4294e9bfd3]::result::Result<(), anyhow[1418268494d90994]::Error>>, <tokio[f3f6ecd9fdb3e462]::runtime::scheduler::current_thread::CoreGuard>::block_on<core[df12db4294e9bfd3]::pin::Pin<&mut core[df12db4294e9bfd3]::pin::Pin<&mut dyn core[df12db4294e9bfd3]::future::future::Future<Output = core[df12db4294e9bfd3]::result::Result<(), anyhow[1418268494d90994]::Error>>>>>::{closure#0}::{closure#0}>
[INFO] [stdout]   15:     0x5ae909f843cf - <std[70759c8f55707aa4]::thread::local::LocalKey<tokio[f3f6ecd9fdb3e462]::runtime::context::Context>>::with::<tokio[f3f6ecd9fdb3e462]::runtime::context::set_scheduler<(alloc[2182bb758b4b3781]::boxed::Box<tokio[f3f6ecd9fdb3e462]::runtime::scheduler::current_thread::Core>, core[df12db4294e9bfd3]::option::Option<core[df12db4294e9bfd3]::result::Result<(), anyhow[1418268494d90994]::Error>>), <tokio[f3f6ecd9fdb3e462]::runtime::scheduler::current_thread::CoreGuard>::enter<<tokio[f3f6ecd9fdb3e462]::runtime::scheduler::current_thread::CoreGuard>::block_on<core[df12db4294e9bfd3]::pin::Pin<&mut core[df12db4294e9bfd3]::pin::Pin<&mut dyn core[df12db4294e9bfd3]::future::future::Future<Output = core[df12db4294e9bfd3]::result::Result<(), anyhow[1418268494d90994]::Error>>>>>::{closure#0}, core[df12db4294e9bfd3]::option::Option<core[df12db4294e9bfd3]::result::Result<(), anyhow[1418268494d90994]::Error>>>::{closure#0}>::{closure#0}, (alloc[2182bb758b4b3781]::boxed::Box<tokio[f3f6ecd9fdb3e462]::runtime::scheduler::current_thread::Core>, core[df12db4294e9bfd3]::option::Option<core[df12db4294e9bfd3]::result::Result<(), anyhow[1418268494d90994]::Error>>)>
[INFO] [stdout]   16:     0x5ae909fb45de - <tokio[f3f6ecd9fdb3e462]::runtime::scheduler::current_thread::CoreGuard>::block_on::<core[df12db4294e9bfd3]::pin::Pin<&mut core[df12db4294e9bfd3]::pin::Pin<&mut dyn core[df12db4294e9bfd3]::future::future::Future<Output = core[df12db4294e9bfd3]::result::Result<(), anyhow[1418268494d90994]::Error>>>>>
[INFO] [stdout]   17:     0x5ae909f876a5 - tokio[f3f6ecd9fdb3e462]::runtime::context::runtime::enter_runtime::<<tokio[f3f6ecd9fdb3e462]::runtime::scheduler::current_thread::CurrentThread>::block_on<core[df12db4294e9bfd3]::pin::Pin<&mut dyn core[df12db4294e9bfd3]::future::future::Future<Output = core[df12db4294e9bfd3]::result::Result<(), anyhow[1418268494d90994]::Error>>>>::{closure#0}, core[df12db4294e9bfd3]::result::Result<(), anyhow[1418268494d90994]::Error>>
[INFO] [stdout]   18:     0x5ae909f8b685 - <tokio[f3f6ecd9fdb3e462]::runtime::runtime::Runtime>::block_on::<core[df12db4294e9bfd3]::pin::Pin<&mut dyn core[df12db4294e9bfd3]::future::future::Future<Output = core[df12db4294e9bfd3]::result::Result<(), anyhow[1418268494d90994]::Error>>>>
[INFO] [stdout]   19:     0x5ae909f55aa9 - rust_web_app[98b94e73a284de0b]::model::task::tests::test_create_ok
[INFO] [stdout]   20:     0x5ae909f7cccf - <rust_web_app[98b94e73a284de0b]::model::task::tests::test_create_ok::{closure#0} as core[df12db4294e9bfd3]::ops::function::FnOnce<()>>::call_once
[INFO] [stdout]   21:     0x5ae909fba93b - test[9d35eded1c95d3be]::__rust_begin_short_backtrace::<core[df12db4294e9bfd3]::result::Result<(), alloc[2182bb758b4b3781]::string::String>, fn() -> core[df12db4294e9bfd3]::result::Result<(), alloc[2182bb758b4b3781]::string::String>>
[INFO] [stdout]   22:     0x5ae909fc7fa5 - test[9d35eded1c95d3be]::run_test::{closure#0}
[INFO] [stdout]   23:     0x5ae909fc1864 - std[70759c8f55707aa4]::sys::backtrace::__rust_begin_short_backtrace::<test[9d35eded1c95d3be]::run_test::{closure#1}, ()>
[INFO] [stdout]   24:     0x5ae909fcb102 - <std[70759c8f55707aa4]::thread::lifecycle::spawn_unchecked<test[9d35eded1c95d3be]::run_test::{closure#1}, ()>::{closure#1} as core[df12db4294e9bfd3]::ops::function::FnOnce<()>>::call_once::{shim:vtable#0}
[INFO] [stdout]   25:     0x5ae90a1ac2c9 - <std[70759c8f55707aa4]::sys::thread::unix::Thread>::new::thread_start
[INFO] [stdout]   26:     0x7bc4ee767dfa - <unknown>
[INFO] [stdout]   27:     0x7bc4ee7fb3d4 - clone
[INFO] [stdout]   28:                0x0 - <unknown>
[INFO] [stdout] 
[INFO] [stdout] ---- model::user::tests::test_first_ok_demo1 stdout ----
[INFO] [stdout] 
[INFO] [stdout] thread 'model::user::tests::test_first_ok_demo1' (5440) panicked at src/_dev_utils/mod.rs:16:37:
[INFO] [stdout] called `Result::unwrap()` on an `Err` value: PoolTimedOut
[INFO] [stdout] stack backtrace:
[INFO] [stdout]    0:     0x5ae90a1ad431 - <<std[70759c8f55707aa4]::sys::backtrace::BacktraceLock>::print::DisplayBacktrace as core[df12db4294e9bfd3]::fmt::Display>::fmt
[INFO] [stdout]    1:     0x5ae90a1c5bba - core[df12db4294e9bfd3]::fmt::write
[INFO] [stdout]    2:     0x5ae90a1b25fc - <alloc[2182bb758b4b3781]::vec::Vec<u8> as core[df12db4294e9bfd3]::io::write::Write>::write_fmt
[INFO] [stdout]    3:     0x5ae90a187606 - std[70759c8f55707aa4]::panicking::default_hook::{closure#0}
[INFO] [stdout]    4:     0x5ae90a1a4a89 - std[70759c8f55707aa4]::panicking::default_hook
[INFO] [stdout]    5:     0x5ae909fc7650 - test[9d35eded1c95d3be]::test_main_inner::<test[9d35eded1c95d3be]::test_main_static::{closure#0}>::{closure#0}
[INFO] [stdout]    6:     0x5ae90a1a4db2 - std[70759c8f55707aa4]::panicking::panic_with_hook
[INFO] [stdout]    7:     0x5ae90a1876b2 - std[70759c8f55707aa4]::panicking::panic_handler::{closure#0}
[INFO] [stdout]    8:     0x5ae90a17fb99 - std[70759c8f55707aa4]::sys::backtrace::__rust_end_short_backtrace::<std[70759c8f55707aa4]::panicking::panic_handler::{closure#0}, !>
[INFO] [stdout]    9:     0x5ae90a1885ad - __rustc[8fa7c3cbc660c2b3]::rust_begin_unwind
[INFO] [stdout]   10:     0x5ae90a1c631c - core[df12db4294e9bfd3]::panicking::panic_fmt
[INFO] [stdout]   11:     0x5ae90a1c60f2 - core[df12db4294e9bfd3]::result::unwrap_failed
[INFO] [stdout]   12:     0x5ae909f6c8fd - rust_web_app[98b94e73a284de0b]::_dev_utils::init_dev::{closure#0}::{closure#0}::{closure#0}
[INFO] [stdout]   13:     0x5ae909f70669 - rust_web_app[98b94e73a284de0b]::model::user::tests::test_first_ok_demo1::{closure#0}
[INFO] [stdout]   14:     0x5ae909fb4268 - <tokio[f3f6ecd9fdb3e462]::runtime::scheduler::current_thread::Context>::enter::<core[df12db4294e9bfd3]::task::poll::Poll<core[df12db4294e9bfd3]::result::Result<(), anyhow[1418268494d90994]::Error>>, <tokio[f3f6ecd9fdb3e462]::runtime::scheduler::current_thread::CoreGuard>::block_on<core[df12db4294e9bfd3]::pin::Pin<&mut core[df12db4294e9bfd3]::pin::Pin<&mut dyn core[df12db4294e9bfd3]::future::future::Future<Output = core[df12db4294e9bfd3]::result::Result<(), anyhow[1418268494d90994]::Error>>>>>::{closure#0}::{closure#0}>
[INFO] [stdout]   15:     0x5ae909f843cf - <std[70759c8f55707aa4]::thread::local::LocalKey<tokio[f3f6ecd9fdb3e462]::runtime::context::Context>>::with::<tokio[f3f6ecd9fdb3e462]::runtime::context::set_scheduler<(alloc[2182bb758b4b3781]::boxed::Box<tokio[f3f6ecd9fdb3e462]::runtime::scheduler::current_thread::Core>, core[df12db4294e9bfd3]::option::Option<core[df12db4294e9bfd3]::result::Result<(), anyhow[1418268494d90994]::Error>>), <tokio[f3f6ecd9fdb3e462]::runtime::scheduler::current_thread::CoreGuard>::enter<<tokio[f3f6ecd9fdb3e462]::runtime::scheduler::current_thread::CoreGuard>::block_on<core[df12db4294e9bfd3]::pin::Pin<&mut core[df12db4294e9bfd3]::pin::Pin<&mut dyn core[df12db4294e9bfd3]::future::future::Future<Output = core[df12db4294e9bfd3]::result::Result<(), anyhow[1418268494d90994]::Error>>>>>::{closure#0}, core[df12db4294e9bfd3]::option::Option<core[df12db4294e9bfd3]::result::Result<(), anyhow[1418268494d90994]::Error>>>::{closure#0}>::{closure#0}, (alloc[2182bb758b4b3781]::boxed::Box<tokio[f3f6ecd9fdb3e462]::runtime::scheduler::current_thread::Core>, core[df12db4294e9bfd3]::option::Option<core[df12db4294e9bfd3]::result::Result<(), anyhow[1418268494d90994]::Error>>)>
[INFO] [stdout]   16:     0x5ae909fb45de - <tokio[f3f6ecd9fdb3e462]::runtime::scheduler::current_thread::CoreGuard>::block_on::<core[df12db4294e9bfd3]::pin::Pin<&mut core[df12db4294e9bfd3]::pin::Pin<&mut dyn core[df12db4294e9bfd3]::future::future::Future<Output = core[df12db4294e9bfd3]::result::Result<(), anyhow[1418268494d90994]::Error>>>>>
[INFO] [stdout]   17:     0x5ae909f876a5 - tokio[f3f6ecd9fdb3e462]::runtime::context::runtime::enter_runtime::<<tokio[f3f6ecd9fdb3e462]::runtime::scheduler::current_thread::CurrentThread>::block_on<core[df12db4294e9bfd3]::pin::Pin<&mut dyn core[df12db4294e9bfd3]::future::future::Future<Output = core[df12db4294e9bfd3]::result::Result<(), anyhow[1418268494d90994]::Error>>>>::{closure#0}, core[df12db4294e9bfd3]::result::Result<(), anyhow[1418268494d90994]::Error>>
[INFO] [stdout]   18:     0x5ae909f8b685 - <tokio[f3f6ecd9fdb3e462]::runtime::runtime::Runtime>::block_on::<core[df12db4294e9bfd3]::pin::Pin<&mut dyn core[df12db4294e9bfd3]::future::future::Future<Output = core[df12db4294e9bfd3]::result::Result<(), anyhow[1418268494d90994]::Error>>>>
[INFO] [stdout]   19:     0x5ae909f70d29 - rust_web_app[98b94e73a284de0b]::model::user::tests::test_first_ok_demo1
[INFO] [stdout]   20:     0x5ae909f7cf8f - <rust_web_app[98b94e73a284de0b]::model::user::tests::test_first_ok_demo1::{closure#0} as core[df12db4294e9bfd3]::ops::function::FnOnce<()>>::call_once
[INFO] [stdout]   21:     0x5ae909fba93b - test[9d35eded1c95d3be]::__rust_begin_short_backtrace::<core[df12db4294e9bfd3]::result::Result<(), alloc[2182bb758b4b3781]::string::String>, fn() -> core[df12db4294e9bfd3]::result::Result<(), alloc[2182bb758b4b3781]::string::String>>
[INFO] [stdout]   22:     0x5ae909fc7fa5 - test[9d35eded1c95d3be]::run_test::{closure#0}
[INFO] [stdout]   23:     0x5ae909fc1864 - std[70759c8f55707aa4]::sys::backtrace::__rust_begin_short_backtrace::<test[9d35eded1c95d3be]::run_test::{closure#1}, ()>
[INFO] [stdout]   24:     0x5ae909fcb102 - <std[70759c8f55707aa4]::thread::lifecycle::spawn_unchecked<test[9d35eded1c95d3be]::run_test::{closure#1}, ()>::{closure#1} as core[df12db4294e9bfd3]::ops::function::FnOnce<()>>::call_once::{shim:vtable#0}
[INFO] [stdout]   25:     0x5ae90a1ac2c9 - <std[70759c8f55707aa4]::sys::thread::unix::Thread>::new::thread_start
[INFO] [stdout]   26:     0x7bc4ee767dfa - <unknown>
[INFO] [stdout]   27:     0x7bc4ee7fb3d4 - clone
[INFO] [stdout]   28:                0x0 - <unknown>
[INFO] [stdout] 
[INFO] [stdout] ---- model::task::tests::test_delete_err_not_found stdout ----
[INFO] [stdout] 
[INFO] [stdout] thread 'model::task::tests::test_delete_err_not_found' (5435) panicked at src/_dev_utils/mod.rs:16:37:
[INFO] [stdout] called `Result::unwrap()` on an `Err` value: PoolTimedOut
[INFO] [stdout] stack backtrace:
[INFO] [stdout]    0:     0x5ae90a1ad431 - <<std[70759c8f55707aa4]::sys::backtrace::BacktraceLock>::print::DisplayBacktrace as core[df12db4294e9bfd3]::fmt::Display>::fmt
[INFO] [stdout]    1:     0x5ae90a1c5bba - core[df12db4294e9bfd3]::fmt::write
[INFO] [stdout]    2:     0x5ae90a1b25fc - <alloc[2182bb758b4b3781]::vec::Vec<u8> as core[df12db4294e9bfd3]::io::write::Write>::write_fmt
[INFO] [stdout]    3:     0x5ae90a187606 - std[70759c8f55707aa4]::panicking::default_hook::{closure#0}
[INFO] [stdout]    4:     0x5ae90a1a4a89 - std[70759c8f55707aa4]::panicking::default_hook
[INFO] [stdout]    5:     0x5ae909fc7650 - test[9d35eded1c95d3be]::test_main_inner::<test[9d35eded1c95d3be]::test_main_static::{closure#0}>::{closure#0}
[INFO] [stdout]    6:     0x5ae90a1a4db2 - std[70759c8f55707aa4]::panicking::panic_with_hook
[INFO] [stdout]    7:     0x5ae90a1876b2 - std[70759c8f55707aa4]::panicking::panic_handler::{closure#0}
[INFO] [stdout]    8:     0x5ae90a17fb99 - std[70759c8f55707aa4]::sys::backtrace::__rust_end_short_backtrace::<std[70759c8f55707aa4]::panicking::panic_handler::{closure#0}, !>
[INFO] [stdout]    9:     0x5ae90a1885ad - __rustc[8fa7c3cbc660c2b3]::rust_begin_unwind
[INFO] [stdout]   10:     0x5ae90a1c631c - core[df12db4294e9bfd3]::panicking::panic_fmt
[INFO] [stdout]   11:     0x5ae90a1c60f2 - core[df12db4294e9bfd3]::result::unwrap_failed
[INFO] [stdout]   12:     0x5ae909f4d59c - rust_web_app[98b94e73a284de0b]::_dev_utils::init_test::{closure#0}
[INFO] [stdout]   13:     0x5ae909f55403 - rust_web_app[98b94e73a284de0b]::model::task::tests::test_delete_err_not_found::{closure#0}
[INFO] [stdout]   14:     0x5ae909fb4268 - <tokio[f3f6ecd9fdb3e462]::runtime::scheduler::current_thread::Context>::enter::<core[df12db4294e9bfd3]::task::poll::Poll<core[df12db4294e9bfd3]::result::Result<(), anyhow[1418268494d90994]::Error>>, <tokio[f3f6ecd9fdb3e462]::runtime::scheduler::current_thread::CoreGuard>::block_on<core[df12db4294e9bfd3]::pin::Pin<&mut core[df12db4294e9bfd3]::pin::Pin<&mut dyn core[df12db4294e9bfd3]::future::future::Future<Output = core[df12db4294e9bfd3]::result::Result<(), anyhow[1418268494d90994]::Error>>>>>::{closure#0}::{closure#0}>
[INFO] [stdout]   15:     0x5ae909f843cf - <std[70759c8f55707aa4]::thread::local::LocalKey<tokio[f3f6ecd9fdb3e462]::runtime::context::Context>>::with::<tokio[f3f6ecd9fdb3e462]::runtime::context::set_scheduler<(alloc[2182bb758b4b3781]::boxed::Box<tokio[f3f6ecd9fdb3e462]::runtime::scheduler::current_thread::Core>, core[df12db4294e9bfd3]::option::Option<core[df12db4294e9bfd3]::result::Result<(), anyhow[1418268494d90994]::Error>>), <tokio[f3f6ecd9fdb3e462]::runtime::scheduler::current_thread::CoreGuard>::enter<<tokio[f3f6ecd9fdb3e462]::runtime::scheduler::current_thread::CoreGuard>::block_on<core[df12db4294e9bfd3]::pin::Pin<&mut core[df12db4294e9bfd3]::pin::Pin<&mut dyn core[df12db4294e9bfd3]::future::future::Future<Output = core[df12db4294e9bfd3]::result::Result<(), anyhow[1418268494d90994]::Error>>>>>::{closure#0}, core[df12db4294e9bfd3]::option::Option<core[df12db4294e9bfd3]::result::Result<(), anyhow[1418268494d90994]::Error>>>::{closure#0}>::{closure#0}, (alloc[2182bb758b4b3781]::boxed::Box<tokio[f3f6ecd9fdb3e462]::runtime::scheduler::current_thread::Core>, core[df12db4294e9bfd3]::option::Option<core[df12db4294e9bfd3]::result::Result<(), anyhow[1418268494d90994]::Error>>)>
[INFO] [stdout]   16:     0x5ae909fb45de - <tokio[f3f6ecd9fdb3e462]::runtime::scheduler::current_thread::CoreGuard>::block_on::<core[df12db4294e9bfd3]::pin::Pin<&mut core[df12db4294e9bfd3]::pin::Pin<&mut dyn core[df12db4294e9bfd3]::future::future::Future<Output = core[df12db4294e9bfd3]::result::Result<(), anyhow[1418268494d90994]::Error>>>>>
[INFO] [stdout]   17:     0x5ae909f876a5 - tokio[f3f6ecd9fdb3e462]::runtime::context::runtime::enter_runtime::<<tokio[f3f6ecd9fdb3e462]::runtime::scheduler::current_thread::CurrentThread>::block_on<core[df12db4294e9bfd3]::pin::Pin<&mut dyn core[df12db4294e9bfd3]::future::future::Future<Output = core[df12db4294e9bfd3]::result::Result<(), anyhow[1418268494d90994]::Error>>>>::{closure#0}, core[df12db4294e9bfd3]::result::Result<(), anyhow[1418268494d90994]::Error>>
[INFO] [stdout]   18:     0x5ae909f8b685 - <tokio[f3f6ecd9fdb3e462]::runtime::runtime::Runtime>::block_on::<core[df12db4294e9bfd3]::pin::Pin<&mut dyn core[df12db4294e9bfd3]::future::future::Future<Output = core[df12db4294e9bfd3]::result::Result<(), anyhow[1418268494d90994]::Error>>>>
[INFO] [stdout]   19:     0x5ae909f55f29 - rust_web_app[98b94e73a284de0b]::model::task::tests::test_delete_err_not_found
[INFO] [stdout]   20:     0x5ae909f7cedf - <rust_web_app[98b94e73a284de0b]::model::task::tests::test_delete_err_not_found::{closure#0} as core[df12db4294e9bfd3]::ops::function::FnOnce<()>>::call_once
[INFO] [stdout]   21:     0x5ae909fba93b - test[9d35eded1c95d3be]::__rust_begin_short_backtrace::<core[df12db4294e9bfd3]::result::Result<(), alloc[2182bb758b4b3781]::string::String>, fn() -> core[df12db4294e9bfd3]::result::Result<(), alloc[2182bb758b4b3781]::string::String>>
[INFO] [stdout]   22:     0x5ae909fc7fa5 - test[9d35eded1c95d3be]::run_test::{closure#0}
[INFO] [stdout]   23:     0x5ae909fc1864 - std[70759c8f55707aa4]::sys::backtrace::__rust_begin_short_backtrace::<test[9d35eded1c95d3be]::run_test::{closure#1}, ()>
[INFO] [stdout]   24:     0x5ae909fcb102 - <std[70759c8f55707aa4]::thread::lifecycle::spawn_unchecked<test[9d35eded1c95d3be]::run_test::{closure#1}, ()>::{closure#1} as core[df12db4294e9bfd3]::ops::function::FnOnce<()>>::call_once::{shim:vtable#0}
[INFO] [stdout]   25:     0x5ae90a1ac2c9 - <std[70759c8f55707aa4]::sys::thread::unix::Thread>::new::thread_start
[INFO] [stdout]   26:     0x7bc4ee767dfa - <unknown>
[INFO] [stdout]   27:     0x7bc4ee7fb3d4 - clone
[INFO] [stdout]   28:                0x0 - <unknown>
[INFO] [stdout] 
[INFO] [stdout] ---- model::task::tests::test_update_ok stdout ----
[INFO] [stdout] 
[INFO] [stdout] thread 'model::task::tests::test_update_ok' (5438) panicked at src/_dev_utils/mod.rs:16:37:
[INFO] [stdout] called `Result::unwrap()` on an `Err` value: PoolTimedOut
[INFO] [stdout] stack backtrace:
[INFO] [stdout]    0:     0x5ae90a1ad431 - <<std[70759c8f55707aa4]::sys::backtrace::BacktraceLock>::print::DisplayBacktrace as core[df12db4294e9bfd3]::fmt::Display>::fmt
[INFO] [stdout]    1:     0x5ae90a1c5bba - core[df12db4294e9bfd3]::fmt::write
[INFO] [stdout]    2:     0x5ae90a1b25fc - <alloc[2182bb758b4b3781]::vec::Vec<u8> as core[df12db4294e9bfd3]::io::write::Write>::write_fmt
[INFO] [stdout]    3:     0x5ae90a187606 - std[70759c8f55707aa4]::panicking::default_hook::{closure#0}
[INFO] [stdout]    4:     0x5ae90a1a4a89 - std[70759c8f55707aa4]::panicking::default_hook
[INFO] [stdout]    5:     0x5ae909fc7650 - test[9d35eded1c95d3be]::test_main_inner::<test[9d35eded1c95d3be]::test_main_static::{closure#0}>::{closure#0}
[INFO] [stdout]    6:     0x5ae90a1a4db2 - std[70759c8f55707aa4]::panicking::panic_with_hook
[INFO] [stdout]    7:     0x5ae90a1876b2 - std[70759c8f55707aa4]::panicking::panic_handler::{closure#0}
[INFO] [stdout]    8:     0x5ae90a17fb99 - std[70759c8f55707aa4]::sys::backtrace::__rust_end_short_backtrace::<std[70759c8f55707aa4]::panicking::panic_handler::{closure#0}, !>
[INFO] [stdout]    9:     0x5ae90a1885ad - __rustc[8fa7c3cbc660c2b3]::rust_begin_unwind
[INFO] [stdout]   10:     0x5ae90a1c631c - core[df12db4294e9bfd3]::panicking::panic_fmt
[INFO] [stdout]   11:     0x5ae90a1c60f2 - core[df12db4294e9bfd3]::result::unwrap_failed
[INFO] [stdout]   12:     0x5ae909f4d59c - rust_web_app[98b94e73a284de0b]::_dev_utils::init_test::{closure#0}
[INFO] [stdout]   13:     0x5ae909f53fab - rust_web_app[98b94e73a284de0b]::model::task::tests::test_update_ok::{closure#0}
[INFO] [stdout]   14:     0x5ae909fb4268 - <tokio[f3f6ecd9fdb3e462]::runtime::scheduler::current_thread::Context>::enter::<core[df12db4294e9bfd3]::task::poll::Poll<core[df12db4294e9bfd3]::result::Result<(), anyhow[1418268494d90994]::Error>>, <tokio[f3f6ecd9fdb3e462]::runtime::scheduler::current_thread::CoreGuard>::block_on<core[df12db4294e9bfd3]::pin::Pin<&mut core[df12db4294e9bfd3]::pin::Pin<&mut dyn core[df12db4294e9bfd3]::future::future::Future<Output = core[df12db4294e9bfd3]::result::Result<(), anyhow[1418268494d90994]::Error>>>>>::{closure#0}::{closure#0}>
[INFO] [stdout]   15:     0x5ae909f843cf - <std[70759c8f55707aa4]::thread::local::LocalKey<tokio[f3f6ecd9fdb3e462]::runtime::context::Context>>::with::<tokio[f3f6ecd9fdb3e462]::runtime::context::set_scheduler<(alloc[2182bb758b4b3781]::boxed::Box<tokio[f3f6ecd9fdb3e462]::runtime::scheduler::current_thread::Core>, core[df12db4294e9bfd3]::option::Option<core[df12db4294e9bfd3]::result::Result<(), anyhow[1418268494d90994]::Error>>), <tokio[f3f6ecd9fdb3e462]::runtime::scheduler::current_thread::CoreGuard>::enter<<tokio[f3f6ecd9fdb3e462]::runtime::scheduler::current_thread::CoreGuard>::block_on<core[df12db4294e9bfd3]::pin::Pin<&mut core[df12db4294e9bfd3]::pin::Pin<&mut dyn core[df12db4294e9bfd3]::future::future::Future<Output = core[df12db4294e9bfd3]::result::Result<(), anyhow[1418268494d90994]::Error>>>>>::{closure#0}, core[df12db4294e9bfd3]::option::Option<core[df12db4294e9bfd3]::result::Result<(), anyhow[1418268494d90994]::Error>>>::{closure#0}>::{closure#0}, (alloc[2182bb758b4b3781]::boxed::Box<tokio[f3f6ecd9fdb3e462]::runtime::scheduler::current_thread::Core>, core[df12db4294e9bfd3]::option::Option<core[df12db4294e9bfd3]::result::Result<(), anyhow[1418268494d90994]::Error>>)>
[INFO] [stdout]   16:     0x5ae909fb45de - <tokio[f3f6ecd9fdb3e462]::runtime::scheduler::current_thread::CoreGuard>::block_on::<core[df12db4294e9bfd3]::pin::Pin<&mut core[df12db4294e9bfd3]::pin::Pin<&mut dyn core[df12db4294e9bfd3]::future::future::Future<Output = core[df12db4294e9bfd3]::result::Result<(), anyhow[1418268494d90994]::Error>>>>>
[INFO] [stdout]   17:     0x5ae909f876a5 - tokio[f3f6ecd9fdb3e462]::runtime::context::runtime::enter_runtime::<<tokio[f3f6ecd9fdb3e462]::runtime::scheduler::current_thread::CurrentThread>::block_on<core[df12db4294e9bfd3]::pin::Pin<&mut dyn core[df12db4294e9bfd3]::future::future::Future<Output = core[df12db4294e9bfd3]::result::Result<(), anyhow[1418268494d90994]::Error>>>>::{closure#0}, core[df12db4294e9bfd3]::result::Result<(), anyhow[1418268494d90994]::Error>>
[INFO] [stdout]   18:     0x5ae909f8b685 - <tokio[f3f6ecd9fdb3e462]::runtime::runtime::Runtime>::block_on::<core[df12db4294e9bfd3]::pin::Pin<&mut dyn core[df12db4294e9bfd3]::future::future::Future<Output = core[df12db4294e9bfd3]::result::Result<(), anyhow[1418268494d90994]::Error>>>>
[INFO] [stdout]   19:     0x5ae909f55c29 - rust_web_app[98b94e73a284de0b]::model::task::tests::test_update_ok
[INFO] [stdout]   20:     0x5ae909f7cd7f - <rust_web_app[98b94e73a284de0b]::model::task::tests::test_update_ok::{closure#0} as core[df12db4294e9bfd3]::ops::function::FnOnce<()>>::call_once
[INFO] [stdout]   21:     0x5ae909fba93b - test[9d35eded1c95d3be]::__rust_begin_short_backtrace::<core[df12db4294e9bfd3]::result::Result<(), alloc[2182bb758b4b3781]::string::String>, fn() -> core[df12db4294e9bfd3]::result::Result<(), alloc[2182bb758b4b3781]::string::String>>
[INFO] [stdout]   22:     0x5ae909fc7fa5 - test[9d35eded1c95d3be]::run_test::{closure#0}
[INFO] [stdout]   23:     0x5ae909fc1864 - std[70759c8f55707aa4]::sys::backtrace::__rust_begin_short_backtrace::<test[9d35eded1c95d3be]::run_test::{closure#1}, ()>
[INFO] [stdout]   24:     0x5ae909fcb102 - <std[70759c8f55707aa4]::thread::lifecycle::spawn_unchecked<test[9d35eded1c95d3be]::run_test::{closure#1}, ()>::{closure#1} as core[df12db4294e9bfd3]::ops::function::FnOnce<()>>::call_once::{shim:vtable#0}
[INFO] [stdout]   25:     0x5ae90a1ac2c9 - <std[70759c8f55707aa4]::sys::thread::unix::Thread>::new::thread_start
[INFO] [stdout]   26:     0x7bc4ee767dfa - <unknown>
[INFO] [stdout]   27:     0x7bc4ee7fb3d4 - clone
[INFO] [stdout]   28:                0x0 - <unknown>
[INFO] [stdout] 
[INFO] [stdout] ---- model::task::tests::test_get_err_not_found stdout ----
[INFO] [stdout] 
[INFO] [stdout] thread 'model::task::tests::test_get_err_not_found' (5436) panicked at src/_dev_utils/mod.rs:16:37:
[INFO] [stdout] called `Result::unwrap()` on an `Err` value: PoolTimedOut
[INFO] [stdout] stack backtrace:
[INFO] [stdout]    0:     0x5ae90a1ad431 - <<std[70759c8f55707aa4]::sys::backtrace::BacktraceLock>::print::DisplayBacktrace as core[df12db4294e9bfd3]::fmt::Display>::fmt
[INFO] [stdout]    1:     0x5ae90a1c5bba - core[df12db4294e9bfd3]::fmt::write
[INFO] [stdout]    2:     0x5ae90a1b25fc - <alloc[2182bb758b4b3781]::vec::Vec<u8> as core[df12db4294e9bfd3]::io::write::Write>::write_fmt
[INFO] [stdout]    3:     0x5ae90a187606 - std[70759c8f55707aa4]::panicking::default_hook::{closure#0}
[INFO] [stdout]    4:     0x5ae90a1a4a89 - std[70759c8f55707aa4]::panicking::default_hook
[INFO] [stdout]    5:     0x5ae909fc7650 - test[9d35eded1c95d3be]::test_main_inner::<test[9d35eded1c95d3be]::test_main_static::{closure#0}>::{closure#0}
[INFO] [stdout]    6:     0x5ae90a1a4db2 - std[70759c8f55707aa4]::panicking::panic_with_hook
[INFO] [stdout]    7:     0x5ae90a1876b2 - std[70759c8f55707aa4]::panicking::panic_handler::{closure#0}
[INFO] [stdout]    8:     0x5ae90a17fb99 - std[70759c8f55707aa4]::sys::backtrace::__rust_end_short_backtrace::<std[70759c8f55707aa4]::panicking::panic_handler::{closure#0}, !>
[INFO] [stdout]    9:     0x5ae90a1885ad - __rustc[8fa7c3cbc660c2b3]::rust_begin_unwind
[INFO] [stdout]   10:     0x5ae90a1c631c - core[df12db4294e9bfd3]::panicking::panic_fmt
[INFO] [stdout]   11:     0x5ae90a1c60f2 - core[df12db4294e9bfd3]::result::unwrap_failed
[INFO] [stdout]   12:     0x5ae909f4d59c - rust_web_app[98b94e73a284de0b]::_dev_utils::init_test::{closure#0}
[INFO] [stdout]   13:     0x5ae909f54ed3 - rust_web_app[98b94e73a284de0b]::model::task::tests::test_get_err_not_found::{closure#0}
[INFO] [stdout]   14:     0x5ae909fb4268 - <tokio[f3f6ecd9fdb3e462]::runtime::scheduler::current_thread::Context>::enter::<core[df12db4294e9bfd3]::task::poll::Poll<core[df12db4294e9bfd3]::result::Result<(), anyhow[1418268494d90994]::Error>>, <tokio[f3f6ecd9fdb3e462]::runtime::scheduler::current_thread::CoreGuard>::block_on<core[df12db4294e9bfd3]::pin::Pin<&mut core[df12db4294e9bfd3]::pin::Pin<&mut dyn core[df12db4294e9bfd3]::future::future::Future<Output = core[df12db4294e9bfd3]::result::Result<(), anyhow[1418268494d90994]::Error>>>>>::{closure#0}::{closure#0}>
[INFO] [stdout]   15:     0x5ae909f843cf - <std[70759c8f55707aa4]::thread::local::LocalKey<tokio[f3f6ecd9fdb3e462]::runtime::context::Context>>::with::<tokio[f3f6ecd9fdb3e462]::runtime::context::set_scheduler<(alloc[2182bb758b4b3781]::boxed::Box<tokio[f3f6ecd9fdb3e462]::runtime::scheduler::current_thread::Core>, core[df12db4294e9bfd3]::option::Option<core[df12db4294e9bfd3]::result::Result<(), anyhow[1418268494d90994]::Error>>), <tokio[f3f6ecd9fdb3e462]::runtime::scheduler::current_thread::CoreGuard>::enter<<tokio[f3f6ecd9fdb3e462]::runtime::scheduler::current_thread::CoreGuard>::block_on<core[df12db4294e9bfd3]::pin::Pin<&mut core[df12db4294e9bfd3]::pin::Pin<&mut dyn core[df12db4294e9bfd3]::future::future::Future<Output = core[df12db4294e9bfd3]::result::Result<(), anyhow[1418268494d90994]::Error>>>>>::{closure#0}, core[df12db4294e9bfd3]::option::Option<core[df12db4294e9bfd3]::result::Result<(), anyhow[1418268494d90994]::Error>>>::{closure#0}>::{closure#0}, (alloc[2182bb758b4b3781]::boxed::Box<tokio[f3f6ecd9fdb3e462]::runtime::scheduler::current_thread::Core>, core[df12db4294e9bfd3]::option::Option<core[df12db4294e9bfd3]::result::Result<(), anyhow[1418268494d90994]::Error>>)>
[INFO] [stdout]   16:     0x5ae909fb45de - <tokio[f3f6ecd9fdb3e462]::runtime::scheduler::current_thread::CoreGuard>::block_on::<core[df12db4294e9bfd3]::pin::Pin<&mut core[df12db4294e9bfd3]::pin::Pin<&mut dyn core[df12db4294e9bfd3]::future::future::Future<Output = core[df12db4294e9bfd3]::result::Result<(), anyhow[1418268494d90994]::Error>>>>>
[INFO] [stdout]   17:     0x5ae909f876a5 - tokio[f3f6ecd9fdb3e462]::runtime::context::runtime::enter_runtime::<<tokio[f3f6ecd9fdb3e462]::runtime::scheduler::current_thread::CurrentThread>::block_on<core[df12db4294e9bfd3]::pin::Pin<&mut dyn core[df12db4294e9bfd3]::future::future::Future<Output = core[df12db4294e9bfd3]::result::Result<(), anyhow[1418268494d90994]::Error>>>>::{closure#0}, core[df12db4294e9bfd3]::result::Result<(), anyhow[1418268494d90994]::Error>>
[INFO] [stdout]   18:     0x5ae909f8b685 - <tokio[f3f6ecd9fdb3e462]::runtime::runtime::Runtime>::block_on::<core[df12db4294e9bfd3]::pin::Pin<&mut dyn core[df12db4294e9bfd3]::future::future::Future<Output = core[df12db4294e9bfd3]::result::Result<(), anyhow[1418268494d90994]::Error>>>>
[INFO] [stdout]   19:     0x5ae909f55da9 - rust_web_app[98b94e73a284de0b]::model::task::tests::test_get_err_not_found
[INFO] [stdout]   20:     0x5ae909f7ce2f - <rust_web_app[98b94e73a284de0b]::model::task::tests::test_get_err_not_found::{closure#0} as core[df12db4294e9bfd3]::ops::function::FnOnce<()>>::call_once
[INFO] [stdout]   21:     0x5ae909fba93b - test[9d35eded1c95d3be]::__rust_begin_short_backtrace::<core[df12db4294e9bfd3]::result::Result<(), alloc[2182bb758b4b3781]::string::String>, fn() -> core[df12db4294e9bfd3]::result::Result<(), alloc[2182bb758b4b3781]::string::String>>
[INFO] [stdout]   22:     0x5ae909fc7fa5 - test[9d35eded1c95d3be]::run_test::{closure#0}
[INFO] [stdout]   23:     0x5ae909fc1864 - std[70759c8f55707aa4]::sys::backtrace::__rust_begin_short_backtrace::<test[9d35eded1c95d3be]::run_test::{closure#1}, ()>
[INFO] [stdout]   24:     0x5ae909fcb102 - <std[70759c8f55707aa4]::thread::lifecycle::spawn_unchecked<test[9d35eded1c95d3be]::run_test::{closure#1}, ()>::{closure#1} as core[df12db4294e9bfd3]::ops::function::FnOnce<()>>::call_once::{shim:vtable#0}
[INFO] [stdout]   25:     0x5ae90a1ac2c9 - <std[70759c8f55707aa4]::sys::thread::unix::Thread>::new::thread_start
[INFO] [stdout]   26:     0x7bc4ee767dfa - <unknown>
[INFO] [stdout]   27:     0x7bc4ee7fb3d4 - clone
[INFO] [stdout]   28:                0x0 - <unknown>
[INFO] [stdout] 
[INFO] [stdout] 
[INFO] [stdout] failures:
[INFO] [stdout]     crypt::token::tests::test_validate_web_token_err_expired
[INFO] [stdout]     crypt::token::tests::test_validate_web_token_ok
[INFO] [stdout]     model::task::tests::test_create_ok
[INFO] [stdout]     model::task::tests::test_delete_err_not_found
[INFO] [stdout]     model::task::tests::test_get_err_not_found
[INFO] [stdout]     model::task::tests::test_list_ok
[INFO] [stdout]     model::task::tests::test_update_ok
[INFO] [stdout]     model::user::tests::test_first_ok_demo1
[INFO] [stdout] 
[INFO] [stdout] test result: FAILED. 3 passed; 8 failed; 0 ignored; 0 measured; 0 filtered out; finished in 3.52s
[INFO] [stdout] 
[INFO] [stderr] error: test failed, to rerun pass `--bin rust-web-app`
[INFO] running `Command { std: "docker" "inspect" "1993df020acc844ad93890c4fa7f5f8818ecf06e60b980de9ff401da1cc95fc2", kill_on_drop: false }`
[INFO] running `Command { std: "docker" "rm" "-f" "1993df020acc844ad93890c4fa7f5f8818ecf06e60b980de9ff401da1cc95fc2", kill_on_drop: false }`
[INFO] [stdout] 1993df020acc844ad93890c4fa7f5f8818ecf06e60b980de9ff401da1cc95fc2
