[INFO] cloning repository https://github.com/daisuke8000/axum_crud
[INFO] running `Command { std: "git" "-c" "credential.helper=" "-c" "credential.helper=/workspace/cargo-home/bin/git-credential-null" "clone" "--bare" "https://github.com/daisuke8000/axum_crud" "/workspace/cache/git-repos/https%3A%2F%2Fgithub.com%2Fdaisuke8000%2Faxum_crud", kill_on_drop: false }`
[INFO] [stderr] Cloning into bare repository '/workspace/cache/git-repos/https%3A%2F%2Fgithub.com%2Fdaisuke8000%2Faxum_crud'...
[INFO] running `Command { std: "git" "rev-parse" "HEAD", kill_on_drop: false }`
[INFO] [stdout] 822654c0e4121f72c55801b083a56909c8d64f1f
[INFO] testing daisuke8000/axum_crud against 1.99.0-beta.8+cargoflags=--release for beta-release-1.100-2
[INFO] running `Command { std: "git" "clone" "/workspace/cache/git-repos/https%3A%2F%2Fgithub.com%2Fdaisuke8000%2Faxum_crud" "/workspace/builds/worker-7-tc1/source", kill_on_drop: false }`
[INFO] [stderr] Cloning into '/workspace/builds/worker-7-tc1/source'...
[INFO] [stderr] done.
[INFO] started tweaking git repo https://github.com/daisuke8000/axum_crud
[INFO] finished tweaking git repo https://github.com/daisuke8000/axum_crud
[INFO] tweaked toml for git repo https://github.com/daisuke8000/axum_crud written to /workspace/builds/worker-7-tc1/source/Cargo.toml
[INFO] validating manifest of git repo https://github.com/daisuke8000/axum_crud on toolchain 1.99.0-beta.8
[INFO] running `Command { std: CARGO_HOME="/workspace/cargo-home" RUSTUP_HOME="/workspace/rustup-home" "/workspace/cargo-home/bin/cargo" "+1.99.0-beta.8" "metadata" "--manifest-path" "Cargo.toml" "--no-deps", kill_on_drop: false }`
[INFO] crate git repo https://github.com/daisuke8000/axum_crud already has a lockfile, it will not be regenerated
[INFO] running `Command { std: CARGO_HOME="/workspace/cargo-home" RUSTUP_HOME="/workspace/rustup-home" "/workspace/cargo-home/bin/cargo" "+1.99.0-beta.8" "fetch" "--manifest-path" "Cargo.toml", kill_on_drop: false }`
[INFO] [stderr]     Updating crates.io index
[INFO] [stderr]  Downloading crates ...
[INFO] [stderr]   Downloaded validator_types v0.12.0
[INFO] [stderr]   Downloaded validator_derive v0.12.0
[INFO] [stderr]   Downloaded validator v0.12.0
[INFO] [stderr]   Downloaded tower-layer v0.3.2
[INFO] [stderr]   Downloaded proc-macro2 v1.0.69
[INFO] [stderr]   Downloaded serde v1.0.192
[INFO] [stderr]   Downloaded futures-task v0.3.29
[INFO] [stderr]   Downloaded futures-sink v0.3.29
[INFO] [stderr]   Downloaded tokio-macros v2.2.0
[INFO] [stderr]   Downloaded http-range-header v0.3.1
[INFO] [stderr]   Downloaded http v0.2.10
[INFO] [stderr]   Downloaded thiserror-impl v1.0.50
[INFO] [stderr]   Downloaded sqlx-rt v0.5.13
[INFO] [stderr]   Downloaded serde_derive v1.0.192
[INFO] [stderr]   Downloaded socket2 v0.5.5
[INFO] [stderr]   Downloaded thiserror v1.0.50
[INFO] [stderr]   Downloaded sqlx-macros v0.5.13
[INFO] [stderr]   Downloaded tokio-rustls v0.22.0
[INFO] [stderr]   Downloaded wasm-bindgen-macro v0.2.88
[INFO] [stderr]   Downloaded pin-project-internal v1.1.3
[INFO] [stderr]   Downloaded wasm-bindgen-macro-support v0.2.88
[INFO] [stderr]   Downloaded cpufeatures v0.2.11
[INFO] [stderr]   Downloaded pin-project v1.1.3
[INFO] [stderr]   Downloaded webpki v0.21.4
[INFO] [stderr]   Downloaded wasm-bindgen-shared v0.2.88
[INFO] [stderr]   Downloaded wasm-bindgen-backend v0.2.88
[INFO] [stderr]   Downloaded sct v0.6.1
[INFO] [stderr]   Downloaded whoami v1.4.1
[INFO] [stderr]   Downloaded stringprep v0.1.4
[INFO] [stderr]   Downloaded sqlformat v0.1.8
[INFO] [stderr]   Downloaded subtle v2.5.0
[INFO] [stderr]   Downloaded tower-http v0.4.4
[INFO] [stderr]   Downloaded futures-util v0.3.29
[INFO] [stderr]   Downloaded tokio-stream v0.1.14
[INFO] [stderr]   Downloaded mio v0.8.9
[INFO] [stderr]   Downloaded sqlx v0.5.13
[INFO] [stderr]   Downloaded js-sys v0.3.65
[INFO] [stderr]   Downloaded ahash v0.7.7
[INFO] [stderr]   Downloaded redox_users v0.4.4
[INFO] [stderr]   Downloaded libredox v0.0.1
[INFO] [stderr]   Downloaded tracing-subscriber v0.3.17
[INFO] [stderr]   Downloaded hashlink v0.7.0
[INFO] [stderr]   Downloaded futures-channel v0.3.29
[INFO] [stderr]   Downloaded syn v2.0.39
[INFO] [stderr]   Downloaded wasm-bindgen v0.2.88
[INFO] [stderr]   Downloaded rustls v0.19.1
[INFO] [stderr]   Downloaded webpki-roots v0.21.1
[INFO] [stderr]   Downloaded sqlx-core v0.5.13
[INFO] [stderr]   Downloaded crc v2.1.0
[INFO] [stderr]   Downloaded crc-catalog v1.1.1
[INFO] [stderr]   Downloaded atoi v0.4.0
[INFO] [stderr]   Downloaded try-lock v0.2.4
[INFO] [stderr]   Downloaded serde_path_to_error v0.1.14
[INFO] [stderr]   Downloaded crossbeam-utils v0.8.16
[INFO] [stderr]   Downloaded async-trait v0.1.74
[INFO] [stderr]   Downloaded anyhow v1.0.75
[INFO] [stderr]   Downloaded h2 v0.3.21
[INFO] [stderr]   Downloaded tokio-util v0.7.10
[INFO] [stderr]   Downloaded hyper v0.14.27
[INFO] [stderr]   Downloaded libc v0.2.150
[INFO] [stderr]   Downloaded finl_unicode v1.2.0
[INFO] [stderr]   Downloaded tokio v1.34.0
[INFO] [stderr]   Downloaded web-sys v0.3.65
[INFO] running `Command { std: "docker" "create" "-v" "/var/lib/crater-agent-workspace/builds/worker-7-tc1/source:/opt/rustwide/workdir:ro,Z" "-v" "/var/lib/crater-agent-workspace/builds/worker-7-tc1/target:/opt/rustwide/target:rw,Z" "-v" "/var/lib/crater-agent-workspace/cargo-home:/opt/rustwide/cargo-home:ro,Z" "-v" "/var/lib/crater-agent-workspace/rustup-home:/opt/rustwide/rustup-home:ro,Z" "-m" "1610612736" "--network" "none" "ghcr.io/rust-lang/crates-build-env/linux@sha256:77db811e55d90add9212f6832c23229e3de5f1c1f9905e8cb07319ea15df73ac" "sleep" "infinity", kill_on_drop: false }`
[INFO] [stdout] f67554c48845ecaaf715213ab3e09853c1cd42d7b8bda3ad9bc9727ffe5ea1eb
[INFO] running `Command { std: "docker" "start" "f67554c48845ecaaf715213ab3e09853c1cd42d7b8bda3ad9bc9727ffe5ea1eb", kill_on_drop: false }`
[INFO] running `Command { std: "docker" "inspect" "f67554c48845ecaaf715213ab3e09853c1cd42d7b8bda3ad9bc9727ffe5ea1eb", kill_on_drop: false }`
[INFO] running `Command { std: "docker" "exec" "-e" "SOURCE_DIR=/opt/rustwide/workdir" "-e" "CARGO_HOME=/opt/rustwide/cargo-home" "-e" "RUSTUP_HOME=/opt/rustwide/rustup-home" "-e" "CARGO_TARGET_DIR=/opt/rustwide/target" "-w" "/opt/rustwide/workdir" "--user" "0:0" "f67554c48845ecaaf715213ab3e09853c1cd42d7b8bda3ad9bc9727ffe5ea1eb" "/opt/rustwide/cargo-home/bin/cargo" "+1.99.0-beta.8" "metadata" "--no-deps" "--format-version=1", kill_on_drop: false }`
[INFO] running `Command { std: "docker" "inspect" "f67554c48845ecaaf715213ab3e09853c1cd42d7b8bda3ad9bc9727ffe5ea1eb", kill_on_drop: false }`
[INFO] running `Command { std: "docker" "exec" "-e" "SOURCE_DIR=/opt/rustwide/workdir" "-e" "CARGO_HOME=/opt/rustwide/cargo-home" "-e" "RUSTUP_HOME=/opt/rustwide/rustup-home" "-e" "CARGO_TARGET_DIR=/opt/rustwide/target" "-e" "CARGO_INCREMENTAL=0" "-e" "RUST_BACKTRACE=full" "-e" "RUSTFLAGS=--cap-lints=warn" "-e" "RUSTDOCFLAGS=--cap-lints=warn" "-w" "/opt/rustwide/workdir" "--user" "0:0" "f67554c48845ecaaf715213ab3e09853c1cd42d7b8bda3ad9bc9727ffe5ea1eb" "/opt/rustwide/cargo-home/bin/cargo" "+1.99.0-beta.8" "build" "--frozen" "--message-format=json" "--release", kill_on_drop: false }`
[INFO] [stderr]    Compiling libc v0.2.150
[INFO] [stderr]    Compiling proc-macro2 v1.0.69
[INFO] [stderr]    Compiling unicode-ident v1.0.12
[INFO] [stderr]    Compiling typenum v1.17.0
[INFO] [stderr]    Compiling futures-core v0.3.29
[INFO] [stderr]    Compiling generic-array v0.14.7
[INFO] [stderr]    Compiling lock_api v0.4.11
[INFO] [stderr]    Compiling once_cell v1.18.0
[INFO] [stderr]    Compiling smallvec v1.11.2
[INFO] [stderr]    Compiling pin-project-lite v0.2.13
[INFO] [stderr]    Compiling futures-task v0.3.29
[INFO] [stderr]    Compiling bytes v1.5.0
[INFO] [stderr]    Compiling futures-util v0.3.29
[INFO] [stderr]    Compiling serde v1.0.192
[INFO] [stderr]    Compiling parking_lot_core v0.9.9
[INFO] [stderr]    Compiling log v0.4.20
[INFO] [stderr]    Compiling itoa v1.0.9
[INFO] [stderr]    Compiling quote v1.0.33
[INFO] [stderr]    Compiling ahash v0.7.7
[INFO] [stderr]    Compiling parking_lot_core v0.8.6
[INFO] [stderr]    Compiling socket2 v0.5.5
[INFO] [stderr]    Compiling syn v2.0.39
[INFO] [stderr]    Compiling mio v0.8.9
[INFO] [stderr]    Compiling cc v1.0.83
[INFO] [stderr]    Compiling parking_lot v0.12.1
[INFO] [stderr]    Compiling signal-hook-registry v1.4.1
[INFO] [stderr]    Compiling num_cpus v1.16.0
[INFO] [stderr]    Compiling futures-sink v0.3.29
[INFO] [stderr]    Compiling num-traits v0.2.17
[INFO] [stderr]    Compiling serde_json v1.0.108
[INFO] [stderr]    Compiling memchr v2.6.4
[INFO] [stderr]    Compiling spin v0.5.2
[INFO] [stderr]    Compiling untrusted v0.7.1
[INFO] [stderr]    Compiling crossbeam-utils v0.8.16
[INFO] [stderr]    Compiling ring v0.16.20
[INFO] [stderr]    Compiling crypto-common v0.1.6
[INFO] [stderr]    Compiling block-buffer v0.10.4
[INFO] [stderr]    Compiling getrandom v0.2.11
[INFO] [stderr]    Compiling subtle v2.5.0
[INFO] [stderr]    Compiling tinyvec v1.6.0
[INFO] [stderr]    Compiling digest v0.10.7
[INFO] [stderr]    Compiling tracing-core v0.1.32
[INFO] [stderr]    Compiling rustversion v1.0.14
[INFO] [stderr]    Compiling crossbeam-queue v0.3.8
[INFO] [stderr]    Compiling thiserror v1.0.50
[INFO] [stderr]    Compiling unicode-normalization v0.1.22
[INFO] [stderr]    Compiling indexmap v1.9.3
[INFO] [stderr]    Compiling syn v1.0.109
[INFO] [stderr]    Compiling unicode-bidi v0.3.13
[INFO] [stderr]    Compiling percent-encoding v2.3.0
[INFO] [stderr]    Compiling form_urlencoded v1.2.0
[INFO] [stderr]    Compiling http v0.2.10
[INFO] [stderr]    Compiling tokio v1.34.0
[INFO] [stderr]    Compiling webpki v0.21.4
[INFO] [stderr]    Compiling sct v0.6.1
[INFO] [stderr]    Compiling instant v0.1.12
[INFO] [stderr]    Compiling paste v1.0.14
[INFO] [stderr]    Compiling base64 v0.13.1
[INFO] [stderr]    Compiling hashbrown v0.12.3
[INFO] [stderr]    Compiling ryu v1.0.15
[INFO] [stderr]    Compiling serde_derive v1.0.192
[INFO] [stderr]    Compiling tokio-macros v2.2.0
[INFO] [stderr]    Compiling tracing-attributes v0.1.27
[INFO] [stderr]    Compiling thiserror-impl v1.0.50
[INFO] [stderr]    Compiling futures-channel v0.3.29
[INFO] [stderr]    Compiling rustls v0.19.1
[INFO] [stderr]    Compiling tracing v0.1.40
[INFO] [stderr]    Compiling rand_core v0.6.4
[INFO] [stderr]    Compiling slab v0.4.9
[INFO] [stderr]    Compiling tower-service v0.3.2
[INFO] [stderr]    Compiling cpufeatures v0.2.11
[INFO] [stderr]    Compiling either v1.9.0
[INFO] [stderr]    Compiling ppv-lite86 v0.2.17
[INFO] [stderr]    Compiling nom v7.1.3
[INFO] [stderr]    Compiling rand_chacha v0.3.1
[INFO] [stderr]    Compiling itertools v0.10.5
[INFO] [stderr]    Compiling tokio-rustls v0.22.0
[INFO] [stderr]    Compiling hashbrown v0.11.2
[INFO] [stderr]    Compiling parking_lot v0.11.2
[INFO] [stderr]    Compiling idna v0.4.0
[INFO] [stderr]    Compiling http-body v0.4.5
[INFO] [stderr]    Compiling hmac v0.12.1
[INFO] [stderr]    Compiling aho-corasick v1.1.2
[INFO] [stderr]    Compiling dirs-sys v0.3.7
[INFO] [stderr]    Compiling finl_unicode v1.2.0
[INFO] [stderr]    Compiling regex-syntax v0.8.2
[INFO] [stderr]    Compiling httparse v1.8.0
[INFO] [stderr]    Compiling tower-layer v0.3.2
[INFO] [stderr]    Compiling async-trait v0.1.74
[INFO] [stderr]    Compiling crc-catalog v1.1.1
[INFO] [stderr]    Compiling pin-utils v0.1.0
[INFO] [stderr]    Compiling crc v2.1.0
[INFO] [stderr]    Compiling regex-automata v0.4.3
[INFO] [stderr]    Compiling sqlformat v0.1.8
[INFO] [stderr]    Compiling stringprep v0.1.4
[INFO] [stderr]    Compiling dirs v4.0.0
[INFO] [stderr]    Compiling url v2.4.1
[INFO] [stderr]    Compiling hkdf v0.12.3
[INFO] [stderr]    Compiling hashlink v0.7.0
[INFO] [stderr]    Compiling tokio-util v0.7.10
[INFO] [stderr]    Compiling futures-intrusive v0.4.2
[INFO] [stderr]    Compiling atoi v0.4.0
[INFO] [stderr]    Compiling proc-macro-error-attr v1.0.4
[INFO] [stderr]    Compiling sqlx-rt v0.5.13
[INFO] [stderr]    Compiling tokio-stream v0.1.14
[INFO] [stderr]    Compiling rand v0.8.5
[INFO] [stderr]    Compiling sha2 v0.10.8
[INFO] [stderr]    Compiling sha-1 v0.10.1
[INFO] [stderr]    Compiling pin-project-internal v1.1.3
[INFO] [stderr]    Compiling webpki-roots v0.21.1
[INFO] [stderr]    Compiling axum-core v0.3.4
[INFO] [stderr]    Compiling md-5 v0.10.6
[INFO] [stderr]    Compiling try-lock v0.2.4
[INFO] [stderr]    Compiling regex-syntax v0.6.29
[INFO] [stderr]    Compiling bitflags v1.3.2
[INFO] [stderr]    Compiling whoami v1.4.1
[INFO] [stderr]    Compiling unicode-segmentation v1.10.1
[INFO] [stderr]    Compiling sqlx-core v0.5.13
[INFO] [stderr]    Compiling want v0.3.1
[INFO] [stderr]    Compiling pin-project v1.1.3
[INFO] [stderr]    Compiling heck v0.4.1
[INFO] [stderr]    Compiling h2 v0.3.21
[INFO] [stderr]    Compiling proc-macro-error v1.0.4
[INFO] [stderr]    Compiling regex v1.10.2
[INFO] [stderr]    Compiling regex-automata v0.1.10
[INFO] [stderr]    Compiling axum v0.6.20
[INFO] [stderr]    Compiling socket2 v0.4.10
[INFO] [stderr]    Compiling lazy_static v1.4.0
[INFO] [stderr]    Compiling validator_types v0.12.0
[INFO] [stderr]    Compiling dotenv v0.15.0
[INFO] [stderr]    Compiling overload v0.1.1
[INFO] [stderr]    Compiling matches v0.1.10
[INFO] [stderr]    Compiling anyhow v1.0.75
[INFO] [stderr]    Compiling if_chain v1.0.2
[INFO] [stderr]    Compiling validator_derive v0.12.0
[INFO] [stderr]    Compiling idna v0.2.3
[INFO] [stderr]    Compiling hyper v0.14.27
[INFO] [stderr]    Compiling sqlx-macros v0.5.13
[INFO] [stderr]    Compiling nu-ansi-term v0.46.0
[INFO] [stderr]    Compiling matchers v0.1.0
[INFO] [stderr]    Compiling tower v0.4.13
[INFO] [stderr]    Compiling sharded-slab v0.1.7
[INFO] [stderr]    Compiling serde_path_to_error v0.1.14
[INFO] [stderr]    Compiling serde_urlencoded v0.7.1
[INFO] [stderr]    Compiling tracing-log v0.1.4
[INFO] [stderr]    Compiling thread_local v1.1.7
[INFO] [stderr]    Compiling http-range-header v0.3.1
[INFO] [stderr]    Compiling matchit v0.7.3
[INFO] [stderr]    Compiling sync_wrapper v0.1.2
[INFO] [stderr]    Compiling bitflags v2.4.1
[INFO] [stderr]    Compiling validator v0.12.0
[INFO] [stderr]    Compiling tower-http v0.4.4
[INFO] [stderr]    Compiling tracing-subscriber v0.3.17
[INFO] [stderr]    Compiling sqlx v0.5.13
[INFO] [stderr]    Compiling axum_crud v0.1.0 (/opt/rustwide/workdir)
[INFO] [stdout] warning: unused import: `serde::de::DeserializeOwned`
[INFO] [stdout]  --> src/handlers.rs:3:5
[INFO] [stdout]   |
[INFO] [stdout] 3 | use serde::de::DeserializeOwned;
[INFO] [stdout]   |     ^^^^^^^^^^^^^^^^^^^^^^^^^^^
[INFO] [stdout]   |
[INFO] [stdout]   = note: `#[warn(unused_imports)]` (part of `#[warn(unused)]`) on by default
[INFO] [stdout] 
[INFO] [stdout] 
[INFO] [stdout] warning: unused variable: `todo`
[INFO] [stdout]    --> src/repositories/todo.rs:175:13
[INFO] [stdout]     |
[INFO] [stdout] 175 |         let todo = sqlx::query_as::<_, TodoWithLabelFromRow>(
[INFO] [stdout]     |             ^^^^ help: if this is intentional, prefix it with an underscore: `_todo`
[INFO] [stdout]     |
[INFO] [stdout]     = note: `#[warn(unused_variables)]` (part of `#[warn(unused)]`) on by default
[INFO] [stdout] 
[INFO] [stdout] 
[INFO] [stdout] warning: struct `TodoFromRow` is never constructed
[INFO] [stdout]   --> src/repositories/todo.rs:36:8
[INFO] [stdout]    |
[INFO] [stdout] 36 | struct TodoFromRow {
[INFO] [stdout]    |        ^^^^^^^^^^^
[INFO] [stdout]    |
[INFO] [stdout]    = note: `#[warn(dead_code)]` (part of `#[warn(unused)]`) on by default
[INFO] [stdout] 
[INFO] [stdout] 
[INFO] [stderr]     Finished `release` profile [optimized] target(s) in 5m 16s
[INFO] [stderr] warning: the following packages contain code that will be rejected by a future version of Rust: sqlx-core v0.5.13
[INFO] [stderr] note: to see what the problems were, use the option `--future-incompat-report`, or run `cargo report future-incompatibilities --id 6`
[INFO] running `Command { std: "docker" "inspect" "f67554c48845ecaaf715213ab3e09853c1cd42d7b8bda3ad9bc9727ffe5ea1eb", kill_on_drop: false }`
[INFO] running `Command { std: "docker" "exec" "-e" "SOURCE_DIR=/opt/rustwide/workdir" "-e" "CARGO_HOME=/opt/rustwide/cargo-home" "-e" "RUSTUP_HOME=/opt/rustwide/rustup-home" "-e" "CARGO_TARGET_DIR=/opt/rustwide/target" "-e" "CARGO_INCREMENTAL=0" "-e" "RUST_BACKTRACE=full" "-e" "RUSTFLAGS=--cap-lints=warn" "-e" "RUSTDOCFLAGS=--cap-lints=warn" "-w" "/opt/rustwide/workdir" "--user" "0:0" "f67554c48845ecaaf715213ab3e09853c1cd42d7b8bda3ad9bc9727ffe5ea1eb" "/opt/rustwide/cargo-home/bin/cargo" "+1.99.0-beta.8" "test" "--frozen" "--no-run" "--message-format=json" "--release", kill_on_drop: false }`
[INFO] [stderr]    Compiling axum_crud v0.1.0 (/opt/rustwide/workdir)
[INFO] [stdout] warning: unused import: `serde::de::DeserializeOwned`
[INFO] [stdout]  --> src/handlers.rs:3:5
[INFO] [stdout]   |
[INFO] [stdout] 3 | use serde::de::DeserializeOwned;
[INFO] [stdout]   |     ^^^^^^^^^^^^^^^^^^^^^^^^^^^
[INFO] [stdout]   |
[INFO] [stdout]   = note: `#[warn(unused_imports)]` (part of `#[warn(unused)]`) on by default
[INFO] [stdout] 
[INFO] [stdout] 
[INFO] [stdout] warning: unused import: `anyhow::Context`
[INFO] [stdout]    --> src/repositories/label.rs:130:9
[INFO] [stdout]     |
[INFO] [stdout] 130 |     use anyhow::Context;
[INFO] [stdout]     |         ^^^^^^^^^^^^^^^
[INFO] [stdout] 
[INFO] [stdout] 
[INFO] [stdout] warning: unused import: `dotenv::dotenv`
[INFO] [stdout]    --> src/repositories/todo.rs:462:13
[INFO] [stdout]     |
[INFO] [stdout] 462 |         use dotenv::dotenv;
[INFO] [stdout]     |             ^^^^^^^^^^^^^^
[INFO] [stdout] 
[INFO] [stdout] 
[INFO] [stdout] warning: unused import: `sqlx::PgPool`
[INFO] [stdout]    --> src/repositories/todo.rs:463:13
[INFO] [stdout]     |
[INFO] [stdout] 463 |         use sqlx::PgPool;
[INFO] [stdout]     |             ^^^^^^^^^^^^
[INFO] [stdout] 
[INFO] [stdout] 
[INFO] [stdout] warning: unused import: `std::env`
[INFO] [stdout]    --> src/repositories/todo.rs:464:13
[INFO] [stdout]     |
[INFO] [stdout] 464 |         use std::env;
[INFO] [stdout]     |             ^^^^^^^^
[INFO] [stdout] 
[INFO] [stdout] 
[INFO] [stdout] warning: unreachable statement
[INFO] [stdout]    --> src/main.rs:148:9
[INFO] [stdout]     |
[INFO] [stdout] 147 |         todo!("Labelデータの追加");
[INFO] [stdout]     |         -------------------------- any code following this expression is unreachable
[INFO] [stdout] 148 |         let labels = vec![];
[INFO] [stdout]     |         ^^^^^^^^^^^^^^^^^^^^ unreachable statement
[INFO] [stdout]     |
[INFO] [stdout]     = note: `#[warn(unreachable_code)]` (part of `#[warn(unused)]`) on by default
[INFO] [stdout] 
[INFO] [stdout] 
[INFO] [stdout] warning: unreachable statement
[INFO] [stdout]    --> src/main.rs:167:9
[INFO] [stdout]     |
[INFO] [stdout] 166 |         todo!("Labelデータの追加");
[INFO] [stdout]     |         -------------------------- any code following this expression is unreachable
[INFO] [stdout] 167 |         let labels = vec![];
[INFO] [stdout]     |         ^^^^^^^^^^^^^^^^^^^^ unreachable statement
[INFO] [stdout] 
[INFO] [stdout] 
[INFO] [stdout] warning: unreachable statement
[INFO] [stdout]    --> src/main.rs:191:9
[INFO] [stdout]     |
[INFO] [stdout] 190 |         todo!("Labelデータの追加");
[INFO] [stdout]     |         -------------------------- any code following this expression is unreachable
[INFO] [stdout] 191 |         let labels = vec![];
[INFO] [stdout]     |         ^^^^^^^^^^^^^^^^^^^^ unreachable statement
[INFO] [stdout] 
[INFO] [stdout] 
[INFO] [stdout] warning: unreachable statement
[INFO] [stdout]    --> src/main.rs:218:9
[INFO] [stdout]     |
[INFO] [stdout] 217 |         todo!("labelデータの追加");
[INFO] [stdout]     |         -------------------------- any code following this expression is unreachable
[INFO] [stdout] 218 |         let labels = vec![];
[INFO] [stdout]     |         ^^^^^^^^^^^^^^^^^^^^ unreachable statement
[INFO] [stdout] 
[INFO] [stdout] 
[INFO] [stdout] warning: unused variable: `todo`
[INFO] [stdout]    --> src/repositories/todo.rs:175:13
[INFO] [stdout]     |
[INFO] [stdout] 175 |         let todo = sqlx::query_as::<_, TodoWithLabelFromRow>(
[INFO] [stdout]     |             ^^^^ help: if this is intentional, prefix it with an underscore: `_todo`
[INFO] [stdout]     |
[INFO] [stdout]     = note: `#[warn(unused_variables)]` (part of `#[warn(unused)]`) on by default
[INFO] [stdout] 
[INFO] [stdout] 
[INFO] [stdout] warning: unused variable: `expected`
[INFO] [stdout]    --> src/main.rs:146:13
[INFO] [stdout]     |
[INFO] [stdout] 146 |         let expected = TodoEntity::new(1, "should_find_todo".to_string());
[INFO] [stdout]     |             ^^^^^^^^ help: if this is intentional, prefix it with an underscore: `_expected`
[INFO] [stdout] 
[INFO] [stdout] 
[INFO] [stdout] warning: unused variable: `expected`
[INFO] [stdout]    --> src/main.rs:165:13
[INFO] [stdout]     |
[INFO] [stdout] 165 |         let expected = TodoEntity::new(1, "should_get_all".to_string());
[INFO] [stdout]     |             ^^^^^^^^ help: if this is intentional, prefix it with an underscore: `_expected`
[INFO] [stdout] 
[INFO] [stdout] 
[INFO] [stdout] warning: unused variable: `expected`
[INFO] [stdout]    --> src/main.rs:189:13
[INFO] [stdout]     |
[INFO] [stdout] 189 |         let expected = TodoEntity::new(1, "should_update_todo".to_string());
[INFO] [stdout]     |             ^^^^^^^^ help: if this is intentional, prefix it with an underscore: `_expected`
[INFO] [stdout] 
[INFO] [stdout] 
[INFO] [stdout] warning: struct `TodoFromRow` is never constructed
[INFO] [stdout]   --> src/repositories/todo.rs:36:8
[INFO] [stdout]    |
[INFO] [stdout] 36 | struct TodoFromRow {
[INFO] [stdout]    |        ^^^^^^^^^^^
[INFO] [stdout]    |
[INFO] [stdout]    = note: `#[warn(dead_code)]` (part of `#[warn(unused)]`) on by default
[INFO] [stdout] 
[INFO] [stdout] 
[INFO] [stdout] warning: hiding a lifetime that's elided elsewhere is confusing
[INFO] [stdout]    --> src/repositories/label.rs:160:28
[INFO] [stdout]     |
[INFO] [stdout] 160 |         fn write_store_ref(&self) -> RwLockWriteGuard<LabelData> {
[INFO] [stdout]     |                            ^^^^^     ^^^^^^^^^^^^^^^^^^^^^^^^^^^ the same lifetime is hidden here
[INFO] [stdout]     |                            |
[INFO] [stdout]     |                            the lifetime is elided here
[INFO] [stdout]     |
[INFO] [stdout]     = help: the same lifetime is referred to in inconsistent ways, making the signature confusing
[INFO] [stdout]     = note: `#[warn(mismatched_lifetime_syntaxes)]` on by default
[INFO] [stdout] help: use `'_` for type paths
[INFO] [stdout]     |
[INFO] [stdout] 160 |         fn write_store_ref(&self) -> RwLockWriteGuard<'_, LabelData> {
[INFO] [stdout]     |                                                       +++
[INFO] [stdout] 
[INFO] [stdout] 
[INFO] [stdout] warning: hiding a lifetime that's elided elsewhere is confusing
[INFO] [stdout]    --> src/repositories/label.rs:164:27
[INFO] [stdout]     |
[INFO] [stdout] 164 |         fn read_store_ref(&self) -> RwLockReadGuard<LabelData> {
[INFO] [stdout]     |                           ^^^^^     ^^^^^^^^^^^^^^^^^^^^^^^^^^ the same lifetime is hidden here
[INFO] [stdout]     |                           |
[INFO] [stdout]     |                           the lifetime is elided here
[INFO] [stdout]     |
[INFO] [stdout]     = help: the same lifetime is referred to in inconsistent ways, making the signature confusing
[INFO] [stdout] help: use `'_` for type paths
[INFO] [stdout]     |
[INFO] [stdout] 164 |         fn read_store_ref(&self) -> RwLockReadGuard<'_, LabelData> {
[INFO] [stdout]     |                                                     +++
[INFO] [stdout] 
[INFO] [stdout] 
[INFO] [stdout] warning: hiding a lifetime that's elided elsewhere is confusing
[INFO] [stdout]    --> src/repositories/todo.rs:406:28
[INFO] [stdout]     |
[INFO] [stdout] 406 |         fn write_store_ref(&self) -> RwLockWriteGuard<TodoDatas> {
[INFO] [stdout]     |                            ^^^^^     ^^^^^^^^^^^^^^^^^^^^^^^^^^^ the same lifetime is hidden here
[INFO] [stdout]     |                            |
[INFO] [stdout]     |                            the lifetime is elided here
[INFO] [stdout]     |
[INFO] [stdout]     = help: the same lifetime is referred to in inconsistent ways, making the signature confusing
[INFO] [stdout] help: use `'_` for type paths
[INFO] [stdout]     |
[INFO] [stdout] 406 |         fn write_store_ref(&self) -> RwLockWriteGuard<'_, TodoDatas> {
[INFO] [stdout]     |                                                       +++
[INFO] [stdout] 
[INFO] [stdout] 
[INFO] [stdout] warning: hiding a lifetime that's elided elsewhere is confusing
[INFO] [stdout]    --> src/repositories/todo.rs:410:27
[INFO] [stdout]     |
[INFO] [stdout] 410 |         fn read_store_ref(&self) -> RwLockReadGuard<TodoDatas> {
[INFO] [stdout]     |                           ^^^^^     ^^^^^^^^^^^^^^^^^^^^^^^^^^ the same lifetime is hidden here
[INFO] [stdout]     |                           |
[INFO] [stdout]     |                           the lifetime is elided here
[INFO] [stdout]     |
[INFO] [stdout]     = help: the same lifetime is referred to in inconsistent ways, making the signature confusing
[INFO] [stdout] help: use `'_` for type paths
[INFO] [stdout]     |
[INFO] [stdout] 410 |         fn read_store_ref(&self) -> RwLockReadGuard<'_, TodoDatas> {
[INFO] [stdout]     |                                                     +++
[INFO] [stdout] 
[INFO] [stdout] 
[INFO] [stderr]     Finished `release` profile [optimized] target(s) in 19.77s
[INFO] [stderr] warning: the following packages contain code that will be rejected by a future version of Rust: sqlx-core v0.5.13
[INFO] [stderr] note: to see what the problems were, use the option `--future-incompat-report`, or run `cargo report future-incompatibilities --id 6`
[INFO] running `Command { std: "docker" "inspect" "f67554c48845ecaaf715213ab3e09853c1cd42d7b8bda3ad9bc9727ffe5ea1eb", kill_on_drop: false }`
[INFO] running `Command { std: "docker" "exec" "-e" "SOURCE_DIR=/opt/rustwide/workdir" "-e" "CARGO_HOME=/opt/rustwide/cargo-home" "-e" "RUSTUP_HOME=/opt/rustwide/rustup-home" "-e" "CARGO_TARGET_DIR=/opt/rustwide/target" "-e" "CARGO_INCREMENTAL=0" "-e" "RUST_BACKTRACE=full" "-e" "RUSTFLAGS=--cap-lints=warn" "-e" "RUSTDOCFLAGS=--cap-lints=warn" "-w" "/opt/rustwide/workdir" "--user" "0:0" "f67554c48845ecaaf715213ab3e09853c1cd42d7b8bda3ad9bc9727ffe5ea1eb" "/opt/rustwide/cargo-home/bin/cargo" "+1.99.0-beta.8" "test" "--frozen" "--release", kill_on_drop: false }`
[INFO] [stderr] warning: unused import: `serde::de::DeserializeOwned`
[INFO] [stderr]  --> src/handlers.rs:3:5
[INFO] [stderr]   |
[INFO] [stderr] 3 | use serde::de::DeserializeOwned;
[INFO] [stderr]   |     ^^^^^^^^^^^^^^^^^^^^^^^^^^^
[INFO] [stderr]   |
[INFO] [stderr]   = note: `#[warn(unused_imports)]` (part of `#[warn(unused)]`) on by default
[INFO] [stderr] 
[INFO] [stderr] warning: unused import: `anyhow::Context`
[INFO] [stderr]    --> src/repositories/label.rs:130:9
[INFO] [stderr]     |
[INFO] [stderr] 130 |     use anyhow::Context;
[INFO] [stderr]     |         ^^^^^^^^^^^^^^^
[INFO] [stderr] 
[INFO] [stderr] warning: unused import: `dotenv::dotenv`
[INFO] [stderr]    --> src/repositories/todo.rs:462:13
[INFO] [stderr]     |
[INFO] [stderr] 462 |         use dotenv::dotenv;
[INFO] [stderr]     |             ^^^^^^^^^^^^^^
[INFO] [stderr] 
[INFO] [stderr] warning: unused import: `sqlx::PgPool`
[INFO] [stderr]    --> src/repositories/todo.rs:463:13
[INFO] [stderr]     |
[INFO] [stderr] 463 |         use sqlx::PgPool;
[INFO] [stderr]     |             ^^^^^^^^^^^^
[INFO] [stderr] 
[INFO] [stderr] warning: unused import: `std::env`
[INFO] [stderr]    --> src/repositories/todo.rs:464:13
[INFO] [stderr]     |
[INFO] [stderr] 464 |         use std::env;
[INFO] [stderr]     |             ^^^^^^^^
[INFO] [stderr] 
[INFO] [stderr] warning: unreachable statement
[INFO] [stderr]    --> src/main.rs:148:9
[INFO] [stderr]     |
[INFO] [stderr] 147 |         todo!("Labelデータの追加");
[INFO] [stderr]     |         -------------------------- any code following this expression is unreachable
[INFO] [stderr] 148 |         let labels = vec![];
[INFO] [stderr]     |         ^^^^^^^^^^^^^^^^^^^^ unreachable statement
[INFO] [stderr]     |
[INFO] [stderr]     = note: `#[warn(unreachable_code)]` (part of `#[warn(unused)]`) on by default
[INFO] [stderr] 
[INFO] [stderr] warning: unreachable statement
[INFO] [stderr]    --> src/main.rs:167:9
[INFO] [stderr]     |
[INFO] [stderr] 166 |         todo!("Labelデータの追加");
[INFO] [stderr]     |         -------------------------- any code following this expression is unreachable
[INFO] [stderr] 167 |         let labels = vec![];
[INFO] [stderr]     |         ^^^^^^^^^^^^^^^^^^^^ unreachable statement
[INFO] [stderr] 
[INFO] [stderr] warning: unreachable statement
[INFO] [stderr]    --> src/main.rs:191:9
[INFO] [stderr]     |
[INFO] [stderr] 190 |         todo!("Labelデータの追加");
[INFO] [stderr]     |         -------------------------- any code following this expression is unreachable
[INFO] [stderr] 191 |         let labels = vec![];
[INFO] [stderr]     |         ^^^^^^^^^^^^^^^^^^^^ unreachable statement
[INFO] [stderr] 
[INFO] [stderr] warning: unreachable statement
[INFO] [stderr]    --> src/main.rs:218:9
[INFO] [stderr]     |
[INFO] [stderr] 217 |         todo!("labelデータの追加");
[INFO] [stderr]     |         -------------------------- any code following this expression is unreachable
[INFO] [stderr] 218 |         let labels = vec![];
[INFO] [stderr]     |         ^^^^^^^^^^^^^^^^^^^^ unreachable statement
[INFO] [stderr] 
[INFO] [stderr] warning: unused variable: `todo`
[INFO] [stderr]    --> src/repositories/todo.rs:175:13
[INFO] [stderr]     |
[INFO] [stderr] 175 |         let todo = sqlx::query_as::<_, TodoWithLabelFromRow>(
[INFO] [stderr]     |             ^^^^ help: if this is intentional, prefix it with an underscore: `_todo`
[INFO] [stderr]     |
[INFO] [stderr]     = note: `#[warn(unused_variables)]` (part of `#[warn(unused)]`) on by default
[INFO] [stderr] 
[INFO] [stderr] warning: unused variable: `expected`
[INFO] [stderr]    --> src/main.rs:146:13
[INFO] [stderr]     |
[INFO] [stderr] 146 |         let expected = TodoEntity::new(1, "should_find_todo".to_string());
[INFO] [stderr]     |             ^^^^^^^^ help: if this is intentional, prefix it with an underscore: `_expected`
[INFO] [stderr] 
[INFO] [stderr] warning: unused variable: `expected`
[INFO] [stderr]    --> src/main.rs:165:13
[INFO] [stderr]     |
[INFO] [stderr] 165 |         let expected = TodoEntity::new(1, "should_get_all".to_string());
[INFO] [stderr]     |             ^^^^^^^^ help: if this is intentional, prefix it with an underscore: `_expected`
[INFO] [stderr] 
[INFO] [stderr] warning: unused variable: `expected`
[INFO] [stderr]    --> src/main.rs:189:13
[INFO] [stderr]     |
[INFO] [stderr] 189 |         let expected = TodoEntity::new(1, "should_update_todo".to_string());
[INFO] [stderr]     |             ^^^^^^^^ help: if this is intentional, prefix it with an underscore: `_expected`
[INFO] [stderr] 
[INFO] [stderr] warning: struct `TodoFromRow` is never constructed
[INFO] [stderr]   --> src/repositories/todo.rs:36:8
[INFO] [stderr]    |
[INFO] [stderr] 36 | struct TodoFromRow {
[INFO] [stderr]    |        ^^^^^^^^^^^
[INFO] [stderr]    |
[INFO] [stderr]    = note: `#[warn(dead_code)]` (part of `#[warn(unused)]`) on by default
[INFO] [stderr] 
[INFO] [stderr] warning: hiding a lifetime that's elided elsewhere is confusing
[INFO] [stderr]    --> src/repositories/label.rs:160:28
[INFO] [stderr]     |
[INFO] [stderr] 160 |         fn write_store_ref(&self) -> RwLockWriteGuard<LabelData> {
[INFO] [stderr]     |                            ^^^^^     ^^^^^^^^^^^^^^^^^^^^^^^^^^^ the same lifetime is hidden here
[INFO] [stderr]     |                            |
[INFO] [stderr]     |                            the lifetime is elided here
[INFO] [stderr]     |
[INFO] [stderr]     = help: the same lifetime is referred to in inconsistent ways, making the signature confusing
[INFO] [stderr]     = note: `#[warn(mismatched_lifetime_syntaxes)]` on by default
[INFO] [stderr] help: use `'_` for type paths
[INFO] [stderr]     |
[INFO] [stderr] 160 |         fn write_store_ref(&self) -> RwLockWriteGuard<'_, LabelData> {
[INFO] [stderr]     |                                                       +++
[INFO] [stderr] 
[INFO] [stderr] warning: hiding a lifetime that's elided elsewhere is confusing
[INFO] [stderr]    --> src/repositories/label.rs:164:27
[INFO] [stderr]     |
[INFO] [stderr] 164 |         fn read_store_ref(&self) -> RwLockReadGuard<LabelData> {
[INFO] [stderr]     |                           ^^^^^     ^^^^^^^^^^^^^^^^^^^^^^^^^^ the same lifetime is hidden here
[INFO] [stderr]     |                           |
[INFO] [stderr]     |                           the lifetime is elided here
[INFO] [stderr]     |
[INFO] [stderr]     = help: the same lifetime is referred to in inconsistent ways, making the signature confusing
[INFO] [stderr] help: use `'_` for type paths
[INFO] [stderr]     |
[INFO] [stderr] 164 |         fn read_store_ref(&self) -> RwLockReadGuard<'_, LabelData> {
[INFO] [stderr]     |                                                     +++
[INFO] [stderr] 
[INFO] [stderr] warning: hiding a lifetime that's elided elsewhere is confusing
[INFO] [stderr]    --> src/repositories/todo.rs:406:28
[INFO] [stderr]     |
[INFO] [stderr] 406 |         fn write_store_ref(&self) -> RwLockWriteGuard<TodoDatas> {
[INFO] [stderr]     |                            ^^^^^     ^^^^^^^^^^^^^^^^^^^^^^^^^^^ the same lifetime is hidden here
[INFO] [stderr]     |                            |
[INFO] [stderr]     |                            the lifetime is elided here
[INFO] [stderr]     |
[INFO] [stderr]     = help: the same lifetime is referred to in inconsistent ways, making the signature confusing
[INFO] [stderr] help: use `'_` for type paths
[INFO] [stderr]     |
[INFO] [stderr] 406 |         fn write_store_ref(&self) -> RwLockWriteGuard<'_, TodoDatas> {
[INFO] [stderr]     |                                                       +++
[INFO] [stderr] 
[INFO] [stderr] warning: hiding a lifetime that's elided elsewhere is confusing
[INFO] [stderr]    --> src/repositories/todo.rs:410:27
[INFO] [stderr]     |
[INFO] [stderr] 410 |         fn read_store_ref(&self) -> RwLockReadGuard<TodoDatas> {
[INFO] [stderr]     |                           ^^^^^     ^^^^^^^^^^^^^^^^^^^^^^^^^^ the same lifetime is hidden here
[INFO] [stderr]     |                           |
[INFO] [stderr]     |                           the lifetime is elided here
[INFO] [stderr]     |
[INFO] [stderr]     = help: the same lifetime is referred to in inconsistent ways, making the signature confusing
[INFO] [stderr] help: use `'_` for type paths
[INFO] [stderr]     |
[INFO] [stderr] 410 |         fn read_store_ref(&self) -> RwLockReadGuard<'_, TodoDatas> {
[INFO] [stderr]     |                                                     +++
[INFO] [stderr] 
[INFO] [stderr] warning: `axum_crud` (bin "axum_crud" test) generated 18 warnings (run `cargo fix --bin "axum_crud" -p axum_crud --tests` to apply 13 suggestions)
[INFO] [stderr]     Finished `release` profile [optimized] target(s) in 0.22s
[INFO] [stderr] warning: the following packages contain code that will be rejected by a future version of Rust: sqlx-core v0.5.13
[INFO] [stderr] note: to see what the problems were, use the option `--future-incompat-report`, or run `cargo report future-incompatibilities --id 6`
[INFO] [stderr]      Running unittests src/main.rs (/opt/rustwide/target/release/deps/axum_crud-812d314d94c175b8)
[INFO] [stdout] 
[INFO] [stdout] running 10 tests
[INFO] [stdout] test repositories::todo::test_utils::test::todo_crud_scenario ... ok
[INFO] [stdout] test test::should_created_todo ... FAILED
[INFO] [stdout] test repositories::todo::test::crud_scenario ... FAILED
[INFO] [stdout] test test::should_delete_todo ... FAILED
[INFO] [stdout] test repositories::label::test::crud_scenario ... FAILED
[INFO] [stdout] test test::should_get_all_todos ... FAILED
[INFO] [stdout] test test::should_update_todo ... FAILED
[INFO] [stdout] test repositories::label::test_utils::test::label_crud_scenario ... ok
[INFO] [stdout] test repositories::todo::test_utils::test::fold_entities_test ... ok
[INFO] [stdout] test test::should_find_todo ... FAILED
[INFO] [stdout] 
[INFO] [stdout] failures:
[INFO] [stdout] 
[INFO] [stdout] ---- test::should_created_todo stdout ----
[INFO] [stdout] 
[INFO] [stdout] thread 'test::should_created_todo' (4037) panicked at src/main.rs:120:60:
[INFO] [stdout] cannot convert TodoWithLabelFromRow instance. body: Invalid JSON body: Error("expected value", line: 1, column: 1)
[INFO] [stdout] stack backtrace:
[INFO] [stdout]    0:     0x5e6484e25ec1 - <<std[70759c8f55707aa4]::sys::backtrace::BacktraceLock>::print::DisplayBacktrace as core[df12db4294e9bfd3]::fmt::Display>::fmt
[INFO] [stdout]    1:     0x5e6484e3da1a - core[df12db4294e9bfd3]::fmt::write
[INFO] [stdout]    2:     0x5e6484e2a94c - <alloc[2182bb758b4b3781]::vec::Vec<u8> as core[df12db4294e9bfd3]::io::write::Write>::write_fmt
[INFO] [stdout]    3:     0x5e6484e00f66 - std[70759c8f55707aa4]::panicking::default_hook::{closure#0}
[INFO] [stdout]    4:     0x5e6484e1dad9 - std[70759c8f55707aa4]::panicking::default_hook
[INFO] [stdout]    5:     0x5e6484c484b0 - test[9d35eded1c95d3be]::test_main_inner::<test[9d35eded1c95d3be]::test_main_static::{closure#0}>::{closure#0}
[INFO] [stdout]    6:     0x5e6484e1de02 - std[70759c8f55707aa4]::panicking::panic_with_hook
[INFO] [stdout]    7:     0x5e6484e01012 - std[70759c8f55707aa4]::panicking::panic_handler::{closure#0}
[INFO] [stdout]    8:     0x5e6484df98e9 - std[70759c8f55707aa4]::sys::backtrace::__rust_end_short_backtrace::<std[70759c8f55707aa4]::panicking::panic_handler::{closure#0}, !>
[INFO] [stdout]    9:     0x5e6484e01e9d - __rustc[8fa7c3cbc660c2b3]::rust_begin_unwind
[INFO] [stdout]   10:     0x5e6484e3e17c - core[df12db4294e9bfd3]::panicking::panic_fmt
[INFO] [stdout]   11:     0x5e6484e3df52 - core[df12db4294e9bfd3]::result::unwrap_failed
[INFO] [stdout]   12:     0x5e6484bf7bc0 - axum_crud[eb95d276aced9bac]::test::should_created_todo::{closure#0}
[INFO] [stdout]   13:     0x5e6484bca648 - <tokio[9a525d29c026afbd]::runtime::context::scoped::Scoped<tokio[9a525d29c026afbd]::runtime::scheduler::Context>>::set::<<tokio[9a525d29c026afbd]::runtime::scheduler::current_thread::CoreGuard>::enter<<tokio[9a525d29c026afbd]::runtime::scheduler::current_thread::CoreGuard>::block_on<core[df12db4294e9bfd3]::pin::Pin<&mut core[df12db4294e9bfd3]::pin::Pin<&mut dyn core[df12db4294e9bfd3]::future::future::Future<Output = ()>>>>::{closure#0}, core[df12db4294e9bfd3]::option::Option<()>>::{closure#0}, (alloc[2182bb758b4b3781]::boxed::Box<tokio[9a525d29c026afbd]::runtime::scheduler::current_thread::Core>, core[df12db4294e9bfd3]::option::Option<()>)>
[INFO] [stdout]   14:     0x5e6484bcb3ed - <tokio[9a525d29c026afbd]::runtime::scheduler::current_thread::CoreGuard>::block_on::<core[df12db4294e9bfd3]::pin::Pin<&mut core[df12db4294e9bfd3]::pin::Pin<&mut dyn core[df12db4294e9bfd3]::future::future::Future<Output = ()>>>>
[INFO] [stdout]   15:     0x5e6484c00564 - tokio[9a525d29c026afbd]::runtime::context::runtime::enter_runtime::<<tokio[9a525d29c026afbd]::runtime::scheduler::current_thread::CurrentThread>::block_on<core[df12db4294e9bfd3]::pin::Pin<&mut dyn core[df12db4294e9bfd3]::future::future::Future<Output = ()>>>::{closure#0}, ()>
[INFO] [stdout]   16:     0x5e6484c11975 - <tokio[9a525d29c026afbd]::runtime::runtime::Runtime>::block_on::<core[df12db4294e9bfd3]::pin::Pin<&mut dyn core[df12db4294e9bfd3]::future::future::Future<Output = ()>>>
[INFO] [stdout]   17:     0x5e6484bfb4eb - axum_crud[eb95d276aced9bac]::test::should_created_todo
[INFO] [stdout]   18:     0x5e6484c2d209 - <axum_crud[eb95d276aced9bac]::test::should_created_todo::{closure#0} as core[df12db4294e9bfd3]::ops::function::FnOnce<()>>::call_once
[INFO] [stdout]   19:     0x5e6484c3b79b - test[9d35eded1c95d3be]::__rust_begin_short_backtrace::<core[df12db4294e9bfd3]::result::Result<(), alloc[2182bb758b4b3781]::string::String>, fn() -> core[df12db4294e9bfd3]::result::Result<(), alloc[2182bb758b4b3781]::string::String>>
[INFO] [stdout]   20:     0x5e6484c48e05 - test[9d35eded1c95d3be]::run_test::{closure#0}
[INFO] [stdout]   21:     0x5e6484c426c4 - std[70759c8f55707aa4]::sys::backtrace::__rust_begin_short_backtrace::<test[9d35eded1c95d3be]::run_test::{closure#1}, ()>
[INFO] [stdout]   22:     0x5e6484c4bf62 - <std[70759c8f55707aa4]::thread::lifecycle::spawn_unchecked<test[9d35eded1c95d3be]::run_test::{closure#1}, ()>::{closure#1} as core[df12db4294e9bfd3]::ops::function::FnOnce<()>>::call_once::{shim:vtable#0}
[INFO] [stdout]   23:     0x5e6484e250c9 - <std[70759c8f55707aa4]::sys::thread::unix::Thread>::new::thread_start
[INFO] [stdout]   24:     0x755a47373dfa - <unknown>
[INFO] [stdout]   25:     0x755a474073d4 - clone
[INFO] [stdout]   26:                0x0 - <unknown>
[INFO] [stdout] 
[INFO] [stdout] ---- repositories::todo::test::crud_scenario stdout ----
[INFO] [stdout] 
[INFO] [stdout] thread 'repositories::todo::test::crud_scenario' (4034) panicked at src/repositories/todo.rs:260:54:
[INFO] [stdout] undefined [DATABASE_URL]: NotPresent
[INFO] [stdout] stack backtrace:
[INFO] [stdout]    0:     0x5e6484e25ec1 - <<std[70759c8f55707aa4]::sys::backtrace::BacktraceLock>::print::DisplayBacktrace as core[df12db4294e9bfd3]::fmt::Display>::fmt
[INFO] [stdout]    1:     0x5e6484e3da1a - core[df12db4294e9bfd3]::fmt::write
[INFO] [stdout]    2:     0x5e6484e2a94c - <alloc[2182bb758b4b3781]::vec::Vec<u8> as core[df12db4294e9bfd3]::io::write::Write>::write_fmt
[INFO] [stdout]    3:     0x5e6484e00f66 - std[70759c8f55707aa4]::panicking::default_hook::{closure#0}
[INFO] [stdout]    4:     0x5e6484e1dad9 - std[70759c8f55707aa4]::panicking::default_hook
[INFO] [stdout]    5:     0x5e6484c484b0 - test[9d35eded1c95d3be]::test_main_inner::<test[9d35eded1c95d3be]::test_main_static::{closure#0}>::{closure#0}
[INFO] [stdout]    6:     0x5e6484e1de02 - std[70759c8f55707aa4]::panicking::panic_with_hook
[INFO] [stdout]    7:     0x5e6484e01012 - std[70759c8f55707aa4]::panicking::panic_handler::{closure#0}
[INFO] [stdout]    8:     0x5e6484df98e9 - std[70759c8f55707aa4]::sys::backtrace::__rust_end_short_backtrace::<std[70759c8f55707aa4]::panicking::panic_handler::{closure#0}, !>
[INFO] [stdout]    9:     0x5e6484e01e9d - __rustc[8fa7c3cbc660c2b3]::rust_begin_unwind
[INFO] [stdout]   10:     0x5e6484e3e17c - core[df12db4294e9bfd3]::panicking::panic_fmt
[INFO] [stdout]   11:     0x5e6484e3df52 - core[df12db4294e9bfd3]::result::unwrap_failed
[INFO] [stdout]   12:     0x5e6484bec0ca - axum_crud[eb95d276aced9bac]::repositories::todo::test::crud_scenario::{closure#0}
[INFO] [stdout]   13:     0x5e6484bca648 - <tokio[9a525d29c026afbd]::runtime::context::scoped::Scoped<tokio[9a525d29c026afbd]::runtime::scheduler::Context>>::set::<<tokio[9a525d29c026afbd]::runtime::scheduler::current_thread::CoreGuard>::enter<<tokio[9a525d29c026afbd]::runtime::scheduler::current_thread::CoreGuard>::block_on<core[df12db4294e9bfd3]::pin::Pin<&mut core[df12db4294e9bfd3]::pin::Pin<&mut dyn core[df12db4294e9bfd3]::future::future::Future<Output = ()>>>>::{closure#0}, core[df12db4294e9bfd3]::option::Option<()>>::{closure#0}, (alloc[2182bb758b4b3781]::boxed::Box<tokio[9a525d29c026afbd]::runtime::scheduler::current_thread::Core>, core[df12db4294e9bfd3]::option::Option<()>)>
[INFO] [stdout]   14:     0x5e6484bcb3ed - <tokio[9a525d29c026afbd]::runtime::scheduler::current_thread::CoreGuard>::block_on::<core[df12db4294e9bfd3]::pin::Pin<&mut core[df12db4294e9bfd3]::pin::Pin<&mut dyn core[df12db4294e9bfd3]::future::future::Future<Output = ()>>>>
[INFO] [stdout]   15:     0x5e6484c00564 - tokio[9a525d29c026afbd]::runtime::context::runtime::enter_runtime::<<tokio[9a525d29c026afbd]::runtime::scheduler::current_thread::CurrentThread>::block_on<core[df12db4294e9bfd3]::pin::Pin<&mut dyn core[df12db4294e9bfd3]::future::future::Future<Output = ()>>>::{closure#0}, ()>
[INFO] [stdout]   16:     0x5e6484c11975 - <tokio[9a525d29c026afbd]::runtime::runtime::Runtime>::block_on::<core[df12db4294e9bfd3]::pin::Pin<&mut dyn core[df12db4294e9bfd3]::future::future::Future<Output = ()>>>
[INFO] [stdout]   17:     0x5e6484bf0eeb - axum_crud[eb95d276aced9bac]::repositories::todo::test::crud_scenario
[INFO] [stdout]   18:     0x5e6484c2d249 - <axum_crud[eb95d276aced9bac]::repositories::todo::test::crud_scenario::{closure#0} as core[df12db4294e9bfd3]::ops::function::FnOnce<()>>::call_once
[INFO] [stdout]   19:     0x5e6484c3b79b - test[9d35eded1c95d3be]::__rust_begin_short_backtrace::<core[df12db4294e9bfd3]::result::Result<(), alloc[2182bb758b4b3781]::string::String>, fn() -> core[df12db4294e9bfd3]::result::Result<(), alloc[2182bb758b4b3781]::string::String>>
[INFO] [stdout]   20:     0x5e6484c48e05 - test[9d35eded1c95d3be]::run_test::{closure#0}
[INFO] [stdout]   21:     0x5e6484c426c4 - std[70759c8f55707aa4]::sys::backtrace::__rust_begin_short_backtrace::<test[9d35eded1c95d3be]::run_test::{closure#1}, ()>
[INFO] [stdout]   22:     0x5e6484c4bf62 - <std[70759c8f55707aa4]::thread::lifecycle::spawn_unchecked<test[9d35eded1c95d3be]::run_test::{closure#1}, ()>::{closure#1} as core[df12db4294e9bfd3]::ops::function::FnOnce<()>>::call_once::{shim:vtable#0}
[INFO] [stdout]   23:     0x5e6484e250c9 - <std[70759c8f55707aa4]::sys::thread::unix::Thread>::new::thread_start
[INFO] [stdout]   24:     0x755a47373dfa - <unknown>
[INFO] [stdout]   25:     0x755a474073d4 - clone
[INFO] [stdout]   26:                0x0 - <unknown>
[INFO] [stdout] 
[INFO] [stdout] ---- test::should_delete_todo stdout ----
[INFO] [stdout] 
[INFO] [stdout] thread 'test::should_delete_todo' (4038) panicked at src/main.rs:217:9:
[INFO] [stdout] not yet implemented: labelデータの追加
[INFO] [stdout] stack backtrace:
[INFO] [stdout]    0:     0x5e6484e25ec1 - <<std[70759c8f55707aa4]::sys::backtrace::BacktraceLock>::print::DisplayBacktrace as core[df12db4294e9bfd3]::fmt::Display>::fmt
[INFO] [stdout]    1:     0x5e6484e3da1a - core[df12db4294e9bfd3]::fmt::write
[INFO] [stdout]    2:     0x5e6484e2a94c - <alloc[2182bb758b4b3781]::vec::Vec<u8> as core[df12db4294e9bfd3]::io::write::Write>::write_fmt
[INFO] [stdout]    3:     0x5e6484e00f66 - std[70759c8f55707aa4]::panicking::default_hook::{closure#0}
[INFO] [stdout]    4:     0x5e6484e1dad9 - std[70759c8f55707aa4]::panicking::default_hook
[INFO] [stdout]    5:     0x5e6484c484b0 - test[9d35eded1c95d3be]::test_main_inner::<test[9d35eded1c95d3be]::test_main_static::{closure#0}>::{closure#0}
[INFO] [stdout]    6:     0x5e6484e1de02 - std[70759c8f55707aa4]::panicking::panic_with_hook
[INFO] [stdout]    7:     0x5e6484e01044 - std[70759c8f55707aa4]::panicking::panic_handler::{closure#0}
[INFO] [stdout]    8:     0x5e6484df98e9 - std[70759c8f55707aa4]::sys::backtrace::__rust_end_short_backtrace::<std[70759c8f55707aa4]::panicking::panic_handler::{closure#0}, !>
[INFO] [stdout]    9:     0x5e6484e01e9d - __rustc[8fa7c3cbc660c2b3]::rust_begin_unwind
[INFO] [stdout]   10:     0x5e6484e3e17c - core[df12db4294e9bfd3]::panicking::panic_fmt
[INFO] [stdout]   11:     0x5e6484bf68e2 - axum_crud[eb95d276aced9bac]::test::should_delete_todo::{closure#0}
[INFO] [stdout]   12:     0x5e6484bca648 - <tokio[9a525d29c026afbd]::runtime::context::scoped::Scoped<tokio[9a525d29c026afbd]::runtime::scheduler::Context>>::set::<<tokio[9a525d29c026afbd]::runtime::scheduler::current_thread::CoreGuard>::enter<<tokio[9a525d29c026afbd]::runtime::scheduler::current_thread::CoreGuard>::block_on<core[df12db4294e9bfd3]::pin::Pin<&mut core[df12db4294e9bfd3]::pin::Pin<&mut dyn core[df12db4294e9bfd3]::future::future::Future<Output = ()>>>>::{closure#0}, core[df12db4294e9bfd3]::option::Option<()>>::{closure#0}, (alloc[2182bb758b4b3781]::boxed::Box<tokio[9a525d29c026afbd]::runtime::scheduler::current_thread::Core>, core[df12db4294e9bfd3]::option::Option<()>)>
[INFO] [stdout]   13:     0x5e6484bcb3ed - <tokio[9a525d29c026afbd]::runtime::scheduler::current_thread::CoreGuard>::block_on::<core[df12db4294e9bfd3]::pin::Pin<&mut core[df12db4294e9bfd3]::pin::Pin<&mut dyn core[df12db4294e9bfd3]::future::future::Future<Output = ()>>>>
[INFO] [stdout]   14:     0x5e6484c00564 - tokio[9a525d29c026afbd]::runtime::context::runtime::enter_runtime::<<tokio[9a525d29c026afbd]::runtime::scheduler::current_thread::CurrentThread>::block_on<core[df12db4294e9bfd3]::pin::Pin<&mut dyn core[df12db4294e9bfd3]::future::future::Future<Output = ()>>>::{closure#0}, ()>
[INFO] [stdout]   15:     0x5e6484c11975 - <tokio[9a525d29c026afbd]::runtime::runtime::Runtime>::block_on::<core[df12db4294e9bfd3]::pin::Pin<&mut dyn core[df12db4294e9bfd3]::future::future::Future<Output = ()>>>
[INFO] [stdout]   16:     0x5e6484bfb285 - axum_crud[eb95d276aced9bac]::test::should_delete_todo
[INFO] [stdout]   17:     0x5e6484c2d1c9 - <axum_crud[eb95d276aced9bac]::test::should_delete_todo::{closure#0} as core[df12db4294e9bfd3]::ops::function::FnOnce<()>>::call_once
[INFO] [stdout]   18:     0x5e6484c3b79b - test[9d35eded1c95d3be]::__rust_begin_short_backtrace::<core[df12db4294e9bfd3]::result::Result<(), alloc[2182bb758b4b3781]::string::String>, fn() -> core[df12db4294e9bfd3]::result::Result<(), alloc[2182bb758b4b3781]::string::String>>
[INFO] [stdout]   19:     0x5e6484c48e05 - test[9d35eded1c95d3be]::run_test::{closure#0}
[INFO] [stdout]   20:     0x5e6484c426c4 - std[70759c8f55707aa4]::sys::backtrace::__rust_begin_short_backtrace::<test[9d35eded1c95d3be]::run_test::{closure#1}, ()>
[INFO] [stdout]   21:     0x5e6484c4bf62 - <std[70759c8f55707aa4]::thread::lifecycle::spawn_unchecked<test[9d35eded1c95d3be]::run_test::{closure#1}, ()>::{closure#1} as core[df12db4294e9bfd3]::ops::function::FnOnce<()>>::call_once::{shim:vtable#0}
[INFO] [stdout]   22:     0x5e6484e250c9 - <std[70759c8f55707aa4]::sys::thread::unix::Thread>::new::thread_start
[INFO] [stdout]   23:     0x755a47373dfa - <unknown>
[INFO] [stdout]   24:     0x755a474073d4 - clone
[INFO] [stdout]   25:                0x0 - <unknown>
[INFO] [stdout] 
[INFO] [stdout] ---- repositories::label::test::crud_scenario stdout ----
[INFO] [stdout] 
[INFO] [stdout] thread 'repositories::label::test::crud_scenario' (4032) panicked at src/repositories/label.rs:101:54:
[INFO] [stdout] undefined [DATABASE_URL]: NotPresent
[INFO] [stdout] stack backtrace:
[INFO] [stdout]    0:     0x5e6484e25ec1 - <<std[70759c8f55707aa4]::sys::backtrace::BacktraceLock>::print::DisplayBacktrace as core[df12db4294e9bfd3]::fmt::Display>::fmt
[INFO] [stdout]    1:     0x5e6484e3da1a - core[df12db4294e9bfd3]::fmt::write
[INFO] [stdout]    2:     0x5e6484e2a94c - <alloc[2182bb758b4b3781]::vec::Vec<u8> as core[df12db4294e9bfd3]::io::write::Write>::write_fmt
[INFO] [stdout]    3:     0x5e6484e00f66 - std[70759c8f55707aa4]::panicking::default_hook::{closure#0}
[INFO] [stdout]    4:     0x5e6484e1dad9 - std[70759c8f55707aa4]::panicking::default_hook
[INFO] [stdout]    5:     0x5e6484c484b0 - test[9d35eded1c95d3be]::test_main_inner::<test[9d35eded1c95d3be]::test_main_static::{closure#0}>::{closure#0}
[INFO] [stdout]    6:     0x5e6484e1de02 - std[70759c8f55707aa4]::panicking::panic_with_hook
[INFO] [stdout]    7:     0x5e6484e01012 - std[70759c8f55707aa4]::panicking::panic_handler::{closure#0}
[INFO] [stdout]    8:     0x5e6484df98e9 - std[70759c8f55707aa4]::sys::backtrace::__rust_end_short_backtrace::<std[70759c8f55707aa4]::panicking::panic_handler::{closure#0}, !>
[INFO] [stdout]    9:     0x5e6484e01e9d - __rustc[8fa7c3cbc660c2b3]::rust_begin_unwind
[INFO] [stdout]   10:     0x5e6484e3e17c - core[df12db4294e9bfd3]::panicking::panic_fmt
[INFO] [stdout]   11:     0x5e6484e3df52 - core[df12db4294e9bfd3]::result::unwrap_failed
[INFO] [stdout]   12:     0x5e6484bf8762 - axum_crud[eb95d276aced9bac]::repositories::label::test::crud_scenario::{closure#0}
[INFO] [stdout]   13:     0x5e6484bca648 - <tokio[9a525d29c026afbd]::runtime::context::scoped::Scoped<tokio[9a525d29c026afbd]::runtime::scheduler::Context>>::set::<<tokio[9a525d29c026afbd]::runtime::scheduler::current_thread::CoreGuard>::enter<<tokio[9a525d29c026afbd]::runtime::scheduler::current_thread::CoreGuard>::block_on<core[df12db4294e9bfd3]::pin::Pin<&mut core[df12db4294e9bfd3]::pin::Pin<&mut dyn core[df12db4294e9bfd3]::future::future::Future<Output = ()>>>>::{closure#0}, core[df12db4294e9bfd3]::option::Option<()>>::{closure#0}, (alloc[2182bb758b4b3781]::boxed::Box<tokio[9a525d29c026afbd]::runtime::scheduler::current_thread::Core>, core[df12db4294e9bfd3]::option::Option<()>)>
[INFO] [stdout]   14:     0x5e6484bcb3ed - <tokio[9a525d29c026afbd]::runtime::scheduler::current_thread::CoreGuard>::block_on::<core[df12db4294e9bfd3]::pin::Pin<&mut core[df12db4294e9bfd3]::pin::Pin<&mut dyn core[df12db4294e9bfd3]::future::future::Future<Output = ()>>>>
[INFO] [stdout]   15:     0x5e6484c00564 - tokio[9a525d29c026afbd]::runtime::context::runtime::enter_runtime::<<tokio[9a525d29c026afbd]::runtime::scheduler::current_thread::CurrentThread>::block_on<core[df12db4294e9bfd3]::pin::Pin<&mut dyn core[df12db4294e9bfd3]::future::future::Future<Output = ()>>>::{closure#0}, ()>
[INFO] [stdout]   16:     0x5e6484c11975 - <tokio[9a525d29c026afbd]::runtime::runtime::Runtime>::block_on::<core[df12db4294e9bfd3]::pin::Pin<&mut dyn core[df12db4294e9bfd3]::future::future::Future<Output = ()>>>
[INFO] [stdout]   17:     0x5e6484bfb76b - axum_crud[eb95d276aced9bac]::repositories::label::test::crud_scenario
[INFO] [stdout]   18:     0x5e6484c2d269 - <axum_crud[eb95d276aced9bac]::repositories::label::test::crud_scenario::{closure#0} as core[df12db4294e9bfd3]::ops::function::FnOnce<()>>::call_once
[INFO] [stdout]   19:     0x5e6484c3b79b - test[9d35eded1c95d3be]::__rust_begin_short_backtrace::<core[df12db4294e9bfd3]::result::Result<(), alloc[2182bb758b4b3781]::string::String>, fn() -> core[df12db4294e9bfd3]::result::Result<(), alloc[2182bb758b4b3781]::string::String>>
[INFO] [stdout]   20:     0x5e6484c48e05 - test[9d35eded1c95d3be]::run_test::{closure#0}
[INFO] [stdout]   21:     0x5e6484c426c4 - std[70759c8f55707aa4]::sys::backtrace::__rust_begin_short_backtrace::<test[9d35eded1c95d3be]::run_test::{closure#1}, ()>
[INFO] [stdout]   22:     0x5e6484c4bf62 - <std[70759c8f55707aa4]::thread::lifecycle::spawn_unchecked<test[9d35eded1c95d3be]::run_test::{closure#1}, ()>::{closure#1} as core[df12db4294e9bfd3]::ops::function::FnOnce<()>>::call_once::{shim:vtable#0}
[INFO] [stdout]   23:     0x5e6484e250c9 - <std[70759c8f55707aa4]::sys::thread::unix::Thread>::new::thread_start
[INFO] [stdout]   24:     0x755a47373dfa - <unknown>
[INFO] [stdout]   25:     0x755a474073d4 - clone
[INFO] [stdout]   26:                0x0 - <unknown>
[INFO] [stdout] 
[INFO] [stdout] ---- test::should_get_all_todos stdout ----
[INFO] [stdout] 
[INFO] [stdout] thread 'test::should_get_all_todos' (4040) panicked at src/main.rs:166:9:
[INFO] [stdout] not yet implemented: Labelデータの追加
[INFO] [stdout] stack backtrace:
[INFO] [stdout]    0:     0x5e6484e25ec1 - <<std[70759c8f55707aa4]::sys::backtrace::BacktraceLock>::print::DisplayBacktrace as core[df12db4294e9bfd3]::fmt::Display>::fmt
[INFO] [stdout]    1:     0x5e6484e3da1a - core[df12db4294e9bfd3]::fmt::write
[INFO] [stdout]    2:     0x5e6484e2a94c - <alloc[2182bb758b4b3781]::vec::Vec<u8> as core[df12db4294e9bfd3]::io::write::Write>::write_fmt
[INFO] [stdout]    3:     0x5e6484e00f66 - std[70759c8f55707aa4]::panicking::default_hook::{closure#0}
[INFO] [stdout]    4:     0x5e6484e1dad9 - std[70759c8f55707aa4]::panicking::default_hook
[INFO] [stdout]    5:     0x5e6484c484b0 - test[9d35eded1c95d3be]::test_main_inner::<test[9d35eded1c95d3be]::test_main_static::{closure#0}>::{closure#0}
[INFO] [stdout]    6:     0x5e6484e1de02 - std[70759c8f55707aa4]::panicking::panic_with_hook
[INFO] [stdout]    7:     0x5e6484e01044 - std[70759c8f55707aa4]::panicking::panic_handler::{closure#0}
[INFO] [stdout]    8:     0x5e6484df98e9 - std[70759c8f55707aa4]::sys::backtrace::__rust_end_short_backtrace::<std[70759c8f55707aa4]::panicking::panic_handler::{closure#0}, !>
[INFO] [stdout]    9:     0x5e6484e01e9d - __rustc[8fa7c3cbc660c2b3]::rust_begin_unwind
[INFO] [stdout]   10:     0x5e6484e3e17c - core[df12db4294e9bfd3]::panicking::panic_fmt
[INFO] [stdout]   11:     0x5e6484bf7fa8 - axum_crud[eb95d276aced9bac]::test::should_get_all_todos::{closure#0}
[INFO] [stdout]   12:     0x5e6484bca648 - <tokio[9a525d29c026afbd]::runtime::context::scoped::Scoped<tokio[9a525d29c026afbd]::runtime::scheduler::Context>>::set::<<tokio[9a525d29c026afbd]::runtime::scheduler::current_thread::CoreGuard>::enter<<tokio[9a525d29c026afbd]::runtime::scheduler::current_thread::CoreGuard>::block_on<core[df12db4294e9bfd3]::pin::Pin<&mut core[df12db4294e9bfd3]::pin::Pin<&mut dyn core[df12db4294e9bfd3]::future::future::Future<Output = ()>>>>::{closure#0}, core[df12db4294e9bfd3]::option::Option<()>>::{closure#0}, (alloc[2182bb758b4b3781]::boxed::Box<tokio[9a525d29c026afbd]::runtime::scheduler::current_thread::Core>, core[df12db4294e9bfd3]::option::Option<()>)>
[INFO] [stdout]   13:     0x5e6484bcb3ed - <tokio[9a525d29c026afbd]::runtime::scheduler::current_thread::CoreGuard>::block_on::<core[df12db4294e9bfd3]::pin::Pin<&mut core[df12db4294e9bfd3]::pin::Pin<&mut dyn core[df12db4294e9bfd3]::future::future::Future<Output = ()>>>>
[INFO] [stdout]   14:     0x5e6484c00564 - tokio[9a525d29c026afbd]::runtime::context::runtime::enter_runtime::<<tokio[9a525d29c026afbd]::runtime::scheduler::current_thread::CurrentThread>::block_on<core[df12db4294e9bfd3]::pin::Pin<&mut dyn core[df12db4294e9bfd3]::future::future::Future<Output = ()>>>::{closure#0}, ()>
[INFO] [stdout]   15:     0x5e6484c11975 - <tokio[9a525d29c026afbd]::runtime::runtime::Runtime>::block_on::<core[df12db4294e9bfd3]::pin::Pin<&mut dyn core[df12db4294e9bfd3]::future::future::Future<Output = ()>>>
[INFO] [stdout]   16:     0x5e6484bfb635 - axum_crud[eb95d276aced9bac]::test::should_get_all_todos
[INFO] [stdout]   17:     0x5e6484c2d229 - <axum_crud[eb95d276aced9bac]::test::should_get_all_todos::{closure#0} as core[df12db4294e9bfd3]::ops::function::FnOnce<()>>::call_once
[INFO] [stdout]   18:     0x5e6484c3b79b - test[9d35eded1c95d3be]::__rust_begin_short_backtrace::<core[df12db4294e9bfd3]::result::Result<(), alloc[2182bb758b4b3781]::string::String>, fn() -> core[df12db4294e9bfd3]::result::Result<(), alloc[2182bb758b4b3781]::string::String>>
[INFO] [stdout]   19:     0x5e6484c48e05 - test[9d35eded1c95d3be]::run_test::{closure#0}
[INFO] [stdout]   20:     0x5e6484c426c4 - std[70759c8f55707aa4]::sys::backtrace::__rust_begin_short_backtrace::<test[9d35eded1c95d3be]::run_test::{closure#1}, ()>
[INFO] [stdout]   21:     0x5e6484c4bf62 - <std[70759c8f55707aa4]::thread::lifecycle::spawn_unchecked<test[9d35eded1c95d3be]::run_test::{closure#1}, ()>::{closure#1} as core[df12db4294e9bfd3]::ops::function::FnOnce<()>>::call_once::{shim:vtable#0}
[INFO] [stdout]   22:     0x5e6484e250c9 - <std[70759c8f55707aa4]::sys::thread::unix::Thread>::new::thread_start
[INFO] [stdout]   23:     0x755a47373dfa - <unknown>
[INFO] [stdout]   24:     0x755a474073d4 - clone
[INFO] [stdout]   25:                0x0 - <unknown>
[INFO] [stdout] 
[INFO] [stdout] ---- test::should_update_todo stdout ----
[INFO] [stdout] 
[INFO] [stdout] thread 'test::should_update_todo' (4041) panicked at src/main.rs:190:9:
[INFO] [stdout] not yet implemented: Labelデータの追加
[INFO] [stdout] stack backtrace:
[INFO] [stdout]    0:     0x5e6484e25ec1 - <<std[70759c8f55707aa4]::sys::backtrace::BacktraceLock>::print::DisplayBacktrace as core[df12db4294e9bfd3]::fmt::Display>::fmt
[INFO] [stdout]    1:     0x5e6484e3da1a - core[df12db4294e9bfd3]::fmt::write
[INFO] [stdout]    2:     0x5e6484e2a94c - <alloc[2182bb758b4b3781]::vec::Vec<u8> as core[df12db4294e9bfd3]::io::write::Write>::write_fmt
[INFO] [stdout]    3:     0x5e6484e00f66 - std[70759c8f55707aa4]::panicking::default_hook::{closure#0}
[INFO] [stdout]    4:     0x5e6484e1dad9 - std[70759c8f55707aa4]::panicking::default_hook
[INFO] [stdout]    5:     0x5e6484c484b0 - test[9d35eded1c95d3be]::test_main_inner::<test[9d35eded1c95d3be]::test_main_static::{closure#0}>::{closure#0}
[INFO] [stdout]    6:     0x5e6484e1de02 - std[70759c8f55707aa4]::panicking::panic_with_hook
[INFO] [stdout]    7:     0x5e6484e01044 - std[70759c8f55707aa4]::panicking::panic_handler::{closure#0}
[INFO] [stdout]    8:     0x5e6484df98e9 - std[70759c8f55707aa4]::sys::backtrace::__rust_end_short_backtrace::<std[70759c8f55707aa4]::panicking::panic_handler::{closure#0}, !>
[INFO] [stdout]    9:     0x5e6484e01e9d - __rustc[8fa7c3cbc660c2b3]::rust_begin_unwind
[INFO] [stdout]   10:     0x5e6484e3e17c - core[df12db4294e9bfd3]::panicking::panic_fmt
[INFO] [stdout]   11:     0x5e6484bf6928 - axum_crud[eb95d276aced9bac]::test::should_update_todo::{closure#0}
[INFO] [stdout]   12:     0x5e6484bca648 - <tokio[9a525d29c026afbd]::runtime::context::scoped::Scoped<tokio[9a525d29c026afbd]::runtime::scheduler::Context>>::set::<<tokio[9a525d29c026afbd]::runtime::scheduler::current_thread::CoreGuard>::enter<<tokio[9a525d29c026afbd]::runtime::scheduler::current_thread::CoreGuard>::block_on<core[df12db4294e9bfd3]::pin::Pin<&mut core[df12db4294e9bfd3]::pin::Pin<&mut dyn core[df12db4294e9bfd3]::future::future::Future<Output = ()>>>>::{closure#0}, core[df12db4294e9bfd3]::option::Option<()>>::{closure#0}, (alloc[2182bb758b4b3781]::boxed::Box<tokio[9a525d29c026afbd]::runtime::scheduler::current_thread::Core>, core[df12db4294e9bfd3]::option::Option<()>)>
[INFO] [stdout]   13:     0x5e6484bcb3ed - <tokio[9a525d29c026afbd]::runtime::scheduler::current_thread::CoreGuard>::block_on::<core[df12db4294e9bfd3]::pin::Pin<&mut core[df12db4294e9bfd3]::pin::Pin<&mut dyn core[df12db4294e9bfd3]::future::future::Future<Output = ()>>>>
[INFO] [stdout]   14:     0x5e6484c00564 - tokio[9a525d29c026afbd]::runtime::context::runtime::enter_runtime::<<tokio[9a525d29c026afbd]::runtime::scheduler::current_thread::CurrentThread>::block_on<core[df12db4294e9bfd3]::pin::Pin<&mut dyn core[df12db4294e9bfd3]::future::future::Future<Output = ()>>>::{closure#0}, ()>
[INFO] [stdout]   15:     0x5e6484c11975 - <tokio[9a525d29c026afbd]::runtime::runtime::Runtime>::block_on::<core[df12db4294e9bfd3]::pin::Pin<&mut dyn core[df12db4294e9bfd3]::future::future::Future<Output = ()>>>
[INFO] [stdout]   16:     0x5e6484bfb3b5 - axum_crud[eb95d276aced9bac]::test::should_update_todo
[INFO] [stdout]   17:     0x5e6484c2d1e9 - <axum_crud[eb95d276aced9bac]::test::should_update_todo::{closure#0} as core[df12db4294e9bfd3]::ops::function::FnOnce<()>>::call_once
[INFO] [stdout]   18:     0x5e6484c3b79b - test[9d35eded1c95d3be]::__rust_begin_short_backtrace::<core[df12db4294e9bfd3]::result::Result<(), alloc[2182bb758b4b3781]::string::String>, fn() -> core[df12db4294e9bfd3]::result::Result<(), alloc[2182bb758b4b3781]::string::String>>
[INFO] [stdout]   19:     0x5e6484c48e05 - test[9d35eded1c95d3be]::run_test::{closure#0}
[INFO] [stdout]   20:     0x5e6484c426c4 - std[70759c8f55707aa4]::sys::backtrace::__rust_begin_short_backtrace::<test[9d35eded1c95d3be]::run_test::{closure#1}, ()>
[INFO] [stdout]   21:     0x5e6484c4bf62 - <std[70759c8f55707aa4]::thread::lifecycle::spawn_unchecked<test[9d35eded1c95d3be]::run_test::{closure#1}, ()>::{closure#1} as core[df12db4294e9bfd3]::ops::function::FnOnce<()>>::call_once::{shim:vtable#0}
[INFO] [stdout]   22:     0x5e6484e250c9 - <std[70759c8f55707aa4]::sys::thread::unix::Thread>::new::thread_start
[INFO] [stdout]   23:     0x755a47373dfa - <unknown>
[INFO] [stdout]   24:     0x755a474073d4 - clone
[INFO] [stdout]   25:                0x0 - <unknown>
[INFO] [stdout] 
[INFO] [stdout] ---- test::should_find_todo stdout ----
[INFO] [stdout] 
[INFO] [stdout] thread 'test::should_find_todo' (4039) panicked at src/main.rs:147:9:
[INFO] [stdout] not yet implemented: Labelデータの追加
[INFO] [stdout] stack backtrace:
[INFO] [stdout]    0:     0x5e6484e25ec1 - <<std[70759c8f55707aa4]::sys::backtrace::BacktraceLock>::print::DisplayBacktrace as core[df12db4294e9bfd3]::fmt::Display>::fmt
[INFO] [stdout]    1:     0x5e6484e3da1a - core[df12db4294e9bfd3]::fmt::write
[INFO] [stdout]    2:     0x5e6484e2a94c - <alloc[2182bb758b4b3781]::vec::Vec<u8> as core[df12db4294e9bfd3]::io::write::Write>::write_fmt
[INFO] [stdout]    3:     0x5e6484e00f66 - std[70759c8f55707aa4]::panicking::default_hook::{closure#0}
[INFO] [stdout]    4:     0x5e6484e1dad9 - std[70759c8f55707aa4]::panicking::default_hook
[INFO] [stdout]    5:     0x5e6484c484b0 - test[9d35eded1c95d3be]::test_main_inner::<test[9d35eded1c95d3be]::test_main_static::{closure#0}>::{closure#0}
[INFO] [stdout]    6:     0x5e6484e1de02 - std[70759c8f55707aa4]::panicking::panic_with_hook
[INFO] [stdout]    7:     0x5e6484e01044 - std[70759c8f55707aa4]::panicking::panic_handler::{closure#0}
[INFO] [stdout]    8:     0x5e6484df98e9 - std[70759c8f55707aa4]::sys::backtrace::__rust_end_short_backtrace::<std[70759c8f55707aa4]::panicking::panic_handler::{closure#0}, !>
[INFO] [stdout]    9:     0x5e6484e01e9d - __rustc[8fa7c3cbc660c2b3]::rust_begin_unwind
[INFO] [stdout]   10:     0x5e6484e3e17c - core[df12db4294e9bfd3]::panicking::panic_fmt
[INFO] [stdout]   11:     0x5e6484bf6898 - axum_crud[eb95d276aced9bac]::test::should_find_todo::{closure#0}
[INFO] [stdout]   12:     0x5e6484bca648 - <tokio[9a525d29c026afbd]::runtime::context::scoped::Scoped<tokio[9a525d29c026afbd]::runtime::scheduler::Context>>::set::<<tokio[9a525d29c026afbd]::runtime::scheduler::current_thread::CoreGuard>::enter<<tokio[9a525d29c026afbd]::runtime::scheduler::current_thread::CoreGuard>::block_on<core[df12db4294e9bfd3]::pin::Pin<&mut core[df12db4294e9bfd3]::pin::Pin<&mut dyn core[df12db4294e9bfd3]::future::future::Future<Output = ()>>>>::{closure#0}, core[df12db4294e9bfd3]::option::Option<()>>::{closure#0}, (alloc[2182bb758b4b3781]::boxed::Box<tokio[9a525d29c026afbd]::runtime::scheduler::current_thread::Core>, core[df12db4294e9bfd3]::option::Option<()>)>
[INFO] [stdout]   13:     0x5e6484bcb3ed - <tokio[9a525d29c026afbd]::runtime::scheduler::current_thread::CoreGuard>::block_on::<core[df12db4294e9bfd3]::pin::Pin<&mut core[df12db4294e9bfd3]::pin::Pin<&mut dyn core[df12db4294e9bfd3]::future::future::Future<Output = ()>>>>
[INFO] [stdout]   14:     0x5e6484c00564 - tokio[9a525d29c026afbd]::runtime::context::runtime::enter_runtime::<<tokio[9a525d29c026afbd]::runtime::scheduler::current_thread::CurrentThread>::block_on<core[df12db4294e9bfd3]::pin::Pin<&mut dyn core[df12db4294e9bfd3]::future::future::Future<Output = ()>>>::{closure#0}, ()>
[INFO] [stdout]   15:     0x5e6484c11975 - <tokio[9a525d29c026afbd]::runtime::runtime::Runtime>::block_on::<core[df12db4294e9bfd3]::pin::Pin<&mut dyn core[df12db4294e9bfd3]::future::future::Future<Output = ()>>>
[INFO] [stdout]   16:     0x5e6484bfb155 - axum_crud[eb95d276aced9bac]::test::should_find_todo
[INFO] [stdout]   17:     0x5e6484c2d1a9 - <axum_crud[eb95d276aced9bac]::test::should_find_todo::{closure#0} as core[df12db4294e9bfd3]::ops::function::FnOnce<()>>::call_once
[INFO] [stdout]   18:     0x5e6484c3b79b - test[9d35eded1c95d3be]::__rust_begin_short_backtrace::<core[df12db4294e9bfd3]::result::Result<(), alloc[2182bb758b4b3781]::string::String>, fn() -> core[df12db4294e9bfd3]::result::Result<(), alloc[2182bb758b4b3781]::string::String>>
[INFO] [stdout]   19:     0x5e6484c48e05 - test[9d35eded1c95d3be]::run_test::{closure#0}
[INFO] [stdout]   20:     0x5e6484c426c4 - std[70759c8f55707aa4]::sys::backtrace::__rust_begin_short_backtrace::<test[9d35eded1c95d3be]::run_test::{closure#1}, ()>
[INFO] [stdout]   21:     0x5e6484c4bf62 - <std[70759c8f55707aa4]::thread::lifecycle::spawn_unchecked<test[9d35eded1c95d3be]::run_test::{closure#1}, ()>::{closure#1} as core[df12db4294e9bfd3]::ops::function::FnOnce<()>>::call_once::{shim:vtable#0}
[INFO] [stdout]   22:     0x5e6484e250c9 - <std[70759c8f55707aa4]::sys::thread::unix::Thread>::new::thread_start
[INFO] [stdout]   23:     0x755a47373dfa - <unknown>
[INFO] [stdout]   24:     0x755a474073d4 - clone
[INFO] [stdout]   25:                0x0 - <unknown>
[INFO] [stdout] 
[INFO] [stdout] 
[INFO] [stdout] failures:
[INFO] [stdout]     repositories::label::test::crud_scenario
[INFO] [stdout]     repositories::todo::test::crud_scenario
[INFO] [stdout]     test::should_created_todo
[INFO] [stdout]     test::should_delete_todo
[INFO] [stdout]     test::should_find_todo
[INFO] [stdout]     test::should_get_all_todos
[INFO] [stdout]     test::should_update_todo
[INFO] [stdout] 
[INFO] [stdout] test result: FAILED. 3 passed; 7 failed; 0 ignored; 0 measured; 0 filtered out; finished in 0.01s
[INFO] [stdout] 
[INFO] [stderr] error: test failed, to rerun pass `--bin axum_crud`
[INFO] running `Command { std: "docker" "inspect" "f67554c48845ecaaf715213ab3e09853c1cd42d7b8bda3ad9bc9727ffe5ea1eb", kill_on_drop: false }`
[INFO] running `Command { std: "docker" "rm" "-f" "f67554c48845ecaaf715213ab3e09853c1cd42d7b8bda3ad9bc9727ffe5ea1eb", kill_on_drop: false }`
[INFO] [stdout] f67554c48845ecaaf715213ab3e09853c1cd42d7b8bda3ad9bc9727ffe5ea1eb
