[INFO] cloning repository https://github.com/cyc4188/Lox
[INFO] running `Command { std: "git" "-c" "credential.helper=" "-c" "credential.helper=/workspace/cargo-home/bin/git-credential-null" "clone" "--bare" "https://github.com/cyc4188/Lox" "/workspace/cache/git-repos/https%3A%2F%2Fgithub.com%2Fcyc4188%2FLox", kill_on_drop: false }`
[INFO] [stderr] Cloning into bare repository '/workspace/cache/git-repos/https%3A%2F%2Fgithub.com%2Fcyc4188%2FLox'...
[INFO] running `Command { std: "git" "rev-parse" "HEAD", kill_on_drop: false }`
[INFO] [stdout] 2e197650b127ec064f362a840614d3935774bfad
[INFO] testing cyc4188/Lox against 1.100.0-beta.1+cargoflags=--release for beta-release-1.100-2
[INFO] running `Command { std: "git" "clone" "/workspace/cache/git-repos/https%3A%2F%2Fgithub.com%2Fcyc4188%2FLox" "/workspace/builds/worker-3-tc2/source", kill_on_drop: false }`
[INFO] [stderr] Cloning into '/workspace/builds/worker-3-tc2/source'...
[INFO] [stderr] done.
[INFO] started tweaking git repo https://github.com/cyc4188/Lox
[INFO] finished tweaking git repo https://github.com/cyc4188/Lox
[INFO] tweaked toml for git repo https://github.com/cyc4188/Lox written to /workspace/builds/worker-3-tc2/source/Cargo.toml
[INFO] validating manifest of git repo https://github.com/cyc4188/Lox on toolchain 1.100.0-beta.1
[INFO] running `Command { std: CARGO_HOME="/workspace/cargo-home" RUSTUP_HOME="/workspace/rustup-home" "/workspace/cargo-home/bin/cargo" "+1.100.0-beta.1" "metadata" "--manifest-path" "Cargo.toml" "--no-deps", kill_on_drop: false }`
[INFO] crate git repo https://github.com/cyc4188/Lox already has a lockfile, it will not be regenerated
[INFO] running `Command { std: CARGO_HOME="/workspace/cargo-home" RUSTUP_HOME="/workspace/rustup-home" "/workspace/cargo-home/bin/cargo" "+1.100.0-beta.1" "fetch" "--manifest-path" "Cargo.toml", kill_on_drop: false }`
[INFO] [stderr]     Blocking waiting for file lock on package cache
[INFO] [stderr]     Blocking waiting for file lock on package cache
[INFO] running `Command { std: "docker" "create" "-v" "/var/lib/crater-agent-workspace/builds/worker-3-tc2/source:/opt/rustwide/workdir:ro,Z" "-v" "/var/lib/crater-agent-workspace/builds/worker-3-tc2/target:/opt/rustwide/target:rw,Z" "-v" "/var/lib/crater-agent-workspace/cargo-home:/opt/rustwide/cargo-home:ro,Z" "-v" "/var/lib/crater-agent-workspace/rustup-home:/opt/rustwide/rustup-home:ro,Z" "-m" "1610612736" "--network" "none" "ghcr.io/rust-lang/crates-build-env/linux@sha256:77db811e55d90add9212f6832c23229e3de5f1c1f9905e8cb07319ea15df73ac" "sleep" "infinity", kill_on_drop: false }`
[INFO] [stdout] 3e08de6ed3a95090ffc80c62bf90ded3cbebf0b4e40cabcea7e6737455d3f349
[INFO] running `Command { std: "docker" "start" "3e08de6ed3a95090ffc80c62bf90ded3cbebf0b4e40cabcea7e6737455d3f349", kill_on_drop: false }`
[INFO] running `Command { std: "docker" "inspect" "3e08de6ed3a95090ffc80c62bf90ded3cbebf0b4e40cabcea7e6737455d3f349", kill_on_drop: false }`
[INFO] running `Command { std: "docker" "exec" "-e" "SOURCE_DIR=/opt/rustwide/workdir" "-e" "CARGO_HOME=/opt/rustwide/cargo-home" "-e" "RUSTUP_HOME=/opt/rustwide/rustup-home" "-e" "CARGO_TARGET_DIR=/opt/rustwide/target" "-w" "/opt/rustwide/workdir" "--user" "0:0" "3e08de6ed3a95090ffc80c62bf90ded3cbebf0b4e40cabcea7e6737455d3f349" "/opt/rustwide/cargo-home/bin/cargo" "+1.100.0-beta.1" "metadata" "--no-deps" "--format-version=1", kill_on_drop: false }`
[INFO] running `Command { std: "docker" "inspect" "3e08de6ed3a95090ffc80c62bf90ded3cbebf0b4e40cabcea7e6737455d3f349", kill_on_drop: false }`
[INFO] running `Command { std: "docker" "exec" "-e" "SOURCE_DIR=/opt/rustwide/workdir" "-e" "CARGO_HOME=/opt/rustwide/cargo-home" "-e" "RUSTUP_HOME=/opt/rustwide/rustup-home" "-e" "CARGO_TARGET_DIR=/opt/rustwide/target" "-e" "CARGO_INCREMENTAL=0" "-e" "RUST_BACKTRACE=full" "-e" "RUSTFLAGS=--cap-lints=warn" "-e" "RUSTDOCFLAGS=--cap-lints=warn" "-w" "/opt/rustwide/workdir" "--user" "0:0" "3e08de6ed3a95090ffc80c62bf90ded3cbebf0b4e40cabcea7e6737455d3f349" "/opt/rustwide/cargo-home/bin/cargo" "+1.100.0-beta.1" "build" "--frozen" "--message-format=json" "--release", kill_on_drop: false }`
[INFO] [stderr]    Compiling aho-corasick v1.1.3
[INFO] [stderr]    Compiling regex-syntax v0.8.5
[INFO] [stderr]    Compiling proc-macro2 v0.4.30
[INFO] [stderr]    Compiling log v0.4.25
[INFO] [stderr]    Compiling bitflags v2.8.0
[INFO] [stderr]    Compiling rustix v0.38.44
[INFO] [stderr]    Compiling unicode-xid v0.1.0
[INFO] [stderr]    Compiling smallvec v1.13.2
[INFO] [stderr]    Compiling humantime v2.1.0
[INFO] [stderr]    Compiling syn v0.15.44
[INFO] [stderr]    Compiling nix v0.29.0
[INFO] [stderr]    Compiling syn v1.0.109
[INFO] [stderr]    Compiling is-terminal v0.4.15
[INFO] [stderr]    Compiling termcolor v1.4.1
[INFO] [stderr]    Compiling anstream v0.6.18
[INFO] [stderr]    Compiling home v0.5.11
[INFO] [stderr]    Compiling glob v0.3.2
[INFO] [stderr]    Compiling nibble_vec v0.1.0
[INFO] [stderr]    Compiling radix_trie v0.2.1
[INFO] [stderr]    Compiling quote v0.6.13
[INFO] [stderr]    Compiling enum-display-derive v0.1.1
[INFO] [stderr]    Compiling regex-automata v0.4.9
[INFO] [stderr]    Compiling fd-lock v4.0.2
[INFO] [stderr]    Compiling rustyline v15.0.0
[INFO] [stderr]    Compiling test-generator v0.3.1
[INFO] [stderr]    Compiling regex v1.11.1
[INFO] [stderr]    Compiling env_logger v0.10.2
[INFO] [stderr]    Compiling env_filter v0.1.3
[INFO] [stderr]    Compiling env_logger v0.11.6
[INFO] [stderr]    Compiling pretty_env_logger v0.5.0
[INFO] [stderr]    Compiling lox v0.1.0 (/opt/rustwide/workdir)
[INFO] [stdout] warning: unexpected `cfg` condition value: `with-file-history`
[INFO] [stdout]   --> src/loxer.rs:83:15
[INFO] [stdout]    |
[INFO] [stdout] 83 |         #[cfg(feature = "with-file-history")]
[INFO] [stdout]    |               ^^^^^^^^^^^^^^^^^^^^^^^^^^^^^ help: remove the condition
[INFO] [stdout]    |
[INFO] [stdout]    = note: no expected values for `feature`
[INFO] [stdout]    = help: consider adding `with-file-history` as a feature in `Cargo.toml`
[INFO] [stdout]    = note: see <https://doc.rust-lang.org/nightly/rustc/check-cfg/cargo-specifics.html> for more information about checking conditional configuration
[INFO] [stdout]    = note: `#[warn(unexpected_cfgs)]` on by default
[INFO] [stdout] 
[INFO] [stdout] 
[INFO] [stdout] warning: unused variable: `index_end`
[INFO] [stdout]    --> src/expression.rs:378:17
[INFO] [stdout]     |
[INFO] [stdout] 378 |                 index_end,
[INFO] [stdout]     |                 ^^^^^^^^^ help: try ignoring the field: `index_end: _`
[INFO] [stdout]     |
[INFO] [stdout]     = note: `#[warn(unused_variables)]` (part of `#[warn(unused)]`) on by default
[INFO] [stdout] 
[INFO] [stdout] 
[INFO] [stderr] warning: unused dependency `env_logger`
[INFO] [stderr]  --> Cargo.toml:3:1
[INFO] [stderr]   |
[INFO] [stderr] 3 | env_logger = "0.11"
[INFO] [stderr]   | ^^^^^^^^^^^^^^^^^^^
[INFO] [stderr]   |
[INFO] [stderr]   = note: `cargo::unused_dependencies` is set to `warn` by default
[INFO] [stderr] help: consider removing the dependency on `env_logger`
[INFO] [stderr] warning: unused dependency `test-generator`
[INFO] [stderr]  --> Cargo.toml:8:1
[INFO] [stderr]   |
[INFO] [stderr] 8 | test-generator = "^0.3"
[INFO] [stderr]   | ^^^^^^^^^^^^^^^^^^^^^^^
[INFO] [stderr]   |
[INFO] [stderr] help: consider removing the dependency on `test-generator`
[INFO] [stderr] warning: `lox` (manifest) generated 2 warnings
[INFO] [stderr]     Finished `release` profile [optimized] target(s) in 10.75s
[INFO] [stderr] warning: the following packages contain code that will be rejected by a future version of Rust: nix v0.29.0
[INFO] [stderr] note: to see what the problems were, use the option `--future-incompat-report`, or run `cargo report future-incompatibilities --id 2`
[INFO] running `Command { std: "docker" "inspect" "3e08de6ed3a95090ffc80c62bf90ded3cbebf0b4e40cabcea7e6737455d3f349", kill_on_drop: false }`
[INFO] running `Command { std: "docker" "exec" "-e" "SOURCE_DIR=/opt/rustwide/workdir" "-e" "CARGO_HOME=/opt/rustwide/cargo-home" "-e" "RUSTUP_HOME=/opt/rustwide/rustup-home" "-e" "CARGO_TARGET_DIR=/opt/rustwide/target" "-e" "CARGO_INCREMENTAL=0" "-e" "RUST_BACKTRACE=full" "-e" "RUSTFLAGS=--cap-lints=warn" "-e" "RUSTDOCFLAGS=--cap-lints=warn" "-w" "/opt/rustwide/workdir" "--user" "0:0" "3e08de6ed3a95090ffc80c62bf90ded3cbebf0b4e40cabcea7e6737455d3f349" "/opt/rustwide/cargo-home/bin/cargo" "+1.100.0-beta.1" "test" "--frozen" "--no-run" "--message-format=json" "--release", kill_on_drop: false }`
[INFO] [stdout] warning: unexpected `cfg` condition value: `with-file-history`
[INFO] [stdout]   --> src/loxer.rs:83:15
[INFO] [stdout]    |
[INFO] [stdout] 83 |         #[cfg(feature = "with-file-history")]
[INFO] [stdout]    |               ^^^^^^^^^^^^^^^^^^^^^^^^^^^^^ help: remove the condition
[INFO] [stdout]    |
[INFO] [stdout]    = note: no expected values for `feature`
[INFO] [stdout]    = help: consider adding `with-file-history` as a feature in `Cargo.toml`
[INFO] [stdout]    = note: see <https://doc.rust-lang.org/nightly/rustc/check-cfg/cargo-specifics.html> for more information about checking conditional configuration
[INFO] [stdout]    = note: `#[warn(unexpected_cfgs)]` on by default
[INFO] [stdout] 
[INFO] [stdout] 
[INFO] [stderr]    Compiling lox v0.1.0 (/opt/rustwide/workdir)
[INFO] [stdout] warning: unused variable: `index_end`
[INFO] [stdout]    --> src/expression.rs:378:17
[INFO] [stdout]     |
[INFO] [stdout] 378 |                 index_end,
[INFO] [stdout]     |                 ^^^^^^^^^ help: try ignoring the field: `index_end: _`
[INFO] [stdout]     |
[INFO] [stdout]     = note: `#[warn(unused_variables)]` (part of `#[warn(unused)]`) on by default
[INFO] [stdout] 
[INFO] [stdout] 
[INFO] [stdout] warning: unexpected `cfg` condition value: `with-file-history`
[INFO] [stdout]   --> src/loxer.rs:83:15
[INFO] [stdout]    |
[INFO] [stdout] 83 |         #[cfg(feature = "with-file-history")]
[INFO] [stdout]    |               ^^^^^^^^^^^^^^^^^^^^^^^^^^^^^ help: remove the condition
[INFO] [stdout]    |
[INFO] [stdout]    = note: no expected values for `feature`
[INFO] [stdout]    = help: consider adding `with-file-history` as a feature in `Cargo.toml`
[INFO] [stdout]    = note: see <https://doc.rust-lang.org/nightly/rustc/check-cfg/cargo-specifics.html> for more information about checking conditional configuration
[INFO] [stdout]    = note: `#[warn(unexpected_cfgs)]` on by default
[INFO] [stdout] 
[INFO] [stdout] 
[INFO] [stdout] warning: unused variable: `index_end`
[INFO] [stdout]    --> src/expression.rs:378:17
[INFO] [stdout]     |
[INFO] [stdout] 378 |                 index_end,
[INFO] [stdout]     |                 ^^^^^^^^^ help: try ignoring the field: `index_end: _`
[INFO] [stdout]     |
[INFO] [stdout]     = note: `#[warn(unused_variables)]` (part of `#[warn(unused)]`) on by default
[INFO] [stdout] 
[INFO] [stdout] 
[INFO] [stderr] warning: unused dependency `env_logger`
[INFO] [stderr]  --> Cargo.toml:3:1
[INFO] [stderr]   |
[INFO] [stderr] 3 | env_logger = "0.11"
[INFO] [stderr]   | ^^^^^^^^^^^^^^^^^^^
[INFO] [stderr]   |
[INFO] [stderr]   = note: `cargo::unused_dependencies` is set to `warn` by default
[INFO] [stderr] help: consider removing the dependency on `env_logger`
[INFO] [stderr] warning: unused dependency `test-generator`
[INFO] [stderr]  --> Cargo.toml:8:1
[INFO] [stderr]   |
[INFO] [stderr] 8 | test-generator = "^0.3"
[INFO] [stderr]   | ^^^^^^^^^^^^^^^^^^^^^^^
[INFO] [stderr]   |
[INFO] [stderr] help: consider removing the dependency on `test-generator`
[INFO] [stderr] help: to still use for development builds, move to `dev-dependencies`
[INFO] [stderr] warning: `lox` (manifest) generated 2 warnings
[INFO] [stderr]     Finished `release` profile [optimized] target(s) in 1.26s
[INFO] [stderr] warning: the following packages contain code that will be rejected by a future version of Rust: nix v0.29.0
[INFO] [stderr] note: to see what the problems were, use the option `--future-incompat-report`, or run `cargo report future-incompatibilities --id 2`
[INFO] running `Command { std: "docker" "inspect" "3e08de6ed3a95090ffc80c62bf90ded3cbebf0b4e40cabcea7e6737455d3f349", kill_on_drop: false }`
[INFO] running `Command { std: "docker" "exec" "-e" "SOURCE_DIR=/opt/rustwide/workdir" "-e" "CARGO_HOME=/opt/rustwide/cargo-home" "-e" "RUSTUP_HOME=/opt/rustwide/rustup-home" "-e" "CARGO_TARGET_DIR=/opt/rustwide/target" "-e" "CARGO_INCREMENTAL=0" "-e" "RUST_BACKTRACE=full" "-e" "RUSTFLAGS=--cap-lints=warn" "-e" "RUSTDOCFLAGS=--cap-lints=warn" "-w" "/opt/rustwide/workdir" "--user" "0:0" "3e08de6ed3a95090ffc80c62bf90ded3cbebf0b4e40cabcea7e6737455d3f349" "/opt/rustwide/cargo-home/bin/cargo" "+1.100.0-beta.1" "test" "--frozen" "--release", kill_on_drop: false }`
[INFO] [stderr] warning: unexpected `cfg` condition value: `with-file-history`
[INFO] [stderr]   --> src/loxer.rs:83:15
[INFO] [stderr]    |
[INFO] [stderr] 83 |         #[cfg(feature = "with-file-history")]
[INFO] [stderr]    |               ^^^^^^^^^^^^^^^^^^^^^^^^^^^^^ help: remove the condition
[INFO] [stderr]    |
[INFO] [stderr]    = note: no expected values for `feature`
[INFO] [stderr]    = help: consider adding `with-file-history` as a feature in `Cargo.toml`
[INFO] [stderr]    = note: see <https://doc.rust-lang.org/nightly/rustc/check-cfg/cargo-specifics.html> for more information about checking conditional configuration
[INFO] [stderr]    = note: `#[warn(unexpected_cfgs)]` on by default
[INFO] [stderr] 
[INFO] [stderr] warning: unused variable: `index_end`
[INFO] [stderr]    --> src/expression.rs:378:17
[INFO] [stderr]     |
[INFO] [stderr] 378 |                 index_end,
[INFO] [stderr]     |                 ^^^^^^^^^ help: try ignoring the field: `index_end: _`
[INFO] [stderr]     |
[INFO] [stderr]     = note: `#[warn(unused_variables)]` (part of `#[warn(unused)]`) on by default
[INFO] [stderr] 
[INFO] [stderr] warning: `lox` (lib) generated 2 warnings (run `cargo fix --lib -p lox` to apply 1 suggestion)
[INFO] [stderr] warning: `lox` (lib test) generated 2 warnings (2 duplicates)
[INFO] [stderr] warning: unused dependency `env_logger`
[INFO] [stderr]  --> Cargo.toml:3:1
[INFO] [stderr]   |
[INFO] [stderr] 3 | env_logger = "0.11"
[INFO] [stderr]   | ^^^^^^^^^^^^^^^^^^^
[INFO] [stderr]   |
[INFO] [stderr]   = note: `cargo::unused_dependencies` is set to `warn` by default
[INFO] [stderr] help: consider removing the dependency on `env_logger`
[INFO] [stderr] warning: unused dependency `test-generator`
[INFO] [stderr]  --> Cargo.toml:8:1
[INFO] [stderr]   |
[INFO] [stderr] 8 | test-generator = "^0.3"
[INFO] [stderr]   | ^^^^^^^^^^^^^^^^^^^^^^^
[INFO] [stderr]   |
[INFO] [stderr] help: consider removing the dependency on `test-generator`
[INFO] [stderr] help: to still use for development builds, move to `dev-dependencies`
[INFO] [stderr] warning: `lox` (manifest) generated 2 warnings
[INFO] [stderr]     Finished `release` profile [optimized] target(s) in 0.04s
[INFO] [stderr] warning: the following packages contain code that will be rejected by a future version of Rust: nix v0.29.0
[INFO] [stderr] note: to see what the problems were, use the option `--future-incompat-report`, or run `cargo report future-incompatibilities --id 2`
[INFO] [stderr]      Running unittests src/lib.rs (/opt/rustwide/target/release/build/lox/68741498451fdcb6/out/lox-68741498451fdcb6)
[INFO] [stdout] 
[INFO] [stdout] running 10 tests
[INFO] [stdout] test expression::tests::test_expr ... ok
[INFO] [stdout] test scanner::tests::test_identifier ... ok
[INFO] [stdout] test scanner::tests::test_longer_tokens ... ok
[INFO] [stdout] test scanner::tests::test_keyword ... ok
[INFO] [stdout] test scanner::tests::test_number ... ok
[INFO] [stdout] test loxer::test::test_run ... ok
[INFO] [stdout] test scanner::tests::test_scan_operator ... ok
[INFO] [stdout] test scanner::tests::test_string ... ok
[INFO] [stdout] test scanner::tests::test_scan_single_character_token ... ok
[INFO] [stdout] test token::test::test_literal ... ok
[INFO] [stdout] 
[INFO] [stdout] test result: ok. 10 passed; 0 failed; 0 ignored; 0 measured; 0 filtered out; finished in 0.00s
[INFO] [stdout] 
[INFO] [stderr]      Running unittests src/main.rs (/opt/rustwide/target/release/build/lox/d6bfe70abf05da40/out/lox-d6bfe70abf05da40)
[INFO] [stdout] 
[INFO] [stdout] running 0 tests
[INFO] [stdout] 
[INFO] [stdout] test result: ok. 0 passed; 0 failed; 0 ignored; 0 measured; 0 filtered out; finished in 0.00s
[INFO] [stdout] 
[INFO] [stderr]      Running tests/integration.rs (/opt/rustwide/target/release/build/lox/33089742a5b8e722/out/integration-33089742a5b8e722)
[INFO] [stdout] 
[INFO] [stdout] running 51 tests
[INFO] [stdout] test run_file_test_tests_integration_constructor_argument_lox ... FAILED
[INFO] [stdout] test run_file_test_tests_integration_function_extra_argument_lox ... FAILED
[INFO] [stdout] test run_file_test_tests_integration_constructor_init_early_return_lox ... FAILED
[INFO] [stdout] test run_file_test_tests_integration_class_outside_this_lox ... FAILED
[INFO] [stdout] test run_file_test_tests_integration_class_this_lox ... FAILED
[INFO] [stdout] test run_file_test_tests_integration_for_for_lox ... FAILED
[INFO] [stdout] test run_file_test_tests_integration_constructor_missing_argument_lox ... FAILED
[INFO] [stdout] test run_file_test_tests_integration_function_fib_lox ... FAILED
[INFO] [stdout] test run_file_test_tests_integration_class_method_lox ... FAILED
[INFO] [stdout] test run_file_test_tests_integration_if_if_lox ... FAILED
[INFO] [stdout] test run_file_test_tests_integration_list_list_lox ... FAILED
[INFO] [stdout] test run_file_test_tests_integration_class_set_lox ... FAILED
[INFO] [stdout] test run_file_test_tests_integration_function_empty_body_lox ... FAILED
[INFO] [stdout] test run_file_test_tests_integration_function_closure_lox ... FAILED
[INFO] [stdout] test run_file_test_tests_integration_function_count_lox ... FAILED
[INFO] [stdout] test run_file_test_tests_integration_if_var_in_else_lox ... FAILED
[INFO] [stdout] test run_file_test_tests_integration_logic_and_lox ... FAILED
[INFO] [stdout] test run_file_test_tests_integration_list_modify_lox ... FAILED
[INFO] [stdout] test run_file_test_tests_integration_list_string_list_lox ... FAILED
[INFO] [stdout] test run_file_test_tests_integration_logic_or_lox ... FAILED
[INFO] [stdout] test run_file_test_tests_integration_inheritance_inheritance_lox ... FAILED
[INFO] [stdout] test run_file_test_tests_integration_logic_and_truth_lox ... FAILED
[INFO] [stdout] test run_file_test_tests_integration_if_truth_lox ... FAILED
[INFO] [stdout] test run_file_test_tests_integration_logic_or_truth_lox ... FAILED
[INFO] [stdout] test run_file_test_tests_integration_return_at_top_level_lox ... FAILED
[INFO] [stdout] test run_file_test_tests_integration_return_after_else_lox ... FAILED
[INFO] [stdout] test run_file_test_tests_integration_string_index_lox ... FAILED
[INFO] [stdout] test run_file_test_tests_integration_return_return_nil_lox ... FAILED
[INFO] [stdout] test run_file_test_tests_integration_super_constructor_lox ... FAILED
[INFO] [stdout] test run_file_test_tests_integration_string_slice_of_slice_lox ... FAILED
[INFO] [stdout] test run_file_test_tests_integration_super_no_superclass_lox ... FAILED
[INFO] [stdout] test run_file_test_tests_integration_print_print_lox ... FAILED
[INFO] [stdout] test run_file_test_tests_integration_string_slice_lox ... FAILED
[INFO] [stdout] test run_file_test_tests_integration_super_super_at_top_lox ... FAILED
[INFO] [stdout] test run_file_test_tests_integration_super_bound_method_lox ... FAILED
[INFO] [stdout] test run_file_test_tests_integration_super_extra_argument_lox ... FAILED
[INFO] [stdout] test run_file_test_tests_integration_this_closure_lox ... FAILED
[INFO] [stdout] test run_file_test_tests_integration_super_call_other_method_lox ... FAILED
[INFO] [stdout] test run_file_test_tests_integration_this_nested_closure_lox ... FAILED
[INFO] [stdout] test run_file_test_tests_integration_this_nested_class_lox ... FAILED
[INFO] [stdout] test run_file_test_tests_integration_string_out_of_range_lox ... FAILED
[INFO] [stdout] test run_file_test_tests_integration_super_closure_lox ... FAILED
[INFO] [stdout] test run_file_test_tests_integration_super_indirect_inherince_lox ... FAILED
[INFO] [stdout] test run_file_test_tests_integration_super_no_superclass_method_lox ... FAILED
[INFO] [stdout] test run_file_test_tests_integration_this_this_in_method_lox ... FAILED
[INFO] [stdout] test run_file_test_tests_integration_while_while_lox ... FAILED
[INFO] [stdout] test run_file_test_tests_integration_var_duplicate_var_lox ... FAILED
[INFO] [stdout] test run_file_test_tests_integration_this_this_in_toplevel_lox ... FAILED
[INFO] [stdout] test run_file_test_tests_integration_var_early_bound_lox ... FAILED
[INFO] [stdout] test run_file_test_tests_integration_var_assign_lox ... FAILED
[INFO] [stdout] test run_file_test_tests_integration_var_var_lox ... FAILED
[INFO] [stdout] 
[INFO] [stdout] failures:
[INFO] [stdout] 
[INFO] [stdout] ---- run_file_test_tests_integration_constructor_argument_lox stdout ----
[INFO] [stdout] /opt/rustwide/workdir/tests/integration/constructor/argument.lox
[INFO] [stdout] 
[INFO] [stdout] thread 'run_file_test_tests_integration_constructor_argument_lox' (953) panicked at tests/integration.rs:85:54:
[INFO] [stdout] called `Result::unwrap()` on an `Err` value: Os { code: 2, kind: NotFound, message: "No such file or directory" }
[INFO] [stdout] stack backtrace:
[INFO] [stdout]    0:     0x62d9ad7739d1 - <<std[617be2ca0a6fd877]::sys::backtrace::BacktraceLock>::print::DisplayBacktrace as core[a373ad73a504971]::fmt::Display>::fmt
[INFO] [stdout]    1:     0x62d9ad7890ca - core[a373ad73a504971]::fmt::write
[INFO] [stdout]    2:     0x62d9ad777c0c - <alloc[2e1b2a31b91974c5]::vec::Vec<u8> as core[a373ad73a504971]::io::write::Write>::write_fmt
[INFO] [stdout]    3:     0x62d9ad74f8d6 - std[617be2ca0a6fd877]::panicking::default_hook::{closure#0}
[INFO] [stdout]    4:     0x62d9ad76bd09 - std[617be2ca0a6fd877]::panicking::default_hook
[INFO] [stdout]    5:     0x62d9ad647090 - test[aada8e7e76ba119b]::test_main_inner::{closure#0}
[INFO] [stdout]    6:     0x62d9ad76bec2 - std[617be2ca0a6fd877]::panicking::panic_with_hook
[INFO] [stdout]    7:     0x62d9ad74f982 - std[617be2ca0a6fd877]::panicking::panic_handler::{closure#0}
[INFO] [stdout]    8:     0x62d9ad748509 - std[617be2ca0a6fd877]::sys::backtrace::__rust_end_short_backtrace::<std[617be2ca0a6fd877]::panicking::panic_handler::{closure#0}, !>
[INFO] [stdout]    9:     0x62d9ad75058d - __rustc[ea4f61d10b84890b]::rust_begin_unwind
[INFO] [stdout]   10:     0x62d9ad7898ac - core[a373ad73a504971]::panicking::panic_fmt
[INFO] [stdout]   11:     0x62d9ad789682 - core[a373ad73a504971]::result::unwrap_failed
[INFO] [stdout]   12:     0x62d9ad635d18 - integration[a462a9ff6c40d4d5]::run_file_test
[INFO] [stdout]   13:     0x62d9ad637c95 - <integration[a462a9ff6c40d4d5]::run_file_test_tests_integration_constructor_argument_lox::{closure#0} as core[a373ad73a504971]::ops::function::FnOnce<()>>::call_once
[INFO] [stdout]   14:     0x62d9ad63a4db - test[aada8e7e76ba119b]::__rust_begin_short_backtrace::<core[a373ad73a504971]::result::Result<(), alloc[2e1b2a31b91974c5]::string::String>, fn() -> core[a373ad73a504971]::result::Result<(), alloc[2e1b2a31b91974c5]::string::String>>
[INFO] [stdout]   15:     0x62d9ad6476b5 - test[aada8e7e76ba119b]::run_test::{closure#0}
[INFO] [stdout]   16:     0x62d9ad640fa4 - std[617be2ca0a6fd877]::sys::backtrace::__rust_begin_short_backtrace::<test[aada8e7e76ba119b]::run_test::{closure#1}, ()>
[INFO] [stdout]   17:     0x62d9ad64a742 - <std[617be2ca0a6fd877]::thread::lifecycle::spawn_unchecked<test[aada8e7e76ba119b]::run_test::{closure#1}, ()>::{closure#1} as core[a373ad73a504971]::ops::function::FnOnce<()>>::call_once::{shim:vtable#0}
[INFO] [stdout]   18:     0x62d9ad772ecf - <std[617be2ca0a6fd877]::sys::thread::unix::Thread>::new::thread_start
[INFO] [stdout]   19:     0x7e7a971f5dfa - <unknown>
[INFO] [stdout]   20:     0x7e7a972893d4 - clone
[INFO] [stdout]   21:                0x0 - <unknown>
[INFO] [stdout] 
[INFO] [stdout] ---- run_file_test_tests_integration_function_extra_argument_lox stdout ----
[INFO] [stdout] /opt/rustwide/workdir/tests/integration/function/extra_argument.lox
[INFO] [stdout] 
[INFO] [stdout] thread 'run_file_test_tests_integration_function_extra_argument_lox' (960) panicked at tests/integration.rs:85:54:
[INFO] [stdout] called `Result::unwrap()` on an `Err` value: Os { code: 2, kind: NotFound, message: "No such file or directory" }
[INFO] [stdout] stack backtrace:
[INFO] [stdout]    0:     0x62d9ad7739d1 - <<std[617be2ca0a6fd877]::sys::backtrace::BacktraceLock>::print::DisplayBacktrace as core[a373ad73a504971]::fmt::Display>::fmt
[INFO] [stdout]    1:     0x62d9ad7890ca - core[a373ad73a504971]::fmt::write
[INFO] [stdout]    2:     0x62d9ad777c0c - <alloc[2e1b2a31b91974c5]::vec::Vec<u8> as core[a373ad73a504971]::io::write::Write>::write_fmt
[INFO] [stdout]    3:     0x62d9ad74f8d6 - std[617be2ca0a6fd877]::panicking::default_hook::{closure#0}
[INFO] [stdout]    4:     0x62d9ad76bd09 - std[617be2ca0a6fd877]::panicking::default_hook
[INFO] [stdout]    5:     0x62d9ad647090 - test[aada8e7e76ba119b]::test_main_inner::{closure#0}
[INFO] [stdout]    6:     0x62d9ad76bec2 - std[617be2ca0a6fd877]::panicking::panic_with_hook
[INFO] [stdout]    7:     0x62d9ad74f982 - std[617be2ca0a6fd877]::panicking::panic_handler::{closure#0}
[INFO] [stdout]    8:     0x62d9ad748509 - std[617be2ca0a6fd877]::sys::backtrace::__rust_end_short_backtrace::<std[617be2ca0a6fd877]::panicking::panic_handler::{closure#0}, !>
[INFO] [stdout]    9:     0x62d9ad75058d - __rustc[ea4f61d10b84890b]::rust_begin_unwind
[INFO] [stdout]   10:     0x62d9ad7898ac - core[a373ad73a504971]::panicking::panic_fmt
[INFO] [stdout]   11:     0x62d9ad789682 - core[a373ad73a504971]::result::unwrap_failed
[INFO] [stdout]   12:     0x62d9ad635d18 - integration[a462a9ff6c40d4d5]::run_file_test
[INFO] [stdout]   13:     0x62d9ad637d55 - <integration[a462a9ff6c40d4d5]::run_file_test_tests_integration_function_extra_argument_lox::{closure#0} as core[a373ad73a504971]::ops::function::FnOnce<()>>::call_once
[INFO] [stdout]   14:     0x62d9ad63a4db - test[aada8e7e76ba119b]::__rust_begin_short_backtrace::<core[a373ad73a504971]::result::Result<(), alloc[2e1b2a31b91974c5]::string::String>, fn() -> core[a373ad73a504971]::result::Result<(), alloc[2e1b2a31b91974c5]::string::String>>
[INFO] [stdout]   15:     0x62d9ad6476b5 - test[aada8e7e76ba119b]::run_test::{closure#0}
[INFO] [stdout]   16:     0x62d9ad640fa4 - std[617be2ca0a6fd877]::sys::backtrace::__rust_begin_short_backtrace::<test[aada8e7e76ba119b]::run_test::{closure#1}, ()>
[INFO] [stdout]   17:     0x62d9ad64a742 - <std[617be2ca0a6fd877]::thread::lifecycle::spawn_unchecked<test[aada8e7e76ba119b]::run_test::{closure#1}, ()>::{closure#1} as core[a373ad73a504971]::ops::function::FnOnce<()>>::call_once::{shim:vtable#0}
[INFO] [stdout]   18:     0x62d9ad772ecf - <std[617be2ca0a6fd877]::sys::thread::unix::Thread>::new::thread_start
[INFO] [stdout]   19:     0x7e7a971f5dfa - <unknown>
[INFO] [stdout]   20:     0x7e7a972893d4 - clone
[INFO] [stdout]   21:                0x0 - <unknown>
[INFO] [stdout] 
[INFO] [stdout] ---- run_file_test_tests_integration_constructor_init_early_return_lox stdout ----
[INFO] [stdout] /opt/rustwide/workdir/tests/integration/constructor/init_early_return.lox
[INFO] [stdout] 
[INFO] [stdout] thread 'run_file_test_tests_integration_constructor_init_early_return_lox' (954) panicked at tests/integration.rs:85:54:
[INFO] [stdout] called `Result::unwrap()` on an `Err` value: Os { code: 2, kind: NotFound, message: "No such file or directory" }
[INFO] [stdout] stack backtrace:
[INFO] [stdout]    0:     0x62d9ad7739d1 - <<std[617be2ca0a6fd877]::sys::backtrace::BacktraceLock>::print::DisplayBacktrace as core[a373ad73a504971]::fmt::Display>::fmt
[INFO] [stdout]    1:     0x62d9ad7890ca - core[a373ad73a504971]::fmt::write
[INFO] [stdout]    2:     0x62d9ad777c0c - <alloc[2e1b2a31b91974c5]::vec::Vec<u8> as core[a373ad73a504971]::io::write::Write>::write_fmt
[INFO] [stdout]    3:     0x62d9ad74f8d6 - std[617be2ca0a6fd877]::panicking::default_hook::{closure#0}
[INFO] [stdout]    4:     0x62d9ad76bd09 - std[617be2ca0a6fd877]::panicking::default_hook
[INFO] [stdout]    5:     0x62d9ad647090 - test[aada8e7e76ba119b]::test_main_inner::{closure#0}
[INFO] [stdout]    6:     0x62d9ad76bec2 - std[617be2ca0a6fd877]::panicking::panic_with_hook
[INFO] [stdout]    7:     0x62d9ad74f982 - std[617be2ca0a6fd877]::panicking::panic_handler::{closure#0}
[INFO] [stdout]    8:     0x62d9ad748509 - std[617be2ca0a6fd877]::sys::backtrace::__rust_end_short_backtrace::<std[617be2ca0a6fd877]::panicking::panic_handler::{closure#0}, !>
[INFO] [stdout]    9:     0x62d9ad75058d - __rustc[ea4f61d10b84890b]::rust_begin_unwind
[INFO] [stdout]   10:     0x62d9ad7898ac - core[a373ad73a504971]::panicking::panic_fmt
[INFO] [stdout]   11:     0x62d9ad789682 - core[a373ad73a504971]::result::unwrap_failed
[INFO] [stdout]   12:     0x62d9ad635d18 - integration[a462a9ff6c40d4d5]::run_file_test
[INFO] [stdout]   13:     0x62d9ad637e75 - <integration[a462a9ff6c40d4d5]::run_file_test_tests_integration_constructor_init_early_return_lox::{closure#0} as core[a373ad73a504971]::ops::function::FnOnce<()>>::call_once
[INFO] [stdout]   14:     0x62d9ad63a4db - test[aada8e7e76ba119b]::__rust_begin_short_backtrace::<core[a373ad73a504971]::result::Result<(), alloc[2e1b2a31b91974c5]::string::String>, fn() -> core[a373ad73a504971]::result::Result<(), alloc[2e1b2a31b91974c5]::string::String>>
[INFO] [stdout]   15:     0x62d9ad6476b5 - test[aada8e7e76ba119b]::run_test::{closure#0}
[INFO] [stdout]   16:     0x62d9ad640fa4 - std[617be2ca0a6fd877]::sys::backtrace::__rust_begin_short_backtrace::<test[aada8e7e76ba119b]::run_test::{closure#1}, ()>
[INFO] [stdout]   17:     0x62d9ad64a742 - <std[617be2ca0a6fd877]::thread::lifecycle::spawn_unchecked<test[aada8e7e76ba119b]::run_test::{closure#1}, ()>::{closure#1} as core[a373ad73a504971]::ops::function::FnOnce<()>>::call_once::{shim:vtable#0}
[INFO] [stdout]   18:     0x62d9ad772ecf - <std[617be2ca0a6fd877]::sys::thread::unix::Thread>::new::thread_start
[INFO] [stdout]   19:     0x7e7a971f5dfa - <unknown>
[INFO] [stdout]   20:     0x7e7a972893d4 - clone
[INFO] [stdout]   21:                0x0 - <unknown>
[INFO] [stdout] 
[INFO] [stdout] ---- run_file_test_tests_integration_class_outside_this_lox stdout ----
[INFO] [stdout] /opt/rustwide/workdir/tests/integration/class/outside_this.lox
[INFO] [stdout] 
[INFO] [stdout] thread 'run_file_test_tests_integration_class_outside_this_lox' (950) panicked at tests/integration.rs:85:54:
[INFO] [stdout] called `Result::unwrap()` on an `Err` value: Os { code: 2, kind: NotFound, message: "No such file or directory" }
[INFO] [stdout] stack backtrace:
[INFO] [stdout]    0:     0x62d9ad7739d1 - <<std[617be2ca0a6fd877]::sys::backtrace::BacktraceLock>::print::DisplayBacktrace as core[a373ad73a504971]::fmt::Display>::fmt
[INFO] [stdout]    1:     0x62d9ad7890ca - core[a373ad73a504971]::fmt::write
[INFO] [stdout]    2:     0x62d9ad777c0c - <alloc[2e1b2a31b91974c5]::vec::Vec<u8> as core[a373ad73a504971]::io::write::Write>::write_fmt
[INFO] [stdout]    3:     0x62d9ad74f8d6 - std[617be2ca0a6fd877]::panicking::default_hook::{closure#0}
[INFO] [stdout]    4:     0x62d9ad76bd09 - std[617be2ca0a6fd877]::panicking::default_hook
[INFO] [stdout]    5:     0x62d9ad647090 - test[aada8e7e76ba119b]::test_main_inner::{closure#0}
[INFO] [stdout]    6:     0x62d9ad76bec2 - std[617be2ca0a6fd877]::panicking::panic_with_hook
[INFO] [stdout]    7:     0x62d9ad74f982 - std[617be2ca0a6fd877]::panicking::panic_handler::{closure#0}
[INFO] [stdout]    8:     0x62d9ad748509 - std[617be2ca0a6fd877]::sys::backtrace::__rust_end_short_backtrace::<std[617be2ca0a6fd877]::panicking::panic_handler::{closure#0}, !>
[INFO] [stdout]    9:     0x62d9ad75058d - __rustc[ea4f61d10b84890b]::rust_begin_unwind
[INFO] [stdout]   10:     0x62d9ad7898ac - core[a373ad73a504971]::panicking::panic_fmt
[INFO] [stdout]   11:     0x62d9ad789682 - core[a373ad73a504971]::result::unwrap_failed
[INFO] [stdout]   12:     0x62d9ad635d18 - integration[a462a9ff6c40d4d5]::run_file_test
[INFO] [stdout]   13:     0x62d9ad637ae5 - <integration[a462a9ff6c40d4d5]::run_file_test_tests_integration_class_outside_this_lox::{closure#0} as core[a373ad73a504971]::ops::function::FnOnce<()>>::call_once
[INFO] [stdout]   14:     0x62d9ad63a4db - test[aada8e7e76ba119b]::__rust_begin_short_backtrace::<core[a373ad73a504971]::result::Result<(), alloc[2e1b2a31b91974c5]::string::String>, fn() -> core[a373ad73a504971]::result::Result<(), alloc[2e1b2a31b91974c5]::string::String>>
[INFO] [stdout]   15:     0x62d9ad6476b5 - test[aada8e7e76ba119b]::run_test::{closure#0}
[INFO] [stdout]   16:     0x62d9ad640fa4 - std[617be2ca0a6fd877]::sys::backtrace::__rust_begin_short_backtrace::<test[aada8e7e76ba119b]::run_test::{closure#1}, ()>
[INFO] [stdout]   17:     0x62d9ad64a742 - <std[617be2ca0a6fd877]::thread::lifecycle::spawn_unchecked<test[aada8e7e76ba119b]::run_test::{closure#1}, ()>::{closure#1} as core[a373ad73a504971]::ops::function::FnOnce<()>>::call_once::{shim:vtable#0}
[INFO] [stdout]   18:     0x62d9ad772ecf - <std[617be2ca0a6fd877]::sys::thread::unix::Thread>::new::thread_start
[INFO] [stdout]   19:     0x7e7a971f5dfa - <unknown>
[INFO] [stdout]   20:     0x7e7a972893d4 - clone
[INFO] [stdout]   21:                0x0 - <unknown>
[INFO] [stdout] 
[INFO] [stdout] ---- run_file_test_tests_integration_class_this_lox stdout ----
[INFO] [stdout] /opt/rustwide/workdir/tests/integration/class/this.lox
[INFO] [stdout] 
[INFO] [stdout] thread 'run_file_test_tests_integration_class_this_lox' (952) panicked at tests/integration.rs:85:54:
[INFO] [stdout] called `Result::unwrap()` on an `Err` value: Os { code: 2, kind: NotFound, message: "No such file or directory" }
[INFO] [stdout] stack backtrace:
[INFO] [stdout]    0:     0x62d9ad7739d1 - <<std[617be2ca0a6fd877]::sys::backtrace::BacktraceLock>::print::DisplayBacktrace as core[a373ad73a504971]::fmt::Display>::fmt
[INFO] [stdout]    1:     0x62d9ad7890ca - core[a373ad73a504971]::fmt::write
[INFO] [stdout]    2:     0x62d9ad777c0c - <alloc[2e1b2a31b91974c5]::vec::Vec<u8> as core[a373ad73a504971]::io::write::Write>::write_fmt
[INFO] [stdout]    3:     0x62d9ad74f8d6 - std[617be2ca0a6fd877]::panicking::default_hook::{closure#0}
[INFO] [stdout]    4:     0x62d9ad76bd09 - std[617be2ca0a6fd877]::panicking::default_hook
[INFO] [stdout]    5:     0x62d9ad647090 - test[aada8e7e76ba119b]::test_main_inner::{closure#0}
[INFO] [stdout]    6:     0x62d9ad76bec2 - std[617be2ca0a6fd877]::panicking::panic_with_hook
[INFO] [stdout]    7:     0x62d9ad74f982 - std[617be2ca0a6fd877]::panicking::panic_handler::{closure#0}
[INFO] [stdout]    8:     0x62d9ad748509 - std[617be2ca0a6fd877]::sys::backtrace::__rust_end_short_backtrace::<std[617be2ca0a6fd877]::panicking::panic_handler::{closure#0}, !>
[INFO] [stdout]    9:     0x62d9ad75058d - __rustc[ea4f61d10b84890b]::rust_begin_unwind
[INFO] [stdout]   10:     0x62d9ad7898ac - core[a373ad73a504971]::panicking::panic_fmt
[INFO] [stdout]   11:     0x62d9ad789682 - core[a373ad73a504971]::result::unwrap_failed
[INFO] [stdout]   12:     0x62d9ad635d18 - integration[a462a9ff6c40d4d5]::run_file_test
[INFO] [stdout]   13:     0x62d9ad637695 - <integration[a462a9ff6c40d4d5]::run_file_test_tests_integration_class_this_lox::{closure#0} as core[a373ad73a504971]::ops::function::FnOnce<()>>::call_once
[INFO] [stdout]   14:     0x62d9ad63a4db - test[aada8e7e76ba119b]::__rust_begin_short_backtrace::<core[a373ad73a504971]::result::Result<(), alloc[2e1b2a31b91974c5]::string::String>, fn() -> core[a373ad73a504971]::result::Result<(), alloc[2e1b2a31b91974c5]::string::String>>
[INFO] [stdout]   15:     0x62d9ad6476b5 - test[aada8e7e76ba119b]::run_test::{closure#0}
[INFO] [stdout]   16:     0x62d9ad640fa4 - std[617be2ca0a6fd877]::sys::backtrace::__rust_begin_short_backtrace::<test[aada8e7e76ba119b]::run_test::{closure#1}, ()>
[INFO] [stdout]   17:     0x62d9ad64a742 - <std[617be2ca0a6fd877]::thread::lifecycle::spawn_unchecked<test[aada8e7e76ba119b]::run_test::{closure#1}, ()>::{closure#1} as core[a373ad73a504971]::ops::function::FnOnce<()>>::call_once::{shim:vtable#0}
[INFO] [stdout]   18:     0x62d9ad772ecf - <std[617be2ca0a6fd877]::sys::thread::unix::Thread>::new::thread_start
[INFO] [stdout]   19:     0x7e7a971f5dfa - <unknown>
[INFO] [stdout]   20:     0x7e7a972893d4 - clone
[INFO] [stdout]   21:                0x0 - <unknown>
[INFO] [stdout] 
[INFO] [stdout] ---- run_file_test_tests_integration_for_for_lox stdout ----
[INFO] [stdout] /opt/rustwide/workdir/tests/integration/for/for.lox
[INFO] [stdout] 
[INFO] [stdout] thread 'run_file_test_tests_integration_for_for_lox' (956) panicked at tests/integration.rs:85:54:
[INFO] [stdout] called `Result::unwrap()` on an `Err` value: Os { code: 2, kind: NotFound, message: "No such file or directory" }
[INFO] [stdout] stack backtrace:
[INFO] [stdout]    0:     0x62d9ad7739d1 - <<std[617be2ca0a6fd877]::sys::backtrace::BacktraceLock>::print::DisplayBacktrace as core[a373ad73a504971]::fmt::Display>::fmt
[INFO] [stdout]    1:     0x62d9ad7890ca - core[a373ad73a504971]::fmt::write
[INFO] [stdout]    2:     0x62d9ad777c0c - <alloc[2e1b2a31b91974c5]::vec::Vec<u8> as core[a373ad73a504971]::io::write::Write>::write_fmt
[INFO] [stdout]    3:     0x62d9ad74f8d6 - std[617be2ca0a6fd877]::panicking::default_hook::{closure#0}
[INFO] [stdout]    4:     0x62d9ad76bd09 - std[617be2ca0a6fd877]::panicking::default_hook
[INFO] [stdout]    5:     0x62d9ad647090 - test[aada8e7e76ba119b]::test_main_inner::{closure#0}
[INFO] [stdout]    6:     0x62d9ad76bec2 - std[617be2ca0a6fd877]::panicking::panic_with_hook
[INFO] [stdout]    7:     0x62d9ad74f982 - std[617be2ca0a6fd877]::panicking::panic_handler::{closure#0}
[INFO] [stdout]    8:     0x62d9ad748509 - std[617be2ca0a6fd877]::sys::backtrace::__rust_end_short_backtrace::<std[617be2ca0a6fd877]::panicking::panic_handler::{closure#0}, !>
[INFO] [stdout]    9:     0x62d9ad75058d - __rustc[ea4f61d10b84890b]::rust_begin_unwind
[INFO] [stdout]   10:     0x62d9ad7898ac - core[a373ad73a504971]::panicking::panic_fmt
[INFO] [stdout]   11:     0x62d9ad789682 - core[a373ad73a504971]::result::unwrap_failed
[INFO] [stdout]   12:     0x62d9ad635d18 - integration[a462a9ff6c40d4d5]::run_file_test
[INFO] [stdout]   13:     0x62d9ad637545 - <integration[a462a9ff6c40d4d5]::run_file_test_tests_integration_for_for_lox::{closure#0} as core[a373ad73a504971]::ops::function::FnOnce<()>>::call_once
[INFO] [stdout]   14:     0x62d9ad63a4db - test[aada8e7e76ba119b]::__rust_begin_short_backtrace::<core[a373ad73a504971]::result::Result<(), alloc[2e1b2a31b91974c5]::string::String>, fn() -> core[a373ad73a504971]::result::Result<(), alloc[2e1b2a31b91974c5]::string::String>>
[INFO] [stdout]   15:     0x62d9ad6476b5 - test[aada8e7e76ba119b]::run_test::{closure#0}
[INFO] [stdout]   16:     0x62d9ad640fa4 - std[617be2ca0a6fd877]::sys::backtrace::__rust_begin_short_backtrace::<test[aada8e7e76ba119b]::run_test::{closure#1}, ()>
[INFO] [stdout]   17:     0x62d9ad64a742 - <std[617be2ca0a6fd877]::thread::lifecycle::spawn_unchecked<test[aada8e7e76ba119b]::run_test::{closure#1}, ()>::{closure#1} as core[a373ad73a504971]::ops::function::FnOnce<()>>::call_once::{shim:vtable#0}
[INFO] [stdout]   18:     0x62d9ad772ecf - <std[617be2ca0a6fd877]::sys::thread::unix::Thread>::new::thread_start
[INFO] [stdout]   19:     0x7e7a971f5dfa - <unknown>
[INFO] [stdout]   20:     0x7e7a972893d4 - clone
[INFO] [stdout]   21:                0x0 - <unknown>
[INFO] [stdout] 
[INFO] [stdout] ---- run_file_test_tests_integration_constructor_missing_argument_lox stdout ----
[INFO] [stdout] /opt/rustwide/workdir/tests/integration/constructor/missing_argument.lox
[INFO] [stdout] 
[INFO] [stdout] thread 'run_file_test_tests_integration_constructor_missing_argument_lox' (955) panicked at tests/integration.rs:85:54:
[INFO] [stdout] called `Result::unwrap()` on an `Err` value: Os { code: 2, kind: NotFound, message: "No such file or directory" }
[INFO] [stdout] stack backtrace:
[INFO] [stdout]    0:     0x62d9ad7739d1 - <<std[617be2ca0a6fd877]::sys::backtrace::BacktraceLock>::print::DisplayBacktrace as core[a373ad73a504971]::fmt::Display>::fmt
[INFO] [stdout]    1:     0x62d9ad7890ca - core[a373ad73a504971]::fmt::write
[INFO] [stdout]    2:     0x62d9ad777c0c - <alloc[2e1b2a31b91974c5]::vec::Vec<u8> as core[a373ad73a504971]::io::write::Write>::write_fmt
[INFO] [stdout]    3:     0x62d9ad74f8d6 - std[617be2ca0a6fd877]::panicking::default_hook::{closure#0}
[INFO] [stdout]    4:     0x62d9ad76bd09 - std[617be2ca0a6fd877]::panicking::default_hook
[INFO] [stdout]    5:     0x62d9ad647090 - test[aada8e7e76ba119b]::test_main_inner::{closure#0}
[INFO] [stdout]    6:     0x62d9ad76bec2 - std[617be2ca0a6fd877]::panicking::panic_with_hook
[INFO] [stdout]    7:     0x62d9ad74f982 - std[617be2ca0a6fd877]::panicking::panic_handler::{closure#0}
[INFO] [stdout]    8:     0x62d9ad748509 - std[617be2ca0a6fd877]::sys::backtrace::__rust_end_short_backtrace::<std[617be2ca0a6fd877]::panicking::panic_handler::{closure#0}, !>
[INFO] [stdout]    9:     0x62d9ad75058d - __rustc[ea4f61d10b84890b]::rust_begin_unwind
[INFO] [stdout]   10:     0x62d9ad7898ac - core[a373ad73a504971]::panicking::panic_fmt
[INFO] [stdout]   11:     0x62d9ad789682 - core[a373ad73a504971]::result::unwrap_failed
[INFO] [stdout]   12:     0x62d9ad635d18 - integration[a462a9ff6c40d4d5]::run_file_test
[INFO] [stdout]   13:     0x62d9ad637e45 - <integration[a462a9ff6c40d4d5]::run_file_test_tests_integration_constructor_missing_argument_lox::{closure#0} as core[a373ad73a504971]::ops::function::FnOnce<()>>::call_once
[INFO] [stdout]   14:     0x62d9ad63a4db - test[aada8e7e76ba119b]::__rust_begin_short_backtrace::<core[a373ad73a504971]::result::Result<(), alloc[2e1b2a31b91974c5]::string::String>, fn() -> core[a373ad73a504971]::result::Result<(), alloc[2e1b2a31b91974c5]::string::String>>
[INFO] [stdout]   15:     0x62d9ad6476b5 - test[aada8e7e76ba119b]::run_test::{closure#0}
[INFO] [stdout]   16:     0x62d9ad640fa4 - std[617be2ca0a6fd877]::sys::backtrace::__rust_begin_short_backtrace::<test[aada8e7e76ba119b]::run_test::{closure#1}, ()>
[INFO] [stdout]   17:     0x62d9ad64a742 - <std[617be2ca0a6fd877]::thread::lifecycle::spawn_unchecked<test[aada8e7e76ba119b]::run_test::{closure#1}, ()>::{closure#1} as core[a373ad73a504971]::ops::function::FnOnce<()>>::call_once::{shim:vtable#0}
[INFO] [stdout]   18:     0x62d9ad772ecf - <std[617be2ca0a6fd877]::sys::thread::unix::Thread>::new::thread_start
[INFO] [stdout]   19:     0x7e7a971f5dfa - <unknown>
[INFO] [stdout]   20:     0x7e7a972893d4 - clone
[INFO] [stdout]   21:                0x0 - <unknown>
[INFO] [stdout] 
[INFO] [stdout] ---- run_file_test_tests_integration_function_fib_lox stdout ----
[INFO] [stdout] /opt/rustwide/workdir/tests/integration/function/fib.lox
[INFO] [stdout] 
[INFO] [stdout] thread 'run_file_test_tests_integration_function_fib_lox' (961) panicked at tests/integration.rs:85:54:
[INFO] [stdout] called `Result::unwrap()` on an `Err` value: Os { code: 2, kind: NotFound, message: "No such file or directory" }
[INFO] [stdout] stack backtrace:
[INFO] [stdout]    0:     0x62d9ad7739d1 - <<std[617be2ca0a6fd877]::sys::backtrace::BacktraceLock>::print::DisplayBacktrace as core[a373ad73a504971]::fmt::Display>::fmt
[INFO] [stdout]    1:     0x62d9ad7890ca - core[a373ad73a504971]::fmt::write
[INFO] [stdout]    2:     0x62d9ad777c0c - <alloc[2e1b2a31b91974c5]::vec::Vec<u8> as core[a373ad73a504971]::io::write::Write>::write_fmt
[INFO] [stdout]    3:     0x62d9ad74f8d6 - std[617be2ca0a6fd877]::panicking::default_hook::{closure#0}
[INFO] [stdout]    4:     0x62d9ad76bd09 - std[617be2ca0a6fd877]::panicking::default_hook
[INFO] [stdout]    5:     0x62d9ad647090 - test[aada8e7e76ba119b]::test_main_inner::{closure#0}
[INFO] [stdout]    6:     0x62d9ad76bec2 - std[617be2ca0a6fd877]::panicking::panic_with_hook
[INFO] [stdout]    7:     0x62d9ad74f982 - std[617be2ca0a6fd877]::panicking::panic_handler::{closure#0}
[INFO] [stdout]    8:     0x62d9ad748509 - std[617be2ca0a6fd877]::sys::backtrace::__rust_end_short_backtrace::<std[617be2ca0a6fd877]::panicking::panic_handler::{closure#0}, !>
[INFO] [stdout]    9:     0x62d9ad75058d - __rustc[ea4f61d10b84890b]::rust_begin_unwind
[INFO] [stdout]   10:     0x62d9ad7898ac - core[a373ad73a504971]::panicking::panic_fmt
[INFO] [stdout]   11:     0x62d9ad789682 - core[a373ad73a504971]::result::unwrap_failed
[INFO] [stdout]   12:     0x62d9ad635d18 - integration[a462a9ff6c40d4d5]::run_file_test
[INFO] [stdout]   13:     0x62d9ad6377b5 - <integration[a462a9ff6c40d4d5]::run_file_test_tests_integration_function_fib_lox::{closure#0} as core[a373ad73a504971]::ops::function::FnOnce<()>>::call_once
[INFO] [stdout]   14:     0x62d9ad63a4db - test[aada8e7e76ba119b]::__rust_begin_short_backtrace::<core[a373ad73a504971]::result::Result<(), alloc[2e1b2a31b91974c5]::string::String>, fn() -> core[a373ad73a504971]::result::Result<(), alloc[2e1b2a31b91974c5]::string::String>>
[INFO] [stdout]   15:     0x62d9ad6476b5 - test[aada8e7e76ba119b]::run_test::{closure#0}
[INFO] [stdout]   16:     0x62d9ad640fa4 - std[617be2ca0a6fd877]::sys::backtrace::__rust_begin_short_backtrace::<test[aada8e7e76ba119b]::run_test::{closure#1}, ()>
[INFO] [stdout]   17:     0x62d9ad64a742 - <std[617be2ca0a6fd877]::thread::lifecycle::spawn_unchecked<test[aada8e7e76ba119b]::run_test::{closure#1}, ()>::{closure#1} as core[a373ad73a504971]::ops::function::FnOnce<()>>::call_once::{shim:vtable#0}
[INFO] [stdout]   18:     0x62d9ad772ecf - <std[617be2ca0a6fd877]::sys::thread::unix::Thread>::new::thread_start
[INFO] [stdout]   19:     0x7e7a971f5dfa - <unknown>
[INFO] [stdout]   20:     0x7e7a972893d4 - clone
[INFO] [stdout]   21:                0x0 - <unknown>
[INFO] [stdout] 
[INFO] [stdout] ---- run_file_test_tests_integration_class_method_lox stdout ----
[INFO] [stdout] /opt/rustwide/workdir/tests/integration/class/method.lox
[INFO] [stdout] 
[INFO] [stdout] thread 'run_file_test_tests_integration_class_method_lox' (949) panicked at tests/integration.rs:85:54:
[INFO] [stdout] called `Result::unwrap()` on an `Err` value: Os { code: 2, kind: NotFound, message: "No such file or directory" }
[INFO] [stdout] stack backtrace:
[INFO] [stdout]    0:     0x62d9ad7739d1 - <<std[617be2ca0a6fd877]::sys::backtrace::BacktraceLock>::print::DisplayBacktrace as core[a373ad73a504971]::fmt::Display>::fmt
[INFO] [stdout]    1:     0x62d9ad7890ca - core[a373ad73a504971]::fmt::write
[INFO] [stdout]    2:     0x62d9ad777c0c - <alloc[2e1b2a31b91974c5]::vec::Vec<u8> as core[a373ad73a504971]::io::write::Write>::write_fmt
[INFO] [stdout]    3:     0x62d9ad74f8d6 - std[617be2ca0a6fd877]::panicking::default_hook::{closure#0}
[INFO] [stdout]    4:     0x62d9ad76bd09 - std[617be2ca0a6fd877]::panicking::default_hook
[INFO] [stdout]    5:     0x62d9ad647090 - test[aada8e7e76ba119b]::test_main_inner::{closure#0}
[INFO] [stdout]    6:     0x62d9ad76bec2 - std[617be2ca0a6fd877]::panicking::panic_with_hook
[INFO] [stdout]    7:     0x62d9ad74f982 - std[617be2ca0a6fd877]::panicking::panic_handler::{closure#0}
[INFO] [stdout]    8:     0x62d9ad748509 - std[617be2ca0a6fd877]::sys::backtrace::__rust_end_short_backtrace::<std[617be2ca0a6fd877]::panicking::panic_handler::{closure#0}, !>
[INFO] [stdout]    9:     0x62d9ad75058d - __rustc[ea4f61d10b84890b]::rust_begin_unwind
[INFO] [stdout]   10:     0x62d9ad7898ac - core[a373ad73a504971]::panicking::panic_fmt
[INFO] [stdout]   11:     0x62d9ad789682 - core[a373ad73a504971]::result::unwrap_failed
[INFO] [stdout]   12:     0x62d9ad635d18 - integration[a462a9ff6c40d4d5]::run_file_test
[INFO] [stdout]   13:     0x62d9ad637785 - <integration[a462a9ff6c40d4d5]::run_file_test_tests_integration_class_method_lox::{closure#0} as core[a373ad73a504971]::ops::function::FnOnce<()>>::call_once
[INFO] [stdout]   14:     0x62d9ad63a4db - test[aada8e7e76ba119b]::__rust_begin_short_backtrace::<core[a373ad73a504971]::result::Result<(), alloc[2e1b2a31b91974c5]::string::String>, fn() -> core[a373ad73a504971]::result::Result<(), alloc[2e1b2a31b91974c5]::string::String>>
[INFO] [stdout]   15:     0x62d9ad6476b5 - test[aada8e7e76ba119b]::run_test::{closure#0}
[INFO] [stdout]   16:     0x62d9ad640fa4 - std[617be2ca0a6fd877]::sys::backtrace::__rust_begin_short_backtrace::<test[aada8e7e76ba119b]::run_test::{closure#1}, ()>
[INFO] [stdout]   17:     0x62d9ad64a742 - <std[617be2ca0a6fd877]::thread::lifecycle::spawn_unchecked<test[aada8e7e76ba119b]::run_test::{closure#1}, ()>::{closure#1} as core[a373ad73a504971]::ops::function::FnOnce<()>>::call_once::{shim:vtable#0}
[INFO] [stdout]   18:     0x62d9ad772ecf - <std[617be2ca0a6fd877]::sys::thread::unix::Thread>::new::thread_start
[INFO] [stdout]   19:     0x7e7a971f5dfa - <unknown>
[INFO] [stdout]   20:     0x7e7a972893d4 - clone
[INFO] [stdout]   21:                0x0 - <unknown>
[INFO] [stdout] 
[INFO] [stdout] ---- run_file_test_tests_integration_if_if_lox stdout ----
[INFO] [stdout] /opt/rustwide/workdir/tests/integration/if/if.lox
[INFO] [stdout] 
[INFO] [stdout] thread 'run_file_test_tests_integration_if_if_lox' (962) panicked at tests/integration.rs:85:54:
[INFO] [stdout] called `Result::unwrap()` on an `Err` value: Os { code: 2, kind: NotFound, message: "No such file or directory" }
[INFO] [stdout] stack backtrace:
[INFO] [stdout]    0:     0x62d9ad7739d1 - <<std[617be2ca0a6fd877]::sys::backtrace::BacktraceLock>::print::DisplayBacktrace as core[a373ad73a504971]::fmt::Display>::fmt
[INFO] [stdout]    1:     0x62d9ad7890ca - core[a373ad73a504971]::fmt::write
[INFO] [stdout]    2:     0x62d9ad777c0c - <alloc[2e1b2a31b91974c5]::vec::Vec<u8> as core[a373ad73a504971]::io::write::Write>::write_fmt
[INFO] [stdout]    3:     0x62d9ad74f8d6 - std[617be2ca0a6fd877]::panicking::default_hook::{closure#0}
[INFO] [stdout]    4:     0x62d9ad76bd09 - std[617be2ca0a6fd877]::panicking::default_hook
[INFO] [stdout]    5:     0x62d9ad647090 - test[aada8e7e76ba119b]::test_main_inner::{closure#0}
[INFO] [stdout]    6:     0x62d9ad76bec2 - std[617be2ca0a6fd877]::panicking::panic_with_hook
[INFO] [stdout]    7:     0x62d9ad74f982 - std[617be2ca0a6fd877]::panicking::panic_handler::{closure#0}
[INFO] [stdout]    8:     0x62d9ad748509 - std[617be2ca0a6fd877]::sys::backtrace::__rust_end_short_backtrace::<std[617be2ca0a6fd877]::panicking::panic_handler::{closure#0}, !>
[INFO] [stdout]    9:     0x62d9ad75058d - __rustc[ea4f61d10b84890b]::rust_begin_unwind
[INFO] [stdout]   10:     0x62d9ad7898ac - core[a373ad73a504971]::panicking::panic_fmt
[INFO] [stdout]   11:     0x62d9ad789682 - core[a373ad73a504971]::result::unwrap_failed
[INFO] [stdout]   12:     0x62d9ad635d18 - integration[a462a9ff6c40d4d5]::run_file_test
[INFO] [stdout]   13:     0x62d9ad637515 - <integration[a462a9ff6c40d4d5]::run_file_test_tests_integration_if_if_lox::{closure#0} as core[a373ad73a504971]::ops::function::FnOnce<()>>::call_once
[INFO] [stdout]   14:     0x62d9ad63a4db - test[aada8e7e76ba119b]::__rust_begin_short_backtrace::<core[a373ad73a504971]::result::Result<(), alloc[2e1b2a31b91974c5]::string::String>, fn() -> core[a373ad73a504971]::result::Result<(), alloc[2e1b2a31b91974c5]::string::String>>
[INFO] [stdout]   15:     0x62d9ad6476b5 - test[aada8e7e76ba119b]::run_test::{closure#0}
[INFO] [stdout]   16:     0x62d9ad640fa4 - std[617be2ca0a6fd877]::sys::backtrace::__rust_begin_short_backtrace::<test[aada8e7e76ba119b]::run_test::{closure#1}, ()>
[INFO] [stdout]   17:     0x62d9ad64a742 - <std[617be2ca0a6fd877]::thread::lifecycle::spawn_unchecked<test[aada8e7e76ba119b]::run_test::{closure#1}, ()>::{closure#1} as core[a373ad73a504971]::ops::function::FnOnce<()>>::call_once::{shim:vtable#0}
[INFO] [stdout]   18:     0x62d9ad772ecf - <std[617be2ca0a6fd877]::sys::thread::unix::Thread>::new::thread_start
[INFO] [stdout]   19:     0x7e7a971f5dfa - <unknown>
[INFO] [stdout]   20:     0x7e7a972893d4 - clone
[INFO] [stdout]   21:                0x0 - <unknown>
[INFO] [stdout] 
[INFO] [stdout] ---- run_file_test_tests_integration_list_list_lox stdout ----
[INFO] [stdout] /opt/rustwide/workdir/tests/integration/list/list.lox
[INFO] [stdout] 
[INFO] [stdout] thread 'run_file_test_tests_integration_list_list_lox' (979) panicked at tests/integration.rs:85:54:
[INFO] [stdout] called `Result::unwrap()` on an `Err` value: Os { code: 2, kind: NotFound, message: "No such file or directory" }
[INFO] [stdout] stack backtrace:
[INFO] [stdout]    0:     0x62d9ad7739d1 - <<std[617be2ca0a6fd877]::sys::backtrace::BacktraceLock>::print::DisplayBacktrace as core[a373ad73a504971]::fmt::Display>::fmt
[INFO] [stdout]    1:     0x62d9ad7890ca - core[a373ad73a504971]::fmt::write
[INFO] [stdout]    2:     0x62d9ad777c0c - <alloc[2e1b2a31b91974c5]::vec::Vec<u8> as core[a373ad73a504971]::io::write::Write>::write_fmt
[INFO] [stdout]    3:     0x62d9ad74f8d6 - std[617be2ca0a6fd877]::panicking::default_hook::{closure#0}
[INFO] [stdout]    4:     0x62d9ad76bd09 - std[617be2ca0a6fd877]::panicking::default_hook
[INFO] [stdout]    5:     0x62d9ad647090 - test[aada8e7e76ba119b]::test_main_inner::{closure#0}
[INFO] [stdout]    6:     0x62d9ad76bec2 - std[617be2ca0a6fd877]::panicking::panic_with_hook
[INFO] [stdout]    7:     0x62d9ad74f982 - std[617be2ca0a6fd877]::panicking::panic_handler::{closure#0}
[INFO] [stdout]    8:     0x62d9ad748509 - std[617be2ca0a6fd877]::sys::backtrace::__rust_end_short_backtrace::<std[617be2ca0a6fd877]::panicking::panic_handler::{closure#0}, !>
[INFO] [stdout]    9:     0x62d9ad75058d - __rustc[ea4f61d10b84890b]::rust_begin_unwind
[INFO] [stdout]   10:     0x62d9ad7898ac - core[a373ad73a504971]::panicking::panic_fmt
[INFO] [stdout]   11:     0x62d9ad789682 - core[a373ad73a504971]::result::unwrap_failed
[INFO] [stdout]   12:     0x62d9ad635d18 - integration[a462a9ff6c40d4d5]::run_file_test
[INFO] [stdout]   13:     0x62d9ad637635 - <integration[a462a9ff6c40d4d5]::run_file_test_tests_integration_list_list_lox::{closure#0} as core[a373ad73a504971]::ops::function::FnOnce<()>>::call_once
[INFO] [stdout]   14:     0x62d9ad63a4db - test[aada8e7e76ba119b]::__rust_begin_short_backtrace::<core[a373ad73a504971]::result::Result<(), alloc[2e1b2a31b91974c5]::string::String>, fn() -> core[a373ad73a504971]::result::Result<(), alloc[2e1b2a31b91974c5]::string::String>>
[INFO] [stdout]   15:     0x62d9ad6476b5 - test[aada8e7e76ba119b]::run_test::{closure#0}
[INFO] [stdout]   16:     0x62d9ad640fa4 - std[617be2ca0a6fd877]::sys::backtrace::__rust_begin_short_backtrace::<test[aada8e7e76ba119b]::run_test::{closure#1}, ()>
[INFO] [stdout]   17:     0x62d9ad64a742 - <std[617be2ca0a6fd877]::thread::lifecycle::spawn_unchecked<test[aada8e7e76ba119b]::run_test::{closure#1}, ()>::{closure#1} as core[a373ad73a504971]::ops::function::FnOnce<()>>::call_once::{shim:vtable#0}
[INFO] [stdout]   18:     0x62d9ad772ecf - <std[617be2ca0a6fd877]::sys::thread::unix::Thread>::new::thread_start
[INFO] [stdout]   19:     0x7e7a971f5dfa - <unknown>
[INFO] [stdout]   20:     0x7e7a972893d4 - clone
[INFO] [stdout]   21:                0x0 - <unknown>
[INFO] [stdout] 
[INFO] [stdout] ---- run_file_test_tests_integration_class_set_lox stdout ----
[INFO] [stdout] /opt/rustwide/workdir/tests/integration/class/set.lox
[INFO] [stdout] 
[INFO] [stdout] thread 'run_file_test_tests_integration_class_set_lox' (951) panicked at tests/integration.rs:85:54:
[INFO] [stdout] called `Result::unwrap()` on an `Err` value: Os { code: 2, kind: NotFound, message: "No such file or directory" }
[INFO] [stdout] stack backtrace:
[INFO] [stdout]    0:     0x62d9ad7739d1 - <<std[617be2ca0a6fd877]::sys::backtrace::BacktraceLock>::print::DisplayBacktrace as core[a373ad73a504971]::fmt::Display>::fmt
[INFO] [stdout]    1:     0x62d9ad7890ca - core[a373ad73a504971]::fmt::write
[INFO] [stdout]    2:     0x62d9ad777c0c - <alloc[2e1b2a31b91974c5]::vec::Vec<u8> as core[a373ad73a504971]::io::write::Write>::write_fmt
[INFO] [stdout]    3:     0x62d9ad74f8d6 - std[617be2ca0a6fd877]::panicking::default_hook::{closure#0}
[INFO] [stdout]    4:     0x62d9ad76bd09 - std[617be2ca0a6fd877]::panicking::default_hook
[INFO] [stdout]    5:     0x62d9ad647090 - test[aada8e7e76ba119b]::test_main_inner::{closure#0}
[INFO] [stdout]    6:     0x62d9ad76bec2 - std[617be2ca0a6fd877]::panicking::panic_with_hook
[INFO] [stdout]    7:     0x62d9ad74f982 - std[617be2ca0a6fd877]::panicking::panic_handler::{closure#0}
[INFO] [stdout]    8:     0x62d9ad748509 - std[617be2ca0a6fd877]::sys::backtrace::__rust_end_short_backtrace::<std[617be2ca0a6fd877]::panicking::panic_handler::{closure#0}, !>
[INFO] [stdout]    9:     0x62d9ad75058d - __rustc[ea4f61d10b84890b]::rust_begin_unwind
[INFO] [stdout]   10:     0x62d9ad7898ac - core[a373ad73a504971]::panicking::panic_fmt
[INFO] [stdout]   11:     0x62d9ad789682 - core[a373ad73a504971]::result::unwrap_failed
[INFO] [stdout]   12:     0x62d9ad635d18 - integration[a462a9ff6c40d4d5]::run_file_test
[INFO] [stdout]   13:     0x62d9ad637605 - <integration[a462a9ff6c40d4d5]::run_file_test_tests_integration_class_set_lox::{closure#0} as core[a373ad73a504971]::ops::function::FnOnce<()>>::call_once
[INFO] [stdout]   14:     0x62d9ad63a4db - test[aada8e7e76ba119b]::__rust_begin_short_backtrace::<core[a373ad73a504971]::result::Result<(), alloc[2e1b2a31b91974c5]::string::String>, fn() -> core[a373ad73a504971]::result::Result<(), alloc[2e1b2a31b91974c5]::string::String>>
[INFO] [stdout]   15:     0x62d9ad6476b5 - test[aada8e7e76ba119b]::run_test::{closure#0}
[INFO] [stdout]   16:     0x62d9ad640fa4 - std[617be2ca0a6fd877]::sys::backtrace::__rust_begin_short_backtrace::<test[aada8e7e76ba119b]::run_test::{closure#1}, ()>
[INFO] [stdout]   17:     0x62d9ad64a742 - <std[617be2ca0a6fd877]::thread::lifecycle::spawn_unchecked<test[aada8e7e76ba119b]::run_test::{closure#1}, ()>::{closure#1} as core[a373ad73a504971]::ops::function::FnOnce<()>>::call_once::{shim:vtable#0}
[INFO] [stdout]   18:     0x62d9ad772ecf - <std[617be2ca0a6fd877]::sys::thread::unix::Thread>::new::thread_start
[INFO] [stdout]   19:     0x7e7a971f5dfa - <unknown>
[INFO] [stdout]   20:     0x7e7a972893d4 - clone
[INFO] [stdout]   21:                0x0 - <unknown>
[INFO] [stdout] 
[INFO] [stdout] ---- run_file_test_tests_integration_function_empty_body_lox stdout ----
[INFO] [stdout] /opt/rustwide/workdir/tests/integration/function/empty_body.lox
[INFO] [stdout] 
[INFO] [stdout] thread 'run_file_test_tests_integration_function_empty_body_lox' (959) panicked at tests/integration.rs:85:54:
[INFO] [stdout] called `Result::unwrap()` on an `Err` value: Os { code: 2, kind: NotFound, message: "No such file or directory" }
[INFO] [stdout] stack backtrace:
[INFO] [stdout]    0:     0x62d9ad7739d1 - <<std[617be2ca0a6fd877]::sys::backtrace::BacktraceLock>::print::DisplayBacktrace as core[a373ad73a504971]::fmt::Display>::fmt
[INFO] [stdout]    1:     0x62d9ad7890ca - core[a373ad73a504971]::fmt::write
[INFO] [stdout]    2:     0x62d9ad777c0c - <alloc[2e1b2a31b91974c5]::vec::Vec<u8> as core[a373ad73a504971]::io::write::Write>::write_fmt
[INFO] [stdout]    3:     0x62d9ad74f8d6 - std[617be2ca0a6fd877]::panicking::default_hook::{closure#0}
[INFO] [stdout]    4:     0x62d9ad76bd09 - std[617be2ca0a6fd877]::panicking::default_hook
[INFO] [stdout]    5:     0x62d9ad647090 - test[aada8e7e76ba119b]::test_main_inner::{closure#0}
[INFO] [stdout]    6:     0x62d9ad76bec2 - std[617be2ca0a6fd877]::panicking::panic_with_hook
[INFO] [stdout]    7:     0x62d9ad74f982 - std[617be2ca0a6fd877]::panicking::panic_handler::{closure#0}
[INFO] [stdout]    8:     0x62d9ad748509 - std[617be2ca0a6fd877]::sys::backtrace::__rust_end_short_backtrace::<std[617be2ca0a6fd877]::panicking::panic_handler::{closure#0}, !>
[INFO] [stdout]    9:     0x62d9ad75058d - __rustc[ea4f61d10b84890b]::rust_begin_unwind
[INFO] [stdout]   10:     0x62d9ad7898ac - core[a373ad73a504971]::panicking::panic_fmt
[INFO] [stdout]   11:     0x62d9ad789682 - core[a373ad73a504971]::result::unwrap_failed
[INFO] [stdout]   12:     0x62d9ad635d18 - integration[a462a9ff6c40d4d5]::run_file_test
[INFO] [stdout]   13:     0x62d9ad637b75 - <integration[a462a9ff6c40d4d5]::run_file_test_tests_integration_function_empty_body_lox::{closure#0} as core[a373ad73a504971]::ops::function::FnOnce<()>>::call_once
[INFO] [stdout]   14:     0x62d9ad63a4db - test[aada8e7e76ba119b]::__rust_begin_short_backtrace::<core[a373ad73a504971]::result::Result<(), alloc[2e1b2a31b91974c5]::string::String>, fn() -> core[a373ad73a504971]::result::Result<(), alloc[2e1b2a31b91974c5]::string::String>>
[INFO] [stdout]   15:     0x62d9ad6476b5 - test[aada8e7e76ba119b]::run_test::{closure#0}
[INFO] [stdout]   16:     0x62d9ad640fa4 - std[617be2ca0a6fd877]::sys::backtrace::__rust_begin_short_backtrace::<test[aada8e7e76ba119b]::run_test::{closure#1}, ()>
[INFO] [stdout]   17:     0x62d9ad64a742 - <std[617be2ca0a6fd877]::thread::lifecycle::spawn_unchecked<test[aada8e7e76ba119b]::run_test::{closure#1}, ()>::{closure#1} as core[a373ad73a504971]::ops::function::FnOnce<()>>::call_once::{shim:vtable#0}
[INFO] [stdout]   18:     0x62d9ad772ecf - <std[617be2ca0a6fd877]::sys::thread::unix::Thread>::new::thread_start
[INFO] [stdout]   19:     0x7e7a971f5dfa - <unknown>
[INFO] [stdout]   20:     0x7e7a972893d4 - clone
[INFO] [stdout]   21:                0x0 - <unknown>
[INFO] [stdout] 
[INFO] [stdout] ---- run_file_test_tests_integration_function_closure_lox stdout ----
[INFO] [stdout] /opt/rustwide/workdir/tests/integration/function/closure.lox
[INFO] [stdout] 
[INFO] [stdout] thread 'run_file_test_tests_integration_function_closure_lox' (957) panicked at tests/integration.rs:85:54:
[INFO] [stdout] called `Result::unwrap()` on an `Err` value: Os { code: 2, kind: NotFound, message: "No such file or directory" }
[INFO] [stdout] stack backtrace:
[INFO] [stdout]    0:     0x62d9ad7739d1 - <<std[617be2ca0a6fd877]::sys::backtrace::BacktraceLock>::print::DisplayBacktrace as core[a373ad73a504971]::fmt::Display>::fmt
[INFO] [stdout]    1:     0x62d9ad7890ca - core[a373ad73a504971]::fmt::write
[INFO] [stdout]    2:     0x62d9ad777c0c - <alloc[2e1b2a31b91974c5]::vec::Vec<u8> as core[a373ad73a504971]::io::write::Write>::write_fmt
[INFO] [stdout]    3:     0x62d9ad74f8d6 - std[617be2ca0a6fd877]::panicking::default_hook::{closure#0}
[INFO] [stdout]    4:     0x62d9ad76bd09 - std[617be2ca0a6fd877]::panicking::default_hook
[INFO] [stdout]    5:     0x62d9ad647090 - test[aada8e7e76ba119b]::test_main_inner::{closure#0}
[INFO] [stdout]    6:     0x62d9ad76bec2 - std[617be2ca0a6fd877]::panicking::panic_with_hook
[INFO] [stdout]    7:     0x62d9ad74f982 - std[617be2ca0a6fd877]::panicking::panic_handler::{closure#0}
[INFO] [stdout]    8:     0x62d9ad748509 - std[617be2ca0a6fd877]::sys::backtrace::__rust_end_short_backtrace::<std[617be2ca0a6fd877]::panicking::panic_handler::{closure#0}, !>
[INFO] [stdout]    9:     0x62d9ad75058d - __rustc[ea4f61d10b84890b]::rust_begin_unwind
[INFO] [stdout]   10:     0x62d9ad7898ac - core[a373ad73a504971]::panicking::panic_fmt
[INFO] [stdout]   11:     0x62d9ad789682 - core[a373ad73a504971]::result::unwrap_failed
[INFO] [stdout]   12:     0x62d9ad635d18 - integration[a462a9ff6c40d4d5]::run_file_test
[INFO] [stdout]   13:     0x62d9ad637995 - <integration[a462a9ff6c40d4d5]::run_file_test_tests_integration_function_closure_lox::{closure#0} as core[a373ad73a504971]::ops::function::FnOnce<()>>::call_once
[INFO] [stdout]   14:     0x62d9ad63a4db - test[aada8e7e76ba119b]::__rust_begin_short_backtrace::<core[a373ad73a504971]::result::Result<(), alloc[2e1b2a31b91974c5]::string::String>, fn() -> core[a373ad73a504971]::result::Result<(), alloc[2e1b2a31b91974c5]::string::String>>
[INFO] [stdout]   15:     0x62d9ad6476b5 - test[aada8e7e76ba119b]::run_test::{closure#0}
[INFO] [stdout]   16:     0x62d9ad640fa4 - std[617be2ca0a6fd877]::sys::backtrace::__rust_begin_short_backtrace::<test[aada8e7e76ba119b]::run_test::{closure#1}, ()>
[INFO] [stdout]   17:     0x62d9ad64a742 - <std[617be2ca0a6fd877]::thread::lifecycle::spawn_unchecked<test[aada8e7e76ba119b]::run_test::{closure#1}, ()>::{closure#1} as core[a373ad73a504971]::ops::function::FnOnce<()>>::call_once::{shim:vtable#0}
[INFO] [stdout]   18:     0x62d9ad772ecf - <std[617be2ca0a6fd877]::sys::thread::unix::Thread>::new::thread_start
[INFO] [stdout]   19:     0x7e7a971f5dfa - <unknown>
[INFO] [stdout]   20:     0x7e7a972893d4 - clone
[INFO] [stdout]   21:                0x0 - <unknown>
[INFO] [stdout] 
[INFO] [stdout] ---- run_file_test_tests_integration_function_count_lox stdout ----
[INFO] [stdout] /opt/rustwide/workdir/tests/integration/function/count.lox
[INFO] [stdout] 
[INFO] [stdout] thread 'run_file_test_tests_integration_function_count_lox' (958) panicked at tests/integration.rs:85:54:
[INFO] [stdout] called `Result::unwrap()` on an `Err` value: Os { code: 2, kind: NotFound, message: "No such file or directory" }
[INFO] [stdout] stack backtrace:
[INFO] [stdout]    0:     0x62d9ad7739d1 - <<std[617be2ca0a6fd877]::sys::backtrace::BacktraceLock>::print::DisplayBacktrace as core[a373ad73a504971]::fmt::Display>::fmt
[INFO] [stdout]    1:     0x62d9ad7890ca - core[a373ad73a504971]::fmt::write
[INFO] [stdout]    2:     0x62d9ad777c0c - <alloc[2e1b2a31b91974c5]::vec::Vec<u8> as core[a373ad73a504971]::io::write::Write>::write_fmt
[INFO] [stdout]    3:     0x62d9ad74f8d6 - std[617be2ca0a6fd877]::panicking::default_hook::{closure#0}
[INFO] [stdout]    4:     0x62d9ad76bd09 - std[617be2ca0a6fd877]::panicking::default_hook
[INFO] [stdout]    5:     0x62d9ad647090 - test[aada8e7e76ba119b]::test_main_inner::{closure#0}
[INFO] [stdout]    6:     0x62d9ad76bec2 - std[617be2ca0a6fd877]::panicking::panic_with_hook
[INFO] [stdout]    7:     0x62d9ad74f982 - std[617be2ca0a6fd877]::panicking::panic_handler::{closure#0}
[INFO] [stdout]    8:     0x62d9ad748509 - std[617be2ca0a6fd877]::sys::backtrace::__rust_end_short_backtrace::<std[617be2ca0a6fd877]::panicking::panic_handler::{closure#0}, !>
[INFO] [stdout]    9:     0x62d9ad75058d - __rustc[ea4f61d10b84890b]::rust_begin_unwind
[INFO] [stdout]   10:     0x62d9ad7898ac - core[a373ad73a504971]::panicking::panic_fmt
[INFO] [stdout]   11:     0x62d9ad789682 - core[a373ad73a504971]::result::unwrap_failed
[INFO] [stdout]   12:     0x62d9ad635d18 - integration[a462a9ff6c40d4d5]::run_file_test
[INFO] [stdout]   13:     0x62d9ad6378a5 - <integration[a462a9ff6c40d4d5]::run_file_test_tests_integration_function_count_lox::{closure#0} as core[a373ad73a504971]::ops::function::FnOnce<()>>::call_once
[INFO] [stdout]   14:     0x62d9ad63a4db - test[aada8e7e76ba119b]::__rust_begin_short_backtrace::<core[a373ad73a504971]::result::Result<(), alloc[2e1b2a31b91974c5]::string::String>, fn() -> core[a373ad73a504971]::result::Result<(), alloc[2e1b2a31b91974c5]::string::String>>
[INFO] [stdout]   15:     0x62d9ad6476b5 - test[aada8e7e76ba119b]::run_test::{closure#0}
[INFO] [stdout]   16:     0x62d9ad640fa4 - std[617be2ca0a6fd877]::sys::backtrace::__rust_begin_short_backtrace::<test[aada8e7e76ba119b]::run_test::{closure#1}, ()>
[INFO] [stdout]   17:     0x62d9ad64a742 - <std[617be2ca0a6fd877]::thread::lifecycle::spawn_unchecked<test[aada8e7e76ba119b]::run_test::{closure#1}, ()>::{closure#1} as core[a373ad73a504971]::ops::function::FnOnce<()>>::call_once::{shim:vtable#0}
[INFO] [stdout]   18:     0x62d9ad772ecf - <std[617be2ca0a6fd877]::sys::thread::unix::Thread>::new::thread_start
[INFO] [stdout]   19:     0x7e7a971f5dfa - <unknown>
[INFO] [stdout]   20:     0x7e7a972893d4 - clone
[INFO] [stdout]   21:                0x0 - <unknown>
[INFO] [stdout] 
[INFO] [stdout] ---- run_file_test_tests_integration_if_var_in_else_lox stdout ----
[INFO] [stdout] /opt/rustwide/workdir/tests/integration/if/var_in_else.lox
[INFO] [stdout] 
[INFO] [stdout] thread 'run_file_test_tests_integration_if_var_in_else_lox' (964) panicked at tests/integration.rs:85:54:
[INFO] [stdout] called `Result::unwrap()` on an `Err` value: Os { code: 2, kind: NotFound, message: "No such file or directory" }
[INFO] [stdout] stack backtrace:
[INFO] [stdout]    0:     0x62d9ad7739d1 - <<std[617be2ca0a6fd877]::sys::backtrace::BacktraceLock>::print::DisplayBacktrace as core[a373ad73a504971]::fmt::Display>::fmt
[INFO] [stdout]    1:     0x62d9ad7890ca - core[a373ad73a504971]::fmt::write
[INFO] [stdout]    2:     0x62d9ad777c0c - <alloc[2e1b2a31b91974c5]::vec::Vec<u8> as core[a373ad73a504971]::io::write::Write>::write_fmt
[INFO] [stdout]    3:     0x62d9ad74f8d6 - std[617be2ca0a6fd877]::panicking::default_hook::{closure#0}
[INFO] [stdout]    4:     0x62d9ad76bd09 - std[617be2ca0a6fd877]::panicking::default_hook
[INFO] [stdout]    5:     0x62d9ad647090 - test[aada8e7e76ba119b]::test_main_inner::{closure#0}
[INFO] [stdout]    6:     0x62d9ad76bec2 - std[617be2ca0a6fd877]::panicking::panic_with_hook
[INFO] [stdout]    7:     0x62d9ad74f982 - std[617be2ca0a6fd877]::panicking::panic_handler::{closure#0}
[INFO] [stdout]    8:     0x62d9ad748509 - std[617be2ca0a6fd877]::sys::backtrace::__rust_end_short_backtrace::<std[617be2ca0a6fd877]::panicking::panic_handler::{closure#0}, !>
[INFO] [stdout]    9:     0x62d9ad75058d - __rustc[ea4f61d10b84890b]::rust_begin_unwind
[INFO] [stdout]   10:     0x62d9ad7898ac - core[a373ad73a504971]::panicking::panic_fmt
[INFO] [stdout]   11:     0x62d9ad789682 - core[a373ad73a504971]::result::unwrap_failed
[INFO] [stdout]   12:     0x62d9ad635d18 - integration[a462a9ff6c40d4d5]::run_file_test
[INFO] [stdout]   13:     0x62d9ad6378d5 - <integration[a462a9ff6c40d4d5]::run_file_test_tests_integration_if_var_in_else_lox::{closure#0} as core[a373ad73a504971]::ops::function::FnOnce<()>>::call_once
[INFO] [stdout]   14:     0x62d9ad63a4db - test[aada8e7e76ba119b]::__rust_begin_short_backtrace::<core[a373ad73a504971]::result::Result<(), alloc[2e1b2a31b91974c5]::string::String>, fn() -> core[a373ad73a504971]::result::Result<(), alloc[2e1b2a31b91974c5]::string::String>>
[INFO] [stdout]   15:     0x62d9ad6476b5 - test[aada8e7e76ba119b]::run_test::{closure#0}
[INFO] [stdout]   16:     0x62d9ad640fa4 - std[617be2ca0a6fd877]::sys::backtrace::__rust_begin_short_backtrace::<test[aada8e7e76ba119b]::run_test::{closure#1}, ()>
[INFO] [stdout]   17:     0x62d9ad64a742 - <std[617be2ca0a6fd877]::thread::lifecycle::spawn_unchecked<test[aada8e7e76ba119b]::run_test::{closure#1}, ()>::{closure#1} as core[a373ad73a504971]::ops::function::FnOnce<()>>::call_once::{shim:vtable#0}
[INFO] [stdout]   18:     0x62d9ad772ecf - <std[617be2ca0a6fd877]::sys::thread::unix::Thread>::new::thread_start
[INFO] [stdout]   19:     0x7e7a971f5dfa - <unknown>
[INFO] [stdout]   20:     0x7e7a972893d4 - clone
[INFO] [stdout]   21:                0x0 - <unknown>
[INFO] [stdout] 
[INFO] [stdout] ---- run_file_test_tests_integration_logic_and_lox stdout ----
[INFO] [stdout] /opt/rustwide/workdir/tests/integration/logic/and.lox
[INFO] [stdout] 
[INFO] [stdout] thread 'run_file_test_tests_integration_logic_and_lox' (983) panicked at tests/integration.rs:85:54:
[INFO] [stdout] called `Result::unwrap()` on an `Err` value: Os { code: 2, kind: NotFound, message: "No such file or directory" }
[INFO] [stdout] stack backtrace:
[INFO] [stdout]    0:     0x62d9ad7739d1 - <<std[617be2ca0a6fd877]::sys::backtrace::BacktraceLock>::print::DisplayBacktrace as core[a373ad73a504971]::fmt::Display>::fmt
[INFO] [stdout]    1:     0x62d9ad7890ca - core[a373ad73a504971]::fmt::write
[INFO] [stdout]    2:     0x62d9ad777c0c - <alloc[2e1b2a31b91974c5]::vec::Vec<u8> as core[a373ad73a504971]::io::write::Write>::write_fmt
[INFO] [stdout]    3:     0x62d9ad74f8d6 - std[617be2ca0a6fd877]::panicking::default_hook::{closure#0}
[INFO] [stdout]    4:     0x62d9ad76bd09 - std[617be2ca0a6fd877]::panicking::default_hook
[INFO] [stdout]    5:     0x62d9ad647090 - test[aada8e7e76ba119b]::test_main_inner::{closure#0}
[INFO] [stdout]    6:     0x62d9ad76bec2 - std[617be2ca0a6fd877]::panicking::panic_with_hook
[INFO] [stdout]    7:     0x62d9ad74f982 - std[617be2ca0a6fd877]::panicking::panic_handler::{closure#0}
[INFO] [stdout]    8:     0x62d9ad748509 - std[617be2ca0a6fd877]::sys::backtrace::__rust_end_short_backtrace::<std[617be2ca0a6fd877]::panicking::panic_handler::{closure#0}, !>
[INFO] [stdout]    9:     0x62d9ad75058d - __rustc[ea4f61d10b84890b]::rust_begin_unwind
[INFO] [stdout]   10:     0x62d9ad7898ac - core[a373ad73a504971]::panicking::panic_fmt
[INFO] [stdout]   11:     0x62d9ad789682 - core[a373ad73a504971]::result::unwrap_failed
[INFO] [stdout]   12:     0x62d9ad635d18 - integration[a462a9ff6c40d4d5]::run_file_test
[INFO] [stdout]   13:     0x62d9ad637665 - <integration[a462a9ff6c40d4d5]::run_file_test_tests_integration_logic_and_lox::{closure#0} as core[a373ad73a504971]::ops::function::FnOnce<()>>::call_once
[INFO] [stdout]   14:     0x62d9ad63a4db - test[aada8e7e76ba119b]::__rust_begin_short_backtrace::<core[a373ad73a504971]::result::Result<(), alloc[2e1b2a31b91974c5]::string::String>, fn() -> core[a373ad73a504971]::result::Result<(), alloc[2e1b2a31b91974c5]::string::String>>
[INFO] [stdout]   15:     0x62d9ad6476b5 - test[aada8e7e76ba119b]::run_test::{closure#0}
[INFO] [stdout]   16:     0x62d9ad640fa4 - std[617be2ca0a6fd877]::sys::backtrace::__rust_begin_short_backtrace::<test[aada8e7e76ba119b]::run_test::{closure#1}, ()>
[INFO] [stdout]   17:     0x62d9ad64a742 - <std[617be2ca0a6fd877]::thread::lifecycle::spawn_unchecked<test[aada8e7e76ba119b]::run_test::{closure#1}, ()>::{closure#1} as core[a373ad73a504971]::ops::function::FnOnce<()>>::call_once::{shim:vtable#0}
[INFO] [stdout]   18:     0x62d9ad772ecf - <std[617be2ca0a6fd877]::sys::thread::unix::Thread>::new::thread_start
[INFO] [stdout]   19:     0x7e7a971f5dfa - <unknown>
[INFO] [stdout]   20:     0x7e7a972893d4 - clone
[INFO] [stdout]   21:                0x0 - <unknown>
[INFO] [stdout] 
[INFO] [stdout] ---- run_file_test_tests_integration_list_modify_lox stdout ----
[INFO] [stdout] /opt/rustwide/workdir/tests/integration/list/modify.lox
[INFO] [stdout] 
[INFO] [stdout] thread 'run_file_test_tests_integration_list_modify_lox' (981) panicked at tests/integration.rs:85:54:
[INFO] [stdout] called `Result::unwrap()` on an `Err` value: Os { code: 2, kind: NotFound, message: "No such file or directory" }
[INFO] [stdout] stack backtrace:
[INFO] [stdout]    0:     0x62d9ad7739d1 - <<std[617be2ca0a6fd877]::sys::backtrace::BacktraceLock>::print::DisplayBacktrace as core[a373ad73a504971]::fmt::Display>::fmt
[INFO] [stdout]    1:     0x62d9ad7890ca - core[a373ad73a504971]::fmt::write
[INFO] [stdout]    2:     0x62d9ad777c0c - <alloc[2e1b2a31b91974c5]::vec::Vec<u8> as core[a373ad73a504971]::io::write::Write>::write_fmt
[INFO] [stdout]    3:     0x62d9ad74f8d6 - std[617be2ca0a6fd877]::panicking::default_hook::{closure#0}
[INFO] [stdout]    4:     0x62d9ad76bd09 - std[617be2ca0a6fd877]::panicking::default_hook
[INFO] [stdout]    5:     0x62d9ad647090 - test[aada8e7e76ba119b]::test_main_inner::{closure#0}
[INFO] [stdout]    6:     0x62d9ad76bec2 - std[617be2ca0a6fd877]::panicking::panic_with_hook
[INFO] [stdout]    7:     0x62d9ad74f982 - std[617be2ca0a6fd877]::panicking::panic_handler::{closure#0}
[INFO] [stdout]    8:     0x62d9ad748509 - std[617be2ca0a6fd877]::sys::backtrace::__rust_end_short_backtrace::<std[617be2ca0a6fd877]::panicking::panic_handler::{closure#0}, !>
[INFO] [stdout]    9:     0x62d9ad75058d - __rustc[ea4f61d10b84890b]::rust_begin_unwind
[INFO] [stdout]   10:     0x62d9ad7898ac - core[a373ad73a504971]::panicking::panic_fmt
[INFO] [stdout]   11:     0x62d9ad789682 - core[a373ad73a504971]::result::unwrap_failed
[INFO] [stdout]   12:     0x62d9ad635d18 - integration[a462a9ff6c40d4d5]::run_file_test
[INFO] [stdout]   13:     0x62d9ad6376f5 - <integration[a462a9ff6c40d4d5]::run_file_test_tests_integration_list_modify_lox::{closure#0} as core[a373ad73a504971]::ops::function::FnOnce<()>>::call_once
[INFO] [stdout]   14:     0x62d9ad63a4db - test[aada8e7e76ba119b]::__rust_begin_short_backtrace::<core[a373ad73a504971]::result::Result<(), alloc[2e1b2a31b91974c5]::string::String>, fn() -> core[a373ad73a504971]::result::Result<(), alloc[2e1b2a31b91974c5]::string::String>>
[INFO] [stdout]   15:     0x62d9ad6476b5 - test[aada8e7e76ba119b]::run_test::{closure#0}
[INFO] [stdout]   16:     0x62d9ad640fa4 - std[617be2ca0a6fd877]::sys::backtrace::__rust_begin_short_backtrace::<test[aada8e7e76ba119b]::run_test::{closure#1}, ()>
[INFO] [stdout]   17:     0x62d9ad64a742 - <std[617be2ca0a6fd877]::thread::lifecycle::spawn_unchecked<test[aada8e7e76ba119b]::run_test::{closure#1}, ()>::{closure#1} as core[a373ad73a504971]::ops::function::FnOnce<()>>::call_once::{shim:vtable#0}
[INFO] [stdout]   18:     0x62d9ad772ecf - <std[617be2ca0a6fd877]::sys::thread::unix::Thread>::new::thread_start
[INFO] [stdout]   19:     0x7e7a971f5dfa - <unknown>
[INFO] [stdout]   20:     0x7e7a972893d4 - clone
[INFO] [stdout]   21:                0x0 - <unknown>
[INFO] [stdout] 
[INFO] [stdout] ---- run_file_test_tests_integration_list_string_list_lox stdout ----
[INFO] [stdout] /opt/rustwide/workdir/tests/integration/list/string_list.lox
[INFO] [stdout] 
[INFO] [stdout] thread 'run_file_test_tests_integration_list_string_list_lox' (982) panicked at tests/integration.rs:85:54:
[INFO] [stdout] called `Result::unwrap()` on an `Err` value: Os { code: 2, kind: NotFound, message: "No such file or directory" }
[INFO] [stdout] stack backtrace:
[INFO] [stdout]    0:     0x62d9ad7739d1 - <<std[617be2ca0a6fd877]::sys::backtrace::BacktraceLock>::print::DisplayBacktrace as core[a373ad73a504971]::fmt::Display>::fmt
[INFO] [stdout]    1:     0x62d9ad7890ca - core[a373ad73a504971]::fmt::write
[INFO] [stdout]    2:     0x62d9ad777c0c - <alloc[2e1b2a31b91974c5]::vec::Vec<u8> as core[a373ad73a504971]::io::write::Write>::write_fmt
[INFO] [stdout]    3:     0x62d9ad74f8d6 - std[617be2ca0a6fd877]::panicking::default_hook::{closure#0}
[INFO] [stdout]    4:     0x62d9ad76bd09 - std[617be2ca0a6fd877]::panicking::default_hook
[INFO] [stdout]    5:     0x62d9ad647090 - test[aada8e7e76ba119b]::test_main_inner::{closure#0}
[INFO] [stdout]    6:     0x62d9ad76bec2 - std[617be2ca0a6fd877]::panicking::panic_with_hook
[INFO] [stdout]    7:     0x62d9ad74f982 - std[617be2ca0a6fd877]::panicking::panic_handler::{closure#0}
[INFO] [stdout]    8:     0x62d9ad748509 - std[617be2ca0a6fd877]::sys::backtrace::__rust_end_short_backtrace::<std[617be2ca0a6fd877]::panicking::panic_handler::{closure#0}, !>
[INFO] [stdout]    9:     0x62d9ad75058d - __rustc[ea4f61d10b84890b]::rust_begin_unwind
[INFO] [stdout]   10:     0x62d9ad7898ac - core[a373ad73a504971]::panicking::panic_fmt
[INFO] [stdout]   11:     0x62d9ad789682 - core[a373ad73a504971]::result::unwrap_failed
[INFO] [stdout]   12:     0x62d9ad635d18 - integration[a462a9ff6c40d4d5]::run_file_test
[INFO] [stdout]   13:     0x62d9ad6379c5 - <integration[a462a9ff6c40d4d5]::run_file_test_tests_integration_list_string_list_lox::{closure#0} as core[a373ad73a504971]::ops::function::FnOnce<()>>::call_once
[INFO] [stdout]   14:     0x62d9ad63a4db - test[aada8e7e76ba119b]::__rust_begin_short_backtrace::<core[a373ad73a504971]::result::Result<(), alloc[2e1b2a31b91974c5]::string::String>, fn() -> core[a373ad73a504971]::result::Result<(), alloc[2e1b2a31b91974c5]::string::String>>
[INFO] [stdout]   15:     0x62d9ad6476b5 - test[aada8e7e76ba119b]::run_test::{closure#0}
[INFO] [stdout]   16:     0x62d9ad640fa4 - std[617be2ca0a6fd877]::sys::backtrace::__rust_begin_short_backtrace::<test[aada8e7e76ba119b]::run_test::{closure#1}, ()>
[INFO] [stdout]   17:     0x62d9ad64a742 - <std[617be2ca0a6fd877]::thread::lifecycle::spawn_unchecked<test[aada8e7e76ba119b]::run_test::{closure#1}, ()>::{closure#1} as core[a373ad73a504971]::ops::function::FnOnce<()>>::call_once::{shim:vtable#0}
[INFO] [stdout]   18:     0x62d9ad772ecf - <std[617be2ca0a6fd877]::sys::thread::unix::Thread>::new::thread_start
[INFO] [stdout]   19:     0x7e7a971f5dfa - <unknown>
[INFO] [stdout]   20:     0x7e7a972893d4 - clone
[INFO] [stdout]   21:                0x0 - <unknown>
[INFO] [stdout] 
[INFO] [stdout] ---- run_file_test_tests_integration_logic_or_lox stdout ----
[INFO] [stdout] /opt/rustwide/workdir/tests/integration/logic/or.lox
[INFO] [stdout] 
[INFO] [stdout] thread 'run_file_test_tests_integration_logic_or_lox' (989) panicked at tests/integration.rs:85:54:
[INFO] [stdout] called `Result::unwrap()` on an `Err` value: Os { code: 2, kind: NotFound, message: "No such file or directory" }
[INFO] [stdout] stack backtrace:
[INFO] [stdout]    0:     0x62d9ad7739d1 - <<std[617be2ca0a6fd877]::sys::backtrace::BacktraceLock>::print::DisplayBacktrace as core[a373ad73a504971]::fmt::Display>::fmt
[INFO] [stdout]    1:     0x62d9ad7890ca - core[a373ad73a504971]::fmt::write
[INFO] [stdout]    2:     0x62d9ad777c0c - <alloc[2e1b2a31b91974c5]::vec::Vec<u8> as core[a373ad73a504971]::io::write::Write>::write_fmt
[INFO] [stdout]    3:     0x62d9ad74f8d6 - std[617be2ca0a6fd877]::panicking::default_hook::{closure#0}
[INFO] [stdout]    4:     0x62d9ad76bd09 - std[617be2ca0a6fd877]::panicking::default_hook
[INFO] [stdout]    5:     0x62d9ad647090 - test[aada8e7e76ba119b]::test_main_inner::{closure#0}
[INFO] [stdout]    6:     0x62d9ad76bec2 - std[617be2ca0a6fd877]::panicking::panic_with_hook
[INFO] [stdout]    7:     0x62d9ad74f982 - std[617be2ca0a6fd877]::panicking::panic_handler::{closure#0}
[INFO] [stdout]    8:     0x62d9ad748509 - std[617be2ca0a6fd877]::sys::backtrace::__rust_end_short_backtrace::<std[617be2ca0a6fd877]::panicking::panic_handler::{closure#0}, !>
[INFO] [stdout]    9:     0x62d9ad75058d - __rustc[ea4f61d10b84890b]::rust_begin_unwind
[INFO] [stdout]   10:     0x62d9ad7898ac - core[a373ad73a504971]::panicking::panic_fmt
[INFO] [stdout]   11:     0x62d9ad789682 - core[a373ad73a504971]::result::unwrap_failed
[INFO] [stdout]   12:     0x62d9ad635d18 - integration[a462a9ff6c40d4d5]::run_file_test
[INFO] [stdout]   13:     0x62d9ad6375d5 - <integration[a462a9ff6c40d4d5]::run_file_test_tests_integration_logic_or_lox::{closure#0} as core[a373ad73a504971]::ops::function::FnOnce<()>>::call_once
[INFO] [stdout]   14:     0x62d9ad63a4db - test[aada8e7e76ba119b]::__rust_begin_short_backtrace::<core[a373ad73a504971]::result::Result<(), alloc[2e1b2a31b91974c5]::string::String>, fn() -> core[a373ad73a504971]::result::Result<(), alloc[2e1b2a31b91974c5]::string::String>>
[INFO] [stdout]   15:     0x62d9ad6476b5 - test[aada8e7e76ba119b]::run_test::{closure#0}
[INFO] [stdout]   16:     0x62d9ad640fa4 - std[617be2ca0a6fd877]::sys::backtrace::__rust_begin_short_backtrace::<test[aada8e7e76ba119b]::run_test::{closure#1}, ()>
[INFO] [stdout]   17:     0x62d9ad64a742 - <std[617be2ca0a6fd877]::thread::lifecycle::spawn_unchecked<test[aada8e7e76ba119b]::run_test::{closure#1}, ()>::{closure#1} as core[a373ad73a504971]::ops::function::FnOnce<()>>::call_once::{shim:vtable#0}
[INFO] [stdout]   18:     0x62d9ad772ecf - <std[617be2ca0a6fd877]::sys::thread::unix::Thread>::new::thread_start
[INFO] [stdout]   19:     0x7e7a971f5dfa - <unknown>
[INFO] [stdout]   20:     0x7e7a972893d4 - clone
[INFO] [stdout]   21:                0x0 - <unknown>
[INFO] [stdout] 
[INFO] [stdout] ---- run_file_test_tests_integration_inheritance_inheritance_lox stdout ----
[INFO] [stdout] /opt/rustwide/workdir/tests/integration/inheritance/inheritance.lox
[INFO] [stdout] 
[INFO] [stdout] thread 'run_file_test_tests_integration_inheritance_inheritance_lox' (977) panicked at tests/integration.rs:85:54:
[INFO] [stdout] called `Result::unwrap()` on an `Err` value: Os { code: 2, kind: NotFound, message: "No such file or directory" }
[INFO] [stdout] stack backtrace:
[INFO] [stdout]    0:     0x62d9ad7739d1 - <<std[617be2ca0a6fd877]::sys::backtrace::BacktraceLock>::print::DisplayBacktrace as core[a373ad73a504971]::fmt::Display>::fmt
[INFO] [stdout]    1:     0x62d9ad7890ca - core[a373ad73a504971]::fmt::write
[INFO] [stdout]    2:     0x62d9ad777c0c - <alloc[2e1b2a31b91974c5]::vec::Vec<u8> as core[a373ad73a504971]::io::write::Write>::write_fmt
[INFO] [stdout]    3:     0x62d9ad74f8d6 - std[617be2ca0a6fd877]::panicking::default_hook::{closure#0}
[INFO] [stdout]    4:     0x62d9ad76bd09 - std[617be2ca0a6fd877]::panicking::default_hook
[INFO] [stdout]    5:     0x62d9ad647090 - test[aada8e7e76ba119b]::test_main_inner::{closure#0}
[INFO] [stdout]    6:     0x62d9ad76bec2 - std[617be2ca0a6fd877]::panicking::panic_with_hook
[INFO] [stdout]    7:     0x62d9ad74f982 - std[617be2ca0a6fd877]::panicking::panic_handler::{closure#0}
[INFO] [stdout]    8:     0x62d9ad748509 - std[617be2ca0a6fd877]::sys::backtrace::__rust_end_short_backtrace::<std[617be2ca0a6fd877]::panicking::panic_handler::{closure#0}, !>
[INFO] [stdout]    9:     0x62d9ad75058d - __rustc[ea4f61d10b84890b]::rust_begin_unwind
[INFO] [stdout]   10:     0x62d9ad7898ac - core[a373ad73a504971]::panicking::panic_fmt
[INFO] [stdout]   11:     0x62d9ad789682 - core[a373ad73a504971]::result::unwrap_failed
[INFO] [stdout]   12:     0x62d9ad635d18 - integration[a462a9ff6c40d4d5]::run_file_test
[INFO] [stdout]   13:     0x62d9ad637d85 - <integration[a462a9ff6c40d4d5]::run_file_test_tests_integration_inheritance_inheritance_lox::{closure#0} as core[a373ad73a504971]::ops::function::FnOnce<()>>::call_once
[INFO] [stdout]   14:     0x62d9ad63a4db - test[aada8e7e76ba119b]::__rust_begin_short_backtrace::<core[a373ad73a504971]::result::Result<(), alloc[2e1b2a31b91974c5]::string::String>, fn() -> core[a373ad73a504971]::result::Result<(), alloc[2e1b2a31b91974c5]::string::String>>
[INFO] [stdout]   15:     0x62d9ad6476b5 - test[aada8e7e76ba119b]::run_test::{closure#0}
[INFO] [stdout]   16:     0x62d9ad640fa4 - std[617be2ca0a6fd877]::sys::backtrace::__rust_begin_short_backtrace::<test[aada8e7e76ba119b]::run_test::{closure#1}, ()>
[INFO] [stdout]   17:     0x62d9ad64a742 - <std[617be2ca0a6fd877]::thread::lifecycle::spawn_unchecked<test[aada8e7e76ba119b]::run_test::{closure#1}, ()>::{closure#1} as core[a373ad73a504971]::ops::function::FnOnce<()>>::call_once::{shim:vtable#0}
[INFO] [stdout]   18:     0x62d9ad772ecf - <std[617be2ca0a6fd877]::sys::thread::unix::Thread>::new::thread_start
[INFO] [stdout]   19:     0x7e7a971f5dfa - <unknown>
[INFO] [stdout]   20:     0x7e7a972893d4 - clone
[INFO] [stdout]   21:                0x0 - <unknown>
[INFO] [stdout] 
[INFO] [stdout] ---- run_file_test_tests_integration_logic_and_truth_lox stdout ----
[INFO] [stdout] /opt/rustwide/workdir/tests/integration/logic/and_truth.lox
[INFO] [stdout] 
[INFO] [stdout] thread 'run_file_test_tests_integration_logic_and_truth_lox' (985) panicked at tests/integration.rs:85:54:
[INFO] [stdout] called `Result::unwrap()` on an `Err` value: Os { code: 2, kind: NotFound, message: "No such file or directory" }
[INFO] [stdout] stack backtrace:
[INFO] [stdout]    0:     0x62d9ad7739d1 - <<std[617be2ca0a6fd877]::sys::backtrace::BacktraceLock>::print::DisplayBacktrace as core[a373ad73a504971]::fmt::Display>::fmt
[INFO] [stdout]    1:     0x62d9ad7890ca - core[a373ad73a504971]::fmt::write
[INFO] [stdout]    2:     0x62d9ad777c0c - <alloc[2e1b2a31b91974c5]::vec::Vec<u8> as core[a373ad73a504971]::io::write::Write>::write_fmt
[INFO] [stdout]    3:     0x62d9ad74f8d6 - std[617be2ca0a6fd877]::panicking::default_hook::{closure#0}
[INFO] [stdout]    4:     0x62d9ad76bd09 - std[617be2ca0a6fd877]::panicking::default_hook
[INFO] [stdout]    5:     0x62d9ad647090 - test[aada8e7e76ba119b]::test_main_inner::{closure#0}
[INFO] [stdout]    6:     0x62d9ad76bec2 - std[617be2ca0a6fd877]::panicking::panic_with_hook
[INFO] [stdout]    7:     0x62d9ad74f982 - std[617be2ca0a6fd877]::panicking::panic_handler::{closure#0}
[INFO] [stdout]    8:     0x62d9ad748509 - std[617be2ca0a6fd877]::sys::backtrace::__rust_end_short_backtrace::<std[617be2ca0a6fd877]::panicking::panic_handler::{closure#0}, !>
[INFO] [stdout]    9:     0x62d9ad75058d - __rustc[ea4f61d10b84890b]::rust_begin_unwind
[INFO] [stdout]   10:     0x62d9ad7898ac - core[a373ad73a504971]::panicking::panic_fmt
[INFO] [stdout]   11:     0x62d9ad789682 - core[a373ad73a504971]::result::unwrap_failed
[INFO] [stdout]   12:     0x62d9ad635d18 - integration[a462a9ff6c40d4d5]::run_file_test
[INFO] [stdout]   13:     0x62d9ad637935 - <integration[a462a9ff6c40d4d5]::run_file_test_tests_integration_logic_and_truth_lox::{closure#0} as core[a373ad73a504971]::ops::function::FnOnce<()>>::call_once
[INFO] [stdout]   14:     0x62d9ad63a4db - test[aada8e7e76ba119b]::__rust_begin_short_backtrace::<core[a373ad73a504971]::result::Result<(), alloc[2e1b2a31b91974c5]::string::String>, fn() -> core[a373ad73a504971]::result::Result<(), alloc[2e1b2a31b91974c5]::string::String>>
[INFO] [stdout]   15:     0x62d9ad6476b5 - test[aada8e7e76ba119b]::run_test::{closure#0}
[INFO] [stdout]   16:     0x62d9ad640fa4 - std[617be2ca0a6fd877]::sys::backtrace::__rust_begin_short_backtrace::<test[aada8e7e76ba119b]::run_test::{closure#1}, ()>
[INFO] [stdout]   17:     0x62d9ad64a742 - <std[617be2ca0a6fd877]::thread::lifecycle::spawn_unchecked<test[aada8e7e76ba119b]::run_test::{closure#1}, ()>::{closure#1} as core[a373ad73a504971]::ops::function::FnOnce<()>>::call_once::{shim:vtable#0}
[INFO] [stdout]   18:     0x62d9ad772ecf - <std[617be2ca0a6fd877]::sys::thread::unix::Thread>::new::thread_start
[INFO] [stdout]   19:     0x7e7a971f5dfa - <unknown>
[INFO] [stdout]   20:     0x7e7a972893d4 - clone
[INFO] [stdout]   21:                0x0 - <unknown>
[INFO] [stdout] 
[INFO] [stdout] ---- run_file_test_tests_integration_if_truth_lox stdout ----
[INFO] [stdout] /opt/rustwide/workdir/tests/integration/if/truth.lox
[INFO] [stdout] 
[INFO] [stdout] thread 'run_file_test_tests_integration_if_truth_lox' (963) panicked at tests/integration.rs:85:54:
[INFO] [stdout] called `Result::unwrap()` on an `Err` value: Os { code: 2, kind: NotFound, message: "No such file or directory" }
[INFO] [stdout] stack backtrace:
[INFO] [stdout]    0:     0x62d9ad7739d1 - <<std[617be2ca0a6fd877]::sys::backtrace::BacktraceLock>::print::DisplayBacktrace as core[a373ad73a504971]::fmt::Display>::fmt
[INFO] [stdout]    1:     0x62d9ad7890ca - core[a373ad73a504971]::fmt::write
[INFO] [stdout]    2:     0x62d9ad777c0c - <alloc[2e1b2a31b91974c5]::vec::Vec<u8> as core[a373ad73a504971]::io::write::Write>::write_fmt
[INFO] [stdout]    3:     0x62d9ad74f8d6 - std[617be2ca0a6fd877]::panicking::default_hook::{closure#0}
[INFO] [stdout]    4:     0x62d9ad76bd09 - std[617be2ca0a6fd877]::panicking::default_hook
[INFO] [stdout]    5:     0x62d9ad647090 - test[aada8e7e76ba119b]::test_main_inner::{closure#0}
[INFO] [stdout]    6:     0x62d9ad76bec2 - std[617be2ca0a6fd877]::panicking::panic_with_hook
[INFO] [stdout]    7:     0x62d9ad74f982 - std[617be2ca0a6fd877]::panicking::panic_handler::{closure#0}
[INFO] [stdout]    8:     0x62d9ad748509 - std[617be2ca0a6fd877]::sys::backtrace::__rust_end_short_backtrace::<std[617be2ca0a6fd877]::panicking::panic_handler::{closure#0}, !>
[INFO] [stdout]    9:     0x62d9ad75058d - __rustc[ea4f61d10b84890b]::rust_begin_unwind
[INFO] [stdout]   10:     0x62d9ad7898ac - core[a373ad73a504971]::panicking::panic_fmt
[INFO] [stdout]   11:     0x62d9ad789682 - core[a373ad73a504971]::result::unwrap_failed
[INFO] [stdout]   12:     0x62d9ad635d18 - integration[a462a9ff6c40d4d5]::run_file_test
[INFO] [stdout]   13:     0x62d9ad6375a5 - <integration[a462a9ff6c40d4d5]::run_file_test_tests_integration_if_truth_lox::{closure#0} as core[a373ad73a504971]::ops::function::FnOnce<()>>::call_once
[INFO] [stdout]   14:     0x62d9ad63a4db - test[aada8e7e76ba119b]::__rust_begin_short_backtrace::<core[a373ad73a504971]::result::Result<(), alloc[2e1b2a31b91974c5]::string::String>, fn() -> core[a373ad73a504971]::result::Result<(), alloc[2e1b2a31b91974c5]::string::String>>
[INFO] [stdout]   15:     0x62d9ad6476b5 - test[aada8e7e76ba119b]::run_test::{closure#0}
[INFO] [stdout]   16:     0x62d9ad640fa4 - std[617be2ca0a6fd877]::sys::backtrace::__rust_begin_short_backtrace::<test[aada8e7e76ba119b]::run_test::{closure#1}, ()>
[INFO] [stdout]   17:     0x62d9ad64a742 - <std[617be2ca0a6fd877]::thread::lifecycle::spawn_unchecked<test[aada8e7e76ba119b]::run_test::{closure#1}, ()>::{closure#1} as core[a373ad73a504971]::ops::function::FnOnce<()>>::call_once::{shim:vtable#0}
[INFO] [stdout]   18:     0x62d9ad772ecf - <std[617be2ca0a6fd877]::sys::thread::unix::Thread>::new::thread_start
[INFO] [stdout]   19:     0x7e7a971f5dfa - <unknown>
[INFO] [stdout]   20:     0x7e7a972893d4 - clone
[INFO] [stdout]   21:                0x0 - <unknown>
[INFO] [stdout] 
[INFO] [stdout] ---- run_file_test_tests_integration_logic_or_truth_lox stdout ----
[INFO] [stdout] /opt/rustwide/workdir/tests/integration/logic/or_truth.lox
[INFO] [stdout] 
[INFO] [stdout] thread 'run_file_test_tests_integration_logic_or_truth_lox' (994) panicked at tests/integration.rs:85:54:
[INFO] [stdout] called `Result::unwrap()` on an `Err` value: Os { code: 2, kind: NotFound, message: "No such file or directory" }
[INFO] [stdout] stack backtrace:
[INFO] [stdout]    0:     0x62d9ad7739d1 - <<std[617be2ca0a6fd877]::sys::backtrace::BacktraceLock>::print::DisplayBacktrace as core[a373ad73a504971]::fmt::Display>::fmt
[INFO] [stdout]    1:     0x62d9ad7890ca - core[a373ad73a504971]::fmt::write
[INFO] [stdout]    2:     0x62d9ad777c0c - <alloc[2e1b2a31b91974c5]::vec::Vec<u8> as core[a373ad73a504971]::io::write::Write>::write_fmt
[INFO] [stdout]    3:     0x62d9ad74f8d6 - std[617be2ca0a6fd877]::panicking::default_hook::{closure#0}
[INFO] [stdout]    4:     0x62d9ad76bd09 - std[617be2ca0a6fd877]::panicking::default_hook
[INFO] [stdout]    5:     0x62d9ad647090 - test[aada8e7e76ba119b]::test_main_inner::{closure#0}
[INFO] [stdout]    6:     0x62d9ad76bec2 - std[617be2ca0a6fd877]::panicking::panic_with_hook
[INFO] [stdout]    7:     0x62d9ad74f982 - std[617be2ca0a6fd877]::panicking::panic_handler::{closure#0}
[INFO] [stdout]    8:     0x62d9ad748509 - std[617be2ca0a6fd877]::sys::backtrace::__rust_end_short_backtrace::<std[617be2ca0a6fd877]::panicking::panic_handler::{closure#0}, !>
[INFO] [stdout]    9:     0x62d9ad75058d - __rustc[ea4f61d10b84890b]::rust_begin_unwind
[INFO] [stdout]   10:     0x62d9ad7898ac - core[a373ad73a504971]::panicking::panic_fmt
[INFO] [stdout]   11:     0x62d9ad789682 - core[a373ad73a504971]::result::unwrap_failed
[INFO] [stdout]   12:     0x62d9ad635d18 - integration[a462a9ff6c40d4d5]::run_file_test
[INFO] [stdout]   13:     0x62d9ad637905 - <integration[a462a9ff6c40d4d5]::run_file_test_tests_integration_logic_or_truth_lox::{closure#0} as core[a373ad73a504971]::ops::function::FnOnce<()>>::call_once
[INFO] [stdout]   14:     0x62d9ad63a4db - test[aada8e7e76ba119b]::__rust_begin_short_backtrace::<core[a373ad73a504971]::result::Result<(), alloc[2e1b2a31b91974c5]::string::String>, fn() -> core[a373ad73a504971]::result::Result<(), alloc[2e1b2a31b91974c5]::string::String>>
[INFO] [stdout]   15:     0x62d9ad6476b5 - test[aada8e7e76ba119b]::run_test::{closure#0}
[INFO] [stdout]   16:     0x62d9ad640fa4 - std[617be2ca0a6fd877]::sys::backtrace::__rust_begin_short_backtrace::<test[aada8e7e76ba119b]::run_test::{closure#1}, ()>
[INFO] [stdout]   17:     0x62d9ad64a742 - <std[617be2ca0a6fd877]::thread::lifecycle::spawn_unchecked<test[aada8e7e76ba119b]::run_test::{closure#1}, ()>::{closure#1} as core[a373ad73a504971]::ops::function::FnOnce<()>>::call_once::{shim:vtable#0}
[INFO] [stdout]   18:     0x62d9ad772ecf - <std[617be2ca0a6fd877]::sys::thread::unix::Thread>::new::thread_start
[INFO] [stdout]   19:     0x7e7a971f5dfa - <unknown>
[INFO] [stdout]   20:     0x7e7a972893d4 - clone
[INFO] [stdout]   21:                0x0 - <unknown>
[INFO] [stdout] 
[INFO] [stdout] ---- run_file_test_tests_integration_return_at_top_level_lox stdout ----
[INFO] [stdout] /opt/rustwide/workdir/tests/integration/return/at_top_level.lox
[INFO] [stdout] 
[INFO] [stdout] thread 'run_file_test_tests_integration_return_at_top_level_lox' (998) panicked at tests/integration.rs:85:54:
[INFO] [stdout] called `Result::unwrap()` on an `Err` value: Os { code: 2, kind: NotFound, message: "No such file or directory" }
[INFO] [stdout] stack backtrace:
[INFO] [stdout]    0:     0x62d9ad7739d1 - <<std[617be2ca0a6fd877]::sys::backtrace::BacktraceLock>::print::DisplayBacktrace as core[a373ad73a504971]::fmt::Display>::fmt
[INFO] [stdout]    1:     0x62d9ad7890ca - core[a373ad73a504971]::fmt::write
[INFO] [stdout]    2:     0x62d9ad777c0c - <alloc[2e1b2a31b91974c5]::vec::Vec<u8> as core[a373ad73a504971]::io::write::Write>::write_fmt
[INFO] [stdout]    3:     0x62d9ad74f8d6 - std[617be2ca0a6fd877]::panicking::default_hook::{closure#0}
[INFO] [stdout]    4:     0x62d9ad76bd09 - std[617be2ca0a6fd877]::panicking::default_hook
[INFO] [stdout]    5:     0x62d9ad647090 - test[aada8e7e76ba119b]::test_main_inner::{closure#0}
[INFO] [stdout]    6:     0x62d9ad76bec2 - std[617be2ca0a6fd877]::panicking::panic_with_hook
[INFO] [stdout]    7:     0x62d9ad74f982 - std[617be2ca0a6fd877]::panicking::panic_handler::{closure#0}
[INFO] [stdout]    8:     0x62d9ad748509 - std[617be2ca0a6fd877]::sys::backtrace::__rust_end_short_backtrace::<std[617be2ca0a6fd877]::panicking::panic_handler::{closure#0}, !>
[INFO] [stdout]    9:     0x62d9ad75058d - __rustc[ea4f61d10b84890b]::rust_begin_unwind
[INFO] [stdout]   10:     0x62d9ad7898ac - core[a373ad73a504971]::panicking::panic_fmt
[INFO] [stdout]   11:     0x62d9ad789682 - core[a373ad73a504971]::result::unwrap_failed
[INFO] [stdout]   12:     0x62d9ad635d18 - integration[a462a9ff6c40d4d5]::run_file_test
[INFO] [stdout]   13:     0x62d9ad637ba5 - <integration[a462a9ff6c40d4d5]::run_file_test_tests_integration_return_at_top_level_lox::{closure#0} as core[a373ad73a504971]::ops::function::FnOnce<()>>::call_once
[INFO] [stdout]   14:     0x62d9ad63a4db - test[aada8e7e76ba119b]::__rust_begin_short_backtrace::<core[a373ad73a504971]::result::Result<(), alloc[2e1b2a31b91974c5]::string::String>, fn() -> core[a373ad73a504971]::result::Result<(), alloc[2e1b2a31b91974c5]::string::String>>
[INFO] [stdout]   15:     0x62d9ad6476b5 - test[aada8e7e76ba119b]::run_test::{closure#0}
[INFO] [stdout]   16:     0x62d9ad640fa4 - std[617be2ca0a6fd877]::sys::backtrace::__rust_begin_short_backtrace::<test[aada8e7e76ba119b]::run_test::{closure#1}, ()>
[INFO] [stdout]   17:     0x62d9ad64a742 - <std[617be2ca0a6fd877]::thread::lifecycle::spawn_unchecked<test[aada8e7e76ba119b]::run_test::{closure#1}, ()>::{closure#1} as core[a373ad73a504971]::ops::function::FnOnce<()>>::call_once::{shim:vtable#0}
[INFO] [stdout]   18:     0x62d9ad772ecf - <std[617be2ca0a6fd877]::sys::thread::unix::Thread>::new::thread_start
[INFO] [stdout]   19:     0x7e7a971f5dfa - <unknown>
[INFO] [stdout]   20:     0x7e7a972893d4 - clone
[INFO] [stdout]   21:                0x0 - <unknown>
[INFO] [stdout] 
[INFO] [stdout] ---- run_file_test_tests_integration_return_after_else_lox stdout ----
[INFO] [stdout] /opt/rustwide/workdir/tests/integration/return/after_else.lox
[INFO] [stdout] 
[INFO] [stdout] thread 'run_file_test_tests_integration_return_after_else_lox' (997) panicked at tests/integration.rs:85:54:
[INFO] [stdout] called `Result::unwrap()` on an `Err` value: Os { code: 2, kind: NotFound, message: "No such file or directory" }
[INFO] [stdout] stack backtrace:
[INFO] [stdout]    0:     0x62d9ad7739d1 - <<std[617be2ca0a6fd877]::sys::backtrace::BacktraceLock>::print::DisplayBacktrace as core[a373ad73a504971]::fmt::Display>::fmt
[INFO] [stdout]    1:     0x62d9ad7890ca - core[a373ad73a504971]::fmt::write
[INFO] [stdout]    2:     0x62d9ad777c0c - <alloc[2e1b2a31b91974c5]::vec::Vec<u8> as core[a373ad73a504971]::io::write::Write>::write_fmt
[INFO] [stdout]    3:     0x62d9ad74f8d6 - std[617be2ca0a6fd877]::panicking::default_hook::{closure#0}
[INFO] [stdout]    4:     0x62d9ad76bd09 - std[617be2ca0a6fd877]::panicking::default_hook
[INFO] [stdout]    5:     0x62d9ad647090 - test[aada8e7e76ba119b]::test_main_inner::{closure#0}
[INFO] [stdout]    6:     0x62d9ad76bec2 - std[617be2ca0a6fd877]::panicking::panic_with_hook
[INFO] [stdout]    7:     0x62d9ad74f982 - std[617be2ca0a6fd877]::panicking::panic_handler::{closure#0}
[INFO] [stdout]    8:     0x62d9ad748509 - std[617be2ca0a6fd877]::sys::backtrace::__rust_end_short_backtrace::<std[617be2ca0a6fd877]::panicking::panic_handler::{closure#0}, !>
[INFO] [stdout]    9:     0x62d9ad75058d - __rustc[ea4f61d10b84890b]::rust_begin_unwind
[INFO] [stdout]   10:     0x62d9ad7898ac - core[a373ad73a504971]::panicking::panic_fmt
[INFO] [stdout]   11:     0x62d9ad789682 - core[a373ad73a504971]::result::unwrap_failed
[INFO] [stdout]   12:     0x62d9ad635d18 - integration[a462a9ff6c40d4d5]::run_file_test
[INFO] [stdout]   13:     0x62d9ad6379f5 - <integration[a462a9ff6c40d4d5]::run_file_test_tests_integration_return_after_else_lox::{closure#0} as core[a373ad73a504971]::ops::function::FnOnce<()>>::call_once
[INFO] [stdout]   14:     0x62d9ad63a4db - test[aada8e7e76ba119b]::__rust_begin_short_backtrace::<core[a373ad73a504971]::result::Result<(), alloc[2e1b2a31b91974c5]::string::String>, fn() -> core[a373ad73a504971]::result::Result<(), alloc[2e1b2a31b91974c5]::string::String>>
[INFO] [stdout]   15:     0x62d9ad6476b5 - test[aada8e7e76ba119b]::run_test::{closure#0}
[INFO] [stdout]   16:     0x62d9ad640fa4 - std[617be2ca0a6fd877]::sys::backtrace::__rust_begin_short_backtrace::<test[aada8e7e76ba119b]::run_test::{closure#1}, ()>
[INFO] [stdout]   17:     0x62d9ad64a742 - <std[617be2ca0a6fd877]::thread::lifecycle::spawn_unchecked<test[aada8e7e76ba119b]::run_test::{closure#1}, ()>::{closure#1} as core[a373ad73a504971]::ops::function::FnOnce<()>>::call_once::{shim:vtable#0}
[INFO] [stdout]   18:     0x62d9ad772ecf - <std[617be2ca0a6fd877]::sys::thread::unix::Thread>::new::thread_start
[INFO] [stdout]   19:     0x7e7a971f5dfa - <unknown>
[INFO] [stdout]   20:     0x7e7a972893d4 - clone
[INFO] [stdout]   21:                0x0 - <unknown>
[INFO] [stdout] 
[INFO] [stderr] error: test failed, to rerun pass `--test integration`
[INFO] [stdout] ---- run_file_test_tests_integration_string_index_lox stdout ----
[INFO] [stdout] /opt/rustwide/workdir/tests/integration/string/index.lox
[INFO] [stdout] 
[INFO] [stdout] thread 'run_file_test_tests_integration_string_index_lox' (1001) panicked at tests/integration.rs:85:54:
[INFO] [stdout] called `Result::unwrap()` on an `Err` value: Os { code: 2, kind: NotFound, message: "No such file or directory" }
[INFO] [stdout] stack backtrace:
[INFO] [stdout]    0:     0x62d9ad7739d1 - <<std[617be2ca0a6fd877]::sys::backtrace::BacktraceLock>::print::DisplayBacktrace as core[a373ad73a504971]::fmt::Display>::fmt
[INFO] [stdout]    1:     0x62d9ad7890ca - core[a373ad73a504971]::fmt::write
[INFO] [stdout]    2:     0x62d9ad777c0c - <alloc[2e1b2a31b91974c5]::vec::Vec<u8> as core[a373ad73a504971]::io::write::Write>::write_fmt
[INFO] [stdout]    3:     0x62d9ad74f8d6 - std[617be2ca0a6fd877]::panicking::default_hook::{closure#0}
[INFO] [stdout]    4:     0x62d9ad76bd09 - std[617be2ca0a6fd877]::panicking::default_hook
[INFO] [stdout]    5:     0x62d9ad647090 - test[aada8e7e76ba119b]::test_main_inner::{closure#0}
[INFO] [stdout]    6:     0x62d9ad76bec2 - std[617be2ca0a6fd877]::panicking::panic_with_hook
[INFO] [stdout]    7:     0x62d9ad74f982 - std[617be2ca0a6fd877]::panicking::panic_handler::{closure#0}
[INFO] [stdout]    8:     0x62d9ad748509 - std[617be2ca0a6fd877]::sys::backtrace::__rust_end_short_backtrace::<std[617be2ca0a6fd877]::panicking::panic_handler::{closure#0}, !>
[INFO] [stdout]    9:     0x62d9ad75058d - __rustc[ea4f61d10b84890b]::rust_begin_unwind
[INFO] [stdout]   10:     0x62d9ad7898ac - core[a373ad73a504971]::panicking::panic_fmt
[INFO] [stdout]   11:     0x62d9ad789682 - core[a373ad73a504971]::result::unwrap_failed
[INFO] [stdout]   12:     0x62d9ad635d18 - integration[a462a9ff6c40d4d5]::run_file_test
[INFO] [stdout]   13:     0x62d9ad6377e5 - <integration[a462a9ff6c40d4d5]::run_file_test_tests_integration_string_index_lox::{closure#0} as core[a373ad73a504971]::ops::function::FnOnce<()>>::call_once
[INFO] [stdout]   14:     0x62d9ad63a4db - test[aada8e7e76ba119b]::__rust_begin_short_backtrace::<core[a373ad73a504971]::result::Result<(), alloc[2e1b2a31b91974c5]::string::String>, fn() -> core[a373ad73a504971]::result::Result<(), alloc[2e1b2a31b91974c5]::string::String>>
[INFO] [stdout]   15:     0x62d9ad6476b5 - test[aada8e7e76ba119b]::run_test::{closure#0}
[INFO] [stdout]   16:     0x62d9ad640fa4 - std[617be2ca0a6fd877]::sys::backtrace::__rust_begin_short_backtrace::<test[aada8e7e76ba119b]::run_test::{closure#1}, ()>
[INFO] [stdout]   17:     0x62d9ad64a742 - <std[617be2ca0a6fd877]::thread::lifecycle::spawn_unchecked<test[aada8e7e76ba119b]::run_test::{closure#1}, ()>::{closure#1} as core[a373ad73a504971]::ops::function::FnOnce<()>>::call_once::{shim:vtable#0}
[INFO] [stdout]   18:     0x62d9ad772ecf - <std[617be2ca0a6fd877]::sys::thread::unix::Thread>::new::thread_start
[INFO] [stdout]   19:     0x7e7a971f5dfa - <unknown>
[INFO] [stdout]   20:     0x7e7a972893d4 - clone
[INFO] [stdout]   21:                0x0 - <unknown>
[INFO] [stdout] 
[INFO] [stdout] ---- run_file_test_tests_integration_return_return_nil_lox stdout ----
[INFO] [stdout] /opt/rustwide/workdir/tests/integration/return/return_nil.lox
[INFO] [stdout] 
[INFO] [stdout] thread 'run_file_test_tests_integration_return_return_nil_lox' (999) panicked at tests/integration.rs:85:54:
[INFO] [stdout] called `Result::unwrap()` on an `Err` value: Os { code: 2, kind: NotFound, message: "No such file or directory" }
[INFO] [stdout] stack backtrace:
[INFO] [stdout]    0:     0x62d9ad7739d1 - <<std[617be2ca0a6fd877]::sys::backtrace::BacktraceLock>::print::DisplayBacktrace as core[a373ad73a504971]::fmt::Display>::fmt
[INFO] [stdout]    1:     0x62d9ad7890ca - core[a373ad73a504971]::fmt::write
[INFO] [stdout]    2:     0x62d9ad777c0c - <alloc[2e1b2a31b91974c5]::vec::Vec<u8> as core[a373ad73a504971]::io::write::Write>::write_fmt
[INFO] [stdout]    3:     0x62d9ad74f8d6 - std[617be2ca0a6fd877]::panicking::default_hook::{closure#0}
[INFO] [stdout]    4:     0x62d9ad76bd09 - std[617be2ca0a6fd877]::panicking::default_hook
[INFO] [stdout]    5:     0x62d9ad647090 - test[aada8e7e76ba119b]::test_main_inner::{closure#0}
[INFO] [stdout]    6:     0x62d9ad76bec2 - std[617be2ca0a6fd877]::panicking::panic_with_hook
[INFO] [stdout]    7:     0x62d9ad74f982 - std[617be2ca0a6fd877]::panicking::panic_handler::{closure#0}
[INFO] [stdout]    8:     0x62d9ad748509 - std[617be2ca0a6fd877]::sys::backtrace::__rust_end_short_backtrace::<std[617be2ca0a6fd877]::panicking::panic_handler::{closure#0}, !>
[INFO] [stdout]    9:     0x62d9ad75058d - __rustc[ea4f61d10b84890b]::rust_begin_unwind
[INFO] [stdout]   10:     0x62d9ad7898ac - core[a373ad73a504971]::panicking::panic_fmt
[INFO] [stdout]   11:     0x62d9ad789682 - core[a373ad73a504971]::result::unwrap_failed
[INFO] [stdout]   12:     0x62d9ad635d18 - integration[a462a9ff6c40d4d5]::run_file_test
[INFO] [stdout]   13:     0x62d9ad637a25 - <integration[a462a9ff6c40d4d5]::run_file_test_tests_integration_return_return_nil_lox::{closure#0} as core[a373ad73a504971]::ops::function::FnOnce<()>>::call_once
[INFO] [stdout]   14:     0x62d9ad63a4db - test[aada8e7e76ba119b]::__rust_begin_short_backtrace::<core[a373ad73a504971]::result::Result<(), alloc[2e1b2a31b91974c5]::string::String>, fn() -> core[a373ad73a504971]::result::Result<(), alloc[2e1b2a31b91974c5]::string::String>>
[INFO] [stdout]   15:     0x62d9ad6476b5 - test[aada8e7e76ba119b]::run_test::{closure#0}
[INFO] [stdout]   16:     0x62d9ad640fa4 - std[617be2ca0a6fd877]::sys::backtrace::__rust_begin_short_backtrace::<test[aada8e7e76ba119b]::run_test::{closure#1}, ()>
[INFO] [stdout]   17:     0x62d9ad64a742 - <std[617be2ca0a6fd877]::thread::lifecycle::spawn_unchecked<test[aada8e7e76ba119b]::run_test::{closure#1}, ()>::{closure#1} as core[a373ad73a504971]::ops::function::FnOnce<()>>::call_once::{shim:vtable#0}
[INFO] [stdout]   18:     0x62d9ad772ecf - <std[617be2ca0a6fd877]::sys::thread::unix::Thread>::new::thread_start
[INFO] [stdout]   19:     0x7e7a971f5dfa - <unknown>
[INFO] [stdout]   20:     0x7e7a972893d4 - clone
[INFO] [stdout]   21:                0x0 - <unknown>
[INFO] [stdout] 
[INFO] [stdout] ---- run_file_test_tests_integration_super_constructor_lox stdout ----
[INFO] [stdout] /opt/rustwide/workdir/tests/integration/super/constructor.lox
[INFO] [stdout] 
[INFO] [stdout] thread 'run_file_test_tests_integration_super_constructor_lox' (1011) panicked at tests/integration.rs:85:54:
[INFO] [stdout] called `Result::unwrap()` on an `Err` value: Os { code: 2, kind: NotFound, message: "No such file or directory" }
[INFO] [stdout] stack backtrace:
[INFO] [stdout]    0:     0x62d9ad7739d1 - <<std[617be2ca0a6fd877]::sys::backtrace::BacktraceLock>::print::DisplayBacktrace as core[a373ad73a504971]::fmt::Display>::fmt
[INFO] [stdout]    1:     0x62d9ad7890ca - core[a373ad73a504971]::fmt::write
[INFO] [stdout]    2:     0x62d9ad777c0c - <alloc[2e1b2a31b91974c5]::vec::Vec<u8> as core[a373ad73a504971]::io::write::Write>::write_fmt
[INFO] [stdout]    3:     0x62d9ad74f8d6 - std[617be2ca0a6fd877]::panicking::default_hook::{closure#0}
[INFO] [stdout]    4:     0x62d9ad76bd09 - std[617be2ca0a6fd877]::panicking::default_hook
[INFO] [stdout]    5:     0x62d9ad647090 - test[aada8e7e76ba119b]::test_main_inner::{closure#0}
[INFO] [stdout]    6:     0x62d9ad76bec2 - std[617be2ca0a6fd877]::panicking::panic_with_hook
[INFO] [stdout]    7:     0x62d9ad74f982 - std[617be2ca0a6fd877]::panicking::panic_handler::{closure#0}
[INFO] [stdout]    8:     0x62d9ad748509 - std[617be2ca0a6fd877]::sys::backtrace::__rust_end_short_backtrace::<std[617be2ca0a6fd877]::panicking::panic_handler::{closure#0}, !>
[INFO] [stdout]    9:     0x62d9ad75058d - __rustc[ea4f61d10b84890b]::rust_begin_unwind
[INFO] [stdout]   10:     0x62d9ad7898ac - core[a373ad73a504971]::panicking::panic_fmt
[INFO] [stdout]   11:     0x62d9ad789682 - core[a373ad73a504971]::result::unwrap_failed
[INFO] [stdout]   12:     0x62d9ad635d18 - integration[a462a9ff6c40d4d5]::run_file_test
[INFO] [stdout]   13:     0x62d9ad637a55 - <integration[a462a9ff6c40d4d5]::run_file_test_tests_integration_super_constructor_lox::{closure#0} as core[a373ad73a504971]::ops::function::FnOnce<()>>::call_once
[INFO] [stdout]   14:     0x62d9ad63a4db - test[aada8e7e76ba119b]::__rust_begin_short_backtrace::<core[a373ad73a504971]::result::Result<(), alloc[2e1b2a31b91974c5]::string::String>, fn() -> core[a373ad73a504971]::result::Result<(), alloc[2e1b2a31b91974c5]::string::String>>
[INFO] [stdout]   15:     0x62d9ad6476b5 - test[aada8e7e76ba119b]::run_test::{closure#0}
[INFO] [stdout]   16:     0x62d9ad640fa4 - std[617be2ca0a6fd877]::sys::backtrace::__rust_begin_short_backtrace::<test[aada8e7e76ba119b]::run_test::{closure#1}, ()>
[INFO] [stdout]   17:     0x62d9ad64a742 - <std[617be2ca0a6fd877]::thread::lifecycle::spawn_unchecked<test[aada8e7e76ba119b]::run_test::{closure#1}, ()>::{closure#1} as core[a373ad73a504971]::ops::function::FnOnce<()>>::call_once::{shim:vtable#0}
[INFO] [stdout]   18:     0x62d9ad772ecf - <std[617be2ca0a6fd877]::sys::thread::unix::Thread>::new::thread_start
[INFO] [stdout]   19:     0x7e7a971f5dfa - <unknown>
[INFO] [stdout]   20:     0x7e7a972893d4 - clone
[INFO] [stdout]   21:                0x0 - <unknown>
[INFO] [stdout] 
[INFO] [stdout] ---- run_file_test_tests_integration_string_slice_of_slice_lox stdout ----
[INFO] [stdout] /opt/rustwide/workdir/tests/integration/string/slice_of_slice.lox
[INFO] [stdout] 
[INFO] [stdout] thread 'run_file_test_tests_integration_string_slice_of_slice_lox' (1006) panicked at tests/integration.rs:85:54:
[INFO] [stdout] called `Result::unwrap()` on an `Err` value: Os { code: 2, kind: NotFound, message: "No such file or directory" }
[INFO] [stdout] stack backtrace:
[INFO] [stdout]    0:     0x62d9ad7739d1 - <<std[617be2ca0a6fd877]::sys::backtrace::BacktraceLock>::print::DisplayBacktrace as core[a373ad73a504971]::fmt::Display>::fmt
[INFO] [stdout]    1:     0x62d9ad7890ca - core[a373ad73a504971]::fmt::write
[INFO] [stdout]    2:     0x62d9ad777c0c - <alloc[2e1b2a31b91974c5]::vec::Vec<u8> as core[a373ad73a504971]::io::write::Write>::write_fmt
[INFO] [stdout]    3:     0x62d9ad74f8d6 - std[617be2ca0a6fd877]::panicking::default_hook::{closure#0}
[INFO] [stdout]    4:     0x62d9ad76bd09 - std[617be2ca0a6fd877]::panicking::default_hook
[INFO] [stdout]    5:     0x62d9ad647090 - test[aada8e7e76ba119b]::test_main_inner::{closure#0}
[INFO] [stdout]    6:     0x62d9ad76bec2 - std[617be2ca0a6fd877]::panicking::panic_with_hook
[INFO] [stdout]    7:     0x62d9ad74f982 - std[617be2ca0a6fd877]::panicking::panic_handler::{closure#0}
[INFO] [stdout]    8:     0x62d9ad748509 - std[617be2ca0a6fd877]::sys::backtrace::__rust_end_short_backtrace::<std[617be2ca0a6fd877]::panicking::panic_handler::{closure#0}, !>
[INFO] [stdout]    9:     0x62d9ad75058d - __rustc[ea4f61d10b84890b]::rust_begin_unwind
[INFO] [stdout]   10:     0x62d9ad7898ac - core[a373ad73a504971]::panicking::panic_fmt
[INFO] [stdout]   11:     0x62d9ad789682 - core[a373ad73a504971]::result::unwrap_failed
[INFO] [stdout]   12:     0x62d9ad635d18 - integration[a462a9ff6c40d4d5]::run_file_test
[INFO] [stdout]   13:     0x62d9ad637cf5 - <integration[a462a9ff6c40d4d5]::run_file_test_tests_integration_string_slice_of_slice_lox::{closure#0} as core[a373ad73a504971]::ops::function::FnOnce<()>>::call_once
[INFO] [stdout]   14:     0x62d9ad63a4db - test[aada8e7e76ba119b]::__rust_begin_short_backtrace::<core[a373ad73a504971]::result::Result<(), alloc[2e1b2a31b91974c5]::string::String>, fn() -> core[a373ad73a504971]::result::Result<(), alloc[2e1b2a31b91974c5]::string::String>>
[INFO] [stdout]   15:     0x62d9ad6476b5 - test[aada8e7e76ba119b]::run_test::{closure#0}
[INFO] [stdout]   16:     0x62d9ad640fa4 - std[617be2ca0a6fd877]::sys::backtrace::__rust_begin_short_backtrace::<test[aada8e7e76ba119b]::run_test::{closure#1}, ()>
[INFO] [stdout]   17:     0x62d9ad64a742 - <std[617be2ca0a6fd877]::thread::lifecycle::spawn_unchecked<test[aada8e7e76ba119b]::run_test::{closure#1}, ()>::{closure#1} as core[a373ad73a504971]::ops::function::FnOnce<()>>::call_once::{shim:vtable#0}
[INFO] [stdout]   18:     0x62d9ad772ecf - <std[617be2ca0a6fd877]::sys::thread::unix::Thread>::new::thread_start
[INFO] [stdout]   19:     0x7e7a971f5dfa - <unknown>
[INFO] [stdout]   20:     0x7e7a972893d4 - clone
[INFO] [stdout]   21:                0x0 - <unknown>
[INFO] [stdout] 
[INFO] [stdout] ---- run_file_test_tests_integration_super_no_superclass_lox stdout ----
[INFO] [stdout] /opt/rustwide/workdir/tests/integration/super/no_superclass.lox
[INFO] [stdout] 
[INFO] [stdout] thread 'run_file_test_tests_integration_super_no_superclass_lox' (1016) panicked at tests/integration.rs:85:54:
[INFO] [stdout] called `Result::unwrap()` on an `Err` value: Os { code: 2, kind: NotFound, message: "No such file or directory" }
[INFO] [stdout] stack backtrace:
[INFO] [stdout]    0:     0x62d9ad7739d1 - <<std[617be2ca0a6fd877]::sys::backtrace::BacktraceLock>::print::DisplayBacktrace as core[a373ad73a504971]::fmt::Display>::fmt
[INFO] [stdout]    1:     0x62d9ad7890ca - core[a373ad73a504971]::fmt::write
[INFO] [stdout]    2:     0x62d9ad777c0c - <alloc[2e1b2a31b91974c5]::vec::Vec<u8> as core[a373ad73a504971]::io::write::Write>::write_fmt
[INFO] [stdout]    3:     0x62d9ad74f8d6 - std[617be2ca0a6fd877]::panicking::default_hook::{closure#0}
[INFO] [stdout]    4:     0x62d9ad76bd09 - std[617be2ca0a6fd877]::panicking::default_hook
[INFO] [stdout]    5:     0x62d9ad647090 - test[aada8e7e76ba119b]::test_main_inner::{closure#0}
[INFO] [stdout]    6:     0x62d9ad76bec2 - std[617be2ca0a6fd877]::panicking::panic_with_hook
[INFO] [stdout]    7:     0x62d9ad74f982 - std[617be2ca0a6fd877]::panicking::panic_handler::{closure#0}
[INFO] [stdout]    8:     0x62d9ad748509 - std[617be2ca0a6fd877]::sys::backtrace::__rust_end_short_backtrace::<std[617be2ca0a6fd877]::panicking::panic_handler::{closure#0}, !>
[INFO] [stdout]    9:     0x62d9ad75058d - __rustc[ea4f61d10b84890b]::rust_begin_unwind
[INFO] [stdout]   10:     0x62d9ad7898ac - core[a373ad73a504971]::panicking::panic_fmt
[INFO] [stdout]   11:     0x62d9ad789682 - core[a373ad73a504971]::result::unwrap_failed
[INFO] [stdout]   12:     0x62d9ad635d18 - integration[a462a9ff6c40d4d5]::run_file_test
[INFO] [stdout]   13:     0x62d9ad637c05 - <integration[a462a9ff6c40d4d5]::run_file_test_tests_integration_super_no_superclass_lox::{closure#0} as core[a373ad73a504971]::ops::function::FnOnce<()>>::call_once
[INFO] [stdout]   14:     0x62d9ad63a4db - test[aada8e7e76ba119b]::__rust_begin_short_backtrace::<core[a373ad73a504971]::result::Result<(), alloc[2e1b2a31b91974c5]::string::String>, fn() -> core[a373ad73a504971]::result::Result<(), alloc[2e1b2a31b91974c5]::string::String>>
[INFO] [stdout]   15:     0x62d9ad6476b5 - test[aada8e7e76ba119b]::run_test::{closure#0}
[INFO] [stdout]   16:     0x62d9ad640fa4 - std[617be2ca0a6fd877]::sys::backtrace::__rust_begin_short_backtrace::<test[aada8e7e76ba119b]::run_test::{closure#1}, ()>
[INFO] [stdout]   17:     0x62d9ad64a742 - <std[617be2ca0a6fd877]::thread::lifecycle::spawn_unchecked<test[aada8e7e76ba119b]::run_test::{closure#1}, ()>::{closure#1} as core[a373ad73a504971]::ops::function::FnOnce<()>>::call_once::{shim:vtable#0}
[INFO] [stdout]   18:     0x62d9ad772ecf - <std[617be2ca0a6fd877]::sys::thread::unix::Thread>::new::thread_start
[INFO] [stdout]   19:     0x7e7a971f5dfa - <unknown>
[INFO] [stdout]   20:     0x7e7a972893d4 - clone
[INFO] [stdout]   21:                0x0 - <unknown>
[INFO] [stdout] 
[INFO] [stdout] ---- run_file_test_tests_integration_print_print_lox stdout ----
[INFO] [stdout] /opt/rustwide/workdir/tests/integration/print/print.lox
[INFO] [stdout] 
[INFO] [stdout] thread 'run_file_test_tests_integration_print_print_lox' (996) panicked at tests/integration.rs:85:54:
[INFO] [stdout] called `Result::unwrap()` on an `Err` value: Os { code: 2, kind: NotFound, message: "No such file or directory" }
[INFO] [stdout] stack backtrace:
[INFO] [stdout]    0:     0x62d9ad7739d1 - <<std[617be2ca0a6fd877]::sys::backtrace::BacktraceLock>::print::DisplayBacktrace as core[a373ad73a504971]::fmt::Display>::fmt
[INFO] [stdout]    1:     0x62d9ad7890ca - core[a373ad73a504971]::fmt::write
[INFO] [stdout]    2:     0x62d9ad777c0c - <alloc[2e1b2a31b91974c5]::vec::Vec<u8> as core[a373ad73a504971]::io::write::Write>::write_fmt
[INFO] [stdout]    3:     0x62d9ad74f8d6 - std[617be2ca0a6fd877]::panicking::default_hook::{closure#0}
[INFO] [stdout]    4:     0x62d9ad76bd09 - std[617be2ca0a6fd877]::panicking::default_hook
[INFO] [stdout]    5:     0x62d9ad647090 - test[aada8e7e76ba119b]::test_main_inner::{closure#0}
[INFO] [stdout]    6:     0x62d9ad76bec2 - std[617be2ca0a6fd877]::panicking::panic_with_hook
[INFO] [stdout]    7:     0x62d9ad74f982 - std[617be2ca0a6fd877]::panicking::panic_handler::{closure#0}
[INFO] [stdout]    8:     0x62d9ad748509 - std[617be2ca0a6fd877]::sys::backtrace::__rust_end_short_backtrace::<std[617be2ca0a6fd877]::panicking::panic_handler::{closure#0}, !>
[INFO] [stdout]    9:     0x62d9ad75058d - __rustc[ea4f61d10b84890b]::rust_begin_unwind
[INFO] [stdout]   10:     0x62d9ad7898ac - core[a373ad73a504971]::panicking::panic_fmt
[INFO] [stdout]   11:     0x62d9ad789682 - core[a373ad73a504971]::result::unwrap_failed
[INFO] [stdout]   12:     0x62d9ad635d18 - integration[a462a9ff6c40d4d5]::run_file_test
[INFO] [stdout]   13:     0x62d9ad637725 - <integration[a462a9ff6c40d4d5]::run_file_test_tests_integration_print_print_lox::{closure#0} as core[a373ad73a504971]::ops::function::FnOnce<()>>::call_once
[INFO] [stdout]   14:     0x62d9ad63a4db - test[aada8e7e76ba119b]::__rust_begin_short_backtrace::<core[a373ad73a504971]::result::Result<(), alloc[2e1b2a31b91974c5]::string::String>, fn() -> core[a373ad73a504971]::result::Result<(), alloc[2e1b2a31b91974c5]::string::String>>
[INFO] [stdout]   15:     0x62d9ad6476b5 - test[aada8e7e76ba119b]::run_test::{closure#0}
[INFO] [stdout]   16:     0x62d9ad640fa4 - std[617be2ca0a6fd877]::sys::backtrace::__rust_begin_short_backtrace::<test[aada8e7e76ba119b]::run_test::{closure#1}, ()>
[INFO] [stdout]   17:     0x62d9ad64a742 - <std[617be2ca0a6fd877]::thread::lifecycle::spawn_unchecked<test[aada8e7e76ba119b]::run_test::{closure#1}, ()>::{closure#1} as core[a373ad73a504971]::ops::function::FnOnce<()>>::call_once::{shim:vtable#0}
[INFO] [stdout]   18:     0x62d9ad772ecf - <std[617be2ca0a6fd877]::sys::thread::unix::Thread>::new::thread_start
[INFO] [stdout]   19:     0x7e7a971f5dfa - <unknown>
[INFO] [stdout]   20:     0x7e7a972893d4 - clone
[INFO] [stdout]   21:                0x0 - <unknown>
[INFO] [stdout] 
[INFO] [stdout] ---- run_file_test_tests_integration_string_slice_lox stdout ----
[INFO] [stdout] /opt/rustwide/workdir/tests/integration/string/slice.lox
[INFO] [stdout] 
[INFO] [stdout] thread 'run_file_test_tests_integration_string_slice_lox' (1004) panicked at tests/integration.rs:85:54:
[INFO] [stdout] called `Result::unwrap()` on an `Err` value: Os { code: 2, kind: NotFound, message: "No such file or directory" }
[INFO] [stdout] stack backtrace:
[INFO] [stdout]    0:     0x62d9ad7739d1 - <<std[617be2ca0a6fd877]::sys::backtrace::BacktraceLock>::print::DisplayBacktrace as core[a373ad73a504971]::fmt::Display>::fmt
[INFO] [stdout]    1:     0x62d9ad7890ca - core[a373ad73a504971]::fmt::write
[INFO] [stdout]    2:     0x62d9ad777c0c - <alloc[2e1b2a31b91974c5]::vec::Vec<u8> as core[a373ad73a504971]::io::write::Write>::write_fmt
[INFO] [stdout]    3:     0x62d9ad74f8d6 - std[617be2ca0a6fd877]::panicking::default_hook::{closure#0}
[INFO] [stdout]    4:     0x62d9ad76bd09 - std[617be2ca0a6fd877]::panicking::default_hook
[INFO] [stdout]    5:     0x62d9ad647090 - test[aada8e7e76ba119b]::test_main_inner::{closure#0}
[INFO] [stdout]    6:     0x62d9ad76bec2 - std[617be2ca0a6fd877]::panicking::panic_with_hook
[INFO] [stdout]    7:     0x62d9ad74f982 - std[617be2ca0a6fd877]::panicking::panic_handler::{closure#0}
[INFO] [stdout]    8:     0x62d9ad748509 - std[617be2ca0a6fd877]::sys::backtrace::__rust_end_short_backtrace::<std[617be2ca0a6fd877]::panicking::panic_handler::{closure#0}, !>
[INFO] [stdout]    9:     0x62d9ad75058d - __rustc[ea4f61d10b84890b]::rust_begin_unwind
[INFO] [stdout]   10:     0x62d9ad7898ac - core[a373ad73a504971]::panicking::panic_fmt
[INFO] [stdout]   11:     0x62d9ad789682 - core[a373ad73a504971]::result::unwrap_failed
[INFO] [stdout]   12:     0x62d9ad635d18 - integration[a462a9ff6c40d4d5]::run_file_test
[INFO] [stdout]   13:     0x62d9ad637815 - <integration[a462a9ff6c40d4d5]::run_file_test_tests_integration_string_slice_lox::{closure#0} as core[a373ad73a504971]::ops::function::FnOnce<()>>::call_once
[INFO] [stdout]   14:     0x62d9ad63a4db - test[aada8e7e76ba119b]::__rust_begin_short_backtrace::<core[a373ad73a504971]::result::Result<(), alloc[2e1b2a31b91974c5]::string::String>, fn() -> core[a373ad73a504971]::result::Result<(), alloc[2e1b2a31b91974c5]::string::String>>
[INFO] [stdout]   15:     0x62d9ad6476b5 - test[aada8e7e76ba119b]::run_test::{closure#0}
[INFO] [stdout]   16:     0x62d9ad640fa4 - std[617be2ca0a6fd877]::sys::backtrace::__rust_begin_short_backtrace::<test[aada8e7e76ba119b]::run_test::{closure#1}, ()>
[INFO] [stdout]   17:     0x62d9ad64a742 - <std[617be2ca0a6fd877]::thread::lifecycle::spawn_unchecked<test[aada8e7e76ba119b]::run_test::{closure#1}, ()>::{closure#1} as core[a373ad73a504971]::ops::function::FnOnce<()>>::call_once::{shim:vtable#0}
[INFO] [stdout]   18:     0x62d9ad772ecf - <std[617be2ca0a6fd877]::sys::thread::unix::Thread>::new::thread_start
[INFO] [stdout]   19:     0x7e7a971f5dfa - <unknown>
[INFO] [stdout]   20:     0x7e7a972893d4 - clone
[INFO] [stdout]   21:                0x0 - <unknown>
[INFO] [stdout] 
[INFO] [stdout] ---- run_file_test_tests_integration_super_super_at_top_lox stdout ----
[INFO] [stdout] /opt/rustwide/workdir/tests/integration/super/super_at_top.lox
[INFO] [stdout] 
[INFO] [stdout] thread 'run_file_test_tests_integration_super_super_at_top_lox' (1019) panicked at tests/integration.rs:85:54:
[INFO] [stdout] called `Result::unwrap()` on an `Err` value: Os { code: 2, kind: NotFound, message: "No such file or directory" }
[INFO] [stdout] stack backtrace:
[INFO] [stdout]    0:     0x62d9ad7739d1 - <<std[617be2ca0a6fd877]::sys::backtrace::BacktraceLock>::print::DisplayBacktrace as core[a373ad73a504971]::fmt::Display>::fmt
[INFO] [stdout]    1:     0x62d9ad7890ca - core[a373ad73a504971]::fmt::write
[INFO] [stdout]    2:     0x62d9ad777c0c - <alloc[2e1b2a31b91974c5]::vec::Vec<u8> as core[a373ad73a504971]::io::write::Write>::write_fmt
[INFO] [stdout]    3:     0x62d9ad74f8d6 - std[617be2ca0a6fd877]::panicking::default_hook::{closure#0}
[INFO] [stdout]    4:     0x62d9ad76bd09 - std[617be2ca0a6fd877]::panicking::default_hook
[INFO] [stdout]    5:     0x62d9ad647090 - test[aada8e7e76ba119b]::test_main_inner::{closure#0}
[INFO] [stdout]    6:     0x62d9ad76bec2 - std[617be2ca0a6fd877]::panicking::panic_with_hook
[INFO] [stdout]    7:     0x62d9ad74f982 - std[617be2ca0a6fd877]::panicking::panic_handler::{closure#0}
[INFO] [stdout]    8:     0x62d9ad748509 - std[617be2ca0a6fd877]::sys::backtrace::__rust_end_short_backtrace::<std[617be2ca0a6fd877]::panicking::panic_handler::{closure#0}, !>
[INFO] [stdout]    9:     0x62d9ad75058d - __rustc[ea4f61d10b84890b]::rust_begin_unwind
[INFO] [stdout]   10:     0x62d9ad7898ac - core[a373ad73a504971]::panicking::panic_fmt
[INFO] [stdout]   11:     0x62d9ad789682 - core[a373ad73a504971]::result::unwrap_failed
[INFO] [stdout]   12:     0x62d9ad635d18 - integration[a462a9ff6c40d4d5]::run_file_test
[INFO] [stdout]   13:     0x62d9ad637b45 - <integration[a462a9ff6c40d4d5]::run_file_test_tests_integration_super_super_at_top_lox::{closure#0} as core[a373ad73a504971]::ops::function::FnOnce<()>>::call_once
[INFO] [stdout]   14:     0x62d9ad63a4db - test[aada8e7e76ba119b]::__rust_begin_short_backtrace::<core[a373ad73a504971]::result::Result<(), alloc[2e1b2a31b91974c5]::string::String>, fn() -> core[a373ad73a504971]::result::Result<(), alloc[2e1b2a31b91974c5]::string::String>>
[INFO] [stdout]   15:     0x62d9ad6476b5 - test[aada8e7e76ba119b]::run_test::{closure#0}
[INFO] [stdout]   16:     0x62d9ad640fa4 - std[617be2ca0a6fd877]::sys::backtrace::__rust_begin_short_backtrace::<test[aada8e7e76ba119b]::run_test::{closure#1}, ()>
[INFO] [stdout]   17:     0x62d9ad64a742 - <std[617be2ca0a6fd877]::thread::lifecycle::spawn_unchecked<test[aada8e7e76ba119b]::run_test::{closure#1}, ()>::{closure#1} as core[a373ad73a504971]::ops::function::FnOnce<()>>::call_once::{shim:vtable#0}
[INFO] [stdout]   18:     0x62d9ad772ecf - <std[617be2ca0a6fd877]::sys::thread::unix::Thread>::new::thread_start
[INFO] [stdout]   19:     0x7e7a971f5dfa - <unknown>
[INFO] [stdout]   20:     0x7e7a972893d4 - clone
[INFO] [stdout]   21:                0x0 - <unknown>
[INFO] [stdout] 
[INFO] [stdout] ---- run_file_test_tests_integration_super_bound_method_lox stdout ----
[INFO] [stdout] /opt/rustwide/workdir/tests/integration/super/bound_method.lox
[INFO] [stdout] 
[INFO] [stdout] thread 'run_file_test_tests_integration_super_bound_method_lox' (1007) panicked at tests/integration.rs:85:54:
[INFO] [stdout] called `Result::unwrap()` on an `Err` value: Os { code: 2, kind: NotFound, message: "No such file or directory" }
[INFO] [stdout] stack backtrace:
[INFO] [stdout]    0:     0x62d9ad7739d1 - <<std[617be2ca0a6fd877]::sys::backtrace::BacktraceLock>::print::DisplayBacktrace as core[a373ad73a504971]::fmt::Display>::fmt
[INFO] [stdout]    1:     0x62d9ad7890ca - core[a373ad73a504971]::fmt::write
[INFO] [stdout]    2:     0x62d9ad777c0c - <alloc[2e1b2a31b91974c5]::vec::Vec<u8> as core[a373ad73a504971]::io::write::Write>::write_fmt
[INFO] [stdout]    3:     0x62d9ad74f8d6 - std[617be2ca0a6fd877]::panicking::default_hook::{closure#0}
[INFO] [stdout]    4:     0x62d9ad76bd09 - std[617be2ca0a6fd877]::panicking::default_hook
[INFO] [stdout]    5:     0x62d9ad647090 - test[aada8e7e76ba119b]::test_main_inner::{closure#0}
[INFO] [stdout]    6:     0x62d9ad76bec2 - std[617be2ca0a6fd877]::panicking::panic_with_hook
[INFO] [stdout]    7:     0x62d9ad74f982 - std[617be2ca0a6fd877]::panicking::panic_handler::{closure#0}
[INFO] [stdout]    8:     0x62d9ad748509 - std[617be2ca0a6fd877]::sys::backtrace::__rust_end_short_backtrace::<std[617be2ca0a6fd877]::panicking::panic_handler::{closure#0}, !>
[INFO] [stdout]    9:     0x62d9ad75058d - __rustc[ea4f61d10b84890b]::rust_begin_unwind
[INFO] [stdout]   10:     0x62d9ad7898ac - core[a373ad73a504971]::panicking::panic_fmt
[INFO] [stdout]   11:     0x62d9ad789682 - core[a373ad73a504971]::result::unwrap_failed
[INFO] [stdout]   12:     0x62d9ad635d18 - integration[a462a9ff6c40d4d5]::run_file_test
[INFO] [stdout]   13:     0x62d9ad637b15 - <integration[a462a9ff6c40d4d5]::run_file_test_tests_integration_super_bound_method_lox::{closure#0} as core[a373ad73a504971]::ops::function::FnOnce<()>>::call_once
[INFO] [stdout]   14:     0x62d9ad63a4db - test[aada8e7e76ba119b]::__rust_begin_short_backtrace::<core[a373ad73a504971]::result::Result<(), alloc[2e1b2a31b91974c5]::string::String>, fn() -> core[a373ad73a504971]::result::Result<(), alloc[2e1b2a31b91974c5]::string::String>>
[INFO] [stdout]   15:     0x62d9ad6476b5 - test[aada8e7e76ba119b]::run_test::{closure#0}
[INFO] [stdout]   16:     0x62d9ad640fa4 - std[617be2ca0a6fd877]::sys::backtrace::__rust_begin_short_backtrace::<test[aada8e7e76ba119b]::run_test::{closure#1}, ()>
[INFO] [stdout]   17:     0x62d9ad64a742 - <std[617be2ca0a6fd877]::thread::lifecycle::spawn_unchecked<test[aada8e7e76ba119b]::run_test::{closure#1}, ()>::{closure#1} as core[a373ad73a504971]::ops::function::FnOnce<()>>::call_once::{shim:vtable#0}
[INFO] [stdout]   18:     0x62d9ad772ecf - <std[617be2ca0a6fd877]::sys::thread::unix::Thread>::new::thread_start
[INFO] [stdout]   19:     0x7e7a971f5dfa - <unknown>
[INFO] [stdout]   20:     0x7e7a972893d4 - clone
[INFO] [stdout]   21:                0x0 - <unknown>
[INFO] [stdout] 
[INFO] [stdout] ---- run_file_test_tests_integration_super_extra_argument_lox stdout ----
[INFO] [stdout] /opt/rustwide/workdir/tests/integration/super/extra_argument.lox
[INFO] [stdout] 
[INFO] [stdout] thread 'run_file_test_tests_integration_super_extra_argument_lox' (1013) panicked at tests/integration.rs:85:54:
[INFO] [stdout] called `Result::unwrap()` on an `Err` value: Os { code: 2, kind: NotFound, message: "No such file or directory" }
[INFO] [stdout] stack backtrace:
[INFO] [stdout]    0:     0x62d9ad7739d1 - <<std[617be2ca0a6fd877]::sys::backtrace::BacktraceLock>::print::DisplayBacktrace as core[a373ad73a504971]::fmt::Display>::fmt
[INFO] [stdout]    1:     0x62d9ad7890ca - core[a373ad73a504971]::fmt::write
[INFO] [stdout]    2:     0x62d9ad777c0c - <alloc[2e1b2a31b91974c5]::vec::Vec<u8> as core[a373ad73a504971]::io::write::Write>::write_fmt
[INFO] [stdout]    3:     0x62d9ad74f8d6 - std[617be2ca0a6fd877]::panicking::default_hook::{closure#0}
[INFO] [stdout]    4:     0x62d9ad76bd09 - std[617be2ca0a6fd877]::panicking::default_hook
[INFO] [stdout]    5:     0x62d9ad647090 - test[aada8e7e76ba119b]::test_main_inner::{closure#0}
[INFO] [stdout]    6:     0x62d9ad76bec2 - std[617be2ca0a6fd877]::panicking::panic_with_hook
[INFO] [stdout]    7:     0x62d9ad74f982 - std[617be2ca0a6fd877]::panicking::panic_handler::{closure#0}
[INFO] [stdout]    8:     0x62d9ad748509 - std[617be2ca0a6fd877]::sys::backtrace::__rust_end_short_backtrace::<std[617be2ca0a6fd877]::panicking::panic_handler::{closure#0}, !>
[INFO] [stdout]    9:     0x62d9ad75058d - __rustc[ea4f61d10b84890b]::rust_begin_unwind
[INFO] [stdout]   10:     0x62d9ad7898ac - core[a373ad73a504971]::panicking::panic_fmt
[INFO] [stdout]   11:     0x62d9ad789682 - core[a373ad73a504971]::result::unwrap_failed
[INFO] [stdout]   12:     0x62d9ad635d18 - integration[a462a9ff6c40d4d5]::run_file_test
[INFO] [stdout]   13:     0x62d9ad637cc5 - <integration[a462a9ff6c40d4d5]::run_file_test_tests_integration_super_extra_argument_lox::{closure#0} as core[a373ad73a504971]::ops::function::FnOnce<()>>::call_once
[INFO] [stdout]   14:     0x62d9ad63a4db - test[aada8e7e76ba119b]::__rust_begin_short_backtrace::<core[a373ad73a504971]::result::Result<(), alloc[2e1b2a31b91974c5]::string::String>, fn() -> core[a373ad73a504971]::result::Result<(), alloc[2e1b2a31b91974c5]::string::String>>
[INFO] [stdout]   15:     0x62d9ad6476b5 - test[aada8e7e76ba119b]::run_test::{closure#0}
[INFO] [stdout]   16:     0x62d9ad640fa4 - std[617be2ca0a6fd877]::sys::backtrace::__rust_begin_short_backtrace::<test[aada8e7e76ba119b]::run_test::{closure#1}, ()>
[INFO] [stdout]   17:     0x62d9ad64a742 - <std[617be2ca0a6fd877]::thread::lifecycle::spawn_unchecked<test[aada8e7e76ba119b]::run_test::{closure#1}, ()>::{closure#1} as core[a373ad73a504971]::ops::function::FnOnce<()>>::call_once::{shim:vtable#0}
[INFO] [stdout]   18:     0x62d9ad772ecf - <std[617be2ca0a6fd877]::sys::thread::unix::Thread>::new::thread_start
[INFO] [stdout]   19:     0x7e7a971f5dfa - <unknown>
[INFO] [stdout]   20:     0x7e7a972893d4 - clone
[INFO] [stdout]   21:                0x0 - <unknown>
[INFO] [stdout] 
[INFO] [stdout] ---- run_file_test_tests_integration_this_closure_lox stdout ----
[INFO] [stdout] /opt/rustwide/workdir/tests/integration/this/closure.lox
[INFO] [stdout] 
[INFO] [stdout] thread 'run_file_test_tests_integration_this_closure_lox' (1021) panicked at tests/integration.rs:85:54:
[INFO] [stdout] called `Result::unwrap()` on an `Err` value: Os { code: 2, kind: NotFound, message: "No such file or directory" }
[INFO] [stdout] stack backtrace:
[INFO] [stdout]    0:     0x62d9ad7739d1 - <<std[617be2ca0a6fd877]::sys::backtrace::BacktraceLock>::print::DisplayBacktrace as core[a373ad73a504971]::fmt::Display>::fmt
[INFO] [stdout]    1:     0x62d9ad7890ca - core[a373ad73a504971]::fmt::write
[INFO] [stdout]    2:     0x62d9ad777c0c - <alloc[2e1b2a31b91974c5]::vec::Vec<u8> as core[a373ad73a504971]::io::write::Write>::write_fmt
[INFO] [stdout]    3:     0x62d9ad74f8d6 - std[617be2ca0a6fd877]::panicking::default_hook::{closure#0}
[INFO] [stdout]    4:     0x62d9ad76bd09 - std[617be2ca0a6fd877]::panicking::default_hook
[INFO] [stdout]    5:     0x62d9ad647090 - test[aada8e7e76ba119b]::test_main_inner::{closure#0}
[INFO] [stdout]    6:     0x62d9ad76bec2 - std[617be2ca0a6fd877]::panicking::panic_with_hook
[INFO] [stdout]    7:     0x62d9ad74f982 - std[617be2ca0a6fd877]::panicking::panic_handler::{closure#0}
[INFO] [stdout]    8:     0x62d9ad748509 - std[617be2ca0a6fd877]::sys::backtrace::__rust_end_short_backtrace::<std[617be2ca0a6fd877]::panicking::panic_handler::{closure#0}, !>
[INFO] [stdout]    9:     0x62d9ad75058d - __rustc[ea4f61d10b84890b]::rust_begin_unwind
[INFO] [stdout]   10:     0x62d9ad7898ac - core[a373ad73a504971]::panicking::panic_fmt
[INFO] [stdout]   11:     0x62d9ad789682 - core[a373ad73a504971]::result::unwrap_failed
[INFO] [stdout]   12:     0x62d9ad635d18 - integration[a462a9ff6c40d4d5]::run_file_test
[INFO] [stdout]   13:     0x62d9ad637845 - <integration[a462a9ff6c40d4d5]::run_file_test_tests_integration_this_closure_lox::{closure#0} as core[a373ad73a504971]::ops::function::FnOnce<()>>::call_once
[INFO] [stdout]   14:     0x62d9ad63a4db - test[aada8e7e76ba119b]::__rust_begin_short_backtrace::<core[a373ad73a504971]::result::Result<(), alloc[2e1b2a31b91974c5]::string::String>, fn() -> core[a373ad73a504971]::result::Result<(), alloc[2e1b2a31b91974c5]::string::String>>
[INFO] [stdout]   15:     0x62d9ad6476b5 - test[aada8e7e76ba119b]::run_test::{closure#0}
[INFO] [stdout]   16:     0x62d9ad640fa4 - std[617be2ca0a6fd877]::sys::backtrace::__rust_begin_short_backtrace::<test[aada8e7e76ba119b]::run_test::{closure#1}, ()>
[INFO] [stdout]   17:     0x62d9ad64a742 - <std[617be2ca0a6fd877]::thread::lifecycle::spawn_unchecked<test[aada8e7e76ba119b]::run_test::{closure#1}, ()>::{closure#1} as core[a373ad73a504971]::ops::function::FnOnce<()>>::call_once::{shim:vtable#0}
[INFO] [stdout]   18:     0x62d9ad772ecf - <std[617be2ca0a6fd877]::sys::thread::unix::Thread>::new::thread_start
[INFO] [stdout]   19:     0x7e7a971f5dfa - <unknown>
[INFO] [stdout]   20:     0x7e7a972893d4 - clone
[INFO] [stdout]   21:                0x0 - <unknown>
[INFO] [stdout] 
[INFO] [stdout] ---- run_file_test_tests_integration_super_call_other_method_lox stdout ----
[INFO] [stdout] /opt/rustwide/workdir/tests/integration/super/call_other_method.lox
[INFO] [stdout] 
[INFO] [stdout] thread 'run_file_test_tests_integration_super_call_other_method_lox' (1008) panicked at tests/integration.rs:85:54:
[INFO] [stdout] called `Result::unwrap()` on an `Err` value: Os { code: 2, kind: NotFound, message: "No such file or directory" }
[INFO] [stdout] stack backtrace:
[INFO] [stdout]    0:     0x62d9ad7739d1 - <<std[617be2ca0a6fd877]::sys::backtrace::BacktraceLock>::print::DisplayBacktrace as core[a373ad73a504971]::fmt::Display>::fmt
[INFO] [stdout]    1:     0x62d9ad7890ca - core[a373ad73a504971]::fmt::write
[INFO] [stdout]    2:     0x62d9ad777c0c - <alloc[2e1b2a31b91974c5]::vec::Vec<u8> as core[a373ad73a504971]::io::write::Write>::write_fmt
[INFO] [stdout]    3:     0x62d9ad74f8d6 - std[617be2ca0a6fd877]::panicking::default_hook::{closure#0}
[INFO] [stdout]    4:     0x62d9ad76bd09 - std[617be2ca0a6fd877]::panicking::default_hook
[INFO] [stdout]    5:     0x62d9ad647090 - test[aada8e7e76ba119b]::test_main_inner::{closure#0}
[INFO] [stdout]    6:     0x62d9ad76bec2 - std[617be2ca0a6fd877]::panicking::panic_with_hook
[INFO] [stdout]    7:     0x62d9ad74f982 - std[617be2ca0a6fd877]::panicking::panic_handler::{closure#0}
[INFO] [stdout]    8:     0x62d9ad748509 - std[617be2ca0a6fd877]::sys::backtrace::__rust_end_short_backtrace::<std[617be2ca0a6fd877]::panicking::panic_handler::{closure#0}, !>
[INFO] [stdout]    9:     0x62d9ad75058d - __rustc[ea4f61d10b84890b]::rust_begin_unwind
[INFO] [stdout]   10:     0x62d9ad7898ac - core[a373ad73a504971]::panicking::panic_fmt
[INFO] [stdout]   11:     0x62d9ad789682 - core[a373ad73a504971]::result::unwrap_failed
[INFO] [stdout]   12:     0x62d9ad635d18 - integration[a462a9ff6c40d4d5]::run_file_test
[INFO] [stdout]   13:     0x62d9ad637db5 - <integration[a462a9ff6c40d4d5]::run_file_test_tests_integration_super_call_other_method_lox::{closure#0} as core[a373ad73a504971]::ops::function::FnOnce<()>>::call_once
[INFO] [stdout]   14:     0x62d9ad63a4db - test[aada8e7e76ba119b]::__rust_begin_short_backtrace::<core[a373ad73a504971]::result::Result<(), alloc[2e1b2a31b91974c5]::string::String>, fn() -> core[a373ad73a504971]::result::Result<(), alloc[2e1b2a31b91974c5]::string::String>>
[INFO] [stdout]   15:     0x62d9ad6476b5 - test[aada8e7e76ba119b]::run_test::{closure#0}
[INFO] [stdout]   16:     0x62d9ad640fa4 - std[617be2ca0a6fd877]::sys::backtrace::__rust_begin_short_backtrace::<test[aada8e7e76ba119b]::run_test::{closure#1}, ()>
[INFO] [stdout]   17:     0x62d9ad64a742 - <std[617be2ca0a6fd877]::thread::lifecycle::spawn_unchecked<test[aada8e7e76ba119b]::run_test::{closure#1}, ()>::{closure#1} as core[a373ad73a504971]::ops::function::FnOnce<()>>::call_once::{shim:vtable#0}
[INFO] [stdout]   18:     0x62d9ad772ecf - <std[617be2ca0a6fd877]::sys::thread::unix::Thread>::new::thread_start
[INFO] [stdout]   19:     0x7e7a971f5dfa - <unknown>
[INFO] [stdout]   20:     0x7e7a972893d4 - clone
[INFO] [stdout]   21:                0x0 - <unknown>
[INFO] [stdout] 
[INFO] [stdout] ---- run_file_test_tests_integration_this_nested_closure_lox stdout ----
[INFO] [stdout] /opt/rustwide/workdir/tests/integration/this/nested_closure.lox
[INFO] [stdout] 
[INFO] [stdout] thread 'run_file_test_tests_integration_this_nested_closure_lox' (1032) panicked at tests/integration.rs:85:54:
[INFO] [stdout] called `Result::unwrap()` on an `Err` value: Os { code: 2, kind: NotFound, message: "No such file or directory" }
[INFO] [stdout] stack backtrace:
[INFO] [stdout]    0:     0x62d9ad7739d1 - <<std[617be2ca0a6fd877]::sys::backtrace::BacktraceLock>::print::DisplayBacktrace as core[a373ad73a504971]::fmt::Display>::fmt
[INFO] [stdout]    1:     0x62d9ad7890ca - core[a373ad73a504971]::fmt::write
[INFO] [stdout]    2:     0x62d9ad777c0c - <alloc[2e1b2a31b91974c5]::vec::Vec<u8> as core[a373ad73a504971]::io::write::Write>::write_fmt
[INFO] [stdout]    3:     0x62d9ad74f8d6 - std[617be2ca0a6fd877]::panicking::default_hook::{closure#0}
[INFO] [stdout]    4:     0x62d9ad76bd09 - std[617be2ca0a6fd877]::panicking::default_hook
[INFO] [stdout]    5:     0x62d9ad647090 - test[aada8e7e76ba119b]::test_main_inner::{closure#0}
[INFO] [stdout]    6:     0x62d9ad76bec2 - std[617be2ca0a6fd877]::panicking::panic_with_hook
[INFO] [stdout]    7:     0x62d9ad74f982 - std[617be2ca0a6fd877]::panicking::panic_handler::{closure#0}
[INFO] [stdout]    8:     0x62d9ad748509 - std[617be2ca0a6fd877]::sys::backtrace::__rust_end_short_backtrace::<std[617be2ca0a6fd877]::panicking::panic_handler::{closure#0}, !>
[INFO] [stdout]    9:     0x62d9ad75058d - __rustc[ea4f61d10b84890b]::rust_begin_unwind
[INFO] [stdout]   10:     0x62d9ad7898ac - core[a373ad73a504971]::panicking::panic_fmt
[INFO] [stdout]   11:     0x62d9ad789682 - core[a373ad73a504971]::result::unwrap_failed
[INFO] [stdout]   12:     0x62d9ad635d18 - integration[a462a9ff6c40d4d5]::run_file_test
[INFO] [stdout]   13:     0x62d9ad637c35 - <integration[a462a9ff6c40d4d5]::run_file_test_tests_integration_this_nested_closure_lox::{closure#0} as core[a373ad73a504971]::ops::function::FnOnce<()>>::call_once
[INFO] [stdout]   14:     0x62d9ad63a4db - test[aada8e7e76ba119b]::__rust_begin_short_backtrace::<core[a373ad73a504971]::result::Result<(), alloc[2e1b2a31b91974c5]::string::String>, fn() -> core[a373ad73a504971]::result::Result<(), alloc[2e1b2a31b91974c5]::string::String>>
[INFO] [stdout]   15:     0x62d9ad6476b5 - test[aada8e7e76ba119b]::run_test::{closure#0}
[INFO] [stdout]   16:     0x62d9ad640fa4 - std[617be2ca0a6fd877]::sys::backtrace::__rust_begin_short_backtrace::<test[aada8e7e76ba119b]::run_test::{closure#1}, ()>
[INFO] [stdout]   17:     0x62d9ad64a742 - <std[617be2ca0a6fd877]::thread::lifecycle::spawn_unchecked<test[aada8e7e76ba119b]::run_test::{closure#1}, ()>::{closure#1} as core[a373ad73a504971]::ops::function::FnOnce<()>>::call_once::{shim:vtable#0}
[INFO] [stdout]   18:     0x62d9ad772ecf - <std[617be2ca0a6fd877]::sys::thread::unix::Thread>::new::thread_start
[INFO] [stdout]   19:     0x7e7a971f5dfa - <unknown>
[INFO] [stdout]   20:     0x7e7a972893d4 - clone
[INFO] [stdout]   21:                0x0 - <unknown>
[INFO] [stdout] 
[INFO] [stdout] ---- run_file_test_tests_integration_this_nested_class_lox stdout ----
[INFO] [stdout] /opt/rustwide/workdir/tests/integration/this/nested_class.lox
[INFO] [stdout] 
[INFO] [stdout] thread 'run_file_test_tests_integration_this_nested_class_lox' (1023) panicked at tests/integration.rs:85:54:
[INFO] [stdout] called `Result::unwrap()` on an `Err` value: Os { code: 2, kind: NotFound, message: "No such file or directory" }
[INFO] [stdout] stack backtrace:
[INFO] [stdout]    0:     0x62d9ad7739d1 - <<std[617be2ca0a6fd877]::sys::backtrace::BacktraceLock>::print::DisplayBacktrace as core[a373ad73a504971]::fmt::Display>::fmt
[INFO] [stdout]    1:     0x62d9ad7890ca - core[a373ad73a504971]::fmt::write
[INFO] [stdout]    2:     0x62d9ad777c0c - <alloc[2e1b2a31b91974c5]::vec::Vec<u8> as core[a373ad73a504971]::io::write::Write>::write_fmt
[INFO] [stdout]    3:     0x62d9ad74f8d6 - std[617be2ca0a6fd877]::panicking::default_hook::{closure#0}
[INFO] [stdout]    4:     0x62d9ad76bd09 - std[617be2ca0a6fd877]::panicking::default_hook
[INFO] [stdout]    5:     0x62d9ad647090 - test[aada8e7e76ba119b]::test_main_inner::{closure#0}
[INFO] [stdout]    6:     0x62d9ad76bec2 - std[617be2ca0a6fd877]::panicking::panic_with_hook
[INFO] [stdout]    7:     0x62d9ad74f982 - std[617be2ca0a6fd877]::panicking::panic_handler::{closure#0}
[INFO] [stdout]    8:     0x62d9ad748509 - std[617be2ca0a6fd877]::sys::backtrace::__rust_end_short_backtrace::<std[617be2ca0a6fd877]::panicking::panic_handler::{closure#0}, !>
[INFO] [stdout]    9:     0x62d9ad75058d - __rustc[ea4f61d10b84890b]::rust_begin_unwind
[INFO] [stdout]   10:     0x62d9ad7898ac - core[a373ad73a504971]::panicking::panic_fmt
[INFO] [stdout]   11:     0x62d9ad789682 - core[a373ad73a504971]::result::unwrap_failed
[INFO] [stdout]   12:     0x62d9ad635d18 - integration[a462a9ff6c40d4d5]::run_file_test
[INFO] [stdout]   13:     0x62d9ad637a85 - <integration[a462a9ff6c40d4d5]::run_file_test_tests_integration_this_nested_class_lox::{closure#0} as core[a373ad73a504971]::ops::function::FnOnce<()>>::call_once
[INFO] [stdout]   14:     0x62d9ad63a4db - test[aada8e7e76ba119b]::__rust_begin_short_backtrace::<core[a373ad73a504971]::result::Result<(), alloc[2e1b2a31b91974c5]::string::String>, fn() -> core[a373ad73a504971]::result::Result<(), alloc[2e1b2a31b91974c5]::string::String>>
[INFO] [stdout]   15:     0x62d9ad6476b5 - test[aada8e7e76ba119b]::run_test::{closure#0}
[INFO] [stdout]   16:     0x62d9ad640fa4 - std[617be2ca0a6fd877]::sys::backtrace::__rust_begin_short_backtrace::<test[aada8e7e76ba119b]::run_test::{closure#1}, ()>
[INFO] [stdout]   17:     0x62d9ad64a742 - <std[617be2ca0a6fd877]::thread::lifecycle::spawn_unchecked<test[aada8e7e76ba119b]::run_test::{closure#1}, ()>::{closure#1} as core[a373ad73a504971]::ops::function::FnOnce<()>>::call_once::{shim:vtable#0}
[INFO] [stdout]   18:     0x62d9ad772ecf - <std[617be2ca0a6fd877]::sys::thread::unix::Thread>::new::thread_start
[INFO] [stdout]   19:     0x7e7a971f5dfa - <unknown>
[INFO] [stdout]   20:     0x7e7a972893d4 - clone
[INFO] [stdout]   21:                0x0 - <unknown>
[INFO] [stdout] 
[INFO] [stdout] ---- run_file_test_tests_integration_string_out_of_range_lox stdout ----
[INFO] [stdout] /opt/rustwide/workdir/tests/integration/string/out_of_range.lox
[INFO] [stdout] 
[INFO] [stdout] thread 'run_file_test_tests_integration_string_out_of_range_lox' (1002) panicked at tests/integration.rs:85:54:
[INFO] [stdout] called `Result::unwrap()` on an `Err` value: Os { code: 2, kind: NotFound, message: "No such file or directory" }
[INFO] [stdout] stack backtrace:
[INFO] [stdout]    0:     0x62d9ad7739d1 - <<std[617be2ca0a6fd877]::sys::backtrace::BacktraceLock>::print::DisplayBacktrace as core[a373ad73a504971]::fmt::Display>::fmt
[INFO] [stdout]    1:     0x62d9ad7890ca - core[a373ad73a504971]::fmt::write
[INFO] [stdout]    2:     0x62d9ad777c0c - <alloc[2e1b2a31b91974c5]::vec::Vec<u8> as core[a373ad73a504971]::io::write::Write>::write_fmt
[INFO] [stdout]    3:     0x62d9ad74f8d6 - std[617be2ca0a6fd877]::panicking::default_hook::{closure#0}
[INFO] [stdout]    4:     0x62d9ad76bd09 - std[617be2ca0a6fd877]::panicking::default_hook
[INFO] [stdout]    5:     0x62d9ad647090 - test[aada8e7e76ba119b]::test_main_inner::{closure#0}
[INFO] [stdout]    6:     0x62d9ad76bec2 - std[617be2ca0a6fd877]::panicking::panic_with_hook
[INFO] [stdout]    7:     0x62d9ad74f982 - std[617be2ca0a6fd877]::panicking::panic_handler::{closure#0}
[INFO] [stdout]    8:     0x62d9ad748509 - std[617be2ca0a6fd877]::sys::backtrace::__rust_end_short_backtrace::<std[617be2ca0a6fd877]::panicking::panic_handler::{closure#0}, !>
[INFO] [stdout]    9:     0x62d9ad75058d - __rustc[ea4f61d10b84890b]::rust_begin_unwind
[INFO] [stdout]   10:     0x62d9ad7898ac - core[a373ad73a504971]::panicking::panic_fmt
[INFO] [stdout]   11:     0x62d9ad789682 - core[a373ad73a504971]::result::unwrap_failed
[INFO] [stdout]   12:     0x62d9ad635d18 - integration[a462a9ff6c40d4d5]::run_file_test
[INFO] [stdout]   13:     0x62d9ad637bd5 - <integration[a462a9ff6c40d4d5]::run_file_test_tests_integration_string_out_of_range_lox::{closure#0} as core[a373ad73a504971]::ops::function::FnOnce<()>>::call_once
[INFO] [stdout]   14:     0x62d9ad63a4db - test[aada8e7e76ba119b]::__rust_begin_short_backtrace::<core[a373ad73a504971]::result::Result<(), alloc[2e1b2a31b91974c5]::string::String>, fn() -> core[a373ad73a504971]::result::Result<(), alloc[2e1b2a31b91974c5]::string::String>>
[INFO] [stdout]   15:     0x62d9ad6476b5 - test[aada8e7e76ba119b]::run_test::{closure#0}
[INFO] [stdout]   16:     0x62d9ad640fa4 - std[617be2ca0a6fd877]::sys::backtrace::__rust_begin_short_backtrace::<test[aada8e7e76ba119b]::run_test::{closure#1}, ()>
[INFO] [stdout]   17:     0x62d9ad64a742 - <std[617be2ca0a6fd877]::thread::lifecycle::spawn_unchecked<test[aada8e7e76ba119b]::run_test::{closure#1}, ()>::{closure#1} as core[a373ad73a504971]::ops::function::FnOnce<()>>::call_once::{shim:vtable#0}
[INFO] [stdout]   18:     0x62d9ad772ecf - <std[617be2ca0a6fd877]::sys::thread::unix::Thread>::new::thread_start
[INFO] [stdout]   19:     0x7e7a971f5dfa - <unknown>
[INFO] [stdout]   20:     0x7e7a972893d4 - clone
[INFO] [stdout]   21:                0x0 - <unknown>
[INFO] [stdout] 
[INFO] [stdout] ---- run_file_test_tests_integration_super_closure_lox stdout ----
[INFO] [stdout] /opt/rustwide/workdir/tests/integration/super/closure.lox
[INFO] [stdout] 
[INFO] [stdout] thread 'run_file_test_tests_integration_super_closure_lox' (1009) panicked at tests/integration.rs:85:54:
[INFO] [stdout] called `Result::unwrap()` on an `Err` value: Os { code: 2, kind: NotFound, message: "No such file or directory" }
[INFO] [stdout] stack backtrace:
[INFO] [stdout]    0:     0x62d9ad7739d1 - <<std[617be2ca0a6fd877]::sys::backtrace::BacktraceLock>::print::DisplayBacktrace as core[a373ad73a504971]::fmt::Display>::fmt
[INFO] [stdout]    1:     0x62d9ad7890ca - core[a373ad73a504971]::fmt::write
[INFO] [stdout]    2:     0x62d9ad777c0c - <alloc[2e1b2a31b91974c5]::vec::Vec<u8> as core[a373ad73a504971]::io::write::Write>::write_fmt
[INFO] [stdout]    3:     0x62d9ad74f8d6 - std[617be2ca0a6fd877]::panicking::default_hook::{closure#0}
[INFO] [stdout]    4:     0x62d9ad76bd09 - std[617be2ca0a6fd877]::panicking::default_hook
[INFO] [stdout]    5:     0x62d9ad647090 - test[aada8e7e76ba119b]::test_main_inner::{closure#0}
[INFO] [stdout]    6:     0x62d9ad76bec2 - std[617be2ca0a6fd877]::panicking::panic_with_hook
[INFO] [stdout]    7:     0x62d9ad74f982 - std[617be2ca0a6fd877]::panicking::panic_handler::{closure#0}
[INFO] [stdout]    8:     0x62d9ad748509 - std[617be2ca0a6fd877]::sys::backtrace::__rust_end_short_backtrace::<std[617be2ca0a6fd877]::panicking::panic_handler::{closure#0}, !>
[INFO] [stdout]    9:     0x62d9ad75058d - __rustc[ea4f61d10b84890b]::rust_begin_unwind
[INFO] [stdout]   10:     0x62d9ad7898ac - core[a373ad73a504971]::panicking::panic_fmt
[INFO] [stdout]   11:     0x62d9ad789682 - core[a373ad73a504971]::result::unwrap_failed
[INFO] [stdout]   12:     0x62d9ad635d18 - integration[a462a9ff6c40d4d5]::run_file_test
[INFO] [stdout]   13:     0x62d9ad637875 - <integration[a462a9ff6c40d4d5]::run_file_test_tests_integration_super_closure_lox::{closure#0} as core[a373ad73a504971]::ops::function::FnOnce<()>>::call_once
[INFO] [stdout]   14:     0x62d9ad63a4db - test[aada8e7e76ba119b]::__rust_begin_short_backtrace::<core[a373ad73a504971]::result::Result<(), alloc[2e1b2a31b91974c5]::string::String>, fn() -> core[a373ad73a504971]::result::Result<(), alloc[2e1b2a31b91974c5]::string::String>>
[INFO] [stdout]   15:     0x62d9ad6476b5 - test[aada8e7e76ba119b]::run_test::{closure#0}
[INFO] [stdout]   16:     0x62d9ad640fa4 - std[617be2ca0a6fd877]::sys::backtrace::__rust_begin_short_backtrace::<test[aada8e7e76ba119b]::run_test::{closure#1}, ()>
[INFO] [stdout]   17:     0x62d9ad64a742 - <std[617be2ca0a6fd877]::thread::lifecycle::spawn_unchecked<test[aada8e7e76ba119b]::run_test::{closure#1}, ()>::{closure#1} as core[a373ad73a504971]::ops::function::FnOnce<()>>::call_once::{shim:vtable#0}
[INFO] [stdout]   18:     0x62d9ad772ecf - <std[617be2ca0a6fd877]::sys::thread::unix::Thread>::new::thread_start
[INFO] [stdout]   19:     0x7e7a971f5dfa - <unknown>
[INFO] [stdout]   20:     0x7e7a972893d4 - clone
[INFO] [stdout]   21:                0x0 - <unknown>
[INFO] [stdout] 
[INFO] [stdout] ---- run_file_test_tests_integration_super_indirect_inherince_lox stdout ----
[INFO] [stdout] /opt/rustwide/workdir/tests/integration/super/indirect_inherince.lox
[INFO] [stdout] 
[INFO] [stdout] thread 'run_file_test_tests_integration_super_indirect_inherince_lox' (1015) panicked at tests/integration.rs:85:54:
[INFO] [stdout] called `Result::unwrap()` on an `Err` value: Os { code: 2, kind: NotFound, message: "No such file or directory" }
[INFO] [stdout] stack backtrace:
[INFO] [stdout]    0:     0x62d9ad7739d1 - <<std[617be2ca0a6fd877]::sys::backtrace::BacktraceLock>::print::DisplayBacktrace as core[a373ad73a504971]::fmt::Display>::fmt
[INFO] [stdout]    1:     0x62d9ad7890ca - core[a373ad73a504971]::fmt::write
[INFO] [stdout]    2:     0x62d9ad777c0c - <alloc[2e1b2a31b91974c5]::vec::Vec<u8> as core[a373ad73a504971]::io::write::Write>::write_fmt
[INFO] [stdout]    3:     0x62d9ad74f8d6 - std[617be2ca0a6fd877]::panicking::default_hook::{closure#0}
[INFO] [stdout]    4:     0x62d9ad76bd09 - std[617be2ca0a6fd877]::panicking::default_hook
[INFO] [stdout]    5:     0x62d9ad647090 - test[aada8e7e76ba119b]::test_main_inner::{closure#0}
[INFO] [stdout]    6:     0x62d9ad76bec2 - std[617be2ca0a6fd877]::panicking::panic_with_hook
[INFO] [stdout]    7:     0x62d9ad74f982 - std[617be2ca0a6fd877]::panicking::panic_handler::{closure#0}
[INFO] [stdout]    8:     0x62d9ad748509 - std[617be2ca0a6fd877]::sys::backtrace::__rust_end_short_backtrace::<std[617be2ca0a6fd877]::panicking::panic_handler::{closure#0}, !>
[INFO] [stdout]    9:     0x62d9ad75058d - __rustc[ea4f61d10b84890b]::rust_begin_unwind
[INFO] [stdout]   10:     0x62d9ad7898ac - core[a373ad73a504971]::panicking::panic_fmt
[INFO] [stdout]   11:     0x62d9ad789682 - core[a373ad73a504971]::result::unwrap_failed
[INFO] [stdout]   12:     0x62d9ad635d18 - integration[a462a9ff6c40d4d5]::run_file_test
[INFO] [stdout]   13:     0x62d9ad637de5 - <integration[a462a9ff6c40d4d5]::run_file_test_tests_integration_super_indirect_inherince_lox::{closure#0} as core[a373ad73a504971]::ops::function::FnOnce<()>>::call_once
[INFO] [stdout]   14:     0x62d9ad63a4db - test[aada8e7e76ba119b]::__rust_begin_short_backtrace::<core[a373ad73a504971]::result::Result<(), alloc[2e1b2a31b91974c5]::string::String>, fn() -> core[a373ad73a504971]::result::Result<(), alloc[2e1b2a31b91974c5]::string::String>>
[INFO] [stdout]   15:     0x62d9ad6476b5 - test[aada8e7e76ba119b]::run_test::{closure#0}
[INFO] [stdout]   16:     0x62d9ad640fa4 - std[617be2ca0a6fd877]::sys::backtrace::__rust_begin_short_backtrace::<test[aada8e7e76ba119b]::run_test::{closure#1}, ()>
[INFO] [stdout]   17:     0x62d9ad64a742 - <std[617be2ca0a6fd877]::thread::lifecycle::spawn_unchecked<test[aada8e7e76ba119b]::run_test::{closure#1}, ()>::{closure#1} as core[a373ad73a504971]::ops::function::FnOnce<()>>::call_once::{shim:vtable#0}
[INFO] [stdout]   18:     0x62d9ad772ecf - <std[617be2ca0a6fd877]::sys::thread::unix::Thread>::new::thread_start
[INFO] [stdout]   19:     0x7e7a971f5dfa - <unknown>
[INFO] [stdout]   20:     0x7e7a972893d4 - clone
[INFO] [stdout]   21:                0x0 - <unknown>
[INFO] [stdout] 
[INFO] [stdout] ---- run_file_test_tests_integration_super_no_superclass_method_lox stdout ----
[INFO] [stdout] /opt/rustwide/workdir/tests/integration/super/no_superclass_method.lox
[INFO] [stdout] 
[INFO] [stdout] thread 'run_file_test_tests_integration_super_no_superclass_method_lox' (1018) panicked at tests/integration.rs:85:54:
[INFO] [stdout] called `Result::unwrap()` on an `Err` value: Os { code: 2, kind: NotFound, message: "No such file or directory" }
[INFO] [stdout] stack backtrace:
[INFO] [stdout]    0:     0x62d9ad7739d1 - <<std[617be2ca0a6fd877]::sys::backtrace::BacktraceLock>::print::DisplayBacktrace as core[a373ad73a504971]::fmt::Display>::fmt
[INFO] [stdout]    1:     0x62d9ad7890ca - core[a373ad73a504971]::fmt::write
[INFO] [stdout]    2:     0x62d9ad777c0c - <alloc[2e1b2a31b91974c5]::vec::Vec<u8> as core[a373ad73a504971]::io::write::Write>::write_fmt
[INFO] [stdout]    3:     0x62d9ad74f8d6 - std[617be2ca0a6fd877]::panicking::default_hook::{closure#0}
[INFO] [stdout]    4:     0x62d9ad76bd09 - std[617be2ca0a6fd877]::panicking::default_hook
[INFO] [stdout]    5:     0x62d9ad647090 - test[aada8e7e76ba119b]::test_main_inner::{closure#0}
[INFO] [stdout]    6:     0x62d9ad76bec2 - std[617be2ca0a6fd877]::panicking::panic_with_hook
[INFO] [stdout]    7:     0x62d9ad74f982 - std[617be2ca0a6fd877]::panicking::panic_handler::{closure#0}
[INFO] [stdout]    8:     0x62d9ad748509 - std[617be2ca0a6fd877]::sys::backtrace::__rust_end_short_backtrace::<std[617be2ca0a6fd877]::panicking::panic_handler::{closure#0}, !>
[INFO] [stdout]    9:     0x62d9ad75058d - __rustc[ea4f61d10b84890b]::rust_begin_unwind
[INFO] [stdout]   10:     0x62d9ad7898ac - core[a373ad73a504971]::panicking::panic_fmt
[INFO] [stdout]   11:     0x62d9ad789682 - core[a373ad73a504971]::result::unwrap_failed
[INFO] [stdout]   12:     0x62d9ad635d18 - integration[a462a9ff6c40d4d5]::run_file_test
[INFO] [stdout]   13:     0x62d9ad637e15 - <integration[a462a9ff6c40d4d5]::run_file_test_tests_integration_super_no_superclass_method_lox::{closure#0} as core[a373ad73a504971]::ops::function::FnOnce<()>>::call_once
[INFO] [stdout]   14:     0x62d9ad63a4db - test[aada8e7e76ba119b]::__rust_begin_short_backtrace::<core[a373ad73a504971]::result::Result<(), alloc[2e1b2a31b91974c5]::string::String>, fn() -> core[a373ad73a504971]::result::Result<(), alloc[2e1b2a31b91974c5]::string::String>>
[INFO] [stdout]   15:     0x62d9ad6476b5 - test[aada8e7e76ba119b]::run_test::{closure#0}
[INFO] [stdout]   16:     0x62d9ad640fa4 - std[617be2ca0a6fd877]::sys::backtrace::__rust_begin_short_backtrace::<test[aada8e7e76ba119b]::run_test::{closure#1}, ()>
[INFO] [stdout]   17:     0x62d9ad64a742 - <std[617be2ca0a6fd877]::thread::lifecycle::spawn_unchecked<test[aada8e7e76ba119b]::run_test::{closure#1}, ()>::{closure#1} as core[a373ad73a504971]::ops::function::FnOnce<()>>::call_once::{shim:vtable#0}
[INFO] [stdout]   18:     0x62d9ad772ecf - <std[617be2ca0a6fd877]::sys::thread::unix::Thread>::new::thread_start
[INFO] [stdout]   19:     0x7e7a971f5dfa - <unknown>
[INFO] [stdout]   20:     0x7e7a972893d4 - clone
[INFO] [stdout]   21:                0x0 - <unknown>
[INFO] [stdout] 
[INFO] [stdout] ---- run_file_test_tests_integration_this_this_in_method_lox stdout ----
[INFO] [stdout] /opt/rustwide/workdir/tests/integration/this/this_in_method.lox
[INFO] [stdout] 
[INFO] [stdout] thread 'run_file_test_tests_integration_this_this_in_method_lox' (1034) panicked at tests/integration.rs:85:54:
[INFO] [stdout] called `Result::unwrap()` on an `Err` value: Os { code: 2, kind: NotFound, message: "No such file or directory" }
[INFO] [stdout] stack backtrace:
[INFO] [stdout]    0:     0x62d9ad7739d1 - <<std[617be2ca0a6fd877]::sys::backtrace::BacktraceLock>::print::DisplayBacktrace as core[a373ad73a504971]::fmt::Display>::fmt
[INFO] [stdout]    1:     0x62d9ad7890ca - core[a373ad73a504971]::fmt::write
[INFO] [stdout]    2:     0x62d9ad777c0c - <alloc[2e1b2a31b91974c5]::vec::Vec<u8> as core[a373ad73a504971]::io::write::Write>::write_fmt
[INFO] [stdout]    3:     0x62d9ad74f8d6 - std[617be2ca0a6fd877]::panicking::default_hook::{closure#0}
[INFO] [stdout]    4:     0x62d9ad76bd09 - std[617be2ca0a6fd877]::panicking::default_hook
[INFO] [stdout]    5:     0x62d9ad647090 - test[aada8e7e76ba119b]::test_main_inner::{closure#0}
[INFO] [stdout]    6:     0x62d9ad76bec2 - std[617be2ca0a6fd877]::panicking::panic_with_hook
[INFO] [stdout]    7:     0x62d9ad74f982 - std[617be2ca0a6fd877]::panicking::panic_handler::{closure#0}
[INFO] [stdout]    8:     0x62d9ad748509 - std[617be2ca0a6fd877]::sys::backtrace::__rust_end_short_backtrace::<std[617be2ca0a6fd877]::panicking::panic_handler::{closure#0}, !>
[INFO] [stdout]    9:     0x62d9ad75058d - __rustc[ea4f61d10b84890b]::rust_begin_unwind
[INFO] [stdout]   10:     0x62d9ad7898ac - core[a373ad73a504971]::panicking::panic_fmt
[INFO] [stdout]   11:     0x62d9ad789682 - core[a373ad73a504971]::result::unwrap_failed
[INFO] [stdout]   12:     0x62d9ad635d18 - integration[a462a9ff6c40d4d5]::run_file_test
[INFO] [stdout]   13:     0x62d9ad637c65 - <integration[a462a9ff6c40d4d5]::run_file_test_tests_integration_this_this_in_method_lox::{closure#0} as core[a373ad73a504971]::ops::function::FnOnce<()>>::call_once
[INFO] [stdout]   14:     0x62d9ad63a4db - test[aada8e7e76ba119b]::__rust_begin_short_backtrace::<core[a373ad73a504971]::result::Result<(), alloc[2e1b2a31b91974c5]::string::String>, fn() -> core[a373ad73a504971]::result::Result<(), alloc[2e1b2a31b91974c5]::string::String>>
[INFO] [stdout]   15:     0x62d9ad6476b5 - test[aada8e7e76ba119b]::run_test::{closure#0}
[INFO] [stdout]   16:     0x62d9ad640fa4 - std[617be2ca0a6fd877]::sys::backtrace::__rust_begin_short_backtrace::<test[aada8e7e76ba119b]::run_test::{closure#1}, ()>
[INFO] [stdout]   17:     0x62d9ad64a742 - <std[617be2ca0a6fd877]::thread::lifecycle::spawn_unchecked<test[aada8e7e76ba119b]::run_test::{closure#1}, ()>::{closure#1} as core[a373ad73a504971]::ops::function::FnOnce<()>>::call_once::{shim:vtable#0}
[INFO] [stdout]   18:     0x62d9ad772ecf - <std[617be2ca0a6fd877]::sys::thread::unix::Thread>::new::thread_start
[INFO] [stdout]   19:     0x7e7a971f5dfa - <unknown>
[INFO] [stdout]   20:     0x7e7a972893d4 - clone
[INFO] [stdout]   21:                0x0 - <unknown>
[INFO] [stdout] 
[INFO] [stdout] ---- run_file_test_tests_integration_while_while_lox stdout ----
[INFO] [stdout] /opt/rustwide/workdir/tests/integration/while/while.lox
[INFO] [stdout] 
[INFO] [stdout] thread 'run_file_test_tests_integration_while_while_lox' (1043) panicked at tests/integration.rs:85:54:
[INFO] [stdout] called `Result::unwrap()` on an `Err` value: Os { code: 2, kind: NotFound, message: "No such file or directory" }
[INFO] [stdout] stack backtrace:
[INFO] [stdout]    0:     0x62d9ad7739d1 - <<std[617be2ca0a6fd877]::sys::backtrace::BacktraceLock>::print::DisplayBacktrace as core[a373ad73a504971]::fmt::Display>::fmt
[INFO] [stdout]    1:     0x62d9ad7890ca - core[a373ad73a504971]::fmt::write
[INFO] [stdout]    2:     0x62d9ad777c0c - <alloc[2e1b2a31b91974c5]::vec::Vec<u8> as core[a373ad73a504971]::io::write::Write>::write_fmt
[INFO] [stdout]    3:     0x62d9ad74f8d6 - std[617be2ca0a6fd877]::panicking::default_hook::{closure#0}
[INFO] [stdout]    4:     0x62d9ad76bd09 - std[617be2ca0a6fd877]::panicking::default_hook
[INFO] [stdout]    5:     0x62d9ad647090 - test[aada8e7e76ba119b]::test_main_inner::{closure#0}
[INFO] [stdout]    6:     0x62d9ad76bec2 - std[617be2ca0a6fd877]::panicking::panic_with_hook
[INFO] [stdout]    7:     0x62d9ad74f982 - std[617be2ca0a6fd877]::panicking::panic_handler::{closure#0}
[INFO] [stdout]    8:     0x62d9ad748509 - std[617be2ca0a6fd877]::sys::backtrace::__rust_end_short_backtrace::<std[617be2ca0a6fd877]::panicking::panic_handler::{closure#0}, !>
[INFO] [stdout]    9:     0x62d9ad75058d - __rustc[ea4f61d10b84890b]::rust_begin_unwind
[INFO] [stdout]   10:     0x62d9ad7898ac - core[a373ad73a504971]::panicking::panic_fmt
[INFO] [stdout]   11:     0x62d9ad789682 - core[a373ad73a504971]::result::unwrap_failed
[INFO] [stdout]   12:     0x62d9ad635d18 - integration[a462a9ff6c40d4d5]::run_file_test
[INFO] [stdout]   13:     0x62d9ad637755 - <integration[a462a9ff6c40d4d5]::run_file_test_tests_integration_while_while_lox::{closure#0} as core[a373ad73a504971]::ops::function::FnOnce<()>>::call_once
[INFO] [stdout]   14:     0x62d9ad63a4db - test[aada8e7e76ba119b]::__rust_begin_short_backtrace::<core[a373ad73a504971]::result::Result<(), alloc[2e1b2a31b91974c5]::string::String>, fn() -> core[a373ad73a504971]::result::Result<(), alloc[2e1b2a31b91974c5]::string::String>>
[INFO] [stdout]   15:     0x62d9ad6476b5 - test[aada8e7e76ba119b]::run_test::{closure#0}
[INFO] [stdout]   16:     0x62d9ad640fa4 - std[617be2ca0a6fd877]::sys::backtrace::__rust_begin_short_backtrace::<test[aada8e7e76ba119b]::run_test::{closure#1}, ()>
[INFO] [stdout]   17:     0x62d9ad64a742 - <std[617be2ca0a6fd877]::thread::lifecycle::spawn_unchecked<test[aada8e7e76ba119b]::run_test::{closure#1}, ()>::{closure#1} as core[a373ad73a504971]::ops::function::FnOnce<()>>::call_once::{shim:vtable#0}
[INFO] [stdout]   18:     0x62d9ad772ecf - <std[617be2ca0a6fd877]::sys::thread::unix::Thread>::new::thread_start
[INFO] [stdout]   19:     0x7e7a971f5dfa - <unknown>
[INFO] [stdout]   20:     0x7e7a972893d4 - clone
[INFO] [stdout]   21:                0x0 - <unknown>
[INFO] [stdout] 
[INFO] [stdout] ---- run_file_test_tests_integration_var_duplicate_var_lox stdout ----
[INFO] [stdout] /opt/rustwide/workdir/tests/integration/var/duplicate_var.lox
[INFO] [stdout] 
[INFO] [stdout] thread 'run_file_test_tests_integration_var_duplicate_var_lox' (1037) panicked at tests/integration.rs:85:54:
[INFO] [stdout] called `Result::unwrap()` on an `Err` value: Os { code: 2, kind: NotFound, message: "No such file or directory" }
[INFO] [stdout] stack backtrace:
[INFO] [stdout]    0:     0x62d9ad7739d1 - <<std[617be2ca0a6fd877]::sys::backtrace::BacktraceLock>::print::DisplayBacktrace as core[a373ad73a504971]::fmt::Display>::fmt
[INFO] [stdout]    1:     0x62d9ad7890ca - core[a373ad73a504971]::fmt::write
[INFO] [stdout]    2:     0x62d9ad777c0c - <alloc[2e1b2a31b91974c5]::vec::Vec<u8> as core[a373ad73a504971]::io::write::Write>::write_fmt
[INFO] [stdout]    3:     0x62d9ad74f8d6 - std[617be2ca0a6fd877]::panicking::default_hook::{closure#0}
[INFO] [stdout]    4:     0x62d9ad76bd09 - std[617be2ca0a6fd877]::panicking::default_hook
[INFO] [stdout]    5:     0x62d9ad647090 - test[aada8e7e76ba119b]::test_main_inner::{closure#0}
[INFO] [stdout]    6:     0x62d9ad76bec2 - std[617be2ca0a6fd877]::panicking::panic_with_hook
[INFO] [stdout]    7:     0x62d9ad74f982 - std[617be2ca0a6fd877]::panicking::panic_handler::{closure#0}
[INFO] [stdout]    8:     0x62d9ad748509 - std[617be2ca0a6fd877]::sys::backtrace::__rust_end_short_backtrace::<std[617be2ca0a6fd877]::panicking::panic_handler::{closure#0}, !>
[INFO] [stdout]    9:     0x62d9ad75058d - __rustc[ea4f61d10b84890b]::rust_begin_unwind
[INFO] [stdout]   10:     0x62d9ad7898ac - core[a373ad73a504971]::panicking::panic_fmt
[INFO] [stdout]   11:     0x62d9ad789682 - core[a373ad73a504971]::result::unwrap_failed
[INFO] [stdout]   12:     0x62d9ad635d18 - integration[a462a9ff6c40d4d5]::run_file_test
[INFO] [stdout]   13:     0x62d9ad637ab5 - <integration[a462a9ff6c40d4d5]::run_file_test_tests_integration_var_duplicate_var_lox::{closure#0} as core[a373ad73a504971]::ops::function::FnOnce<()>>::call_once
[INFO] [stdout]   14:     0x62d9ad63a4db - test[aada8e7e76ba119b]::__rust_begin_short_backtrace::<core[a373ad73a504971]::result::Result<(), alloc[2e1b2a31b91974c5]::string::String>, fn() -> core[a373ad73a504971]::result::Result<(), alloc[2e1b2a31b91974c5]::string::String>>
[INFO] [stdout]   15:     0x62d9ad6476b5 - test[aada8e7e76ba119b]::run_test::{closure#0}
[INFO] [stdout]   16:     0x62d9ad640fa4 - std[617be2ca0a6fd877]::sys::backtrace::__rust_begin_short_backtrace::<test[aada8e7e76ba119b]::run_test::{closure#1}, ()>
[INFO] [stdout]   17:     0x62d9ad64a742 - <std[617be2ca0a6fd877]::thread::lifecycle::spawn_unchecked<test[aada8e7e76ba119b]::run_test::{closure#1}, ()>::{closure#1} as core[a373ad73a504971]::ops::function::FnOnce<()>>::call_once::{shim:vtable#0}
[INFO] [stdout]   18:     0x62d9ad772ecf - <std[617be2ca0a6fd877]::sys::thread::unix::Thread>::new::thread_start
[INFO] [stdout]   19:     0x7e7a971f5dfa - <unknown>
[INFO] [stdout]   20:     0x7e7a972893d4 - clone
[INFO] [stdout]   21:                0x0 - <unknown>
[INFO] [stdout] 
[INFO] [stdout] ---- run_file_test_tests_integration_this_this_in_toplevel_lox stdout ----
[INFO] [stdout] /opt/rustwide/workdir/tests/integration/this/this_in_toplevel.lox
[INFO] [stdout] 
[INFO] [stdout] thread 'run_file_test_tests_integration_this_this_in_toplevel_lox' (1035) panicked at tests/integration.rs:85:54:
[INFO] [stdout] called `Result::unwrap()` on an `Err` value: Os { code: 2, kind: NotFound, message: "No such file or directory" }
[INFO] [stdout] stack backtrace:
[INFO] [stdout]    0:     0x62d9ad7739d1 - <<std[617be2ca0a6fd877]::sys::backtrace::BacktraceLock>::print::DisplayBacktrace as core[a373ad73a504971]::fmt::Display>::fmt
[INFO] [stdout]    1:     0x62d9ad7890ca - core[a373ad73a504971]::fmt::write
[INFO] [stdout]    2:     0x62d9ad777c0c - <alloc[2e1b2a31b91974c5]::vec::Vec<u8> as core[a373ad73a504971]::io::write::Write>::write_fmt
[INFO] [stdout]    3:     0x62d9ad74f8d6 - std[617be2ca0a6fd877]::panicking::default_hook::{closure#0}
[INFO] [stdout]    4:     0x62d9ad76bd09 - std[617be2ca0a6fd877]::panicking::default_hook
[INFO] [stdout]    5:     0x62d9ad647090 - test[aada8e7e76ba119b]::test_main_inner::{closure#0}
[INFO] [stdout]    6:     0x62d9ad76bec2 - std[617be2ca0a6fd877]::panicking::panic_with_hook
[INFO] [stdout]    7:     0x62d9ad74f982 - std[617be2ca0a6fd877]::panicking::panic_handler::{closure#0}
[INFO] [stdout]    8:     0x62d9ad748509 - std[617be2ca0a6fd877]::sys::backtrace::__rust_end_short_backtrace::<std[617be2ca0a6fd877]::panicking::panic_handler::{closure#0}, !>
[INFO] [stdout]    9:     0x62d9ad75058d - __rustc[ea4f61d10b84890b]::rust_begin_unwind
[INFO] [stdout]   10:     0x62d9ad7898ac - core[a373ad73a504971]::panicking::panic_fmt
[INFO] [stdout]   11:     0x62d9ad789682 - core[a373ad73a504971]::result::unwrap_failed
[INFO] [stdout]   12:     0x62d9ad635d18 - integration[a462a9ff6c40d4d5]::run_file_test
[INFO] [stdout]   13:     0x62d9ad637d25 - <integration[a462a9ff6c40d4d5]::run_file_test_tests_integration_this_this_in_toplevel_lox::{closure#0} as core[a373ad73a504971]::ops::function::FnOnce<()>>::call_once
[INFO] [stdout]   14:     0x62d9ad63a4db - test[aada8e7e76ba119b]::__rust_begin_short_backtrace::<core[a373ad73a504971]::result::Result<(), alloc[2e1b2a31b91974c5]::string::String>, fn() -> core[a373ad73a504971]::result::Result<(), alloc[2e1b2a31b91974c5]::string::String>>
[INFO] [stdout]   15:     0x62d9ad6476b5 - test[aada8e7e76ba119b]::run_test::{closure#0}
[INFO] [stdout]   16:     0x62d9ad640fa4 - std[617be2ca0a6fd877]::sys::backtrace::__rust_begin_short_backtrace::<test[aada8e7e76ba119b]::run_test::{closure#1}, ()>
[INFO] [stdout]   17:     0x62d9ad64a742 - <std[617be2ca0a6fd877]::thread::lifecycle::spawn_unchecked<test[aada8e7e76ba119b]::run_test::{closure#1}, ()>::{closure#1} as core[a373ad73a504971]::ops::function::FnOnce<()>>::call_once::{shim:vtable#0}
[INFO] [stdout]   18:     0x62d9ad772ecf - <std[617be2ca0a6fd877]::sys::thread::unix::Thread>::new::thread_start
[INFO] [stdout]   19:     0x7e7a971f5dfa - <unknown>
[INFO] [stdout]   20:     0x7e7a972893d4 - clone
[INFO] [stdout]   21:                0x0 - <unknown>
[INFO] [stdout] 
[INFO] [stdout] ---- run_file_test_tests_integration_var_early_bound_lox stdout ----
[INFO] [stdout] /opt/rustwide/workdir/tests/integration/var/early_bound.lox
[INFO] [stdout] 
[INFO] [stdout] thread 'run_file_test_tests_integration_var_early_bound_lox' (1038) panicked at tests/integration.rs:85:54:
[INFO] [stdout] called `Result::unwrap()` on an `Err` value: Os { code: 2, kind: NotFound, message: "No such file or directory" }
[INFO] [stdout] stack backtrace:
[INFO] [stdout]    0:     0x62d9ad7739d1 - <<std[617be2ca0a6fd877]::sys::backtrace::BacktraceLock>::print::DisplayBacktrace as core[a373ad73a504971]::fmt::Display>::fmt
[INFO] [stdout]    1:     0x62d9ad7890ca - core[a373ad73a504971]::fmt::write
[INFO] [stdout]    2:     0x62d9ad777c0c - <alloc[2e1b2a31b91974c5]::vec::Vec<u8> as core[a373ad73a504971]::io::write::Write>::write_fmt
[INFO] [stdout]    3:     0x62d9ad74f8d6 - std[617be2ca0a6fd877]::panicking::default_hook::{closure#0}
[INFO] [stdout]    4:     0x62d9ad76bd09 - std[617be2ca0a6fd877]::panicking::default_hook
[INFO] [stdout]    5:     0x62d9ad647090 - test[aada8e7e76ba119b]::test_main_inner::{closure#0}
[INFO] [stdout]    6:     0x62d9ad76bec2 - std[617be2ca0a6fd877]::panicking::panic_with_hook
[INFO] [stdout]    7:     0x62d9ad74f982 - std[617be2ca0a6fd877]::panicking::panic_handler::{closure#0}
[INFO] [stdout]    8:     0x62d9ad748509 - std[617be2ca0a6fd877]::sys::backtrace::__rust_end_short_backtrace::<std[617be2ca0a6fd877]::panicking::panic_handler::{closure#0}, !>
[INFO] [stdout]    9:     0x62d9ad75058d - __rustc[ea4f61d10b84890b]::rust_begin_unwind
[INFO] [stdout]   10:     0x62d9ad7898ac - core[a373ad73a504971]::panicking::panic_fmt
[INFO] [stdout]   11:     0x62d9ad789682 - core[a373ad73a504971]::result::unwrap_failed
[INFO] [stdout]   12:     0x62d9ad635d18 - integration[a462a9ff6c40d4d5]::run_file_test
[INFO] [stdout]   13:     0x62d9ad637965 - <integration[a462a9ff6c40d4d5]::run_file_test_tests_integration_var_early_bound_lox::{closure#0} as core[a373ad73a504971]::ops::function::FnOnce<()>>::call_once
[INFO] [stdout]   14:     0x62d9ad63a4db - test[aada8e7e76ba119b]::__rust_begin_short_backtrace::<core[a373ad73a504971]::result::Result<(), alloc[2e1b2a31b91974c5]::string::String>, fn() -> core[a373ad73a504971]::result::Result<(), alloc[2e1b2a31b91974c5]::string::String>>
[INFO] [stdout]   15:     0x62d9ad6476b5 - test[aada8e7e76ba119b]::run_test::{closure#0}
[INFO] [stdout]   16:     0x62d9ad640fa4 - std[617be2ca0a6fd877]::sys::backtrace::__rust_begin_short_backtrace::<test[aada8e7e76ba119b]::run_test::{closure#1}, ()>
[INFO] [stdout]   17:     0x62d9ad64a742 - <std[617be2ca0a6fd877]::thread::lifecycle::spawn_unchecked<test[aada8e7e76ba119b]::run_test::{closure#1}, ()>::{closure#1} as core[a373ad73a504971]::ops::function::FnOnce<()>>::call_once::{shim:vtable#0}
[INFO] [stdout]   18:     0x62d9ad772ecf - <std[617be2ca0a6fd877]::sys::thread::unix::Thread>::new::thread_start
[INFO] [stdout]   19:     0x7e7a971f5dfa - <unknown>
[INFO] [stdout]   20:     0x7e7a972893d4 - clone
[INFO] [stdout]   21:                0x0 - <unknown>
[INFO] [stdout] 
[INFO] [stdout] ---- run_file_test_tests_integration_var_assign_lox stdout ----
[INFO] [stdout] /opt/rustwide/workdir/tests/integration/var/assign.lox
[INFO] [stdout] 
[INFO] [stdout] thread 'run_file_test_tests_integration_var_assign_lox' (1036) panicked at tests/integration.rs:85:54:
[INFO] [stdout] called `Result::unwrap()` on an `Err` value: Os { code: 2, kind: NotFound, message: "No such file or directory" }
[INFO] [stdout] stack backtrace:
[INFO] [stdout]    0:     0x62d9ad7739d1 - <<std[617be2ca0a6fd877]::sys::backtrace::BacktraceLock>::print::DisplayBacktrace as core[a373ad73a504971]::fmt::Display>::fmt
[INFO] [stdout]    1:     0x62d9ad7890ca - core[a373ad73a504971]::fmt::write
[INFO] [stdout]    2:     0x62d9ad777c0c - <alloc[2e1b2a31b91974c5]::vec::Vec<u8> as core[a373ad73a504971]::io::write::Write>::write_fmt
[INFO] [stdout]    3:     0x62d9ad74f8d6 - std[617be2ca0a6fd877]::panicking::default_hook::{closure#0}
[INFO] [stdout]    4:     0x62d9ad76bd09 - std[617be2ca0a6fd877]::panicking::default_hook
[INFO] [stdout]    5:     0x62d9ad647090 - test[aada8e7e76ba119b]::test_main_inner::{closure#0}
[INFO] [stdout]    6:     0x62d9ad76bec2 - std[617be2ca0a6fd877]::panicking::panic_with_hook
[INFO] [stdout]    7:     0x62d9ad74f982 - std[617be2ca0a6fd877]::panicking::panic_handler::{closure#0}
[INFO] [stdout]    8:     0x62d9ad748509 - std[617be2ca0a6fd877]::sys::backtrace::__rust_end_short_backtrace::<std[617be2ca0a6fd877]::panicking::panic_handler::{closure#0}, !>
[INFO] [stdout]    9:     0x62d9ad75058d - __rustc[ea4f61d10b84890b]::rust_begin_unwind
[INFO] [stdout]   10:     0x62d9ad7898ac - core[a373ad73a504971]::panicking::panic_fmt
[INFO] [stdout]   11:     0x62d9ad789682 - core[a373ad73a504971]::result::unwrap_failed
[INFO] [stdout]   12:     0x62d9ad635d18 - integration[a462a9ff6c40d4d5]::run_file_test
[INFO] [stdout]   13:     0x62d9ad6376c5 - <integration[a462a9ff6c40d4d5]::run_file_test_tests_integration_var_assign_lox::{closure#0} as core[a373ad73a504971]::ops::function::FnOnce<()>>::call_once
[INFO] [stdout]   14:     0x62d9ad63a4db - test[aada8e7e76ba119b]::__rust_begin_short_backtrace::<core[a373ad73a504971]::result::Result<(), alloc[2e1b2a31b91974c5]::string::String>, fn() -> core[a373ad73a504971]::result::Result<(), alloc[2e1b2a31b91974c5]::string::String>>
[INFO] [stdout]   15:     0x62d9ad6476b5 - test[aada8e7e76ba119b]::run_test::{closure#0}
[INFO] [stdout]   16:     0x62d9ad640fa4 - std[617be2ca0a6fd877]::sys::backtrace::__rust_begin_short_backtrace::<test[aada8e7e76ba119b]::run_test::{closure#1}, ()>
[INFO] [stdout]   17:     0x62d9ad64a742 - <std[617be2ca0a6fd877]::thread::lifecycle::spawn_unchecked<test[aada8e7e76ba119b]::run_test::{closure#1}, ()>::{closure#1} as core[a373ad73a504971]::ops::function::FnOnce<()>>::call_once::{shim:vtable#0}
[INFO] [stdout]   18:     0x62d9ad772ecf - <std[617be2ca0a6fd877]::sys::thread::unix::Thread>::new::thread_start
[INFO] [stdout]   19:     0x7e7a971f5dfa - <unknown>
[INFO] [stdout]   20:     0x7e7a972893d4 - clone
[INFO] [stdout]   21:                0x0 - <unknown>
[INFO] [stdout] 
[INFO] [stdout] ---- run_file_test_tests_integration_var_var_lox stdout ----
[INFO] [stdout] /opt/rustwide/workdir/tests/integration/var/var.lox
[INFO] [stdout] 
[INFO] [stdout] thread 'run_file_test_tests_integration_var_var_lox' (1041) panicked at tests/integration.rs:85:54:
[INFO] [stdout] called `Result::unwrap()` on an `Err` value: Os { code: 2, kind: NotFound, message: "No such file or directory" }
[INFO] [stdout] stack backtrace:
[INFO] [stdout]    0:     0x62d9ad7739d1 - <<std[617be2ca0a6fd877]::sys::backtrace::BacktraceLock>::print::DisplayBacktrace as core[a373ad73a504971]::fmt::Display>::fmt
[INFO] [stdout]    1:     0x62d9ad7890ca - core[a373ad73a504971]::fmt::write
[INFO] [stdout]    2:     0x62d9ad777c0c - <alloc[2e1b2a31b91974c5]::vec::Vec<u8> as core[a373ad73a504971]::io::write::Write>::write_fmt
[INFO] [stdout]    3:     0x62d9ad74f8d6 - std[617be2ca0a6fd877]::panicking::default_hook::{closure#0}
[INFO] [stdout]    4:     0x62d9ad76bd09 - std[617be2ca0a6fd877]::panicking::default_hook
[INFO] [stdout]    5:     0x62d9ad647090 - test[aada8e7e76ba119b]::test_main_inner::{closure#0}
[INFO] [stdout]    6:     0x62d9ad76bec2 - std[617be2ca0a6fd877]::panicking::panic_with_hook
[INFO] [stdout]    7:     0x62d9ad74f982 - std[617be2ca0a6fd877]::panicking::panic_handler::{closure#0}
[INFO] [stdout]    8:     0x62d9ad748509 - std[617be2ca0a6fd877]::sys::backtrace::__rust_end_short_backtrace::<std[617be2ca0a6fd877]::panicking::panic_handler::{closure#0}, !>
[INFO] [stdout]    9:     0x62d9ad75058d - __rustc[ea4f61d10b84890b]::rust_begin_unwind
[INFO] [stdout]   10:     0x62d9ad7898ac - core[a373ad73a504971]::panicking::panic_fmt
[INFO] [stdout]   11:     0x62d9ad789682 - core[a373ad73a504971]::result::unwrap_failed
[INFO] [stdout]   12:     0x62d9ad635d18 - integration[a462a9ff6c40d4d5]::run_file_test
[INFO] [stdout]   13:     0x62d9ad637575 - <integration[a462a9ff6c40d4d5]::run_file_test_tests_integration_var_var_lox::{closure#0} as core[a373ad73a504971]::ops::function::FnOnce<()>>::call_once
[INFO] [stdout]   14:     0x62d9ad63a4db - test[aada8e7e76ba119b]::__rust_begin_short_backtrace::<core[a373ad73a504971]::result::Result<(), alloc[2e1b2a31b91974c5]::string::String>, fn() -> core[a373ad73a504971]::result::Result<(), alloc[2e1b2a31b91974c5]::string::String>>
[INFO] [stdout]   15:     0x62d9ad6476b5 - test[aada8e7e76ba119b]::run_test::{closure#0}
[INFO] [stdout]   16:     0x62d9ad640fa4 - std[617be2ca0a6fd877]::sys::backtrace::__rust_begin_short_backtrace::<test[aada8e7e76ba119b]::run_test::{closure#1}, ()>
[INFO] [stdout]   17:     0x62d9ad64a742 - <std[617be2ca0a6fd877]::thread::lifecycle::spawn_unchecked<test[aada8e7e76ba119b]::run_test::{closure#1}, ()>::{closure#1} as core[a373ad73a504971]::ops::function::FnOnce<()>>::call_once::{shim:vtable#0}
[INFO] [stdout]   18:     0x62d9ad772ecf - <std[617be2ca0a6fd877]::sys::thread::unix::Thread>::new::thread_start
[INFO] [stdout]   19:     0x7e7a971f5dfa - <unknown>
[INFO] [stdout]   20:     0x7e7a972893d4 - clone
[INFO] [stdout]   21:                0x0 - <unknown>
[INFO] [stdout] 
[INFO] [stdout] 
[INFO] [stdout] failures:
[INFO] [stdout]     run_file_test_tests_integration_class_method_lox
[INFO] [stdout]     run_file_test_tests_integration_class_outside_this_lox
[INFO] [stdout]     run_file_test_tests_integration_class_set_lox
[INFO] [stdout]     run_file_test_tests_integration_class_this_lox
[INFO] [stdout]     run_file_test_tests_integration_constructor_argument_lox
[INFO] [stdout]     run_file_test_tests_integration_constructor_init_early_return_lox
[INFO] [stdout]     run_file_test_tests_integration_constructor_missing_argument_lox
[INFO] [stdout]     run_file_test_tests_integration_for_for_lox
[INFO] [stdout]     run_file_test_tests_integration_function_closure_lox
[INFO] [stdout]     run_file_test_tests_integration_function_count_lox
[INFO] [stdout]     run_file_test_tests_integration_function_empty_body_lox
[INFO] [stdout]     run_file_test_tests_integration_function_extra_argument_lox
[INFO] [stdout]     run_file_test_tests_integration_function_fib_lox
[INFO] [stdout]     run_file_test_tests_integration_if_if_lox
[INFO] [stdout]     run_file_test_tests_integration_if_truth_lox
[INFO] [stdout]     run_file_test_tests_integration_if_var_in_else_lox
[INFO] [stdout]     run_file_test_tests_integration_inheritance_inheritance_lox
[INFO] [stdout]     run_file_test_tests_integration_list_list_lox
[INFO] [stdout]     run_file_test_tests_integration_list_modify_lox
[INFO] [stdout]     run_file_test_tests_integration_list_string_list_lox
[INFO] [stdout]     run_file_test_tests_integration_logic_and_lox
[INFO] [stdout]     run_file_test_tests_integration_logic_and_truth_lox
[INFO] [stdout]     run_file_test_tests_integration_logic_or_lox
[INFO] [stdout]     run_file_test_tests_integration_logic_or_truth_lox
[INFO] [stdout]     run_file_test_tests_integration_print_print_lox
[INFO] [stdout]     run_file_test_tests_integration_return_after_else_lox
[INFO] [stdout]     run_file_test_tests_integration_return_at_top_level_lox
[INFO] [stdout]     run_file_test_tests_integration_return_return_nil_lox
[INFO] [stdout]     run_file_test_tests_integration_string_index_lox
[INFO] [stdout]     run_file_test_tests_integration_string_out_of_range_lox
[INFO] [stdout]     run_file_test_tests_integration_string_slice_lox
[INFO] [stdout]     run_file_test_tests_integration_string_slice_of_slice_lox
[INFO] [stdout]     run_file_test_tests_integration_super_bound_method_lox
[INFO] [stdout]     run_file_test_tests_integration_super_call_other_method_lox
[INFO] [stdout]     run_file_test_tests_integration_super_closure_lox
[INFO] [stdout]     run_file_test_tests_integration_super_constructor_lox
[INFO] [stdout]     run_file_test_tests_integration_super_extra_argument_lox
[INFO] [stdout]     run_file_test_tests_integration_super_indirect_inherince_lox
[INFO] [stdout]     run_file_test_tests_integration_super_no_superclass_lox
[INFO] [stdout]     run_file_test_tests_integration_super_no_superclass_method_lox
[INFO] [stdout]     run_file_test_tests_integration_super_super_at_top_lox
[INFO] [stdout]     run_file_test_tests_integration_this_closure_lox
[INFO] [stdout]     run_file_test_tests_integration_this_nested_class_lox
[INFO] [stdout]     run_file_test_tests_integration_this_nested_closure_lox
[INFO] [stdout]     run_file_test_tests_integration_this_this_in_method_lox
[INFO] [stdout]     run_file_test_tests_integration_this_this_in_toplevel_lox
[INFO] [stdout]     run_file_test_tests_integration_var_assign_lox
[INFO] [stdout]     run_file_test_tests_integration_var_duplicate_var_lox
[INFO] [stdout]     run_file_test_tests_integration_var_early_bound_lox
[INFO] [stdout]     run_file_test_tests_integration_var_var_lox
[INFO] [stdout]     run_file_test_tests_integration_while_while_lox
[INFO] [stdout] 
[INFO] [stdout] test result: FAILED. 0 passed; 51 failed; 0 ignored; 0 measured; 0 filtered out; finished in 0.01s
[INFO] [stdout] 
[INFO] running `Command { std: "docker" "inspect" "3e08de6ed3a95090ffc80c62bf90ded3cbebf0b4e40cabcea7e6737455d3f349", kill_on_drop: false }`
[INFO] running `Command { std: "docker" "rm" "-f" "3e08de6ed3a95090ffc80c62bf90ded3cbebf0b4e40cabcea7e6737455d3f349", kill_on_drop: false }`
[INFO] [stdout] 3e08de6ed3a95090ffc80c62bf90ded3cbebf0b4e40cabcea7e6737455d3f349
