[INFO] cloning repository https://github.com/corrode/bumpref
[INFO] running `Command { std: "git" "-c" "credential.helper=" "-c" "credential.helper=/workspace/cargo-home/bin/git-credential-null" "clone" "--bare" "https://github.com/corrode/bumpref" "/workspace/cache/git-repos/https%3A%2F%2Fgithub.com%2Fcorrode%2Fbumpref", kill_on_drop: false }`
[INFO] [stderr] Cloning into bare repository '/workspace/cache/git-repos/https%3A%2F%2Fgithub.com%2Fcorrode%2Fbumpref'...
[INFO] running `Command { std: "git" "rev-parse" "HEAD", kill_on_drop: false }`
[INFO] [stdout] 69ce1d563213b60935960a88c4149cd034f56ff8
[INFO] testing corrode/bumpref against 1.100.0-beta.1+cargoflags=--release for beta-release-1.100-2
[INFO] running `Command { std: "git" "clone" "/workspace/cache/git-repos/https%3A%2F%2Fgithub.com%2Fcorrode%2Fbumpref" "/workspace/builds/worker-7-tc2/source", kill_on_drop: false }`
[INFO] [stderr] Cloning into '/workspace/builds/worker-7-tc2/source'...
[INFO] [stderr] done.
[INFO] started tweaking git repo https://github.com/corrode/bumpref
[INFO] finished tweaking git repo https://github.com/corrode/bumpref
[INFO] tweaked toml for git repo https://github.com/corrode/bumpref written to /workspace/builds/worker-7-tc2/source/Cargo.toml
[INFO] validating manifest of git repo https://github.com/corrode/bumpref on toolchain 1.100.0-beta.1
[INFO] running `Command { std: CARGO_HOME="/workspace/cargo-home" RUSTUP_HOME="/workspace/rustup-home" "/workspace/cargo-home/bin/cargo" "+1.100.0-beta.1" "metadata" "--manifest-path" "Cargo.toml" "--no-deps", kill_on_drop: false }`
[INFO] crate git repo https://github.com/corrode/bumpref already has a lockfile, it will not be regenerated
[INFO] running `Command { std: CARGO_HOME="/workspace/cargo-home" RUSTUP_HOME="/workspace/rustup-home" "/workspace/cargo-home/bin/cargo" "+1.100.0-beta.1" "fetch" "--manifest-path" "Cargo.toml", kill_on_drop: false }`
[INFO] [stderr] warning: `package.homepage` is redundant with `package.repository`
[INFO] [stderr]   --> Cargo.toml:22:12
[INFO] [stderr]    |
[INFO] [stderr] 22 | homepage = "https://github.com/corrode/bumpref"
[INFO] [stderr]    |            ^^^^^^^^^^^^^^^^^^^^^^^^^^^^^^^^^^^^
[INFO] [stderr] ...
[INFO] [stderr] 27 | repository = "https://github.com/corrode/bumpref"
[INFO] [stderr]    |              ------------------------------------
[INFO] [stderr]    |
[INFO] [stderr]    = note: `cargo::redundant_homepage` is set to `warn` by default
[INFO] [stderr] help: consider removing `package.homepage`
[INFO] [stderr] warning: `bumpref` (manifest) generated 1 warning
[INFO] running `Command { std: "docker" "create" "-v" "/var/lib/crater-agent-workspace/builds/worker-7-tc2/source:/opt/rustwide/workdir:ro,Z" "-v" "/var/lib/crater-agent-workspace/builds/worker-7-tc2/target:/opt/rustwide/target:rw,Z" "-v" "/var/lib/crater-agent-workspace/cargo-home:/opt/rustwide/cargo-home:ro,Z" "-v" "/var/lib/crater-agent-workspace/rustup-home:/opt/rustwide/rustup-home:ro,Z" "-m" "1610612736" "--network" "none" "ghcr.io/rust-lang/crates-build-env/linux@sha256:77db811e55d90add9212f6832c23229e3de5f1c1f9905e8cb07319ea15df73ac" "sleep" "infinity", kill_on_drop: false }`
[INFO] [stdout] 245fd83faa2d2543bbb01b4bf4609e945378240297b2a3fb69b001f7ffc911b2
[INFO] running `Command { std: "docker" "start" "245fd83faa2d2543bbb01b4bf4609e945378240297b2a3fb69b001f7ffc911b2", kill_on_drop: false }`
[INFO] running `Command { std: "docker" "inspect" "245fd83faa2d2543bbb01b4bf4609e945378240297b2a3fb69b001f7ffc911b2", kill_on_drop: false }`
[INFO] running `Command { std: "docker" "exec" "-e" "SOURCE_DIR=/opt/rustwide/workdir" "-e" "CARGO_HOME=/opt/rustwide/cargo-home" "-e" "RUSTUP_HOME=/opt/rustwide/rustup-home" "-e" "CARGO_TARGET_DIR=/opt/rustwide/target" "-w" "/opt/rustwide/workdir" "--user" "0:0" "245fd83faa2d2543bbb01b4bf4609e945378240297b2a3fb69b001f7ffc911b2" "/opt/rustwide/cargo-home/bin/cargo" "+1.100.0-beta.1" "metadata" "--no-deps" "--format-version=1", kill_on_drop: false }`
[INFO] running `Command { std: "docker" "inspect" "245fd83faa2d2543bbb01b4bf4609e945378240297b2a3fb69b001f7ffc911b2", kill_on_drop: false }`
[INFO] running `Command { std: "docker" "exec" "-e" "SOURCE_DIR=/opt/rustwide/workdir" "-e" "CARGO_HOME=/opt/rustwide/cargo-home" "-e" "RUSTUP_HOME=/opt/rustwide/rustup-home" "-e" "CARGO_TARGET_DIR=/opt/rustwide/target" "-e" "CARGO_INCREMENTAL=0" "-e" "RUST_BACKTRACE=full" "-e" "RUSTFLAGS=--cap-lints=warn" "-e" "RUSTDOCFLAGS=--cap-lints=warn" "-w" "/opt/rustwide/workdir" "--user" "0:0" "245fd83faa2d2543bbb01b4bf4609e945378240297b2a3fb69b001f7ffc911b2" "/opt/rustwide/cargo-home/bin/cargo" "+1.100.0-beta.1" "build" "--frozen" "--message-format=json" "--release", kill_on_drop: false }`
[INFO] [stderr] warning: `package.homepage` is redundant with `package.repository`
[INFO] [stderr]   --> Cargo.toml:22:12
[INFO] [stderr]    |
[INFO] [stderr] 22 | homepage = "https://github.com/corrode/bumpref"
[INFO] [stderr]    |            ^^^^^^^^^^^^^^^^^^^^^^^^^^^^^^^^^^^^
[INFO] [stderr] ...
[INFO] [stderr] 27 | repository = "https://github.com/corrode/bumpref"
[INFO] [stderr]    |              ------------------------------------
[INFO] [stderr]    |
[INFO] [stderr]    = note: `cargo::redundant_homepage` is set to `warn` by default
[INFO] [stderr] help: consider removing `package.homepage`
[INFO] [stderr] warning: `bumpref` (manifest) generated 1 warning
[INFO] [stderr]    Compiling serde_core v1.0.228
[INFO] [stderr]    Compiling proc-macro2 v1.0.103
[INFO] [stderr]    Compiling quote v1.0.42
[INFO] [stderr]    Compiling libc v0.2.177
[INFO] [stderr]    Compiling rustix v1.1.2
[INFO] [stderr]    Compiling camino v1.2.1
[INFO] [stderr]    Compiling bitflags v2.10.0
[INFO] [stderr]    Compiling serde_json v1.0.145
[INFO] [stderr]    Compiling linux-raw-sys v0.11.0
[INFO] [stderr]    Compiling serde v1.0.228
[INFO] [stderr]    Compiling error-chain v0.12.4
[INFO] [stderr]    Compiling pulldown-cmark v0.9.6
[INFO] [stderr]    Compiling once_cell v1.21.3
[INFO] [stderr]    Compiling unicase v2.8.1
[INFO] [stderr]    Compiling bytecount v0.6.9
[INFO] [stderr]    Compiling glob v0.3.3
[INFO] [stderr]    Compiling syn v2.0.110
[INFO] [stderr]    Compiling getrandom v0.3.4
[INFO] [stderr]    Compiling tempfile v3.23.0
[INFO] [stderr]    Compiling semver v1.0.27
[INFO] [stderr]    Compiling serde_derive v1.0.228
[INFO] [stderr]    Compiling cargo-platform v0.1.9
[INFO] [stderr]    Compiling cargo_metadata v0.14.2
[INFO] [stderr]    Compiling skeptic v0.13.7
[INFO] [stderr]    Compiling bumpref v0.1.0 (/opt/rustwide/workdir)
[INFO] [stderr]     Finished `release` profile [optimized] target(s) in 16.92s
[INFO] running `Command { std: "docker" "inspect" "245fd83faa2d2543bbb01b4bf4609e945378240297b2a3fb69b001f7ffc911b2", kill_on_drop: false }`
[INFO] running `Command { std: "docker" "exec" "-e" "SOURCE_DIR=/opt/rustwide/workdir" "-e" "CARGO_HOME=/opt/rustwide/cargo-home" "-e" "RUSTUP_HOME=/opt/rustwide/rustup-home" "-e" "CARGO_TARGET_DIR=/opt/rustwide/target" "-e" "CARGO_INCREMENTAL=0" "-e" "RUST_BACKTRACE=full" "-e" "RUSTFLAGS=--cap-lints=warn" "-e" "RUSTDOCFLAGS=--cap-lints=warn" "-w" "/opt/rustwide/workdir" "--user" "0:0" "245fd83faa2d2543bbb01b4bf4609e945378240297b2a3fb69b001f7ffc911b2" "/opt/rustwide/cargo-home/bin/cargo" "+1.100.0-beta.1" "test" "--frozen" "--no-run" "--message-format=json" "--release", kill_on_drop: false }`
[INFO] [stderr] warning: `package.homepage` is redundant with `package.repository`
[INFO] [stderr]   --> Cargo.toml:22:12
[INFO] [stderr]    |
[INFO] [stderr] 22 | homepage = "https://github.com/corrode/bumpref"
[INFO] [stderr]    |            ^^^^^^^^^^^^^^^^^^^^^^^^^^^^^^^^^^^^
[INFO] [stderr] ...
[INFO] [stderr] 27 | repository = "https://github.com/corrode/bumpref"
[INFO] [stderr]    |              ------------------------------------
[INFO] [stderr]    |
[INFO] [stderr]    = note: `cargo::redundant_homepage` is set to `warn` by default
[INFO] [stderr] help: consider removing `package.homepage`
[INFO] [stderr] warning: `bumpref` (manifest) generated 1 warning
[INFO] [stderr]    Compiling serde_core v1.0.228
[INFO] [stderr]    Compiling libc v0.2.177
[INFO] [stderr]    Compiling bitflags v2.10.0
[INFO] [stderr]    Compiling camino v1.2.1
[INFO] [stderr]    Compiling rustix v1.1.2
[INFO] [stderr]    Compiling serde_json v1.0.145
[INFO] [stderr]    Compiling linux-raw-sys v0.11.0
[INFO] [stderr]    Compiling error-chain v0.12.4
[INFO] [stderr]    Compiling pulldown-cmark v0.9.6
[INFO] [stderr]    Compiling unicase v2.8.1
[INFO] [stderr]    Compiling once_cell v1.21.3
[INFO] [stderr]    Compiling bytecount v0.6.9
[INFO] [stderr]    Compiling getrandom v0.3.4
[INFO] [stderr]    Compiling serde v1.0.228
[INFO] [stderr]    Compiling semver v1.0.27
[INFO] [stderr]    Compiling tempfile v3.23.0
[INFO] [stderr]    Compiling cargo-platform v0.1.9
[INFO] [stderr]    Compiling cargo_metadata v0.14.2
[INFO] [stderr]    Compiling skeptic v0.13.7
[INFO] [stderr]    Compiling bumpref v0.1.0 (/opt/rustwide/workdir)
[INFO] [stderr]     Finished `release` profile [optimized] target(s) in 22.07s
[INFO] running `Command { std: "docker" "inspect" "245fd83faa2d2543bbb01b4bf4609e945378240297b2a3fb69b001f7ffc911b2", kill_on_drop: false }`
[INFO] running `Command { std: "docker" "exec" "-e" "SOURCE_DIR=/opt/rustwide/workdir" "-e" "CARGO_HOME=/opt/rustwide/cargo-home" "-e" "RUSTUP_HOME=/opt/rustwide/rustup-home" "-e" "CARGO_TARGET_DIR=/opt/rustwide/target" "-e" "CARGO_INCREMENTAL=0" "-e" "RUST_BACKTRACE=full" "-e" "RUSTFLAGS=--cap-lints=warn" "-e" "RUSTDOCFLAGS=--cap-lints=warn" "-w" "/opt/rustwide/workdir" "--user" "0:0" "245fd83faa2d2543bbb01b4bf4609e945378240297b2a3fb69b001f7ffc911b2" "/opt/rustwide/cargo-home/bin/cargo" "+1.100.0-beta.1" "test" "--frozen" "--release", kill_on_drop: false }`
[INFO] [stderr] warning: `package.homepage` is redundant with `package.repository`
[INFO] [stderr]   --> Cargo.toml:22:12
[INFO] [stderr]    |
[INFO] [stderr] 22 | homepage = "https://github.com/corrode/bumpref"
[INFO] [stderr]    |            ^^^^^^^^^^^^^^^^^^^^^^^^^^^^^^^^^^^^
[INFO] [stderr] ...
[INFO] [stderr] 27 | repository = "https://github.com/corrode/bumpref"
[INFO] [stderr]    |              ------------------------------------
[INFO] [stderr]    |
[INFO] [stderr]    = note: `cargo::redundant_homepage` is set to `warn` by default
[INFO] [stderr] help: consider removing `package.homepage`
[INFO] [stderr] warning: `bumpref` (manifest) generated 1 warning
[INFO] [stderr]     Finished `release` profile [optimized] target(s) in 0.07s
[INFO] [stderr]      Running unittests src/lib.rs (/opt/rustwide/target/release/build/bumpref/820fa7b565cea562/out/bumpref-820fa7b565cea562)
[INFO] [stdout] 
[INFO] [stdout] running 4 tests
[INFO] [stderr]      Running tests/readme.rs (/opt/rustwide/target/release/build/bumpref/3d86c00343a8b302/out/readme-3d86c00343a8b302)
[INFO] [stdout] test tests::test_arc_bump ... ok
[INFO] [stdout] test tests::test_arc_weak_bump ... ok
[INFO] [stdout] test tests::test_rc_bump ... ok
[INFO] [stdout] test tests::test_rc_weak_bump ... ok
[INFO] [stdout] 
[INFO] [stdout] test result: ok. 4 passed; 0 failed; 0 ignored; 0 measured; 0 filtered out; finished in 0.01s
[INFO] [stdout] 
[INFO] [stdout] 
[INFO] [stdout] running 1 test
[INFO] [stderr] error: test failed, to rerun pass `--test readme`
[INFO] [stdout] test readme_sect_usage_line_17 ... FAILED
[INFO] [stdout] 
[INFO] [stdout] failures:
[INFO] [stdout] 
[INFO] [stdout] ---- readme_sect_usage_line_17 stdout ----
[INFO] [stdout] error[E0463]: can't find crate for `bumpref`
[INFO] [stdout]  --> /tmp/rust-skepticY5e9I4/test.rs:2:1
[INFO] [stdout]   |
[INFO] [stdout] 2 | extern crate bumpref;
[INFO] [stdout]   | ^^^^^^^^^^^^^^^^^^^^^ can't find crate
[INFO] [stdout] 
[INFO] [stdout] error: aborting due to 1 previous error
[INFO] [stdout] 
[INFO] [stdout] For more information about this error, try `rustc --explain E0463`.
[INFO] [stdout] 
[INFO] [stdout] thread 'readme_sect_usage_line_17' (1020) panicked at /opt/rustwide/cargo-home/registry/src/index.crates.io-1949cf8c6b5b557f/skeptic-0.13.7/src/rt.rs:127:9:
[INFO] [stdout] Command failed:
[INFO] [stdout] "rustc" "/tmp/rust-skepticY5e9I4/test.rs" "--verbose" "--crate-type=bin" "--edition=2024" "-L" "/opt/rustwide/target/release/build" "-L" "/opt/rustwide/target/release/build/deps" "--target" "x86_64-unknown-linux-gnu" "-o" "/tmp/rust-skepticY5e9I4/out.exe"
[INFO] [stdout] stack backtrace:
[INFO] [stdout]    0:     0x5bf239b21111 - <<std[617be2ca0a6fd877]::sys::backtrace::BacktraceLock>::print::DisplayBacktrace as core[a373ad73a504971]::fmt::Display>::fmt
[INFO] [stdout]    1:     0x5bf239b3715a - core[a373ad73a504971]::fmt::write
[INFO] [stdout]    2:     0x5bf239b268ac - <alloc[2e1b2a31b91974c5]::vec::Vec<u8> as core[a373ad73a504971]::io::write::Write>::write_fmt
[INFO] [stdout]    3:     0x5bf239afb516 - std[617be2ca0a6fd877]::panicking::default_hook::{closure#0}
[INFO] [stdout]    4:     0x5bf239b18a99 - std[617be2ca0a6fd877]::panicking::default_hook
[INFO] [stdout]    5:     0x5bf239a71c60 - test[aada8e7e76ba119b]::test_main_inner::{closure#0}
[INFO] [stdout]    6:     0x5bf239b18c52 - std[617be2ca0a6fd877]::panicking::panic_with_hook
[INFO] [stdout]    7:     0x5bf239afb5c2 - std[617be2ca0a6fd877]::panicking::panic_handler::{closure#0}
[INFO] [stdout]    8:     0x5bf239af4119 - std[617be2ca0a6fd877]::sys::backtrace::__rust_end_short_backtrace::<std[617be2ca0a6fd877]::panicking::panic_handler::{closure#0}, !>
[INFO] [stdout]    9:     0x5bf239afc1cd - __rustc[ea4f61d10b84890b]::rust_begin_unwind
[INFO] [stdout]   10:     0x5bf239b3788c - core[a373ad73a504971]::panicking::panic_fmt
[INFO] [stdout]   11:     0x5bf239aaa4fa - skeptic[12cb4d0bc37be09a]::rt::interpret_output
[INFO] [stdout]   12:     0x5bf239aa97f5 - skeptic[12cb4d0bc37be09a]::rt::handle_test
[INFO] [stdout]   13:     0x5bf239aaa63a - skeptic[12cb4d0bc37be09a]::rt::run_test
[INFO] [stdout]   14:     0x5bf239a64fec - <readme[f9c878da546552a0]::readme_sect_usage_line_17::{closure#0} as core[a373ad73a504971]::ops::function::FnOnce<()>>::call_once
[INFO] [stdout]   15:     0x5bf239a650ab - test[aada8e7e76ba119b]::__rust_begin_short_backtrace::<core[a373ad73a504971]::result::Result<(), alloc[2e1b2a31b91974c5]::string::String>, fn() -> core[a373ad73a504971]::result::Result<(), alloc[2e1b2a31b91974c5]::string::String>>
[INFO] [stdout]   16:     0x5bf239a72285 - test[aada8e7e76ba119b]::run_test::{closure#0}
[INFO] [stdout]   17:     0x5bf239a6bb74 - std[617be2ca0a6fd877]::sys::backtrace::__rust_begin_short_backtrace::<test[aada8e7e76ba119b]::run_test::{closure#1}, ()>
[INFO] [stdout]   18:     0x5bf239a75312 - <std[617be2ca0a6fd877]::thread::lifecycle::spawn_unchecked<test[aada8e7e76ba119b]::run_test::{closure#1}, ()>::{closure#1} as core[a373ad73a504971]::ops::function::FnOnce<()>>::call_once::{shim:vtable#0}
[INFO] [stdout]   19:     0x5bf239b2070f - <std[617be2ca0a6fd877]::sys::thread::unix::Thread>::new::thread_start
[INFO] [stdout]   20:     0x7f934ab82dfa - <unknown>
[INFO] [stdout]   21:     0x7f934ac163d4 - clone
[INFO] [stdout]   22:                0x0 - <unknown>
[INFO] [stdout] 
[INFO] [stdout] 
[INFO] [stdout] failures:
[INFO] [stdout]     readme_sect_usage_line_17
[INFO] [stdout] 
[INFO] [stdout] test result: FAILED. 0 passed; 1 failed; 0 ignored; 0 measured; 0 filtered out; finished in 0.31s
[INFO] [stdout] 
[INFO] running `Command { std: "docker" "inspect" "245fd83faa2d2543bbb01b4bf4609e945378240297b2a3fb69b001f7ffc911b2", kill_on_drop: false }`
[INFO] running `Command { std: "docker" "rm" "-f" "245fd83faa2d2543bbb01b4bf4609e945378240297b2a3fb69b001f7ffc911b2", kill_on_drop: false }`
[INFO] [stdout] 245fd83faa2d2543bbb01b4bf4609e945378240297b2a3fb69b001f7ffc911b2
