[INFO] cloning repository https://github.com/coobeeyon/litebrite
[INFO] running `Command { std: "git" "-c" "credential.helper=" "-c" "credential.helper=/workspace/cargo-home/bin/git-credential-null" "clone" "--bare" "https://github.com/coobeeyon/litebrite" "/workspace/cache/git-repos/https%3A%2F%2Fgithub.com%2Fcoobeeyon%2Flitebrite", kill_on_drop: false }`
[INFO] [stderr] Cloning into bare repository '/workspace/cache/git-repos/https%3A%2F%2Fgithub.com%2Fcoobeeyon%2Flitebrite'...
[INFO] running `Command { std: "git" "rev-parse" "HEAD", kill_on_drop: false }`
[INFO] [stdout] 294171da1490e5f071a9fd5f31c25a9c34f9010e
[INFO] testing coobeeyon/litebrite against 1.100.0-beta.1+cargoflags=--release for beta-release-1.100-2
[INFO] running `Command { std: "git" "clone" "/workspace/cache/git-repos/https%3A%2F%2Fgithub.com%2Fcoobeeyon%2Flitebrite" "/workspace/builds/worker-5-tc2/source", kill_on_drop: false }`
[INFO] [stderr] Cloning into '/workspace/builds/worker-5-tc2/source'...
[INFO] [stderr] done.
[INFO] started tweaking git repo https://github.com/coobeeyon/litebrite
[INFO] finished tweaking git repo https://github.com/coobeeyon/litebrite
[INFO] tweaked toml for git repo https://github.com/coobeeyon/litebrite written to /workspace/builds/worker-5-tc2/source/Cargo.toml
[INFO] validating manifest of git repo https://github.com/coobeeyon/litebrite on toolchain 1.100.0-beta.1
[INFO] running `Command { std: CARGO_HOME="/workspace/cargo-home" RUSTUP_HOME="/workspace/rustup-home" "/workspace/cargo-home/bin/cargo" "+1.100.0-beta.1" "metadata" "--manifest-path" "Cargo.toml" "--no-deps", kill_on_drop: false }`
[INFO] crate git repo https://github.com/coobeeyon/litebrite already has a lockfile, it will not be regenerated
[INFO] running `Command { std: CARGO_HOME="/workspace/cargo-home" RUSTUP_HOME="/workspace/rustup-home" "/workspace/cargo-home/bin/cargo" "+1.100.0-beta.1" "fetch" "--manifest-path" "Cargo.toml", kill_on_drop: false }`
[INFO] running `Command { std: "docker" "create" "-v" "/var/lib/crater-agent-workspace/builds/worker-5-tc2/source:/opt/rustwide/workdir:ro,Z" "-v" "/var/lib/crater-agent-workspace/builds/worker-5-tc2/target:/opt/rustwide/target:rw,Z" "-v" "/var/lib/crater-agent-workspace/cargo-home:/opt/rustwide/cargo-home:ro,Z" "-v" "/var/lib/crater-agent-workspace/rustup-home:/opt/rustwide/rustup-home:ro,Z" "-m" "1610612736" "--network" "none" "ghcr.io/rust-lang/crates-build-env/linux@sha256:77db811e55d90add9212f6832c23229e3de5f1c1f9905e8cb07319ea15df73ac" "sleep" "infinity", kill_on_drop: false }`
[INFO] [stdout] ea3abd1aa19a161119e22a11fee40bd779c26180db62133a04af9b0258ae4f71
[INFO] running `Command { std: "docker" "start" "ea3abd1aa19a161119e22a11fee40bd779c26180db62133a04af9b0258ae4f71", kill_on_drop: false }`
[INFO] running `Command { std: "docker" "inspect" "ea3abd1aa19a161119e22a11fee40bd779c26180db62133a04af9b0258ae4f71", kill_on_drop: false }`
[INFO] running `Command { std: "docker" "exec" "-e" "SOURCE_DIR=/opt/rustwide/workdir" "-e" "CARGO_HOME=/opt/rustwide/cargo-home" "-e" "RUSTUP_HOME=/opt/rustwide/rustup-home" "-e" "CARGO_TARGET_DIR=/opt/rustwide/target" "-w" "/opt/rustwide/workdir" "--user" "0:0" "ea3abd1aa19a161119e22a11fee40bd779c26180db62133a04af9b0258ae4f71" "/opt/rustwide/cargo-home/bin/cargo" "+1.100.0-beta.1" "metadata" "--no-deps" "--format-version=1", kill_on_drop: false }`
[INFO] running `Command { std: "docker" "inspect" "ea3abd1aa19a161119e22a11fee40bd779c26180db62133a04af9b0258ae4f71", kill_on_drop: false }`
[INFO] running `Command { std: "docker" "exec" "-e" "SOURCE_DIR=/opt/rustwide/workdir" "-e" "CARGO_HOME=/opt/rustwide/cargo-home" "-e" "RUSTUP_HOME=/opt/rustwide/rustup-home" "-e" "CARGO_TARGET_DIR=/opt/rustwide/target" "-e" "CARGO_INCREMENTAL=0" "-e" "RUST_BACKTRACE=full" "-e" "RUSTFLAGS=--cap-lints=warn" "-e" "RUSTDOCFLAGS=--cap-lints=warn" "-w" "/opt/rustwide/workdir" "--user" "0:0" "ea3abd1aa19a161119e22a11fee40bd779c26180db62133a04af9b0258ae4f71" "/opt/rustwide/cargo-home/bin/cargo" "+1.100.0-beta.1" "build" "--frozen" "--message-format=json" "--release", kill_on_drop: false }`
[INFO] [stderr]    Compiling quote v1.0.44
[INFO] [stderr]    Compiling num-traits v0.2.19
[INFO] [stderr]    Compiling memchr v2.8.0
[INFO] [stderr]    Compiling iana-time-zone v0.1.65
[INFO] [stderr]    Compiling crypto-common v0.1.7
[INFO] [stderr]    Compiling digest v0.10.7
[INFO] [stderr]    Compiling sha2 v0.10.9
[INFO] [stderr]    Compiling syn v2.0.117
[INFO] [stderr]    Compiling serde_json v1.0.149
[INFO] [stderr]    Compiling serde_derive v1.0.228
[INFO] [stderr]    Compiling clap_derive v4.5.55
[INFO] [stderr]    Compiling clap v4.5.60
[INFO] [stderr]    Compiling clap_complete v4.5.66
[INFO] [stderr]    Compiling serde v1.0.228
[INFO] [stderr]    Compiling chrono v0.4.44
[INFO] [stderr]    Compiling litebrite v0.1.0 (/opt/rustwide/workdir)
[INFO] [stderr]     Finished `release` profile [optimized] target(s) in 22.52s
[INFO] running `Command { std: "docker" "inspect" "ea3abd1aa19a161119e22a11fee40bd779c26180db62133a04af9b0258ae4f71", kill_on_drop: false }`
[INFO] running `Command { std: "docker" "exec" "-e" "SOURCE_DIR=/opt/rustwide/workdir" "-e" "CARGO_HOME=/opt/rustwide/cargo-home" "-e" "RUSTUP_HOME=/opt/rustwide/rustup-home" "-e" "CARGO_TARGET_DIR=/opt/rustwide/target" "-e" "CARGO_INCREMENTAL=0" "-e" "RUST_BACKTRACE=full" "-e" "RUSTFLAGS=--cap-lints=warn" "-e" "RUSTDOCFLAGS=--cap-lints=warn" "-w" "/opt/rustwide/workdir" "--user" "0:0" "ea3abd1aa19a161119e22a11fee40bd779c26180db62133a04af9b0258ae4f71" "/opt/rustwide/cargo-home/bin/cargo" "+1.100.0-beta.1" "test" "--frozen" "--no-run" "--message-format=json" "--release", kill_on_drop: false }`
[INFO] [stderr]    Compiling libc v0.2.182
[INFO] [stderr]    Compiling getrandom v0.4.1
[INFO] [stderr]    Compiling tempfile v3.26.0
[INFO] [stderr]    Compiling litebrite v0.1.0 (/opt/rustwide/workdir)
[INFO] [stderr]     Finished `release` profile [optimized] target(s) in 9.88s
[INFO] running `Command { std: "docker" "inspect" "ea3abd1aa19a161119e22a11fee40bd779c26180db62133a04af9b0258ae4f71", kill_on_drop: false }`
[INFO] running `Command { std: "docker" "exec" "-e" "SOURCE_DIR=/opt/rustwide/workdir" "-e" "CARGO_HOME=/opt/rustwide/cargo-home" "-e" "RUSTUP_HOME=/opt/rustwide/rustup-home" "-e" "CARGO_TARGET_DIR=/opt/rustwide/target" "-e" "CARGO_INCREMENTAL=0" "-e" "RUST_BACKTRACE=full" "-e" "RUSTFLAGS=--cap-lints=warn" "-e" "RUSTDOCFLAGS=--cap-lints=warn" "-w" "/opt/rustwide/workdir" "--user" "0:0" "ea3abd1aa19a161119e22a11fee40bd779c26180db62133a04af9b0258ae4f71" "/opt/rustwide/cargo-home/bin/cargo" "+1.100.0-beta.1" "test" "--frozen" "--release", kill_on_drop: false }`
[INFO] [stderr]     Finished `release` profile [optimized] target(s) in 0.08s
[INFO] [stderr]      Running unittests src/main.rs (/opt/rustwide/target/release/build/litebrite/decd55859b584f41/out/lb-decd55859b584f41)
[INFO] [stdout] 
[INFO] [stdout] running 92 tests
[INFO] [stdout] test id::tests::id_empty_title ... ok
[INFO] [stdout] test id::tests::id_uniqueness ... ok
[INFO] [stdout] test id::tests::id_collision_avoidance ... ok
[INFO] [stdout] test model::tests::display_round_trip_status ... ok
[INFO] [stdout] test model::tests::status_from_str_case_insensitive ... ok
[INFO] [stdout] test model::tests::status_from_str_invalid ... ok
[INFO] [stdout] test model::tests::item_description_none_skipped_in_json ... ok
[INFO] [stdout] test store::tests::add_blocking_dep_basic ... ok
[INFO] [stdout] test store::tests::add_blocking_dep_duplicate ... ok
[INFO] [stdout] test model::tests::item_type_from_str_case_insensitive ... ok
[INFO] [stdout] test store::tests::add_blocking_dep_transitive_cycle ... ok
[INFO] [stdout] test model::tests::legacy_status_deserializes_to_open ... ok
[INFO] [stdout] test store::tests::add_blocking_dep_self_block ... ok
[INFO] [stdout] test store::tests::close_item_clears_claimed_by ... ok
[INFO] [stdout] test id::tests::id_format ... ok
[INFO] [stdout] test store::tests::add_blocking_dep_direct_cycle ... ok
[INFO] [stdout] test model::tests::claimed_by_round_trip ... ok
[INFO] [stdout] test model::tests::display_round_trip_item_type ... ok
[INFO] [stdout] test model::tests::item_type_from_str_valid ... ok
[INFO] [stdout] test model::tests::item_type_from_str_invalid ... ok
[INFO] [stdout] test store::tests::create_item_basic ... ok
[INFO] [stdout] test store::tests::create_item_nonexistent_parent ... ok
[INFO] [stdout] test store::tests::create_item_with_parent ... ok
[INFO] [stdout] test store::tests::get_children_basic ... ok
[INFO] [stdout] test store::tests::get_parent_none ... ok
[INFO] [stdout] test store::tests::delete_item_basic ... ok
[INFO] [stdout] test store::tests::from_json_invalid ... ok
[INFO] [stdout] test store::tests::merge_claimed_by_theirs_wins ... ok
[INFO] [stdout] test store::tests::from_json_to_json_round_trip ... ok
[INFO] [stdout] test store::tests::get_blockers_and_blocking ... ok
[INFO] [stdout] test store::tests::delete_item_cascades_to_children ... ok
[INFO] [stdout] test store::tests::close_item_no_children ... ok
[INFO] [stdout] test model::tests::status_from_str_valid ... ok
[INFO] [stdout] test store::tests::delete_item_removes_deps ... ok
[INFO] [stdout] test store::tests::close_item_with_all_closed_children ... ok
[INFO] [stdout] test model::tests::store_serde_round_trip ... ok
[INFO] [stdout] test store::tests::close_item_with_open_children_fails ... ok
[INFO] [stdout] test store::tests::delete_nonexistent ... ok
[INFO] [stdout] test store::tests::merge_different_fields_changed ... ok
[INFO] [stdout] test store::tests::ready_closed_never_ready ... ok
[INFO] [stdout] test store::tests::ready_excludes_claimed ... ok
[INFO] [stdout] test store::tests::ready_open_with_unclosed_blocker ... ok
[INFO] [stdout] test store::tests::ready_open_no_blockers ... ok
[INFO] [stdout] test store::tests::ready_sorted_by_priority ... ok
[INFO] [stdout] test store::tests::remove_dep_basic ... ok
[INFO] [stdout] test store::tests::remove_dep_nonexistent ... ok
[INFO] [stdout] test store::tests::merge_add_on_both_sides ... ok
[INFO] [stdout] test store::tests::ready_open_with_closed_blocker ... ok
[INFO] [stdout] test store::tests::merge_deletion_honored ... ok
[INFO] [stdout] test store::tests::set_parent_transitive_cycle ... ok
[INFO] [stdout] test store::tests::resolve_ambiguous_prefix ... ok
[INFO] [stdout] test store::tests::resolve_exact_match ... ok
[INFO] [stdout] test store::tests::set_parent_self_reference ... ok
[INFO] [stdout] test store::tests::set_parent_direct_cycle ... ok
[INFO] [stdout] test store::tests::set_parent_replaces_existing ... ok
[INFO] [stdout] test store::tests::merge_deps_union ... ok
[INFO] [stdout] test store::tests::resolve_unique_prefix ... ok
[INFO] [stdout] test store::tests::resolve_no_match ... ok
[INFO] [stdout] test store::tests::root_items_no_parent ... ok
[INFO] [stdout] test store::tests::root_items_excludes_children ... ok
[INFO] [stdout] test store::tests::set_parent_basic ... ok
[INFO] [stderr]     Blocking waiting for file lock on build directory
[INFO] [stderr]     Blocking waiting for file lock on build directory
[INFO] [stderr]     Blocking waiting for file lock on build directory
[INFO] [stderr]     Blocking waiting for file lock on build directory
[INFO] [stderr]    Compiling proc-macro2 v1.0.106
[INFO] [stderr]    Compiling unicode-ident v1.0.24
[INFO] [stderr]    Compiling quote v1.0.44
[INFO] [stderr]    Compiling version_check v0.9.5
[INFO] [stderr]    Compiling typenum v1.19.0
[INFO] [stderr]    Compiling utf8parse v0.2.2
[INFO] [stderr]    Compiling serde_core v1.0.228
[INFO] [stderr]    Compiling autocfg v1.5.0
[INFO] [stderr]    Compiling anstyle v1.0.13
[INFO] [stderr]    Compiling colorchoice v1.0.4
[INFO] [stderr]    Compiling is_terminal_polyfill v1.70.2
[INFO] [stderr]    Compiling anstyle-query v1.1.5
[INFO] [stderr]    Compiling serde v1.0.228
[INFO] [stderr]    Compiling zmij v1.0.21
[INFO] [stderr]    Compiling clap_lex v1.0.0
[INFO] [stderr]    Compiling heck v0.5.0
[INFO] [stderr]     Blocking waiting for file lock on build directory
[INFO] [stderr]     Blocking waiting for file lock on build directory
[INFO] [stderr]     Blocking waiting for file lock on build directory
[INFO] [stderr]     Blocking waiting for file lock on build directory
[INFO] [stderr]     Blocking waiting for file lock on build directory
[INFO] [stderr]     Blocking waiting for file lock on build directory
[INFO] [stderr]     Blocking waiting for file lock on build directory
[INFO] [stderr]     Blocking waiting for file lock on build directory
[INFO] [stderr]     Blocking waiting for file lock on build directory
[INFO] [stderr]     Blocking waiting for file lock on build directory
[INFO] [stderr]    Compiling strsim v0.11.1
[INFO] [stderr]    Compiling serde_json v1.0.149
[INFO] [stderr]     Blocking waiting for file lock on build directory
[INFO] [stderr]    Compiling anstyle-parse v0.2.7
[INFO] [stderr]    Compiling itoa v1.0.17
[INFO] [stderr]    Compiling cpufeatures v0.2.17
[INFO] [stderr]    Compiling iana-time-zone v0.1.65
[INFO] [stderr]    Compiling memchr v2.8.0
[INFO] [stderr]    Compiling cfg-if v1.0.4
[INFO] [stderr]    Compiling anstream v0.6.21
[INFO] [stderr]    Compiling generic-array v0.14.7
[INFO] [stderr]    Compiling num-traits v0.2.19
[INFO] [stderr]    Compiling clap_builder v4.5.60
[INFO] [stderr]    Compiling syn v2.0.117
[INFO] [stderr]    Compiling crypto-common v0.1.7
[INFO] [stderr]    Compiling block-buffer v0.10.4
[INFO] [stderr]    Compiling digest v0.10.7
[INFO] [stderr]    Compiling sha2 v0.10.9
[INFO] [stderr]    Compiling serde_derive v1.0.228
[INFO] [stderr]    Compiling clap_derive v4.5.55
[INFO] [stderr]    Compiling clap v4.5.60
[INFO] [stderr]    Compiling clap_complete v4.5.66
[INFO] [stderr]    Compiling chrono v0.4.44
[INFO] [stderr]    Compiling litebrite v0.1.0 (/opt/rustwide/workdir)
[INFO] [stderr]     Finished `dev` profile [unoptimized + debuginfo] target(s) in 20.29s
[INFO] [stderr]     Finished `dev` profile [unoptimized + debuginfo] target(s) in 20.27s
[INFO] [stdout] test tests::cli_prime_empty_store ... FAILED
[INFO] [stdout] test tests::cli_claim_no_remote ... FAILED
[INFO] [stderr]     Finished `dev` profile [unoptimized + debuginfo] target(s) in 20.38s
[INFO] [stdout] test tests::cli_setup_claude_writes_files ... FAILED
[INFO] [stderr]     Finished `dev` profile [unoptimized + debuginfo] target(s) in 20.29s
[INFO] [stdout] test tests::cli_init_create_list ... FAILED
[INFO] [stderr]     Finished `dev` profile [unoptimized + debuginfo] target(s) in 20.32s
[INFO] [stdout] test tests::cli_dep_add_and_ready ... FAILED
[INFO] [stderr]     Finished `dev` profile [unoptimized + debuginfo] target(s) in 20.47s
[INFO] [stdout] test tests::cli_setup_codex_merges_existing ... FAILED
[INFO] [stderr]     Blocking waiting for file lock on build directory
[INFO] [stderr]     Finished `dev` profile [unoptimized + debuginfo] target(s) in 20.50s
[INFO] [stderr]     Finished `dev` profile [unoptimized + debuginfo] target(s) in 20.47s
[INFO] [stdout] test tests::cli_setup_claude_merges_existing ... FAILED
[INFO] [stderr]     Blocking waiting for file lock on build directory
[INFO] [stderr]     Blocking waiting for file lock on build directory
[INFO] [stderr]     Finished `dev` profile [unoptimized + debuginfo] target(s) in 20.56s
[INFO] [stdout] test tests::cli_init_pushes_to_remote ... FAILED
[INFO] [stderr]     Blocking waiting for file lock on build directory
[INFO] [stderr]     Finished `dev` profile [unoptimized + debuginfo] target(s) in 20.54s
[INFO] [stdout] test tests::cli_setup_codex_idempotent ... FAILED
[INFO] [stdout] test tests::cli_close_clears_claim ... FAILED
[INFO] [stdout] test tests::filters_by_item_type ... ok
[INFO] [stdout] test tests::filters_by_status ... ok
[INFO] [stderr]     Finished `dev` profile [unoptimized + debuginfo] target(s) in 20.58s
[INFO] [stdout] test tests::cli_prime_no_store_silent_exit ... FAILED
[INFO] [stderr]     Blocking waiting for file lock on build directory
[INFO] [stderr]     Blocking waiting for file lock on build directory
[INFO] [stderr]     Finished `dev` profile [unoptimized + debuginfo] target(s) in 20.70s
[INFO] [stderr]     Finished `dev` profile [unoptimized + debuginfo] target(s) in 0.26s
[INFO] [stdout] test tests::cli_sync_no_remote ... FAILED
[INFO] [stdout] test tests::shows_closed_with_all ... ok
[INFO] [stdout] test tests::status_filter_overrides_closed_hiding ... ok
[INFO] [stdout] test tests::cli_init_already_initialized ... FAILED
[INFO] [stderr]     Finished `dev` profile [unoptimized + debuginfo] target(s) in 20.67s
[INFO] [stderr]     Finished `dev` profile [unoptimized + debuginfo] target(s) in 20.80s
[INFO] [stdout] test tests::hides_closed_by_default ... ok
[INFO] [stdout] test tests::cli_prime_with_items ... FAILED
[INFO] [stdout] test tests::cli_setup_claude_idempotent ... FAILED
[INFO] [stderr]     Finished `dev` profile [unoptimized + debuginfo] target(s) in 20.70s
[INFO] [stderr]     Blocking waiting for file lock on build directory
[INFO] [stdout] test tests::cli_claim_pushes_missing_remote_branch ... FAILED
[INFO] [stderr]     Finished `dev` profile [unoptimized + debuginfo] target(s) in 20.79s
[INFO] [stderr]     Blocking waiting for file lock on build directory
[INFO] [stderr]     Finished `dev` profile [unoptimized + debuginfo] target(s) in 0.29s
[INFO] [stdout] test tests::cli_unclaim_no_remote ... FAILED
[INFO] [stdout] test tests::cli_claim_with_remote ... FAILED
[INFO] [stderr]     Finished `dev` profile [unoptimized + debuginfo] target(s) in 0.56s
[INFO] [stdout] test tests::cli_setup_codex_preserves_existing_skill_file ... FAILED
[INFO] [stderr]     Finished `dev` profile [unoptimized + debuginfo] target(s) in 0.57s
[INFO] [stdout] test tests::cli_setup_codex_upgrades_legacy_bundled_skill ... FAILED
[INFO] [stderr]     Finished `dev` profile [unoptimized + debuginfo] target(s) in 0.18s
[INFO] [stderr]     Finished `dev` profile [unoptimized + debuginfo] target(s) in 0.58s
[INFO] [stdout] test tests::cli_unclaim_with_remote ... FAILED
[INFO] [stderr]     Finished `dev` profile [unoptimized + debuginfo] target(s) in 0.53s
[INFO] [stdout] test tests::cli_setup_codex_writes_files ... FAILED
[INFO] [stderr]     Finished `dev` profile [unoptimized + debuginfo] target(s) in 0.37s
[INFO] [stdout] test tests::git_show_reflects_creates ... FAILED
[INFO] [stderr]     Finished `dev` profile [unoptimized + debuginfo] target(s) in 0.37s
[INFO] [stdout] test tests::cli_unknown_command_exits_nonzero ... FAILED
[INFO] [stderr]     Finished `dev` profile [unoptimized + debuginfo] target(s) in 0.43s
[INFO] [stdout] test tests::cli_setup_codex_uses_home_when_codex_home_unset ... FAILED
[INFO] [stdout] test tests::cli_sync_pushes_new_branch ... FAILED
[INFO] [stdout] 
[INFO] [stdout] failures:
[INFO] [stdout] 
[INFO] [stdout] ---- tests::cli_prime_empty_store stdout ----
[INFO] [stdout] 
[INFO] [stdout] thread 'tests::cli_prime_empty_store' (722) panicked at src/main.rs:1362:49:
[INFO] [stdout] called `Result::unwrap()` on an `Err` value: Os { code: 2, kind: NotFound, message: "No such file or directory" }
[INFO] [stdout] stack backtrace:
[INFO] [stdout]    0:     0x5f0a1c445741 - <<std[617be2ca0a6fd877]::sys::backtrace::BacktraceLock>::print::DisplayBacktrace as core[a373ad73a504971]::fmt::Display>::fmt
[INFO] [stdout]    1:     0x5f0a1c45afca - core[a373ad73a504971]::fmt::write
[INFO] [stdout]    2:     0x5f0a1c449bbc - <alloc[2e1b2a31b91974c5]::vec::Vec<u8> as core[a373ad73a504971]::io::write::Write>::write_fmt
[INFO] [stdout]    3:     0x5f0a1c41fa16 - std[617be2ca0a6fd877]::panicking::default_hook::{closure#0}
[INFO] [stdout]    4:     0x5f0a1c43d179 - std[617be2ca0a6fd877]::panicking::default_hook
[INFO] [stdout]    5:     0x5f0a1c3ce5c0 - test[aada8e7e76ba119b]::test_main_inner::{closure#0}
[INFO] [stdout]    6:     0x5f0a1c43d332 - std[617be2ca0a6fd877]::panicking::panic_with_hook
[INFO] [stdout]    7:     0x5f0a1c41fac2 - std[617be2ca0a6fd877]::panicking::panic_handler::{closure#0}
[INFO] [stdout]    8:     0x5f0a1c418529 - std[617be2ca0a6fd877]::sys::backtrace::__rust_end_short_backtrace::<std[617be2ca0a6fd877]::panicking::panic_handler::{closure#0}, !>
[INFO] [stdout]    9:     0x5f0a1c4206cd - __rustc[ea4f61d10b84890b]::rust_begin_unwind
[INFO] [stdout]   10:     0x5f0a1c45b6fc - core[a373ad73a504971]::panicking::panic_fmt
[INFO] [stdout]   11:     0x5f0a1c45b4d2 - core[a373ad73a504971]::result::unwrap_failed
[INFO] [stdout]   12:     0x5f0a1c371a48 - <lb[2f339137a901f9bf]::tests::cli_prime_empty_store::{closure#0} as core[a373ad73a504971]::ops::function::FnOnce<()>>::call_once
[INFO] [stdout]   13:     0x5f0a1c3c1a0b - test[aada8e7e76ba119b]::__rust_begin_short_backtrace::<core[a373ad73a504971]::result::Result<(), alloc[2e1b2a31b91974c5]::string::String>, fn() -> core[a373ad73a504971]::result::Result<(), alloc[2e1b2a31b91974c5]::string::String>>
[INFO] [stdout]   14:     0x5f0a1c3cebe5 - test[aada8e7e76ba119b]::run_test::{closure#0}
[INFO] [stdout]   15:     0x5f0a1c3c84d4 - std[617be2ca0a6fd877]::sys::backtrace::__rust_begin_short_backtrace::<test[aada8e7e76ba119b]::run_test::{closure#1}, ()>
[INFO] [stdout]   16:     0x5f0a1c3d1c72 - <std[617be2ca0a6fd877]::thread::lifecycle::spawn_unchecked<test[aada8e7e76ba119b]::run_test::{closure#1}, ()>::{closure#1} as core[a373ad73a504971]::ops::function::FnOnce<()>>::call_once::{shim:vtable#0}
[INFO] [stdout]   17:     0x5f0a1c444a5f - <std[617be2ca0a6fd877]::sys::thread::unix::Thread>::new::thread_start
[INFO] [stdout]   18:     0x727d96da1dfa - <unknown>
[INFO] [stdout]   19:     0x727d96e353d4 - clone
[INFO] [stdout]   20:                0x0 - <unknown>
[INFO] [stdout] 
[INFO] [stdout] ---- tests::cli_claim_no_remote stdout ----
[INFO] [stdout] 
[INFO] [stdout] thread 'tests::cli_claim_no_remote' (711) panicked at src/main.rs:1928:49:
[INFO] [stdout] called `Result::unwrap()` on an `Err` value: Os { code: 2, kind: NotFound, message: "No such file or directory" }
[INFO] [stdout] stack backtrace:
[INFO] [stdout]    0:     0x5f0a1c445741 - <<std[617be2ca0a6fd877]::sys::backtrace::BacktraceLock>::print::DisplayBacktrace as core[a373ad73a504971]::fmt::Display>::fmt
[INFO] [stdout]    1:     0x5f0a1c45afca - core[a373ad73a504971]::fmt::write
[INFO] [stdout]    2:     0x5f0a1c449bbc - <alloc[2e1b2a31b91974c5]::vec::Vec<u8> as core[a373ad73a504971]::io::write::Write>::write_fmt
[INFO] [stdout]    3:     0x5f0a1c41fa16 - std[617be2ca0a6fd877]::panicking::default_hook::{closure#0}
[INFO] [stdout]    4:     0x5f0a1c43d179 - std[617be2ca0a6fd877]::panicking::default_hook
[INFO] [stdout]    5:     0x5f0a1c3ce5c0 - test[aada8e7e76ba119b]::test_main_inner::{closure#0}
[INFO] [stdout]    6:     0x5f0a1c43d332 - std[617be2ca0a6fd877]::panicking::panic_with_hook
[INFO] [stdout]    7:     0x5f0a1c41fac2 - std[617be2ca0a6fd877]::panicking::panic_handler::{closure#0}
[INFO] [stdout]    8:     0x5f0a1c418529 - std[617be2ca0a6fd877]::sys::backtrace::__rust_end_short_backtrace::<std[617be2ca0a6fd877]::panicking::panic_handler::{closure#0}, !>
[INFO] [stdout]    9:     0x5f0a1c4206cd - __rustc[ea4f61d10b84890b]::rust_begin_unwind
[INFO] [stdout]   10:     0x5f0a1c45b6fc - core[a373ad73a504971]::panicking::panic_fmt
[INFO] [stdout]   11:     0x5f0a1c45b4d2 - core[a373ad73a504971]::result::unwrap_failed
[INFO] [stdout]   12:     0x5f0a1c36e32d - <lb[2f339137a901f9bf]::tests::cli_claim_no_remote::{closure#0} as core[a373ad73a504971]::ops::function::FnOnce<()>>::call_once
[INFO] [stdout]   13:     0x5f0a1c3c1a0b - test[aada8e7e76ba119b]::__rust_begin_short_backtrace::<core[a373ad73a504971]::result::Result<(), alloc[2e1b2a31b91974c5]::string::String>, fn() -> core[a373ad73a504971]::result::Result<(), alloc[2e1b2a31b91974c5]::string::String>>
[INFO] [stdout]   14:     0x5f0a1c3cebe5 - test[aada8e7e76ba119b]::run_test::{closure#0}
[INFO] [stdout]   15:     0x5f0a1c3c84d4 - std[617be2ca0a6fd877]::sys::backtrace::__rust_begin_short_backtrace::<test[aada8e7e76ba119b]::run_test::{closure#1}, ()>
[INFO] [stdout]   16:     0x5f0a1c3d1c72 - <std[617be2ca0a6fd877]::thread::lifecycle::spawn_unchecked<test[aada8e7e76ba119b]::run_test::{closure#1}, ()>::{closure#1} as core[a373ad73a504971]::ops::function::FnOnce<()>>::call_once::{shim:vtable#0}
[INFO] [stdout]   17:     0x5f0a1c444a5f - <std[617be2ca0a6fd877]::sys::thread::unix::Thread>::new::thread_start
[INFO] [stdout]   18:     0x727d96da1dfa - <unknown>
[INFO] [stdout]   19:     0x727d96e353d4 - clone
[INFO] [stdout]   20:                0x0 - <unknown>
[INFO] [stdout] 
[INFO] [stdout] ---- tests::cli_setup_claude_writes_files stdout ----
[INFO] [stdout] 
[INFO] [stdout] thread 'tests::cli_setup_claude_writes_files' (732) panicked at src/main.rs:1382:14:
[INFO] [stdout] called `Result::unwrap()` on an `Err` value: Os { code: 2, kind: NotFound, message: "No such file or directory" }
[INFO] [stdout] stack backtrace:
[INFO] [stdout]    0:     0x5f0a1c445741 - <<std[617be2ca0a6fd877]::sys::backtrace::BacktraceLock>::print::DisplayBacktrace as core[a373ad73a504971]::fmt::Display>::fmt
[INFO] [stdout]    1:     0x5f0a1c45afca - core[a373ad73a504971]::fmt::write
[INFO] [stdout]    2:     0x5f0a1c449bbc - <alloc[2e1b2a31b91974c5]::vec::Vec<u8> as core[a373ad73a504971]::io::write::Write>::write_fmt
[INFO] [stdout]    3:     0x5f0a1c41fa16 - std[617be2ca0a6fd877]::panicking::default_hook::{closure#0}
[INFO] [stdout]    4:     0x5f0a1c43d179 - std[617be2ca0a6fd877]::panicking::default_hook
[INFO] [stdout]    5:     0x5f0a1c3ce5c0 - test[aada8e7e76ba119b]::test_main_inner::{closure#0}
[INFO] [stdout]    6:     0x5f0a1c43d332 - std[617be2ca0a6fd877]::panicking::panic_with_hook
[INFO] [stdout]    7:     0x5f0a1c41fac2 - std[617be2ca0a6fd877]::panicking::panic_handler::{closure#0}
[INFO] [stdout]    8:     0x5f0a1c418529 - std[617be2ca0a6fd877]::sys::backtrace::__rust_end_short_backtrace::<std[617be2ca0a6fd877]::panicking::panic_handler::{closure#0}, !>
[INFO] [stdout]    9:     0x5f0a1c4206cd - __rustc[ea4f61d10b84890b]::rust_begin_unwind
[INFO] [stdout]   10:     0x5f0a1c45b6fc - core[a373ad73a504971]::panicking::panic_fmt
[INFO] [stdout]   11:     0x5f0a1c45b4d2 - core[a373ad73a504971]::result::unwrap_failed
[INFO] [stdout]   12:     0x5f0a1c3791ab - <lb[2f339137a901f9bf]::tests::cli_setup_claude_writes_files::{closure#0} as core[a373ad73a504971]::ops::function::FnOnce<()>>::call_once
[INFO] [stdout]   13:     0x5f0a1c3c1a0b - test[aada8e7e76ba119b]::__rust_begin_short_backtrace::<core[a373ad73a504971]::result::Result<(), alloc[2e1b2a31b91974c5]::string::String>, fn() -> core[a373ad73a504971]::result::Result<(), alloc[2e1b2a31b91974c5]::string::String>>
[INFO] [stdout]   14:     0x5f0a1c3cebe5 - test[aada8e7e76ba119b]::run_test::{closure#0}
[INFO] [stdout]   15:     0x5f0a1c3c84d4 - std[617be2ca0a6fd877]::sys::backtrace::__rust_begin_short_backtrace::<test[aada8e7e76ba119b]::run_test::{closure#1}, ()>
[INFO] [stdout]   16:     0x5f0a1c3d1c72 - <std[617be2ca0a6fd877]::thread::lifecycle::spawn_unchecked<test[aada8e7e76ba119b]::run_test::{closure#1}, ()>::{closure#1} as core[a373ad73a504971]::ops::function::FnOnce<()>>::call_once::{shim:vtable#0}
[INFO] [stdout]   17:     0x5f0a1c444a5f - <std[617be2ca0a6fd877]::sys::thread::unix::Thread>::new::thread_start
[INFO] [stdout]   18:     0x727d96da1dfa - <unknown>
[INFO] [stdout]   19:     0x727d96e353d4 - clone
[INFO] [stdout]   20:                0x0 - <unknown>
[INFO] [stdout] 
[INFO] [stdout] ---- tests::cli_init_create_list stdout ----
[INFO] [stdout] 
[INFO] [stdout] thread 'tests::cli_init_create_list' (720) panicked at src/main.rs:1221:59:
[INFO] [stdout] called `Result::unwrap()` on an `Err` value: Os { code: 2, kind: NotFound, message: "No such file or directory" }
[INFO] [stdout] stack backtrace:
[INFO] [stdout]    0:     0x5f0a1c445741 - <<std[617be2ca0a6fd877]::sys::backtrace::BacktraceLock>::print::DisplayBacktrace as core[a373ad73a504971]::fmt::Display>::fmt
[INFO] [stdout]    1:     0x5f0a1c45afca - core[a373ad73a504971]::fmt::write
[INFO] [stdout]    2:     0x5f0a1c449bbc - <alloc[2e1b2a31b91974c5]::vec::Vec<u8> as core[a373ad73a504971]::io::write::Write>::write_fmt
[INFO] [stdout]    3:     0x5f0a1c41fa16 - std[617be2ca0a6fd877]::panicking::default_hook::{closure#0}
[INFO] [stdout]    4:     0x5f0a1c43d179 - std[617be2ca0a6fd877]::panicking::default_hook
[INFO] [stdout]    5:     0x5f0a1c3ce5c0 - test[aada8e7e76ba119b]::test_main_inner::{closure#0}
[INFO] [stdout]    6:     0x5f0a1c43d332 - std[617be2ca0a6fd877]::panicking::panic_with_hook
[INFO] [stdout]    7:     0x5f0a1c41fac2 - std[617be2ca0a6fd877]::panicking::panic_handler::{closure#0}
[INFO] [stdout]    8:     0x5f0a1c418529 - std[617be2ca0a6fd877]::sys::backtrace::__rust_end_short_backtrace::<std[617be2ca0a6fd877]::panicking::panic_handler::{closure#0}, !>
[INFO] [stdout]    9:     0x5f0a1c4206cd - __rustc[ea4f61d10b84890b]::rust_begin_unwind
[INFO] [stdout]   10:     0x5f0a1c45b6fc - core[a373ad73a504971]::panicking::panic_fmt
[INFO] [stdout]   11:     0x5f0a1c45b4d2 - core[a373ad73a504971]::result::unwrap_failed
[INFO] [stdout]   12:     0x5f0a1c36eef7 - <lb[2f339137a901f9bf]::tests::cli_init_create_list::{closure#0} as core[a373ad73a504971]::ops::function::FnOnce<()>>::call_once
[INFO] [stdout]   13:     0x5f0a1c3c1a0b - test[aada8e7e76ba119b]::__rust_begin_short_backtrace::<core[a373ad73a504971]::result::Result<(), alloc[2e1b2a31b91974c5]::string::String>, fn() -> core[a373ad73a504971]::result::Result<(), alloc[2e1b2a31b91974c5]::string::String>>
[INFO] [stdout]   14:     0x5f0a1c3cebe5 - test[aada8e7e76ba119b]::run_test::{closure#0}
[INFO] [stdout]   15:     0x5f0a1c3c84d4 - std[617be2ca0a6fd877]::sys::backtrace::__rust_begin_short_backtrace::<test[aada8e7e76ba119b]::run_test::{closure#1}, ()>
[INFO] [stdout]   16:     0x5f0a1c3d1c72 - <std[617be2ca0a6fd877]::thread::lifecycle::spawn_unchecked<test[aada8e7e76ba119b]::run_test::{closure#1}, ()>::{closure#1} as core[a373ad73a504971]::ops::function::FnOnce<()>>::call_once::{shim:vtable#0}
[INFO] [stdout]   17:     0x5f0a1c444a5f - <std[617be2ca0a6fd877]::sys::thread::unix::Thread>::new::thread_start
[INFO] [stdout]   18:     0x727d96da1dfa - <unknown>
[INFO] [stdout]   19:     0x727d96e353d4 - clone
[INFO] [stdout]   20:                0x0 - <unknown>
[INFO] [stdout] 
[INFO] [stdout] ---- tests::cli_dep_add_and_ready stdout ----
[INFO] [stdout] 
[INFO] [stdout] thread 'tests::cli_dep_add_and_ready' (715) panicked at src/main.rs:1262:49:
[INFO] [stdout] called `Result::unwrap()` on an `Err` value: Os { code: 2, kind: NotFound, message: "No such file or directory" }
[INFO] [stdout] stack backtrace:
[INFO] [stdout]    0:     0x5f0a1c445741 - <<std[617be2ca0a6fd877]::sys::backtrace::BacktraceLock>::print::DisplayBacktrace as core[a373ad73a504971]::fmt::Display>::fmt
[INFO] [stdout]    1:     0x5f0a1c45afca - core[a373ad73a504971]::fmt::write
[INFO] [stdout]    2:     0x5f0a1c449bbc - <alloc[2e1b2a31b91974c5]::vec::Vec<u8> as core[a373ad73a504971]::io::write::Write>::write_fmt
[INFO] [stdout]    3:     0x5f0a1c41fa16 - std[617be2ca0a6fd877]::panicking::default_hook::{closure#0}
[INFO] [stdout]    4:     0x5f0a1c43d179 - std[617be2ca0a6fd877]::panicking::default_hook
[INFO] [stdout]    5:     0x5f0a1c3ce5c0 - test[aada8e7e76ba119b]::test_main_inner::{closure#0}
[INFO] [stdout]    6:     0x5f0a1c43d332 - std[617be2ca0a6fd877]::panicking::panic_with_hook
[INFO] [stdout]    7:     0x5f0a1c41fac2 - std[617be2ca0a6fd877]::panicking::panic_handler::{closure#0}
[INFO] [stdout]    8:     0x5f0a1c418529 - std[617be2ca0a6fd877]::sys::backtrace::__rust_end_short_backtrace::<std[617be2ca0a6fd877]::panicking::panic_handler::{closure#0}, !>
[INFO] [stdout]    9:     0x5f0a1c4206cd - __rustc[ea4f61d10b84890b]::rust_begin_unwind
[INFO] [stdout]   10:     0x5f0a1c45b6fc - core[a373ad73a504971]::panicking::panic_fmt
[INFO] [stdout]   11:     0x5f0a1c45b4d2 - core[a373ad73a504971]::result::unwrap_failed
[INFO] [stdout]   12:     0x5f0a1c37121c - <lb[2f339137a901f9bf]::tests::cli_dep_add_and_ready::{closure#0} as core[a373ad73a504971]::ops::function::FnOnce<()>>::call_once
[INFO] [stdout]   13:     0x5f0a1c3c1a0b - test[aada8e7e76ba119b]::__rust_begin_short_backtrace::<core[a373ad73a504971]::result::Result<(), alloc[2e1b2a31b91974c5]::string::String>, fn() -> core[a373ad73a504971]::result::Result<(), alloc[2e1b2a31b91974c5]::string::String>>
[INFO] [stdout]   14:     0x5f0a1c3cebe5 - test[aada8e7e76ba119b]::run_test::{closure#0}
[INFO] [stdout]   15:     0x5f0a1c3c84d4 - std[617be2ca0a6fd877]::sys::backtrace::__rust_begin_short_backtrace::<test[aada8e7e76ba119b]::run_test::{closure#1}, ()>
[INFO] [stdout]   16:     0x5f0a1c3d1c72 - <std[617be2ca0a6fd877]::thread::lifecycle::spawn_unchecked<test[aada8e7e76ba119b]::run_test::{closure#1}, ()>::{closure#1} as core[a373ad73a504971]::ops::function::FnOnce<()>>::call_once::{shim:vtable#0}
[INFO] [stdout]   17:     0x5f0a1c444a5f - <std[617be2ca0a6fd877]::sys::thread::unix::Thread>::new::thread_start
[INFO] [stdout]   18:     0x727d96da1dfa - <unknown>
[INFO] [stdout]   19:     0x727d96e353d4 - clone
[INFO] [stdout]   20:                0x0 - <unknown>
[INFO] [stdout] 
[INFO] [stdout] ---- tests::cli_setup_codex_merges_existing stdout ----
[INFO] [stdout] 
[INFO] [stdout] thread 'tests::cli_setup_codex_merges_existing' (740) panicked at src/main.rs:1644:14:
[INFO] [stdout] called `Result::unwrap()` on an `Err` value: Os { code: 2, kind: NotFound, message: "No such file or directory" }
[INFO] [stdout] stack backtrace:
[INFO] [stdout]    0:     0x5f0a1c445741 - <<std[617be2ca0a6fd877]::sys::backtrace::BacktraceLock>::print::DisplayBacktrace as core[a373ad73a504971]::fmt::Display>::fmt
[INFO] [stdout]    1:     0x5f0a1c45afca - core[a373ad73a504971]::fmt::write
[INFO] [stdout]    2:     0x5f0a1c449bbc - <alloc[2e1b2a31b91974c5]::vec::Vec<u8> as core[a373ad73a504971]::io::write::Write>::write_fmt
[INFO] [stdout]    3:     0x5f0a1c41fa16 - std[617be2ca0a6fd877]::panicking::default_hook::{closure#0}
[INFO] [stdout]    4:     0x5f0a1c43d179 - std[617be2ca0a6fd877]::panicking::default_hook
[INFO] [stdout]    5:     0x5f0a1c3ce5c0 - test[aada8e7e76ba119b]::test_main_inner::{closure#0}
[INFO] [stdout]    6:     0x5f0a1c43d332 - std[617be2ca0a6fd877]::panicking::panic_with_hook
[INFO] [stdout]    7:     0x5f0a1c41fac2 - std[617be2ca0a6fd877]::panicking::panic_handler::{closure#0}
[INFO] [stdout]    8:     0x5f0a1c418529 - std[617be2ca0a6fd877]::sys::backtrace::__rust_end_short_backtrace::<std[617be2ca0a6fd877]::panicking::panic_handler::{closure#0}, !>
[INFO] [stdout]    9:     0x5f0a1c4206cd - __rustc[ea4f61d10b84890b]::rust_begin_unwind
[INFO] [stdout]   10:     0x5f0a1c45b6fc - core[a373ad73a504971]::panicking::panic_fmt
[INFO] [stdout]   11:     0x5f0a1c45b4d2 - core[a373ad73a504971]::result::unwrap_failed
[INFO] [stdout]   12:     0x5f0a1c37af2f - <lb[2f339137a901f9bf]::tests::cli_setup_codex_merges_existing::{closure#0} as core[a373ad73a504971]::ops::function::FnOnce<()>>::call_once
[INFO] [stdout]   13:     0x5f0a1c3c1a0b - test[aada8e7e76ba119b]::__rust_begin_short_backtrace::<core[a373ad73a504971]::result::Result<(), alloc[2e1b2a31b91974c5]::string::String>, fn() -> core[a373ad73a504971]::result::Result<(), alloc[2e1b2a31b91974c5]::string::String>>
[INFO] [stdout]   14:     0x5f0a1c3cebe5 - test[aada8e7e76ba119b]::run_test::{closure#0}
[INFO] [stdout]   15:     0x5f0a1c3c84d4 - std[617be2ca0a6fd877]::sys::backtrace::__rust_begin_short_backtrace::<test[aada8e7e76ba119b]::run_test::{closure#1}, ()>
[INFO] [stdout]   16:     0x5f0a1c3d1c72 - <std[617be2ca0a6fd877]::thread::lifecycle::spawn_unchecked<test[aada8e7e76ba119b]::run_test::{closure#1}, ()>::{closure#1} as core[a373ad73a504971]::ops::function::FnOnce<()>>::call_once::{shim:vtable#0}
[INFO] [stdout]   17:     0x5f0a1c444a5f - <std[617be2ca0a6fd877]::sys::thread::unix::Thread>::new::thread_start
[INFO] [stdout]   18:     0x727d96da1dfa - <unknown>
[INFO] [stdout]   19:     0x727d96e353d4 - clone
[INFO] [stdout]   20:                0x0 - <unknown>
[INFO] [stdout] 
[INFO] [stdout] ---- tests::cli_setup_claude_merges_existing stdout ----
[INFO] [stdout] 
[INFO] [stdout] thread 'tests::cli_setup_claude_merges_existing' (730) panicked at src/main.rs:1438:14:
[INFO] [stdout] called `Result::unwrap()` on an `Err` value: Os { code: 2, kind: NotFound, message: "No such file or directory" }
[INFO] [stdout] stack backtrace:
[INFO] [stdout]    0:     0x5f0a1c445741 - <<std[617be2ca0a6fd877]::sys::backtrace::BacktraceLock>::print::DisplayBacktrace as core[a373ad73a504971]::fmt::Display>::fmt
[INFO] [stdout]    1:     0x5f0a1c45afca - core[a373ad73a504971]::fmt::write
[INFO] [stdout]    2:     0x5f0a1c449bbc - <alloc[2e1b2a31b91974c5]::vec::Vec<u8> as core[a373ad73a504971]::io::write::Write>::write_fmt
[INFO] [stdout]    3:     0x5f0a1c41fa16 - std[617be2ca0a6fd877]::panicking::default_hook::{closure#0}
[INFO] [stdout]    4:     0x5f0a1c43d179 - std[617be2ca0a6fd877]::panicking::default_hook
[INFO] [stdout]    5:     0x5f0a1c3ce5c0 - test[aada8e7e76ba119b]::test_main_inner::{closure#0}
[INFO] [stdout]    6:     0x5f0a1c43d332 - std[617be2ca0a6fd877]::panicking::panic_with_hook
[INFO] [stdout]    7:     0x5f0a1c41fac2 - std[617be2ca0a6fd877]::panicking::panic_handler::{closure#0}
[INFO] [stdout]    8:     0x5f0a1c418529 - std[617be2ca0a6fd877]::sys::backtrace::__rust_end_short_backtrace::<std[617be2ca0a6fd877]::panicking::panic_handler::{closure#0}, !>
[INFO] [stdout]    9:     0x5f0a1c4206cd - __rustc[ea4f61d10b84890b]::rust_begin_unwind
[INFO] [stdout]   10:     0x5f0a1c45b6fc - core[a373ad73a504971]::panicking::panic_fmt
[INFO] [stdout]   11:     0x5f0a1c45b4d2 - core[a373ad73a504971]::result::unwrap_failed
[INFO] [stdout]   12:     0x5f0a1c37d36f - <lb[2f339137a901f9bf]::tests::cli_setup_claude_merges_existing::{closure#0} as core[a373ad73a504971]::ops::function::FnOnce<()>>::call_once
[INFO] [stdout]   13:     0x5f0a1c3c1a0b - test[aada8e7e76ba119b]::__rust_begin_short_backtrace::<core[a373ad73a504971]::result::Result<(), alloc[2e1b2a31b91974c5]::string::String>, fn() -> core[a373ad73a504971]::result::Result<(), alloc[2e1b2a31b91974c5]::string::String>>
[INFO] [stdout]   14:     0x5f0a1c3cebe5 - test[aada8e7e76ba119b]::run_test::{closure#0}
[INFO] [stdout]   15:     0x5f0a1c3c84d4 - std[617be2ca0a6fd877]::sys::backtrace::__rust_begin_short_backtrace::<test[aada8e7e76ba119b]::run_test::{closure#1}, ()>
[INFO] [stdout]   16:     0x5f0a1c3d1c72 - <std[617be2ca0a6fd877]::thread::lifecycle::spawn_unchecked<test[aada8e7e76ba119b]::run_test::{closure#1}, ()>::{closure#1} as core[a373ad73a504971]::ops::function::FnOnce<()>>::call_once::{shim:vtable#0}
[INFO] [stdout]   17:     0x5f0a1c444a5f - <std[617be2ca0a6fd877]::sys::thread::unix::Thread>::new::thread_start
[INFO] [stdout]   18:     0x727d96da1dfa - <unknown>
[INFO] [stdout]   19:     0x727d96e353d4 - clone
[INFO] [stdout]   20:                0x0 - <unknown>
[INFO] [stdout] 
[INFO] [stdout] ---- tests::cli_init_pushes_to_remote stdout ----
[INFO] [stdout] 
[INFO] [stdout] thread 'tests::cli_init_pushes_to_remote' (721) panicked at src/main.rs:2023:60:
[INFO] [stdout] called `Result::unwrap()` on an `Err` value: Os { code: 2, kind: NotFound, message: "No such file or directory" }
[INFO] [stdout] stack backtrace:
[INFO] [stdout]    0:     0x5f0a1c445741 - <<std[617be2ca0a6fd877]::sys::backtrace::BacktraceLock>::print::DisplayBacktrace as core[a373ad73a504971]::fmt::Display>::fmt
[INFO] [stdout]    1:     0x5f0a1c45afca - core[a373ad73a504971]::fmt::write
[INFO] [stdout]    2:     0x5f0a1c449bbc - <alloc[2e1b2a31b91974c5]::vec::Vec<u8> as core[a373ad73a504971]::io::write::Write>::write_fmt
[INFO] [stdout]    3:     0x5f0a1c41fa16 - std[617be2ca0a6fd877]::panicking::default_hook::{closure#0}
[INFO] [stdout]    4:     0x5f0a1c43d179 - std[617be2ca0a6fd877]::panicking::default_hook
[INFO] [stdout]    5:     0x5f0a1c3ce5c0 - test[aada8e7e76ba119b]::test_main_inner::{closure#0}
[INFO] [stdout]    6:     0x5f0a1c43d332 - std[617be2ca0a6fd877]::panicking::panic_with_hook
[INFO] [stdout]    7:     0x5f0a1c41fac2 - std[617be2ca0a6fd877]::panicking::panic_handler::{closure#0}
[INFO] [stdout]    8:     0x5f0a1c418529 - std[617be2ca0a6fd877]::sys::backtrace::__rust_end_short_backtrace::<std[617be2ca0a6fd877]::panicking::panic_handler::{closure#0}, !>
[INFO] [stdout]    9:     0x5f0a1c4206cd - __rustc[ea4f61d10b84890b]::rust_begin_unwind
[INFO] [stdout]   10:     0x5f0a1c45b6fc - core[a373ad73a504971]::panicking::panic_fmt
[INFO] [stdout]   11:     0x5f0a1c45b4d2 - core[a373ad73a504971]::result::unwrap_failed
[INFO] [stdout]   12:     0x5f0a1c3744fd - <lb[2f339137a901f9bf]::tests::cli_init_pushes_to_remote::{closure#0} as core[a373ad73a504971]::ops::function::FnOnce<()>>::call_once
[INFO] [stdout]   13:     0x5f0a1c3c1a0b - test[aada8e7e76ba119b]::__rust_begin_short_backtrace::<core[a373ad73a504971]::result::Result<(), alloc[2e1b2a31b91974c5]::string::String>, fn() -> core[a373ad73a504971]::result::Result<(), alloc[2e1b2a31b91974c5]::string::String>>
[INFO] [stdout]   14:     0x5f0a1c3cebe5 - test[aada8e7e76ba119b]::run_test::{closure#0}
[INFO] [stdout]   15:     0x5f0a1c3c84d4 - std[617be2ca0a6fd877]::sys::backtrace::__rust_begin_short_backtrace::<test[aada8e7e76ba119b]::run_test::{closure#1}, ()>
[INFO] [stdout]   16:     0x5f0a1c3d1c72 - <std[617be2ca0a6fd877]::thread::lifecycle::spawn_unchecked<test[aada8e7e76ba119b]::run_test::{closure#1}, ()>::{closure#1} as core[a373ad73a504971]::ops::function::FnOnce<()>>::call_once::{shim:vtable#0}
[INFO] [stdout]   17:     0x5f0a1c444a5f - <std[617be2ca0a6fd877]::sys::thread::unix::Thread>::new::thread_start
[INFO] [stdout]   18:     0x727d96da1dfa - <unknown>
[INFO] [stdout]   19:     0x727d96e353d4 - clone
[INFO] [stdout]   20:                0x0 - <unknown>
[INFO] [stdout] 
[INFO] [stdout] ---- tests::cli_setup_codex_idempotent stdout ----
[INFO] [stdout] 
[INFO] [stdout] thread 'tests::cli_setup_codex_idempotent' (734) panicked at src/main.rs:1703:14:
[INFO] [stdout] called `Result::unwrap()` on an `Err` value: Os { code: 2, kind: NotFound, message: "No such file or directory" }
[INFO] [stdout] stack backtrace:
[INFO] [stdout]    0:     0x5f0a1c445741 - <<std[617be2ca0a6fd877]::sys::backtrace::BacktraceLock>::print::DisplayBacktrace as core[a373ad73a504971]::fmt::Display>::fmt
[INFO] [stdout]    1:     0x5f0a1c45afca - core[a373ad73a504971]::fmt::write
[INFO] [stdout]    2:     0x5f0a1c449bbc - <alloc[2e1b2a31b91974c5]::vec::Vec<u8> as core[a373ad73a504971]::io::write::Write>::write_fmt
[INFO] [stdout]    3:     0x5f0a1c41fa16 - std[617be2ca0a6fd877]::panicking::default_hook::{closure#0}
[INFO] [stdout]    4:     0x5f0a1c43d179 - std[617be2ca0a6fd877]::panicking::default_hook
[INFO] [stdout]    5:     0x5f0a1c3ce5c0 - test[aada8e7e76ba119b]::test_main_inner::{closure#0}
[INFO] [stdout]    6:     0x5f0a1c43d332 - std[617be2ca0a6fd877]::panicking::panic_with_hook
[INFO] [stdout]    7:     0x5f0a1c41fac2 - std[617be2ca0a6fd877]::panicking::panic_handler::{closure#0}
[INFO] [stdout]    8:     0x5f0a1c418529 - std[617be2ca0a6fd877]::sys::backtrace::__rust_end_short_backtrace::<std[617be2ca0a6fd877]::panicking::panic_handler::{closure#0}, !>
[INFO] [stdout]    9:     0x5f0a1c4206cd - __rustc[ea4f61d10b84890b]::rust_begin_unwind
[INFO] [stdout]   10:     0x5f0a1c45b6fc - core[a373ad73a504971]::panicking::panic_fmt
[INFO] [stdout]   11:     0x5f0a1c45b4d2 - core[a373ad73a504971]::result::unwrap_failed
[INFO] [stdout]   12:     0x5f0a1c3758e0 - <lb[2f339137a901f9bf]::tests::cli_setup_codex_idempotent::{closure#0} as core[a373ad73a504971]::ops::function::FnOnce<()>>::call_once
[INFO] [stdout]   13:     0x5f0a1c3c1a0b - test[aada8e7e76ba119b]::__rust_begin_short_backtrace::<core[a373ad73a504971]::result::Result<(), alloc[2e1b2a31b91974c5]::string::String>, fn() -> core[a373ad73a504971]::result::Result<(), alloc[2e1b2a31b91974c5]::string::String>>
[INFO] [stdout]   14:     0x5f0a1c3cebe5 - test[aada8e7e76ba119b]::run_test::{closure#0}
[INFO] [stdout]   15:     0x5f0a1c3c84d4 - std[617be2ca0a6fd877]::sys::backtrace::__rust_begin_short_backtrace::<test[aada8e7e76ba119b]::run_test::{closure#1}, ()>
[INFO] [stdout]   16:     0x5f0a1c3d1c72 - <std[617be2ca0a6fd877]::thread::lifecycle::spawn_unchecked<test[aada8e7e76ba119b]::run_test::{closure#1}, ()>::{closure#1} as core[a373ad73a504971]::ops::function::FnOnce<()>>::call_once::{shim:vtable#0}
[INFO] [stdout]   17:     0x5f0a1c444a5f - <std[617be2ca0a6fd877]::sys::thread::unix::Thread>::new::thread_start
[INFO] [stdout]   18:     0x727d96da1dfa - <unknown>
[INFO] [stdout]   19:     0x727d96e353d4 - clone
[INFO] [stdout]   20:                0x0 - <unknown>
[INFO] [stdout] 
[INFO] [stdout] ---- tests::cli_close_clears_claim stdout ----
[INFO] [stdout] 
[INFO] [stdout] thread 'tests::cli_close_clears_claim' (714) panicked at src/main.rs:1876:49:
[INFO] [stdout] called `Result::unwrap()` on an `Err` value: Os { code: 2, kind: NotFound, message: "No such file or directory" }
[INFO] [stdout] stack backtrace:
[INFO] [stdout]    0:     0x5f0a1c445741 - <<std[617be2ca0a6fd877]::sys::backtrace::BacktraceLock>::print::DisplayBacktrace as core[a373ad73a504971]::fmt::Display>::fmt
[INFO] [stdout]    1:     0x5f0a1c45afca - core[a373ad73a504971]::fmt::write
[INFO] [stdout]    2:     0x5f0a1c449bbc - <alloc[2e1b2a31b91974c5]::vec::Vec<u8> as core[a373ad73a504971]::io::write::Write>::write_fmt
[INFO] [stdout]    3:     0x5f0a1c41fa16 - std[617be2ca0a6fd877]::panicking::default_hook::{closure#0}
[INFO] [stdout]    4:     0x5f0a1c43d179 - std[617be2ca0a6fd877]::panicking::default_hook
[INFO] [stdout]    5:     0x5f0a1c3ce5c0 - test[aada8e7e76ba119b]::test_main_inner::{closure#0}
[INFO] [stdout]    6:     0x5f0a1c43d332 - std[617be2ca0a6fd877]::panicking::panic_with_hook
[INFO] [stdout]    7:     0x5f0a1c41fac2 - std[617be2ca0a6fd877]::panicking::panic_handler::{closure#0}
[INFO] [stdout]    8:     0x5f0a1c418529 - std[617be2ca0a6fd877]::sys::backtrace::__rust_end_short_backtrace::<std[617be2ca0a6fd877]::panicking::panic_handler::{closure#0}, !>
[INFO] [stdout]    9:     0x5f0a1c4206cd - __rustc[ea4f61d10b84890b]::rust_begin_unwind
[INFO] [stdout]   10:     0x5f0a1c45b6fc - core[a373ad73a504971]::panicking::panic_fmt
[INFO] [stdout]   11:     0x5f0a1c45b4d2 - core[a373ad73a504971]::result::unwrap_failed
[INFO] [stdout]   12:     0x5f0a1c3730b5 - <lb[2f339137a901f9bf]::tests::cli_close_clears_claim::{closure#0} as core[a373ad73a504971]::ops::function::FnOnce<()>>::call_once
[INFO] [stdout]   13:     0x5f0a1c3c1a0b - test[aada8e7e76ba119b]::__rust_begin_short_backtrace::<core[a373ad73a504971]::result::Result<(), alloc[2e1b2a31b91974c5]::string::String>, fn() -> core[a373ad73a504971]::result::Result<(), alloc[2e1b2a31b91974c5]::string::String>>
[INFO] [stdout]   14:     0x5f0a1c3cebe5 - test[aada8e7e76ba119b]::run_test::{closure#0}
[INFO] [stdout]   15:     0x5f0a1c3c84d4 - std[617be2ca0a6fd877]::sys::backtrace::__rust_begin_short_backtrace::<test[aada8e7e76ba119b]::run_test::{closure#1}, ()>
[INFO] [stdout]   16:     0x5f0a1c3d1c72 - <std[617be2ca0a6fd877]::thread::lifecycle::spawn_unchecked<test[aada8e7e76ba119b]::run_test::{closure#1}, ()>::{closure#1} as core[a373ad73a504971]::ops::function::FnOnce<()>>::call_once::{shim:vtable#0}
[INFO] [stdout]   17:     0x5f0a1c444a5f - <std[617be2ca0a6fd877]::sys::thread::unix::Thread>::new::thread_start
[INFO] [stdout]   18:     0x727d96da1dfa - <unknown>
[INFO] [stdout]   19:     0x727d96e353d4 - clone
[INFO] [stdout]   20:                0x0 - <unknown>
[INFO] [stdout] 
[INFO] [stdout] ---- tests::cli_prime_no_store_silent_exit stdout ----
[INFO] [stdout] 
[INFO] [stdout] thread 'tests::cli_prime_no_store_silent_exit' (723) panicked at src/main.rs:1317:60:
[INFO] [stdout] called `Result::unwrap()` on an `Err` value: Os { code: 2, kind: NotFound, message: "No such file or directory" }
[INFO] [stdout] stack backtrace:
[INFO] [stdout]    0:     0x5f0a1c445741 - <<std[617be2ca0a6fd877]::sys::backtrace::BacktraceLock>::print::DisplayBacktrace as core[a373ad73a504971]::fmt::Display>::fmt
[INFO] [stdout]    1:     0x5f0a1c45afca - core[a373ad73a504971]::fmt::write
[INFO] [stdout]    2:     0x5f0a1c449bbc - <alloc[2e1b2a31b91974c5]::vec::Vec<u8> as core[a373ad73a504971]::io::write::Write>::write_fmt
[INFO] [stdout]    3:     0x5f0a1c41fa16 - std[617be2ca0a6fd877]::panicking::default_hook::{closure#0}
[INFO] [stdout]    4:     0x5f0a1c43d179 - std[617be2ca0a6fd877]::panicking::default_hook
[INFO] [stdout]    5:     0x5f0a1c3ce5c0 - test[aada8e7e76ba119b]::test_main_inner::{closure#0}
[INFO] [stdout]    6:     0x5f0a1c43d332 - std[617be2ca0a6fd877]::panicking::panic_with_hook
[INFO] [stdout]    7:     0x5f0a1c41fac2 - std[617be2ca0a6fd877]::panicking::panic_handler::{closure#0}
[INFO] [stdout]    8:     0x5f0a1c418529 - std[617be2ca0a6fd877]::sys::backtrace::__rust_end_short_backtrace::<std[617be2ca0a6fd877]::panicking::panic_handler::{closure#0}, !>
[INFO] [stdout]    9:     0x5f0a1c4206cd - __rustc[ea4f61d10b84890b]::rust_begin_unwind
[INFO] [stdout]   10:     0x5f0a1c45b6fc - core[a373ad73a504971]::panicking::panic_fmt
[INFO] [stdout]   11:     0x5f0a1c45b4d2 - core[a373ad73a504971]::result::unwrap_failed
[INFO] [stdout]   12:     0x5f0a1c379745 - <lb[2f339137a901f9bf]::tests::cli_prime_no_store_silent_exit::{closure#0} as core[a373ad73a504971]::ops::function::FnOnce<()>>::call_once
[INFO] [stdout]   13:     0x5f0a1c3c1a0b - test[aada8e7e76ba119b]::__rust_begin_short_backtrace::<core[a373ad73a504971]::result::Result<(), alloc[2e1b2a31b91974c5]::string::String>, fn() -> core[a373ad73a504971]::result::Result<(), alloc[2e1b2a31b91974c5]::string::String>>
[INFO] [stdout]   14:     0x5f0a1c3cebe5 - test[aada8e7e76ba119b]::run_test::{closure#0}
[INFO] [stdout]   15:     0x5f0a1c3c84d4 - std[617be2ca0a6fd877]::sys::backtrace::__rust_begin_short_backtrace::<test[aada8e7e76ba119b]::run_test::{closure#1}, ()>
[INFO] [stdout]   16:     0x5f0a1c3d1c72 - <std[617be2ca0a6fd877]::thread::lifecycle::spawn_unchecked<test[aada8e7e76ba119b]::run_test::{closure#1}, ()>::{closure#1} as core[a373ad73a504971]::ops::function::FnOnce<()>>::call_once::{shim:vtable#0}
[INFO] [stdout]   17:     0x5f0a1c444a5f - <std[617be2ca0a6fd877]::sys::thread::unix::Thread>::new::thread_start
[INFO] [stdout]   18:     0x727d96da1dfa - <unknown>
[INFO] [stdout]   19:     0x727d96e353d4 - clone
[INFO] [stdout]   20:                0x0 - <unknown>
[INFO] [stdout] 
[INFO] [stdout] ---- tests::cli_sync_no_remote stdout ----
[INFO] [stdout] 
[INFO] [stdout] thread 'tests::cli_sync_no_remote' (1691) panicked at src/main.rs:1990:49:
[INFO] [stdout] called `Result::unwrap()` on an `Err` value: Os { code: 2, kind: NotFound, message: "No such file or directory" }
[INFO] [stdout] stack backtrace:
[INFO] [stdout]    0:     0x5f0a1c445741 - <<std[617be2ca0a6fd877]::sys::backtrace::BacktraceLock>::print::DisplayBacktrace as core[a373ad73a504971]::fmt::Display>::fmt
[INFO] [stdout]    1:     0x5f0a1c45afca - core[a373ad73a504971]::fmt::write
[INFO] [stdout]    2:     0x5f0a1c449bbc - <alloc[2e1b2a31b91974c5]::vec::Vec<u8> as core[a373ad73a504971]::io::write::Write>::write_fmt
[INFO] [stdout]    3:     0x5f0a1c41fa16 - std[617be2ca0a6fd877]::panicking::default_hook::{closure#0}
[INFO] [stdout]    4:     0x5f0a1c43d179 - std[617be2ca0a6fd877]::panicking::default_hook
[INFO] [stdout]    5:     0x5f0a1c3ce5c0 - test[aada8e7e76ba119b]::test_main_inner::{closure#0}
[INFO] [stdout]    6:     0x5f0a1c43d332 - std[617be2ca0a6fd877]::panicking::panic_with_hook
[INFO] [stdout]    7:     0x5f0a1c41fac2 - std[617be2ca0a6fd877]::panicking::panic_handler::{closure#0}
[INFO] [stdout]    8:     0x5f0a1c418529 - std[617be2ca0a6fd877]::sys::backtrace::__rust_end_short_backtrace::<std[617be2ca0a6fd877]::panicking::panic_handler::{closure#0}, !>
[INFO] [stdout]    9:     0x5f0a1c4206cd - __rustc[ea4f61d10b84890b]::rust_begin_unwind
[INFO] [stdout]   10:     0x5f0a1c45b6fc - core[a373ad73a504971]::panicking::panic_fmt
[INFO] [stdout]   11:     0x5f0a1c45b4d2 - core[a373ad73a504971]::result::unwrap_failed
[INFO] [stdout]   12:     0x5f0a1c36d9df - <lb[2f339137a901f9bf]::tests::cli_sync_no_remote::{closure#0} as core[a373ad73a504971]::ops::function::FnOnce<()>>::call_once
[INFO] [stdout]   13:     0x5f0a1c3c1a0b - test[aada8e7e76ba119b]::__rust_begin_short_backtrace::<core[a373ad73a504971]::result::Result<(), alloc[2e1b2a31b91974c5]::string::String>, fn() -> core[a373ad73a504971]::result::Result<(), alloc[2e1b2a31b91974c5]::string::String>>
[INFO] [stdout]   14:     0x5f0a1c3cebe5 - test[aada8e7e76ba119b]::run_test::{closure#0}
[INFO] [stdout]   15:     0x5f0a1c3c84d4 - std[617be2ca0a6fd877]::sys::backtrace::__rust_begin_short_backtrace::<test[aada8e7e76ba119b]::run_test::{closure#1}, ()>
[INFO] [stdout]   16:     0x5f0a1c3d1c72 - <std[617be2ca0a6fd877]::thread::lifecycle::spawn_unchecked<test[aada8e7e76ba119b]::run_test::{closure#1}, ()>::{closure#1} as core[a373ad73a504971]::ops::function::FnOnce<()>>::call_once::{shim:vtable#0}
[INFO] [stdout]   17:     0x5f0a1c444a5f - <std[617be2ca0a6fd877]::sys::thread::unix::Thread>::new::thread_start
[INFO] [stdout]   18:     0x727d96da1dfa - <unknown>
[INFO] [stdout]   19:     0x727d96e353d4 - clone
[INFO] [stdout]   20:                0x0 - <unknown>
[INFO] [stdout] 
[INFO] [stdout] ---- tests::cli_init_already_initialized stdout ----
[INFO] [stdout] 
[INFO] [stdout] thread 'tests::cli_init_already_initialized' (719) panicked at src/main.rs:1915:49:
[INFO] [stdout] called `Result::unwrap()` on an `Err` value: Os { code: 2, kind: NotFound, message: "No such file or directory" }
[INFO] [stdout] stack backtrace:
[INFO] [stdout]    0:     0x5f0a1c445741 - <<std[617be2ca0a6fd877]::sys::backtrace::BacktraceLock>::print::DisplayBacktrace as core[a373ad73a504971]::fmt::Display>::fmt
[INFO] [stdout]    1:     0x5f0a1c45afca - core[a373ad73a504971]::fmt::write
[INFO] [stdout]    2:     0x5f0a1c449bbc - <alloc[2e1b2a31b91974c5]::vec::Vec<u8> as core[a373ad73a504971]::io::write::Write>::write_fmt
[INFO] [stdout]    3:     0x5f0a1c41fa16 - std[617be2ca0a6fd877]::panicking::default_hook::{closure#0}
[INFO] [stdout]    4:     0x5f0a1c43d179 - std[617be2ca0a6fd877]::panicking::default_hook
[INFO] [stdout]    5:     0x5f0a1c3ce5c0 - test[aada8e7e76ba119b]::test_main_inner::{closure#0}
[INFO] [stdout]    6:     0x5f0a1c43d332 - std[617be2ca0a6fd877]::panicking::panic_with_hook
[INFO] [stdout]    7:     0x5f0a1c41fac2 - std[617be2ca0a6fd877]::panicking::panic_handler::{closure#0}
[INFO] [stdout]    8:     0x5f0a1c418529 - std[617be2ca0a6fd877]::sys::backtrace::__rust_end_short_backtrace::<std[617be2ca0a6fd877]::panicking::panic_handler::{closure#0}, !>
[INFO] [stdout]    9:     0x5f0a1c4206cd - __rustc[ea4f61d10b84890b]::rust_begin_unwind
[INFO] [stdout]   10:     0x5f0a1c45b6fc - core[a373ad73a504971]::panicking::panic_fmt
[INFO] [stdout]   11:     0x5f0a1c45b4d2 - core[a373ad73a504971]::result::unwrap_failed
[INFO] [stdout]   12:     0x5f0a1c3776ff - <lb[2f339137a901f9bf]::tests::cli_init_already_initialized::{closure#0} as core[a373ad73a504971]::ops::function::FnOnce<()>>::call_once
[INFO] [stdout]   13:     0x5f0a1c3c1a0b - test[aada8e7e76ba119b]::__rust_begin_short_backtrace::<core[a373ad73a504971]::result::Result<(), alloc[2e1b2a31b91974c5]::string::String>, fn() -> core[a373ad73a504971]::result::Result<(), alloc[2e1b2a31b91974c5]::string::String>>
[INFO] [stdout]   14:     0x5f0a1c3cebe5 - test[aada8e7e76ba119b]::run_test::{closure#0}
[INFO] [stdout]   15:     0x5f0a1c3c84d4 - std[617be2ca0a6fd877]::sys::backtrace::__rust_begin_short_backtrace::<test[aada8e7e76ba119b]::run_test::{closure#1}, ()>
[INFO] [stdout]   16:     0x5f0a1c3d1c72 - <std[617be2ca0a6fd877]::thread::lifecycle::spawn_unchecked<test[aada8e7e76ba119b]::run_test::{closure#1}, ()>::{closure#1} as core[a373ad73a504971]::ops::function::FnOnce<()>>::call_once::{shim:vtable#0}
[INFO] [stdout]   17:     0x5f0a1c444a5f - <std[617be2ca0a6fd877]::sys::thread::unix::Thread>::new::thread_start
[INFO] [stdout]   18:     0x727d96da1dfa - <unknown>
[INFO] [stdout]   19:     0x727d96e353d4 - clone
[INFO] [stdout]   20:                0x0 - <unknown>
[INFO] [stdout] 
[INFO] [stdout] ---- tests::cli_prime_with_items stdout ----
[INFO] [stdout] 
[INFO] [stdout] thread 'tests::cli_prime_with_items' (727) panicked at src/main.rs:1328:49:
[INFO] [stdout] called `Result::unwrap()` on an `Err` value: Os { code: 2, kind: NotFound, message: "No such file or directory" }
[INFO] [stdout] stack backtrace:
[INFO] [stdout]    0:     0x5f0a1c445741 - <<std[617be2ca0a6fd877]::sys::backtrace::BacktraceLock>::print::DisplayBacktrace as core[a373ad73a504971]::fmt::Display>::fmt
[INFO] [stdout]    1:     0x5f0a1c45afca - core[a373ad73a504971]::fmt::write
[INFO] [stdout]    2:     0x5f0a1c449bbc - <alloc[2e1b2a31b91974c5]::vec::Vec<u8> as core[a373ad73a504971]::io::write::Write>::write_fmt
[INFO] [stdout]    3:     0x5f0a1c41fa16 - std[617be2ca0a6fd877]::panicking::default_hook::{closure#0}
[INFO] [stdout]    4:     0x5f0a1c43d179 - std[617be2ca0a6fd877]::panicking::default_hook
[INFO] [stdout]    5:     0x5f0a1c3ce5c0 - test[aada8e7e76ba119b]::test_main_inner::{closure#0}
[INFO] [stdout]    6:     0x5f0a1c43d332 - std[617be2ca0a6fd877]::panicking::panic_with_hook
[INFO] [stdout]    7:     0x5f0a1c41fac2 - std[617be2ca0a6fd877]::panicking::panic_handler::{closure#0}
[INFO] [stdout]    8:     0x5f0a1c418529 - std[617be2ca0a6fd877]::sys::backtrace::__rust_end_short_backtrace::<std[617be2ca0a6fd877]::panicking::panic_handler::{closure#0}, !>
[INFO] [stdout]    9:     0x5f0a1c4206cd - __rustc[ea4f61d10b84890b]::rust_begin_unwind
[INFO] [stdout]   10:     0x5f0a1c45b6fc - core[a373ad73a504971]::panicking::panic_fmt
[INFO] [stdout]   11:     0x5f0a1c45b4d2 - core[a373ad73a504971]::result::unwrap_failed
[INFO] [stdout]   12:     0x5f0a1c36fa22 - <lb[2f339137a901f9bf]::tests::cli_prime_with_items::{closure#0} as core[a373ad73a504971]::ops::function::FnOnce<()>>::call_once
[INFO] [stdout]   13:     0x5f0a1c3c1a0b - test[aada8e7e76ba119b]::__rust_begin_short_backtrace::<core[a373ad73a504971]::result::Result<(), alloc[2e1b2a31b91974c5]::string::String>, fn() -> core[a373ad73a504971]::result::Result<(), alloc[2e1b2a31b91974c5]::string::String>>
[INFO] [stdout]   14:     0x5f0a1c3cebe5 - test[aada8e7e76ba119b]::run_test::{closure#0}
[INFO] [stdout]   15:     0x5f0a1c3c84d4 - std[617be2ca0a6fd877]::sys::backtrace::__rust_begin_short_backtrace::<test[aada8e7e76ba119b]::run_test::{closure#1}, ()>
[INFO] [stdout]   16:     0x5f0a1c3d1c72 - <std[617be2ca0a6fd877]::thread::lifecycle::spawn_unchecked<test[aada8e7e76ba119b]::run_test::{closure#1}, ()>::{closure#1} as core[a373ad73a504971]::ops::function::FnOnce<()>>::call_once::{shim:vtable#0}
[INFO] [stdout]   17:     0x5f0a1c444a5f - <std[617be2ca0a6fd877]::sys::thread::unix::Thread>::new::thread_start
[INFO] [stdout]   18:     0x727d96da1dfa - <unknown>
[INFO] [stdout]   19:     0x727d96e353d4 - clone
[INFO] [stdout]   20:                0x0 - <unknown>
[INFO] [stdout] 
[INFO] [stdout] ---- tests::cli_setup_claude_idempotent stdout ----
[INFO] [stdout] 
[INFO] [stdout] thread 'tests::cli_setup_claude_idempotent' (728) panicked at src/main.rs:1495:14:
[INFO] [stdout] called `Result::unwrap()` on an `Err` value: Os { code: 2, kind: NotFound, message: "No such file or directory" }
[INFO] [stdout] stack backtrace:
[INFO] [stdout]    0:     0x5f0a1c445741 - <<std[617be2ca0a6fd877]::sys::backtrace::BacktraceLock>::print::DisplayBacktrace as core[a373ad73a504971]::fmt::Display>::fmt
[INFO] [stdout]    1:     0x5f0a1c45afca - core[a373ad73a504971]::fmt::write
[INFO] [stdout]    2:     0x5f0a1c449bbc - <alloc[2e1b2a31b91974c5]::vec::Vec<u8> as core[a373ad73a504971]::io::write::Write>::write_fmt
[INFO] [stdout]    3:     0x5f0a1c41fa16 - std[617be2ca0a6fd877]::panicking::default_hook::{closure#0}
[INFO] [stdout]    4:     0x5f0a1c43d179 - std[617be2ca0a6fd877]::panicking::default_hook
[INFO] [stdout]    5:     0x5f0a1c3ce5c0 - test[aada8e7e76ba119b]::test_main_inner::{closure#0}
[INFO] [stdout]    6:     0x5f0a1c43d332 - std[617be2ca0a6fd877]::panicking::panic_with_hook
[INFO] [stdout]    7:     0x5f0a1c41fac2 - std[617be2ca0a6fd877]::panicking::panic_handler::{closure#0}
[INFO] [stdout]    8:     0x5f0a1c418529 - std[617be2ca0a6fd877]::sys::backtrace::__rust_end_short_backtrace::<std[617be2ca0a6fd877]::panicking::panic_handler::{closure#0}, !>
[INFO] [stdout]    9:     0x5f0a1c4206cd - __rustc[ea4f61d10b84890b]::rust_begin_unwind
[INFO] [stdout]   10:     0x5f0a1c45b6fc - core[a373ad73a504971]::panicking::panic_fmt
[INFO] [stdout]   11:     0x5f0a1c45b4d2 - core[a373ad73a504971]::result::unwrap_failed
[INFO] [stdout]   12:     0x5f0a1c376fe5 - <lb[2f339137a901f9bf]::tests::cli_setup_claude_idempotent::{closure#0} as core[a373ad73a504971]::ops::function::FnOnce<()>>::call_once
[INFO] [stdout]   13:     0x5f0a1c3c1a0b - test[aada8e7e76ba119b]::__rust_begin_short_backtrace::<core[a373ad73a504971]::result::Result<(), alloc[2e1b2a31b91974c5]::string::String>, fn() -> core[a373ad73a504971]::result::Result<(), alloc[2e1b2a31b91974c5]::string::String>>
[INFO] [stdout]   14:     0x5f0a1c3cebe5 - test[aada8e7e76ba119b]::run_test::{closure#0}
[INFO] [stdout]   15:     0x5f0a1c3c84d4 - std[617be2ca0a6fd877]::sys::backtrace::__rust_begin_short_backtrace::<test[aada8e7e76ba119b]::run_test::{closure#1}, ()>
[INFO] [stdout]   16:     0x5f0a1c3d1c72 - <std[617be2ca0a6fd877]::thread::lifecycle::spawn_unchecked<test[aada8e7e76ba119b]::run_test::{closure#1}, ()>::{closure#1} as core[a373ad73a504971]::ops::function::FnOnce<()>>::call_once::{shim:vtable#0}
[INFO] [stdout]   17:     0x5f0a1c444a5f - <std[617be2ca0a6fd877]::sys::thread::unix::Thread>::new::thread_start
[INFO] [stdout]   18:     0x727d96da1dfa - <unknown>
[INFO] [stdout]   19:     0x727d96e353d4 - clone
[INFO] [stdout]   20:                0x0 - <unknown>
[INFO] [stdout] 
[INFO] [stdout] ---- tests::cli_claim_pushes_missing_remote_branch stdout ----
[INFO] [stdout] 
[INFO] [stdout] thread 'tests::cli_claim_pushes_missing_remote_branch' (712) panicked at src/main.rs:2102:50:
[INFO] [stdout] called `Result::unwrap()` on an `Err` value: Os { code: 2, kind: NotFound, message: "No such file or directory" }
[INFO] [stdout] stack backtrace:
[INFO] [stdout]    0:     0x5f0a1c445741 - <<std[617be2ca0a6fd877]::sys::backtrace::BacktraceLock>::print::DisplayBacktrace as core[a373ad73a504971]::fmt::Display>::fmt
[INFO] [stdout]    1:     0x5f0a1c45afca - core[a373ad73a504971]::fmt::write
[INFO] [stdout]    2:     0x5f0a1c449bbc - <alloc[2e1b2a31b91974c5]::vec::Vec<u8> as core[a373ad73a504971]::io::write::Write>::write_fmt
[INFO] [stdout]    3:     0x5f0a1c41fa16 - std[617be2ca0a6fd877]::panicking::default_hook::{closure#0}
[INFO] [stdout]    4:     0x5f0a1c43d179 - std[617be2ca0a6fd877]::panicking::default_hook
[INFO] [stdout]    5:     0x5f0a1c3ce5c0 - test[aada8e7e76ba119b]::test_main_inner::{closure#0}
[INFO] [stdout]    6:     0x5f0a1c43d332 - std[617be2ca0a6fd877]::panicking::panic_with_hook
[INFO] [stdout]    7:     0x5f0a1c41fac2 - std[617be2ca0a6fd877]::panicking::panic_handler::{closure#0}
[INFO] [stdout]    8:     0x5f0a1c418529 - std[617be2ca0a6fd877]::sys::backtrace::__rust_end_short_backtrace::<std[617be2ca0a6fd877]::panicking::panic_handler::{closure#0}, !>
[INFO] [stdout]    9:     0x5f0a1c4206cd - __rustc[ea4f61d10b84890b]::rust_begin_unwind
[INFO] [stdout]   10:     0x5f0a1c45b6fc - core[a373ad73a504971]::panicking::panic_fmt
[INFO] [stdout]   11:     0x5f0a1c45b4d2 - core[a373ad73a504971]::result::unwrap_failed
[INFO] [stdout]   12:     0x5f0a1c37e6c3 - <lb[2f339137a901f9bf]::tests::cli_claim_pushes_missing_remote_branch::{closure#0} as core[a373ad73a504971]::ops::function::FnOnce<()>>::call_once
[INFO] [stdout]   13:     0x5f0a1c3c1a0b - test[aada8e7e76ba119b]::__rust_begin_short_backtrace::<core[a373ad73a504971]::result::Result<(), alloc[2e1b2a31b91974c5]::string::String>, fn() -> core[a373ad73a504971]::result::Result<(), alloc[2e1b2a31b91974c5]::string::String>>
[INFO] [stdout]   14:     0x5f0a1c3cebe5 - test[aada8e7e76ba119b]::run_test::{closure#0}
[INFO] [stdout]   15:     0x5f0a1c3c84d4 - std[617be2ca0a6fd877]::sys::backtrace::__rust_begin_short_backtrace::<test[aada8e7e76ba119b]::run_test::{closure#1}, ()>
[INFO] [stdout]   16:     0x5f0a1c3d1c72 - <std[617be2ca0a6fd877]::thread::lifecycle::spawn_unchecked<test[aada8e7e76ba119b]::run_test::{closure#1}, ()>::{closure#1} as core[a373ad73a504971]::ops::function::FnOnce<()>>::call_once::{shim:vtable#0}
[INFO] [stdout]   17:     0x5f0a1c444a5f - <std[617be2ca0a6fd877]::sys::thread::unix::Thread>::new::thread_start
[INFO] [stdout]   18:     0x727d96da1dfa - <unknown>
[INFO] [stdout]   19:     0x727d96e353d4 - clone
[INFO] [stdout]   20:                0x0 - <unknown>
[INFO] [stdout] 
[INFO] [stdout] ---- tests::cli_unclaim_no_remote stdout ----
[INFO] [stdout] 
[INFO] [stdout] thread 'tests::cli_unclaim_no_remote' (1719) panicked at src/main.rs:1958:49:
[INFO] [stdout] called `Result::unwrap()` on an `Err` value: Os { code: 2, kind: NotFound, message: "No such file or directory" }
[INFO] [stdout] stack backtrace:
[INFO] [stdout]    0:     0x5f0a1c445741 - <<std[617be2ca0a6fd877]::sys::backtrace::BacktraceLock>::print::DisplayBacktrace as core[a373ad73a504971]::fmt::Display>::fmt
[INFO] [stdout]    1:     0x5f0a1c45afca - core[a373ad73a504971]::fmt::write
[INFO] [stdout]    2:     0x5f0a1c449bbc - <alloc[2e1b2a31b91974c5]::vec::Vec<u8> as core[a373ad73a504971]::io::write::Write>::write_fmt
[INFO] [stdout]    3:     0x5f0a1c41fa16 - std[617be2ca0a6fd877]::panicking::default_hook::{closure#0}
[INFO] [stdout]    4:     0x5f0a1c43d179 - std[617be2ca0a6fd877]::panicking::default_hook
[INFO] [stdout]    5:     0x5f0a1c3ce5c0 - test[aada8e7e76ba119b]::test_main_inner::{closure#0}
[INFO] [stdout]    6:     0x5f0a1c43d332 - std[617be2ca0a6fd877]::panicking::panic_with_hook
[INFO] [stdout]    7:     0x5f0a1c41fac2 - std[617be2ca0a6fd877]::panicking::panic_handler::{closure#0}
[INFO] [stdout]    8:     0x5f0a1c418529 - std[617be2ca0a6fd877]::sys::backtrace::__rust_end_short_backtrace::<std[617be2ca0a6fd877]::panicking::panic_handler::{closure#0}, !>
[INFO] [stdout]    9:     0x5f0a1c4206cd - __rustc[ea4f61d10b84890b]::rust_begin_unwind
[INFO] [stdout]   10:     0x5f0a1c45b6fc - core[a373ad73a504971]::panicking::panic_fmt
[INFO] [stdout]   11:     0x5f0a1c45b4d2 - core[a373ad73a504971]::result::unwrap_failed
[INFO] [stdout]   12:     0x5f0a1c3723f5 - <lb[2f339137a901f9bf]::tests::cli_unclaim_no_remote::{closure#0} as core[a373ad73a504971]::ops::function::FnOnce<()>>::call_once
[INFO] [stdout]   13:     0x5f0a1c3c1a0b - test[aada8e7e76ba119b]::__rust_begin_short_backtrace::<core[a373ad73a504971]::result::Result<(), alloc[2e1b2a31b91974c5]::string::String>, fn() -> core[a373ad73a504971]::result::Result<(), alloc[2e1b2a31b91974c5]::string::String>>
[INFO] [stdout]   14:     0x5f0a1c3cebe5 - test[aada8e7e76ba119b]::run_test::{closure#0}
[INFO] [stdout]   15:     0x5f0a1c3c84d4 - std[617be2ca0a6fd877]::sys::backtrace::__rust_begin_short_backtrace::<test[aada8e7e76ba119b]::run_test::{closure#1}, ()>
[INFO] [stdout]   16:     0x5f0a1c3d1c72 - <std[617be2ca0a6fd877]::thread::lifecycle::spawn_unchecked<test[aada8e7e76ba119b]::run_test::{closure#1}, ()>::{closure#1} as core[a373ad73a504971]::ops::function::FnOnce<()>>::call_once::{shim:vtable#0}
[INFO] [stdout]   17:     0x5f0a1c444a5f - <std[617be2ca0a6fd877]::sys::thread::unix::Thread>::new::thread_start
[INFO] [stdout]   18:     0x727d96da1dfa - <unknown>
[INFO] [stdout]   19:     0x727d96e353d4 - clone
[INFO] [stdout]   20:                0x0 - <unknown>
[INFO] [stdout] 
[INFO] [stdout] ---- tests::cli_claim_with_remote stdout ----
[INFO] [stdout] 
[INFO] [stdout] thread 'tests::cli_claim_with_remote' (713) panicked at src/main.rs:2074:50:
[INFO] [stdout] called `Result::unwrap()` on an `Err` value: Os { code: 2, kind: NotFound, message: "No such file or directory" }
[INFO] [stdout] stack backtrace:
[INFO] [stdout]    0:     0x5f0a1c445741 - <<std[617be2ca0a6fd877]::sys::backtrace::BacktraceLock>::print::DisplayBacktrace as core[a373ad73a504971]::fmt::Display>::fmt
[INFO] [stdout]    1:     0x5f0a1c45afca - core[a373ad73a504971]::fmt::write
[INFO] [stdout]    2:     0x5f0a1c449bbc - <alloc[2e1b2a31b91974c5]::vec::Vec<u8> as core[a373ad73a504971]::io::write::Write>::write_fmt
[INFO] [stdout]    3:     0x5f0a1c41fa16 - std[617be2ca0a6fd877]::panicking::default_hook::{closure#0}
[INFO] [stdout]    4:     0x5f0a1c43d179 - std[617be2ca0a6fd877]::panicking::default_hook
[INFO] [stdout]    5:     0x5f0a1c3ce5c0 - test[aada8e7e76ba119b]::test_main_inner::{closure#0}
[INFO] [stdout]    6:     0x5f0a1c43d332 - std[617be2ca0a6fd877]::panicking::panic_with_hook
[INFO] [stdout]    7:     0x5f0a1c41fac2 - std[617be2ca0a6fd877]::panicking::panic_handler::{closure#0}
[INFO] [stdout]    8:     0x5f0a1c418529 - std[617be2ca0a6fd877]::sys::backtrace::__rust_end_short_backtrace::<std[617be2ca0a6fd877]::panicking::panic_handler::{closure#0}, !>
[INFO] [stdout]    9:     0x5f0a1c4206cd - __rustc[ea4f61d10b84890b]::rust_begin_unwind
[INFO] [stdout]   10:     0x5f0a1c45b6fc - core[a373ad73a504971]::panicking::panic_fmt
[INFO] [stdout]   11:     0x5f0a1c45b4d2 - core[a373ad73a504971]::result::unwrap_failed
[INFO] [stdout]   12:     0x5f0a1c3704c4 - <lb[2f339137a901f9bf]::tests::cli_claim_with_remote::{closure#0} as core[a373ad73a504971]::ops::function::FnOnce<()>>::call_once
[INFO] [stdout]   13:     0x5f0a1c3c1a0b - test[aada8e7e76ba119b]::__rust_begin_short_backtrace::<core[a373ad73a504971]::result::Result<(), alloc[2e1b2a31b91974c5]::string::String>, fn() -> core[a373ad73a504971]::result::Result<(), alloc[2e1b2a31b91974c5]::string::String>>
[INFO] [stdout]   14:     0x5f0a1c3cebe5 - test[aada8e7e76ba119b]::run_test::{closure#0}
[INFO] [stdout]   15:     0x5f0a1c3c84d4 - std[617be2ca0a6fd877]::sys::backtrace::__rust_begin_short_backtrace::<test[aada8e7e76ba119b]::run_test::{closure#1}, ()>
[INFO] [stdout]   16:     0x5f0a1c3d1c72 - <std[617be2ca0a6fd877]::thread::lifecycle::spawn_unchecked<test[aada8e7e76ba119b]::run_test::{closure#1}, ()>::{closure#1} as core[a373ad73a504971]::ops::function::FnOnce<()>>::call_once::{shim:vtable#0}
[INFO] [stdout]   17:     0x5f0a1c444a5f - <std[617be2ca0a6fd877]::sys::thread::unix::Thread>::new::thread_start
[INFO] [stdout]   18:     0x727d96da1dfa - <unknown>
[INFO] [stdout]   19:     0x727d96e353d4 - clone
[INFO] [stdout]   20:                0x0 - <unknown>
[INFO] [stdout] 
[INFO] [stdout] ---- tests::cli_setup_codex_preserves_existing_skill_file stdout ----
[INFO] [stdout] 
[INFO] [stdout] thread 'tests::cli_setup_codex_preserves_existing_skill_file' (1644) panicked at src/main.rs:1778:14:
[INFO] [stdout] called `Result::unwrap()` on an `Err` value: Os { code: 2, kind: NotFound, message: "No such file or directory" }
[INFO] [stdout] stack backtrace:
[INFO] [stdout]    0:     0x5f0a1c445741 - <<std[617be2ca0a6fd877]::sys::backtrace::BacktraceLock>::print::DisplayBacktrace as core[a373ad73a504971]::fmt::Display>::fmt
[INFO] [stdout]    1:     0x5f0a1c45afca - core[a373ad73a504971]::fmt::write
[INFO] [stdout]    2:     0x5f0a1c449bbc - <alloc[2e1b2a31b91974c5]::vec::Vec<u8> as core[a373ad73a504971]::io::write::Write>::write_fmt
[INFO] [stdout]    3:     0x5f0a1c41fa16 - std[617be2ca0a6fd877]::panicking::default_hook::{closure#0}
[INFO] [stdout]    4:     0x5f0a1c43d179 - std[617be2ca0a6fd877]::panicking::default_hook
[INFO] [stdout]    5:     0x5f0a1c3ce5c0 - test[aada8e7e76ba119b]::test_main_inner::{closure#0}
[INFO] [stdout]    6:     0x5f0a1c43d332 - std[617be2ca0a6fd877]::panicking::panic_with_hook
[INFO] [stdout]    7:     0x5f0a1c41fac2 - std[617be2ca0a6fd877]::panicking::panic_handler::{closure#0}
[INFO] [stdout]    8:     0x5f0a1c418529 - std[617be2ca0a6fd877]::sys::backtrace::__rust_end_short_backtrace::<std[617be2ca0a6fd877]::panicking::panic_handler::{closure#0}, !>
[INFO] [stdout]    9:     0x5f0a1c4206cd - __rustc[ea4f61d10b84890b]::rust_begin_unwind
[INFO] [stdout]   10:     0x5f0a1c45b6fc - core[a373ad73a504971]::panicking::panic_fmt
[INFO] [stdout]   11:     0x5f0a1c45b4d2 - core[a373ad73a504971]::result::unwrap_failed
[INFO] [stdout]   12:     0x5f0a1c37f175 - <lb[2f339137a901f9bf]::tests::cli_setup_codex_preserves_existing_skill_file::{closure#0} as core[a373ad73a504971]::ops::function::FnOnce<()>>::call_once
[INFO] [stdout]   13:     0x5f0a1c3c1a0b - test[aada8e7e76ba119b]::__rust_begin_short_backtrace::<core[a373ad73a504971]::result::Result<(), alloc[2e1b2a31b91974c5]::string::String>, fn() -> core[a373ad73a504971]::result::Result<(), alloc[2e1b2a31b91974c5]::string::String>>
[INFO] [stdout]   14:     0x5f0a1c3cebe5 - test[aada8e7e76ba119b]::run_test::{closure#0}
[INFO] [stdout]   15:     0x5f0a1c3c84d4 - std[617be2ca0a6fd877]::sys::backtrace::__rust_begin_short_backtrace::<test[aada8e7e76ba119b]::run_test::{closure#1}, ()>
[INFO] [stdout]   16:     0x5f0a1c3d1c72 - <std[617be2ca0a6fd877]::thread::lifecycle::spawn_unchecked<test[aada8e7e76ba119b]::run_test::{closure#1}, ()>::{closure#1} as core[a373ad73a504971]::ops::function::FnOnce<()>>::call_once::{shim:vtable#0}
[INFO] [stdout]   17:     0x5f0a1c444a5f - <std[617be2ca0a6fd877]::sys::thread::unix::Thread>::new::thread_start
[INFO] [stdout]   18:     0x727d96da1dfa - <unknown>
[INFO] [stdout]   19:     0x727d96e353d4 - clone
[INFO] [stdout]   20:                0x0 - <unknown>
[INFO] [stdout] 
[INFO] [stdout] ---- tests::cli_setup_codex_upgrades_legacy_bundled_skill stdout ----
[INFO] [stdout] 
[INFO] [stdout] thread 'tests::cli_setup_codex_upgrades_legacy_bundled_skill' (1656) panicked at src/main.rs:1818:14:
[INFO] [stdout] called `Result::unwrap()` on an `Err` value: Os { code: 2, kind: NotFound, message: "No such file or directory" }
[INFO] [stdout] stack backtrace:
[INFO] [stdout]    0:     0x5f0a1c445741 - <<std[617be2ca0a6fd877]::sys::backtrace::BacktraceLock>::print::DisplayBacktrace as core[a373ad73a504971]::fmt::Display>::fmt
[INFO] [stdout]    1:     0x5f0a1c45afca - core[a373ad73a504971]::fmt::write
[INFO] [stdout]    2:     0x5f0a1c449bbc - <alloc[2e1b2a31b91974c5]::vec::Vec<u8> as core[a373ad73a504971]::io::write::Write>::write_fmt
[INFO] [stdout]    3:     0x5f0a1c41fa16 - std[617be2ca0a6fd877]::panicking::default_hook::{closure#0}
[INFO] [stdout]    4:     0x5f0a1c43d179 - std[617be2ca0a6fd877]::panicking::default_hook
[INFO] [stdout]    5:     0x5f0a1c3ce5c0 - test[aada8e7e76ba119b]::test_main_inner::{closure#0}
[INFO] [stdout]    6:     0x5f0a1c43d332 - std[617be2ca0a6fd877]::panicking::panic_with_hook
[INFO] [stdout]    7:     0x5f0a1c41fac2 - std[617be2ca0a6fd877]::panicking::panic_handler::{closure#0}
[INFO] [stdout]    8:     0x5f0a1c418529 - std[617be2ca0a6fd877]::sys::backtrace::__rust_end_short_backtrace::<std[617be2ca0a6fd877]::panicking::panic_handler::{closure#0}, !>
[INFO] [stdout]    9:     0x5f0a1c4206cd - __rustc[ea4f61d10b84890b]::rust_begin_unwind
[INFO] [stdout]   10:     0x5f0a1c45b6fc - core[a373ad73a504971]::panicking::panic_fmt
[INFO] [stdout]   11:     0x5f0a1c45b4d2 - core[a373ad73a504971]::result::unwrap_failed
[INFO] [stdout]   12:     0x5f0a1c37fbba - <lb[2f339137a901f9bf]::tests::cli_setup_codex_upgrades_legacy_bundled_skill::{closure#0} as core[a373ad73a504971]::ops::function::FnOnce<()>>::call_once
[INFO] [stdout]   13:     0x5f0a1c3c1a0b - test[aada8e7e76ba119b]::__rust_begin_short_backtrace::<core[a373ad73a504971]::result::Result<(), alloc[2e1b2a31b91974c5]::string::String>, fn() -> core[a373ad73a504971]::result::Result<(), alloc[2e1b2a31b91974c5]::string::String>>
[INFO] [stdout]   14:     0x5f0a1c3cebe5 - test[aada8e7e76ba119b]::run_test::{closure#0}
[INFO] [stdout]   15:     0x5f0a1c3c84d4 - std[617be2ca0a6fd877]::sys::backtrace::__rust_begin_short_backtrace::<test[aada8e7e76ba119b]::run_test::{closure#1}, ()>
[INFO] [stdout]   16:     0x5f0a1c3d1c72 - <std[617be2ca0a6fd877]::thread::lifecycle::spawn_unchecked<test[aada8e7e76ba119b]::run_test::{closure#1}, ()>::{closure#1} as core[a373ad73a504971]::ops::function::FnOnce<()>>::call_once::{shim:vtable#0}
[INFO] [stdout]   17:     0x5f0a1c444a5f - <std[617be2ca0a6fd877]::sys::thread::unix::Thread>::new::thread_start
[INFO] [stdout]   18:     0x727d96da1dfa - <unknown>
[INFO] [stdout]   19:     0x727d96e353d4 - clone
[INFO] [stdout]   20:                0x0 - <unknown>
[INFO] [stdout] 
[INFO] [stdout] ---- tests::cli_unclaim_with_remote stdout ----
[INFO] [stdout] 
[INFO] [stdout] thread 'tests::cli_unclaim_with_remote' (1736) panicked at src/main.rs:2142:50:
[INFO] [stdout] called `Result::unwrap()` on an `Err` value: Os { code: 2, kind: NotFound, message: "No such file or directory" }
[INFO] [stdout] stack backtrace:
[INFO] [stdout]    0:     0x5f0a1c445741 - <<std[617be2ca0a6fd877]::sys::backtrace::BacktraceLock>::print::DisplayBacktrace as core[a373ad73a504971]::fmt::Display>::fmt
[INFO] [stdout]    1:     0x5f0a1c45afca - core[a373ad73a504971]::fmt::write
[INFO] [stdout]    2:     0x5f0a1c449bbc - <alloc[2e1b2a31b91974c5]::vec::Vec<u8> as core[a373ad73a504971]::io::write::Write>::write_fmt
[INFO] [stdout]    3:     0x5f0a1c41fa16 - std[617be2ca0a6fd877]::panicking::default_hook::{closure#0}
[INFO] [stdout]    4:     0x5f0a1c43d179 - std[617be2ca0a6fd877]::panicking::default_hook
[INFO] [stdout]    5:     0x5f0a1c3ce5c0 - test[aada8e7e76ba119b]::test_main_inner::{closure#0}
[INFO] [stdout]    6:     0x5f0a1c43d332 - std[617be2ca0a6fd877]::panicking::panic_with_hook
[INFO] [stdout]    7:     0x5f0a1c41fac2 - std[617be2ca0a6fd877]::panicking::panic_handler::{closure#0}
[INFO] [stdout]    8:     0x5f0a1c418529 - std[617be2ca0a6fd877]::sys::backtrace::__rust_end_short_backtrace::<std[617be2ca0a6fd877]::panicking::panic_handler::{closure#0}, !>
[INFO] [stdout]    9:     0x5f0a1c4206cd - __rustc[ea4f61d10b84890b]::rust_begin_unwind
[INFO] [stdout]   10:     0x5f0a1c45b6fc - core[a373ad73a504971]::panicking::panic_fmt
[INFO] [stdout]   11:     0x5f0a1c45b4d2 - core[a373ad73a504971]::result::unwrap_failed
[INFO] [stdout]   12:     0x5f0a1c373c95 - <lb[2f339137a901f9bf]::tests::cli_unclaim_with_remote::{closure#0} as core[a373ad73a504971]::ops::function::FnOnce<()>>::call_once
[INFO] [stdout]   13:     0x5f0a1c3c1a0b - test[aada8e7e76ba119b]::__rust_begin_short_backtrace::<core[a373ad73a504971]::result::Result<(), alloc[2e1b2a31b91974c5]::string::String>, fn() -> core[a373ad73a504971]::result::Result<(), alloc[2e1b2a31b91974c5]::string::String>>
[INFO] [stdout]   14:     0x5f0a1c3cebe5 - test[aada8e7e76ba119b]::run_test::{closure#0}
[INFO] [stdout]   15:     0x5f0a1c3c84d4 - std[617be2ca0a6fd877]::sys::backtrace::__rust_begin_short_backtrace::<test[aada8e7e76ba119b]::run_test::{closure#1}, ()>
[INFO] [stdout]   16:     0x5f0a1c3d1c72 - <std[617be2ca0a6fd877]::thread::lifecycle::spawn_unchecked<test[aada8e7e76ba119b]::run_test::{closure#1}, ()>::{closure#1} as core[a373ad73a504971]::ops::function::FnOnce<()>>::call_once::{shim:vtable#0}
[INFO] [stdout]   17:     0x5f0a1c444a5f - <std[617be2ca0a6fd877]::sys::thread::unix::Thread>::new::thread_start
[INFO] [stdout]   18:     0x727d96da1dfa - <unknown>
[INFO] [stdout]   19:     0x727d96e353d4 - clone
[INFO] [stdout]   20:                0x0 - <unknown>
[INFO] [stdout] 
[INFO] [stdout] ---- tests::cli_setup_codex_writes_files stdout ----
[INFO] [stdout] 
[INFO] [stdout] thread 'tests::cli_setup_codex_writes_files' (1680) panicked at src/main.rs:1549:14:
[INFO] [stdout] called `Result::unwrap()` on an `Err` value: Os { code: 2, kind: NotFound, message: "No such file or directory" }
[INFO] [stdout] stack backtrace:
[INFO] [stdout]    0:     0x5f0a1c445741 - <<std[617be2ca0a6fd877]::sys::backtrace::BacktraceLock>::print::DisplayBacktrace as core[a373ad73a504971]::fmt::Display>::fmt
[INFO] [stdout]    1:     0x5f0a1c45afca - core[a373ad73a504971]::fmt::write
[INFO] [stdout]    2:     0x5f0a1c449bbc - <alloc[2e1b2a31b91974c5]::vec::Vec<u8> as core[a373ad73a504971]::io::write::Write>::write_fmt
[INFO] [stdout]    3:     0x5f0a1c41fa16 - std[617be2ca0a6fd877]::panicking::default_hook::{closure#0}
[INFO] [stdout]    4:     0x5f0a1c43d179 - std[617be2ca0a6fd877]::panicking::default_hook
[INFO] [stdout]    5:     0x5f0a1c3ce5c0 - test[aada8e7e76ba119b]::test_main_inner::{closure#0}
[INFO] [stdout]    6:     0x5f0a1c43d332 - std[617be2ca0a6fd877]::panicking::panic_with_hook
[INFO] [stdout]    7:     0x5f0a1c41fac2 - std[617be2ca0a6fd877]::panicking::panic_handler::{closure#0}
[INFO] [stdout]    8:     0x5f0a1c418529 - std[617be2ca0a6fd877]::sys::backtrace::__rust_end_short_backtrace::<std[617be2ca0a6fd877]::panicking::panic_handler::{closure#0}, !>
[INFO] [stdout]    9:     0x5f0a1c4206cd - __rustc[ea4f61d10b84890b]::rust_begin_unwind
[INFO] [stdout]   10:     0x5f0a1c45b6fc - core[a373ad73a504971]::panicking::panic_fmt
[INFO] [stdout]   11:     0x5f0a1c45b4d2 - core[a373ad73a504971]::result::unwrap_failed
[INFO] [stdout]   12:     0x5f0a1c378400 - <lb[2f339137a901f9bf]::tests::cli_setup_codex_writes_files::{closure#0} as core[a373ad73a504971]::ops::function::FnOnce<()>>::call_once
[INFO] [stdout]   13:     0x5f0a1c3c1a0b - test[aada8e7e76ba119b]::__rust_begin_short_backtrace::<core[a373ad73a504971]::result::Result<(), alloc[2e1b2a31b91974c5]::string::String>, fn() -> core[a373ad73a504971]::result::Result<(), alloc[2e1b2a31b91974c5]::string::String>>
[INFO] [stdout]   14:     0x5f0a1c3cebe5 - test[aada8e7e76ba119b]::run_test::{closure#0}
[INFO] [stdout]   15:     0x5f0a1c3c84d4 - std[617be2ca0a6fd877]::sys::backtrace::__rust_begin_short_backtrace::<test[aada8e7e76ba119b]::run_test::{closure#1}, ()>
[INFO] [stdout]   16:     0x5f0a1c3d1c72 - <std[617be2ca0a6fd877]::thread::lifecycle::spawn_unchecked<test[aada8e7e76ba119b]::run_test::{closure#1}, ()>::{closure#1} as core[a373ad73a504971]::ops::function::FnOnce<()>>::call_once::{shim:vtable#0}
[INFO] [stdout]   17:     0x5f0a1c444a5f - <std[617be2ca0a6fd877]::sys::thread::unix::Thread>::new::thread_start
[INFO] [stdout]   18:     0x727d96da1dfa - <unknown>
[INFO] [stdout]   19:     0x727d96e353d4 - clone
[INFO] [stdout]   20:                0x0 - <unknown>
[INFO] [stdout] 
[INFO] [stdout] ---- tests::git_show_reflects_creates stdout ----
[INFO] [stdout] 
[INFO] [stdout] thread 'tests::git_show_reflects_creates' (1756) panicked at src/main.rs:2170:49:
[INFO] [stdout] called `Result::unwrap()` on an `Err` value: Os { code: 2, kind: NotFound, message: "No such file or directory" }
[INFO] [stdout] stack backtrace:
[INFO] [stdout]    0:     0x5f0a1c445741 - <<std[617be2ca0a6fd877]::sys::backtrace::BacktraceLock>::print::DisplayBacktrace as core[a373ad73a504971]::fmt::Display>::fmt
[INFO] [stdout]    1:     0x5f0a1c45afca - core[a373ad73a504971]::fmt::write
[INFO] [stdout]    2:     0x5f0a1c449bbc - <alloc[2e1b2a31b91974c5]::vec::Vec<u8> as core[a373ad73a504971]::io::write::Write>::write_fmt
[INFO] [stdout]    3:     0x5f0a1c41fa16 - std[617be2ca0a6fd877]::panicking::default_hook::{closure#0}
[INFO] [stdout]    4:     0x5f0a1c43d179 - std[617be2ca0a6fd877]::panicking::default_hook
[INFO] [stdout]    5:     0x5f0a1c3ce5c0 - test[aada8e7e76ba119b]::test_main_inner::{closure#0}
[INFO] [stdout]    6:     0x5f0a1c43d332 - std[617be2ca0a6fd877]::panicking::panic_with_hook
[INFO] [stdout]    7:     0x5f0a1c41fac2 - std[617be2ca0a6fd877]::panicking::panic_handler::{closure#0}
[INFO] [stdout]    8:     0x5f0a1c418529 - std[617be2ca0a6fd877]::sys::backtrace::__rust_end_short_backtrace::<std[617be2ca0a6fd877]::panicking::panic_handler::{closure#0}, !>
[INFO] [stdout]    9:     0x5f0a1c4206cd - __rustc[ea4f61d10b84890b]::rust_begin_unwind
[INFO] [stdout]   10:     0x5f0a1c45b6fc - core[a373ad73a504971]::panicking::panic_fmt
[INFO] [stdout]   11:     0x5f0a1c45b4d2 - core[a373ad73a504971]::result::unwrap_failed
[INFO] [stdout]   12:     0x5f0a1c374b43 - <lb[2f339137a901f9bf]::tests::git_show_reflects_creates::{closure#0} as core[a373ad73a504971]::ops::function::FnOnce<()>>::call_once
[INFO] [stdout]   13:     0x5f0a1c3c1a0b - test[aada8e7e76ba119b]::__rust_begin_short_backtrace::<core[a373ad73a504971]::result::Result<(), alloc[2e1b2a31b91974c5]::string::String>, fn() -> core[a373ad73a504971]::result::Result<(), alloc[2e1b2a31b91974c5]::string::String>>
[INFO] [stdout]   14:     0x5f0a1c3cebe5 - test[aada8e7e76ba119b]::run_test::{closure#0}
[INFO] [stdout]   15:     0x5f0a1c3c84d4 - std[617be2ca0a6fd877]::sys::backtrace::__rust_begin_short_backtrace::<test[aada8e7e76ba119b]::run_test::{closure#1}, ()>
[INFO] [stdout]   16:     0x5f0a1c3d1c72 - <std[617be2ca0a6fd877]::thread::lifecycle::spawn_unchecked<test[aada8e7e76ba119b]::run_test::{closure#1}, ()>::{closure#1} as core[a373ad73a504971]::ops::function::FnOnce<()>>::call_once::{shim:vtable#0}
[INFO] [stdout]   17:     0x5f0a1c444a5f - <std[617be2ca0a6fd877]::sys::thread::unix::Thread>::new::thread_start
[INFO] [stdout]   18:     0x727d96da1dfa - <unknown>
[INFO] [stdout]   19:     0x727d96e353d4 - clone
[INFO] [stdout]   20:                0x0 - <unknown>
[INFO] [stdout] 
[INFO] [stdout] ---- tests::cli_unknown_command_exits_nonzero stdout ----
[INFO] [stdout] 
[INFO] [stdout] thread 'tests::cli_unknown_command_exits_nonzero' (1748) panicked at src/main.rs:1308:70:
[INFO] [stdout] called `Result::unwrap()` on an `Err` value: Os { code: 2, kind: NotFound, message: "No such file or directory" }
[INFO] [stdout] stack backtrace:
[INFO] [stdout]    0:     0x5f0a1c445741 - <<std[617be2ca0a6fd877]::sys::backtrace::BacktraceLock>::print::DisplayBacktrace as core[a373ad73a504971]::fmt::Display>::fmt
[INFO] [stdout]    1:     0x5f0a1c45afca - core[a373ad73a504971]::fmt::write
[INFO] [stdout]    2:     0x5f0a1c449bbc - <alloc[2e1b2a31b91974c5]::vec::Vec<u8> as core[a373ad73a504971]::io::write::Write>::write_fmt
[INFO] [stdout]    3:     0x5f0a1c41fa16 - std[617be2ca0a6fd877]::panicking::default_hook::{closure#0}
[INFO] [stdout]    4:     0x5f0a1c43d179 - std[617be2ca0a6fd877]::panicking::default_hook
[INFO] [stdout]    5:     0x5f0a1c3ce5c0 - test[aada8e7e76ba119b]::test_main_inner::{closure#0}
[INFO] [stdout]    6:     0x5f0a1c43d332 - std[617be2ca0a6fd877]::panicking::panic_with_hook
[INFO] [stdout]    7:     0x5f0a1c41fac2 - std[617be2ca0a6fd877]::panicking::panic_handler::{closure#0}
[INFO] [stdout]    8:     0x5f0a1c418529 - std[617be2ca0a6fd877]::sys::backtrace::__rust_end_short_backtrace::<std[617be2ca0a6fd877]::panicking::panic_handler::{closure#0}, !>
[INFO] [stdout]    9:     0x5f0a1c4206cd - __rustc[ea4f61d10b84890b]::rust_begin_unwind
[INFO] [stdout]   10:     0x5f0a1c45b6fc - core[a373ad73a504971]::panicking::panic_fmt
[INFO] [stdout]   11:     0x5f0a1c45b4d2 - core[a373ad73a504971]::result::unwrap_failed
[INFO] [stdout]   12:     0x5f0a1c37dcf4 - <lb[2f339137a901f9bf]::tests::cli_unknown_command_exits_nonzero::{closure#0} as core[a373ad73a504971]::ops::function::FnOnce<()>>::call_once
[INFO] [stdout]   13:     0x5f0a1c3c1a0b - test[aada8e7e76ba119b]::__rust_begin_short_backtrace::<core[a373ad73a504971]::result::Result<(), alloc[2e1b2a31b91974c5]::string::String>, fn() -> core[a373ad73a504971]::result::Result<(), alloc[2e1b2a31b91974c5]::string::String>>
[INFO] [stdout]   14:     0x5f0a1c3cebe5 - test[aada8e7e76ba119b]::run_test::{closure#0}
[INFO] [stdout]   15:     0x5f0a1c3c84d4 - std[617be2ca0a6fd877]::sys::backtrace::__rust_begin_short_backtrace::<test[aada8e7e76ba119b]::run_test::{closure#1}, ()>
[INFO] [stdout]   16:     0x5f0a1c3d1c72 - <std[617be2ca0a6fd877]::thread::lifecycle::spawn_unchecked<test[aada8e7e76ba119b]::run_test::{closure#1}, ()>::{closure#1} as core[a373ad73a504971]::ops::function::FnOnce<()>>::call_once::{shim:vtable#0}
[INFO] [stdout]   17:     0x5f0a1c444a5f - <std[617be2ca0a6fd877]::sys::thread::unix::Thread>::new::thread_start
[INFO] [stdout]   18:     0x727d96da1dfa - <unknown>
[INFO] [stdout]   19:     0x727d96e353d4 - clone
[INFO] [stdout]   20:                0x0 - <unknown>
[INFO] [stdout] 
[INFO] [stdout] ---- tests::cli_setup_codex_uses_home_when_codex_home_unset stdout ----
[INFO] [stdout] 
[INFO] [stdout] thread 'tests::cli_setup_codex_uses_home_when_codex_home_unset' (1659) panicked at src/main.rs:1855:14:
[INFO] [stdout] called `Result::unwrap()` on an `Err` value: Os { code: 2, kind: NotFound, message: "No such file or directory" }
[INFO] [stdout] stack backtrace:
[INFO] [stdout]    0:     0x5f0a1c445741 - <<std[617be2ca0a6fd877]::sys::backtrace::BacktraceLock>::print::DisplayBacktrace as core[a373ad73a504971]::fmt::Display>::fmt
[INFO] [stdout]    1:     0x5f0a1c45afca - core[a373ad73a504971]::fmt::write
[INFO] [stdout]    2:     0x5f0a1c449bbc - <alloc[2e1b2a31b91974c5]::vec::Vec<u8> as core[a373ad73a504971]::io::write::Write>::write_fmt
[INFO] [stdout]    3:     0x5f0a1c41fa16 - std[617be2ca0a6fd877]::panicking::default_hook::{closure#0}
[INFO] [stdout]    4:     0x5f0a1c43d179 - std[617be2ca0a6fd877]::panicking::default_hook
[INFO] [stdout]    5:     0x5f0a1c3ce5c0 - test[aada8e7e76ba119b]::test_main_inner::{closure#0}
[INFO] [stdout]    6:     0x5f0a1c43d332 - std[617be2ca0a6fd877]::panicking::panic_with_hook
[INFO] [stdout]    7:     0x5f0a1c41fac2 - std[617be2ca0a6fd877]::panicking::panic_handler::{closure#0}
[INFO] [stdout]    8:     0x5f0a1c418529 - std[617be2ca0a6fd877]::sys::backtrace::__rust_end_short_backtrace::<std[617be2ca0a6fd877]::panicking::panic_handler::{closure#0}, !>
[INFO] [stdout]    9:     0x5f0a1c4206cd - __rustc[ea4f61d10b84890b]::rust_begin_unwind
[INFO] [stdout]   10:     0x5f0a1c45b6fc - core[a373ad73a504971]::panicking::panic_fmt
[INFO] [stdout]   11:     0x5f0a1c45b4d2 - core[a373ad73a504971]::result::unwrap_failed
[INFO] [stdout]   12:     0x5f0a1c38051e - <lb[2f339137a901f9bf]::tests::cli_setup_codex_uses_home_when_codex_home_unset::{closure#0} as core[a373ad73a504971]::ops::function::FnOnce<()>>::call_once
[INFO] [stdout]   13:     0x5f0a1c3c1a0b - test[aada8e7e76ba119b]::__rust_begin_short_backtrace::<core[a373ad73a504971]::result::Result<(), alloc[2e1b2a31b91974c5]::string::String>, fn() -> core[a373ad73a504971]::result::Result<(), alloc[2e1b2a31b91974c5]::string::String>>
[INFO] [stdout]   14:     0x5f0a1c3cebe5 - test[aada8e7e76ba119b]::run_test::{closure#0}
[INFO] [stdout]   15:     0x5f0a1c3c84d4 - std[617be2ca0a6fd877]::sys::backtrace::__rust_begin_short_backtrace::<test[aada8e7e76ba119b]::run_test::{closure#1}, ()>
[INFO] [stdout]   16:     0x5f0a1c3d1c72 - <std[617be2ca0a6fd877]::thread::lifecycle::spawn_unchecked<test[aada8e7e76ba119b]::run_test::{closure#1}, ()>::{closure#1} as core[a373ad73a504971]::ops::function::FnOnce<()>>::call_once::{shim:vtable#0}
[INFO] [stdout]   17:     0x5f0a1c444a5f - <std[617be2ca0a6fd877]::sys::thread::unix::Thread>::new::thread_start
[INFO] [stdout]   18:     0x727d96da1dfa - <unknown>
[INFO] [stdout]   19:     0x727d96e353d4 - clone
[INFO] [stdout]   20:                0x0 - <unknown>
[INFO] [stdout] 
[INFO] [stdout] ---- tests::cli_sync_pushes_new_branch stdout ----
[INFO] [stdout] 
[INFO] [stdout] thread 'tests::cli_sync_pushes_new_branch' (1707) panicked at src/main.rs:2057:50:
[INFO] [stdout] called `Result::unwrap()` on an `Err` value: Os { code: 2, kind: NotFound, message: "No such file or directory" }
[INFO] [stdout] stack backtrace:
[INFO] [stdout]    0:     0x5f0a1c445741 - <<std[617be2ca0a6fd877]::sys::backtrace::BacktraceLock>::print::DisplayBacktrace as core[a373ad73a504971]::fmt::Display>::fmt
[INFO] [stdout]    1:     0x5f0a1c45afca - core[a373ad73a504971]::fmt::write
[INFO] [stdout]    2:     0x5f0a1c449bbc - <alloc[2e1b2a31b91974c5]::vec::Vec<u8> as core[a373ad73a504971]::io::write::Write>::write_fmt
[INFO] [stdout]    3:     0x5f0a1c41fa16 - std[617be2ca0a6fd877]::panicking::default_hook::{closure#0}
[INFO] [stdout]    4:     0x5f0a1c43d179 - std[617be2ca0a6fd877]::panicking::default_hook
[INFO] [stdout]    5:     0x5f0a1c3ce5c0 - test[aada8e7e76ba119b]::test_main_inner::{closure#0}
[INFO] [stdout]    6:     0x5f0a1c43d332 - std[617be2ca0a6fd877]::panicking::panic_with_hook
[INFO] [stdout]    7:     0x5f0a1c41fac2 - std[617be2ca0a6fd877]::panicking::panic_handler::{closure#0}
[INFO] [stdout]    8:     0x5f0a1c418529 - std[617be2ca0a6fd877]::sys::backtrace::__rust_end_short_backtrace::<std[617be2ca0a6fd877]::panicking::panic_handler::{closure#0}, !>
[INFO] [stdout]    9:     0x5f0a1c4206cd - __rustc[ea4f61d10b84890b]::rust_begin_unwind
[INFO] [stdout]   10:     0x5f0a1c45b6fc - core[a373ad73a504971]::panicking::panic_fmt
[INFO] [stdout]   11:     0x5f0a1c45b4d2 - core[a373ad73a504971]::result::unwrap_failed
[INFO] [stdout]   12:     0x5f0a1c37656d - <lb[2f339137a901f9bf]::tests::cli_sync_pushes_new_branch::{closure#0} as core[a373ad73a504971]::ops::function::FnOnce<()>>::call_once
[INFO] [stdout]   13:     0x5f0a1c3c1a0b - test[aada8e7e76ba119b]::__rust_begin_short_backtrace::<core[a373ad73a504971]::result::Result<(), alloc[2e1b2a31b91974c5]::string::String>, fn() -> core[a373ad73a504971]::result::Result<(), alloc[2e1b2a31b91974c5]::string::String>>
[INFO] [stdout]   14:     0x5f0a1c3cebe5 - test[aada8e7e76ba119b]::run_test::{closure#0}
[INFO] [stdout]   15:     0x5f0a1c3c84d4 - std[617be2ca0a6fd877]::sys::backtrace::__rust_begin_short_backtrace::<test[aada8e7e76ba119b]::run_test::{closure#1}, ()>
[INFO] [stdout]   16:     0x5f0a1c3d1c72 - <std[617be2ca0a6fd877]::thread::lifecycle::spawn_unchecked<test[aada8e7e76ba119b]::run_test::{closure#1}, ()>::{closure#1} as core[a373ad73a504971]::ops::function::FnOnce<()>>::call_once::{shim:vtable#0}
[INFO] [stdout]   17:     0x5f0a1c444a5f - <std[617be2ca0a6fd877]::sys::thread::unix::Thread>::new::thread_start
[INFO] [stdout]   18:     0x727d96da1dfa - <unknown>
[INFO] [stdout]   19:     0x727d96e353d4 - clone
[INFO] [stdout]   20:                0x0 - <unknown>
[INFO] [stdout] 
[INFO] [stdout] 
[INFO] [stdout] failures:
[INFO] [stdout]     tests::cli_claim_no_remote
[INFO] [stdout]     tests::cli_claim_pushes_missing_remote_branch
[INFO] [stdout]     tests::cli_claim_with_remote
[INFO] [stdout]     tests::cli_close_clears_claim
[INFO] [stdout]     tests::cli_dep_add_and_ready
[INFO] [stdout]     tests::cli_init_already_initialized
[INFO] [stdout]     tests::cli_init_create_list
[INFO] [stdout]     tests::cli_init_pushes_to_remote
[INFO] [stdout]     tests::cli_prime_empty_store
[INFO] [stdout]     tests::cli_prime_no_store_silent_exit
[INFO] [stdout]     tests::cli_prime_with_items
[INFO] [stdout]     tests::cli_setup_claude_idempotent
[INFO] [stdout]     tests::cli_setup_claude_merges_existing
[INFO] [stdout]     tests::cli_setup_claude_writes_files
[INFO] [stdout]     tests::cli_setup_codex_idempotent
[INFO] [stdout]     tests::cli_setup_codex_merges_existing
[INFO] [stdout]     tests::cli_setup_codex_preserves_existing_skill_file
[INFO] [stdout]     tests::cli_setup_codex_upgrades_legacy_bundled_skill
[INFO] [stdout]     tests::cli_setup_codex_uses_home_when_codex_home_unset
[INFO] [stdout]     tests::cli_setup_codex_writes_files
[INFO] [stdout]     tests::cli_sync_no_remote
[INFO] [stdout]     tests::cli_sync_pushes_new_branch
[INFO] [stdout]     tests::cli_unclaim_no_remote
[INFO] [stdout]     tests::cli_unclaim_with_remote
[INFO] [stdout]     tests::cli_unknown_command_exits_nonzero
[INFO] [stdout]     tests::git_show_reflects_creates
[INFO] [stdout] 
[INFO] [stdout] test result: FAILED. 66 passed; 26 failed; 0 ignored; 0 measured; 0 filtered out; finished in 21.15s
[INFO] [stdout] 
[INFO] [stderr] error: test failed, to rerun pass `--bin lb`
[INFO] running `Command { std: "docker" "inspect" "ea3abd1aa19a161119e22a11fee40bd779c26180db62133a04af9b0258ae4f71", kill_on_drop: false }`
[INFO] running `Command { std: "docker" "rm" "-f" "ea3abd1aa19a161119e22a11fee40bd779c26180db62133a04af9b0258ae4f71", kill_on_drop: false }`
[INFO] [stdout] ea3abd1aa19a161119e22a11fee40bd779c26180db62133a04af9b0258ae4f71
