[INFO] cloning repository https://github.com/congcongerguo/sim_cli
[INFO] running `Command { std: "git" "-c" "credential.helper=" "-c" "credential.helper=/workspace/cargo-home/bin/git-credential-null" "clone" "--bare" "https://github.com/congcongerguo/sim_cli" "/workspace/cache/git-repos/https%3A%2F%2Fgithub.com%2Fcongcongerguo%2Fsim_cli", kill_on_drop: false }`
[INFO] [stderr] Cloning into bare repository '/workspace/cache/git-repos/https%3A%2F%2Fgithub.com%2Fcongcongerguo%2Fsim_cli'...
[INFO] running `Command { std: "git" "rev-parse" "HEAD", kill_on_drop: false }`
[INFO] [stdout] ec801257ebd8e9b406feb2365001edd9250c8c77
[INFO] testing congcongerguo/sim_cli against 1.100.0-beta.1+cargoflags=--release for beta-release-1.100-2
[INFO] running `Command { std: "git" "clone" "/workspace/cache/git-repos/https%3A%2F%2Fgithub.com%2Fcongcongerguo%2Fsim_cli" "/workspace/builds/worker-5-tc2/source", kill_on_drop: false }`
[INFO] [stderr] Cloning into '/workspace/builds/worker-5-tc2/source'...
[INFO] [stderr] done.
[INFO] started tweaking git repo https://github.com/congcongerguo/sim_cli
[INFO] finished tweaking git repo https://github.com/congcongerguo/sim_cli
[INFO] tweaked toml for git repo https://github.com/congcongerguo/sim_cli written to /workspace/builds/worker-5-tc2/source/Cargo.toml
[INFO] validating manifest of git repo https://github.com/congcongerguo/sim_cli on toolchain 1.100.0-beta.1
[INFO] running `Command { std: CARGO_HOME="/workspace/cargo-home" RUSTUP_HOME="/workspace/rustup-home" "/workspace/cargo-home/bin/cargo" "+1.100.0-beta.1" "metadata" "--manifest-path" "Cargo.toml" "--no-deps", kill_on_drop: false }`
[INFO] crate git repo https://github.com/congcongerguo/sim_cli already has a lockfile, it will not be regenerated
[INFO] running `Command { std: CARGO_HOME="/workspace/cargo-home" RUSTUP_HOME="/workspace/rustup-home" "/workspace/cargo-home/bin/cargo" "+1.100.0-beta.1" "fetch" "--manifest-path" "Cargo.toml", kill_on_drop: false }`
[INFO] [stderr]     Blocking waiting for file lock on package cache
[INFO] running `Command { std: "docker" "create" "-v" "/var/lib/crater-agent-workspace/builds/worker-5-tc2/source:/opt/rustwide/workdir:ro,Z" "-v" "/var/lib/crater-agent-workspace/builds/worker-5-tc2/target:/opt/rustwide/target:rw,Z" "-v" "/var/lib/crater-agent-workspace/cargo-home:/opt/rustwide/cargo-home:ro,Z" "-v" "/var/lib/crater-agent-workspace/rustup-home:/opt/rustwide/rustup-home:ro,Z" "-m" "1610612736" "--network" "none" "ghcr.io/rust-lang/crates-build-env/linux@sha256:77db811e55d90add9212f6832c23229e3de5f1c1f9905e8cb07319ea15df73ac" "sleep" "infinity", kill_on_drop: false }`
[INFO] [stdout] 8cd7fb48b1e7b71651716bbfcad004efcc8fb28bce1bb686bbe7b8d9cd7f0cf1
[INFO] running `Command { std: "docker" "start" "8cd7fb48b1e7b71651716bbfcad004efcc8fb28bce1bb686bbe7b8d9cd7f0cf1", kill_on_drop: false }`
[INFO] running `Command { std: "docker" "inspect" "8cd7fb48b1e7b71651716bbfcad004efcc8fb28bce1bb686bbe7b8d9cd7f0cf1", kill_on_drop: false }`
[INFO] running `Command { std: "docker" "exec" "-e" "SOURCE_DIR=/opt/rustwide/workdir" "-e" "CARGO_HOME=/opt/rustwide/cargo-home" "-e" "RUSTUP_HOME=/opt/rustwide/rustup-home" "-e" "CARGO_TARGET_DIR=/opt/rustwide/target" "-w" "/opt/rustwide/workdir" "--user" "0:0" "8cd7fb48b1e7b71651716bbfcad004efcc8fb28bce1bb686bbe7b8d9cd7f0cf1" "/opt/rustwide/cargo-home/bin/cargo" "+1.100.0-beta.1" "metadata" "--no-deps" "--format-version=1", kill_on_drop: false }`
[INFO] running `Command { std: "docker" "inspect" "8cd7fb48b1e7b71651716bbfcad004efcc8fb28bce1bb686bbe7b8d9cd7f0cf1", kill_on_drop: false }`
[INFO] running `Command { std: "docker" "exec" "-e" "SOURCE_DIR=/opt/rustwide/workdir" "-e" "CARGO_HOME=/opt/rustwide/cargo-home" "-e" "RUSTUP_HOME=/opt/rustwide/rustup-home" "-e" "CARGO_TARGET_DIR=/opt/rustwide/target" "-e" "CARGO_INCREMENTAL=0" "-e" "RUST_BACKTRACE=full" "-e" "RUSTFLAGS=--cap-lints=warn" "-e" "RUSTDOCFLAGS=--cap-lints=warn" "-w" "/opt/rustwide/workdir" "--user" "0:0" "8cd7fb48b1e7b71651716bbfcad004efcc8fb28bce1bb686bbe7b8d9cd7f0cf1" "/opt/rustwide/cargo-home/bin/cargo" "+1.100.0-beta.1" "build" "--frozen" "--message-format=json" "--release", kill_on_drop: false }`
[INFO] [stderr]    Compiling proc-macro2 v1.0.106
[INFO] [stderr]    Compiling unicode-ident v1.0.24
[INFO] [stderr]    Compiling quote v1.0.45
[INFO] [stderr]    Compiling libc v0.2.186
[INFO] [stderr]    Compiling cfg-if v1.0.4
[INFO] [stderr]    Compiling futures-core v0.3.32
[INFO] [stderr]    Compiling anyhow v1.0.102
[INFO] [stderr]    Compiling parking_lot_core v0.9.12
[INFO] [stderr]    Compiling getrandom v0.4.3
[INFO] [stderr]    Compiling scopeguard v1.2.0
[INFO] [stderr]    Compiling smallvec v1.15.2
[INFO] [stderr]    Compiling log v0.4.32
[INFO] [stderr]    Compiling serde_core v1.0.228
[INFO] [stderr]    Compiling lock_api v0.4.14
[INFO] [stderr]    Compiling serde v1.0.228
[INFO] [stderr]    Compiling rustversion v1.0.22
[INFO] [stderr]    Compiling pin-project-lite v0.2.17
[INFO] [stderr]    Compiling either v1.16.0
[INFO] [stderr]    Compiling futures-sink v0.3.32
[INFO] [stderr]    Compiling heck v0.5.0
[INFO] [stderr]    Compiling hashbrown v0.17.1
[INFO] [stderr]    Compiling itertools v0.13.0
[INFO] [stderr]    Compiling equivalent v1.0.2
[INFO] [stderr]    Compiling zerocopy v0.8.52
[INFO] [stderr]    Compiling memchr v2.8.2
[INFO] [stderr]    Compiling futures-io v0.3.32
[INFO] [stderr]    Compiling strsim v0.11.1
[INFO] [stderr]    Compiling syn v2.0.118
[INFO] [stderr]    Compiling signal-hook v0.3.18
[INFO] [stderr]    Compiling ident_case v1.0.1
[INFO] [stderr]    Compiling getrandom v0.3.4
[INFO] [stderr]    Compiling rustix v1.1.4
[INFO] [stderr]    Compiling bytes v1.11.1
[INFO] [stderr]    Compiling indexmap v2.14.0
[INFO] [stderr]    Compiling errno v0.3.14
[INFO] [stderr]    Compiling mio v1.2.1
[INFO] [stderr]    Compiling signal-hook-registry v1.4.8
[INFO] [stderr]    Compiling futures-channel v0.3.32
[INFO] [stderr]    Compiling bitflags v2.13.0
[INFO] [stderr]    Compiling parking_lot v0.12.5
[INFO] [stderr]    Compiling rustix v0.38.44
[INFO] [stderr]    Compiling regex-syntax v0.8.11
[INFO] [stderr]    Compiling autocfg v1.5.1
[INFO] [stderr]    Compiling prettyplease v0.2.37
[INFO] [stderr]    Compiling futures-task v0.3.32
[INFO] [stderr]    Compiling linux-raw-sys v0.12.1
[INFO] [stderr]    Compiling slab v0.4.12
[INFO] [stderr]    Compiling num-traits v0.2.19
[INFO] [stderr]    Compiling socket2 v0.6.3
[INFO] [stderr]    Compiling instability v0.3.12
[INFO] [stderr]    Compiling winnow v0.7.15
[INFO] [stderr]    Compiling once_cell v1.21.4
[INFO] [stderr]    Compiling toml_write v0.1.2
[INFO] [stderr]    Compiling crossbeam-utils v0.8.21
[INFO] [stderr]    Compiling itoa v1.0.18
[INFO] [stderr]    Compiling linux-raw-sys v0.4.15
[INFO] [stderr]    Compiling paste v1.0.15
[INFO] [stderr]    Compiling fixedbitset v0.5.7
[INFO] [stderr]    Compiling regex-automata v0.4.14
[INFO] [stderr]    Compiling foldhash v0.1.5
[INFO] [stderr]    Compiling allocator-api2 v0.2.21
[INFO] [stderr]    Compiling fastrand v2.4.1
[INFO] [stderr]    Compiling hashbrown v0.15.5
[INFO] [stderr]    Compiling petgraph v0.7.1
[INFO] [stderr]    Compiling darling_core v0.23.0
[INFO] [stderr]    Compiling tempfile v3.27.0
[INFO] [stderr]    Compiling regex v1.12.4
[INFO] [stderr]    Compiling signal-hook-mio v0.2.5
[INFO] [stderr]    Compiling rand_core v0.9.5
[INFO] [stderr]    Compiling castaway v0.2.4
[INFO] [stderr]    Compiling unicode-segmentation v1.13.3
[INFO] [stderr]    Compiling multimap v0.10.1
[INFO] [stderr]    Compiling thiserror v1.0.69
[INFO] [stderr]    Compiling ryu v1.0.23
[INFO] [stderr]    Compiling indoc v2.0.7
[INFO] [stderr]    Compiling zmij v1.0.21
[INFO] [stderr]    Compiling static_assertions v1.1.0
[INFO] [stderr]    Compiling saa v5.6.0
[INFO] [stderr]    Compiling unicode-width v0.1.14
[INFO] [stderr]    Compiling compact_str v0.8.2
[INFO] [stderr]    Compiling serde_derive v1.0.228
[INFO] [stderr]    Compiling prost-derive v0.13.5
[INFO] [stderr]    Compiling futures-macro v0.3.32
[INFO] [stderr]    Compiling tokio-macros v2.7.0
[INFO] [stderr]    Compiling strum_macros v0.26.4
[INFO] [stderr]    Compiling futures-util v0.3.32
[INFO] [stderr]    Compiling tokio v1.52.3
[INFO] [stderr]    Compiling ppv-lite86 v0.2.21
[INFO] [stderr]    Compiling darling_macro v0.23.0
[INFO] [stderr]    Compiling rand_chacha v0.9.0
[INFO] [stderr]    Compiling prost v0.13.5
[INFO] [stderr]    Compiling darling v0.23.0
[INFO] [stderr]    Compiling prost-types v0.13.5
[INFO] [stderr]    Compiling unicode-truncate v1.1.0
[INFO] [stderr]    Compiling sdd v4.8.6
[INFO] [stderr]    Compiling strum v0.26.3
[INFO] [stderr]    Compiling thiserror-impl v1.0.69
[INFO] [stderr]    Compiling crossterm v0.28.1
[INFO] [stderr]    Compiling prost-build v0.13.5
[INFO] [stderr]    Compiling lru v0.12.5
[INFO] [stderr]    Compiling unicode-width v0.2.0
[INFO] [stderr]    Compiling toml_datetime v0.6.11
[INFO] [stderr]    Compiling serde_spanned v0.6.9
[INFO] [stderr]    Compiling serde_json v1.0.150
[INFO] [stderr]    Compiling futures-executor v0.3.32
[INFO] [stderr]    Compiling cassowary v0.3.0
[INFO] [stderr]    Compiling asynchronous-codec v0.7.0
[INFO] [stderr]    Compiling crossbeam-queue v0.3.12
[INFO] [stderr]    Compiling toml_edit v0.22.27
[INFO] [stderr]    Compiling futures v0.3.32
[INFO] [stderr]    Compiling uuid v1.23.4
[INFO] [stderr]    Compiling scc v3.8.3
[INFO] [stderr]    Compiling ratatui v0.29.0
[INFO] [stderr]    Compiling rand v0.9.4
[INFO] [stderr]    Compiling async-trait v0.1.89
[INFO] [stderr]    Compiling iana-time-zone v0.1.65
[INFO] [stderr]    Compiling chrono v0.4.45
[INFO] [stderr]    Compiling regex-lite v0.1.9
[INFO] [stderr]    Compiling toml v0.8.23
[INFO] [stderr]    Compiling sim_cli v0.1.0 (/opt/rustwide/workdir)
[INFO] [stderr]    Compiling tokio-util v0.7.18
[INFO] [stderr]    Compiling tokio-stream v0.1.18
[INFO] [stderr]    Compiling zeromq v0.6.0
[INFO] [stderr]    Compiling tui-textarea v0.7.0
[INFO] [stderr] warning: unused dependency `tokio-stream`
[INFO] [stderr]   --> Cargo.toml:17:1
[INFO] [stderr]    |
[INFO] [stderr] 17 | tokio-stream = "0.1"
[INFO] [stderr]    | ^^^^^^^^^^^^^^^^^^^^
[INFO] [stderr]    |
[INFO] [stderr]    = note: `cargo::unused_dependencies` is set to `warn` by default
[INFO] [stderr] help: consider removing the dependency on `tokio-stream`
[INFO] [stderr] warning: `sim_cli` (manifest) generated 1 warning
[INFO] [stderr]     Finished `release` profile [optimized] target(s) in 2m 25s
[INFO] running `Command { std: "docker" "inspect" "8cd7fb48b1e7b71651716bbfcad004efcc8fb28bce1bb686bbe7b8d9cd7f0cf1", kill_on_drop: false }`
[INFO] running `Command { std: "docker" "exec" "-e" "SOURCE_DIR=/opt/rustwide/workdir" "-e" "CARGO_HOME=/opt/rustwide/cargo-home" "-e" "RUSTUP_HOME=/opt/rustwide/rustup-home" "-e" "CARGO_TARGET_DIR=/opt/rustwide/target" "-e" "CARGO_INCREMENTAL=0" "-e" "RUST_BACKTRACE=full" "-e" "RUSTFLAGS=--cap-lints=warn" "-e" "RUSTDOCFLAGS=--cap-lints=warn" "-w" "/opt/rustwide/workdir" "--user" "0:0" "8cd7fb48b1e7b71651716bbfcad004efcc8fb28bce1bb686bbe7b8d9cd7f0cf1" "/opt/rustwide/cargo-home/bin/cargo" "+1.100.0-beta.1" "test" "--frozen" "--no-run" "--message-format=json" "--release", kill_on_drop: false }`
[INFO] [stderr]    Compiling cfg-if v1.0.4
[INFO] [stderr]    Compiling futures-core v0.3.32
[INFO] [stderr]    Compiling smallvec v1.15.2
[INFO] [stderr]    Compiling log v0.4.32
[INFO] [stderr]    Compiling libc v0.2.186
[INFO] [stderr]    Compiling scopeguard v1.2.0
[INFO] [stderr]    Compiling pin-project-lite v0.2.17
[INFO] [stderr]    Compiling futures-sink v0.3.32
[INFO] [stderr]    Compiling bytes v1.11.1
[INFO] [stderr]    Compiling lock_api v0.4.14
[INFO] [stderr]    Compiling memchr v2.8.2
[INFO] [stderr]    Compiling futures-io v0.3.32
[INFO] [stderr]    Compiling futures-channel v0.3.32
[INFO] [stderr]    Compiling slab v0.4.12
[INFO] [stderr]    Compiling futures-task v0.3.32
[INFO] [stderr]    Compiling zerocopy v0.8.52
[INFO] [stderr]    Compiling foldhash v0.1.5
[INFO] [stderr]    Compiling allocator-api2 v0.2.21
[INFO] [stderr]    Compiling linux-raw-sys v0.4.15
[INFO] [stderr]    Compiling either v1.16.0
[INFO] [stderr]    Compiling bitflags v2.13.0
[INFO] [stderr]    Compiling itoa v1.0.18
[INFO] [stderr]    Compiling futures-util v0.3.32
[INFO] [stderr]    Compiling equivalent v1.0.2
[INFO] [stderr]    Compiling hashbrown v0.15.5
[INFO] [stderr]    Compiling rustix v0.38.44
[INFO] [stderr]    Compiling itertools v0.13.0
[INFO] [stderr]    Compiling castaway v0.2.4
[INFO] [stderr]    Compiling unicode-segmentation v1.13.3
[INFO] [stderr]    Compiling regex-syntax v0.8.11
[INFO] [stderr]    Compiling errno v0.3.14
[INFO] [stderr]    Compiling signal-hook-registry v1.4.8
[INFO] [stderr]    Compiling mio v1.2.1
[INFO] [stderr]    Compiling parking_lot_core v0.9.12
[INFO] [stderr]    Compiling signal-hook v0.3.18
[INFO] [stderr]    Compiling parking_lot v0.12.5
[INFO] [stderr]    Compiling socket2 v0.6.3
[INFO] [stderr]    Compiling getrandom v0.3.4
[INFO] [stderr]    Compiling rand_core v0.9.5
[INFO] [stderr]    Compiling signal-hook-mio v0.2.5
[INFO] [stderr]    Compiling ryu v1.0.23
[INFO] [stderr]    Compiling static_assertions v1.1.0
[INFO] [stderr]    Compiling tokio v1.52.3
[INFO] [stderr]    Compiling saa v5.6.0
[INFO] [stderr]    Compiling unicode-width v0.1.14
[INFO] [stderr]    Compiling compact_str v0.8.2
[INFO] [stderr]    Compiling sdd v4.8.6
[INFO] [stderr]    Compiling unicode-truncate v1.1.0
[INFO] [stderr]    Compiling crossterm v0.28.1
[INFO] [stderr]    Compiling regex-automata v0.4.14
[INFO] [stderr]    Compiling lru v0.12.5
[INFO] [stderr]    Compiling getrandom v0.4.3
[INFO] [stderr]    Compiling strum v0.26.3
[INFO] [stderr]    Compiling num-traits v0.2.19
[INFO] [stderr]    Compiling crossbeam-utils v0.8.21
[INFO] [stderr]    Compiling cassowary v0.3.0
[INFO] [stderr]    Compiling futures-executor v0.3.32
[INFO] [stderr]    Compiling unicode-width v0.2.0
[INFO] [stderr]    Compiling ratatui v0.29.0
[INFO] [stderr]    Compiling futures v0.3.32
[INFO] [stderr]    Compiling asynchronous-codec v0.7.0
[INFO] [stderr]    Compiling thiserror v1.0.69
[INFO] [stderr]    Compiling crossbeam-queue v0.3.12
[INFO] [stderr]    Compiling uuid v1.23.4
[INFO] [stderr]    Compiling regex v1.12.4
[INFO] [stderr]    Compiling ppv-lite86 v0.2.21
[INFO] [stderr]    Compiling scc v3.8.3
[INFO] [stderr]    Compiling zmij v1.0.21
[INFO] [stderr]    Compiling serde_core v1.0.228
[INFO] [stderr]    Compiling iana-time-zone v0.1.65
[INFO] [stderr]    Compiling rand_chacha v0.9.0
[INFO] [stderr]    Compiling once_cell v1.21.4
[INFO] [stderr]    Compiling rand v0.9.4
[INFO] [stderr]    Compiling chrono v0.4.45
[INFO] [stderr]    Compiling anyhow v1.0.102
[INFO] [stderr]    Compiling prost v0.13.5
[INFO] [stderr]    Compiling regex-lite v0.1.9
[INFO] [stderr]    Compiling tui-textarea v0.7.0
[INFO] [stderr]    Compiling serde_json v1.0.150
[INFO] [stderr]    Compiling tokio-util v0.7.18
[INFO] [stderr]    Compiling tokio-stream v0.1.18
[INFO] [stderr]    Compiling zeromq v0.6.0
[INFO] [stderr]    Compiling sim_cli v0.1.0 (/opt/rustwide/workdir)
[INFO] [stderr] warning: unused dependency `tokio-stream`
[INFO] [stderr]   --> Cargo.toml:17:1
[INFO] [stderr]    |
[INFO] [stderr] 17 | tokio-stream = "0.1"
[INFO] [stderr]    | ^^^^^^^^^^^^^^^^^^^^
[INFO] [stderr]    |
[INFO] [stderr]    = note: `cargo::unused_dependencies` is set to `warn` by default
[INFO] [stderr] help: consider removing the dependency on `tokio-stream`
[INFO] [stderr] warning: `sim_cli` (manifest) generated 1 warning
[INFO] [stderr]     Finished `release` profile [optimized] target(s) in 1m 39s
[INFO] running `Command { std: "docker" "inspect" "8cd7fb48b1e7b71651716bbfcad004efcc8fb28bce1bb686bbe7b8d9cd7f0cf1", kill_on_drop: false }`
[INFO] running `Command { std: "docker" "exec" "-e" "SOURCE_DIR=/opt/rustwide/workdir" "-e" "CARGO_HOME=/opt/rustwide/cargo-home" "-e" "RUSTUP_HOME=/opt/rustwide/rustup-home" "-e" "CARGO_TARGET_DIR=/opt/rustwide/target" "-e" "CARGO_INCREMENTAL=0" "-e" "RUST_BACKTRACE=full" "-e" "RUSTFLAGS=--cap-lints=warn" "-e" "RUSTDOCFLAGS=--cap-lints=warn" "-w" "/opt/rustwide/workdir" "--user" "0:0" "8cd7fb48b1e7b71651716bbfcad004efcc8fb28bce1bb686bbe7b8d9cd7f0cf1" "/opt/rustwide/cargo-home/bin/cargo" "+1.100.0-beta.1" "test" "--frozen" "--release", kill_on_drop: false }`
[INFO] [stderr] warning: unused dependency `tokio-stream`
[INFO] [stderr]   --> Cargo.toml:17:1
[INFO] [stderr]    |
[INFO] [stderr] 17 | tokio-stream = "0.1"
[INFO] [stderr]    | ^^^^^^^^^^^^^^^^^^^^
[INFO] [stderr]    |
[INFO] [stderr]    = note: `cargo::unused_dependencies` is set to `warn` by default
[INFO] [stderr] help: consider removing the dependency on `tokio-stream`
[INFO] [stderr] warning: `sim_cli` (manifest) generated 1 warning
[INFO] [stderr]     Finished `release` profile [optimized] target(s) in 0.15s
[INFO] [stderr]      Running unittests src/bin/echo_server.rs (/opt/rustwide/target/release/build/sim_cli/b8b746611a736a88/out/echo_server-b8b746611a736a88)
[INFO] [stdout] 
[INFO] [stdout] running 6 tests
[INFO] [stdout] test json_framer::tests::drip_feed_assembles_message ... ok
[INFO] [stdout] test json_framer::tests::honours_escape_quotes ... ok
[INFO] [stdout] test json_framer::tests::ignores_braces_inside_strings ... ok
[INFO] [stdout] test json_framer::tests::single_object ... ok
[INFO] [stderr]      Running unittests src/main.rs (/opt/rustwide/target/release/build/sim_cli/bc6f1251475ca36a/out/sim_cli-bc6f1251475ca36a)
[INFO] [stdout] test json_framer::tests::array_top_level ... ok
[INFO] [stdout] test json_framer::tests::back_to_back_messages ... ok
[INFO] [stdout] 
[INFO] [stdout] test result: ok. 6 passed; 0 failed; 0 ignored; 0 measured; 0 filtered out; finished in 0.00s
[INFO] [stdout] 
[INFO] [stdout] 
[INFO] [stdout] running 96 tests
[INFO] [stdout] test filter::tests::keyword_operators ... ok
[INFO] [stdout] test filter::tests::parentheses_override_precedence ... ok
[INFO] [stdout] test filter::tests::and_or_not ... ok
[INFO] [stdout] test filter::tests::regex_alternation_inside_slashes ... ok
[INFO] [stdout] test frontend::tests::args_after_leaf_have_no_menu ... ok
[INFO] [stdout] test filter::tests::precedence_and_binds_tighter_than_or ... ok
[INFO] [stdout] test filter::tests::bareword_is_regex ... ok
[INFO] [stdout] test filter::tests::single_regex ... ok
[INFO] [stdout] test filter::tests::errors_are_reported ... ok
[INFO] [stdout] test frontend::tests::bare_group_does_not_auto_open_subs ... ok
[INFO] [stdout] test frontend::tests::bare_then_enter_then_down_then_enter_picks_correct_sub ... ok
[INFO] [stdout] test frontend::tests::filters_are_per_tab ... ok
[INFO] [stdout] test frontend::tests::grep_view_replaces_live_and_parses_lines ... ok
[INFO] [stdout] test frontend::tests::multi_level_tree_completion ... ok
[INFO] [stdout] test frontend::tests::filter_is_discoverable_in_completion_menu ... ok
[INFO] [stdout] test frontend::tests::enter_default_runs_first_sub ... ok
[INFO] [stdout] test frontend::tests::enter_runs_third_sub ... ok
[INFO] [stdout] test frontend::tests::tab_drills_down_the_tree ... ok
[INFO] [stdout] test frontend::tests::exclude_hides_matches_and_composes_with_filter ... ok
[INFO] [stdout] test frontend::tests::tab_navigation_noop_when_no_other_available ... ok
[INFO] [stdout] test frontend::tests::tab_navigation_skips_unavailable ... ok
[INFO] [stdout] test frontend::tests::filter_command_hides_non_matching_messages ... ok
[INFO] [stdout] test json_framer::tests::back_to_back_messages ... ok
[INFO] [stdout] test json_framer::tests::drip_feed_assembles_message ... ok
[INFO] [stdout] test json_framer::tests::ignores_braces_inside_strings ... ok
[INFO] [stdout] test log_buffer::tests::empty_buffer ... ok
[INFO] [stdout] test json_framer::tests::array_top_level ... ok
[INFO] [stdout] test log_buffer::tests::evicted_lines_is_line_count_not_entry_count ... ok
[INFO] [stdout] test log_buffer::tests::eviction_updates_counter ... ok
[INFO] [stdout] test frontend::tests::tab_starts_from_arrow_selection ... ok
[INFO] [stdout] test json_framer::tests::honours_escape_quotes ... ok
[INFO] [stdout] test json_framer::tests::single_object ... ok
[INFO] [stdout] test log_buffer::tests::iter_respects_fifo ... ok
[INFO] [stdout] test log_buffer::tests::clear_adds_to_evicted_lines ... ok
[INFO] [stdout] test log_buffer::tests::clear_keeps_eviction_count ... ok
[INFO] [stdout] test log_buffer::tests::entry_count_strictly_bounded ... ok
[INFO] [stdout] test log_buffer::tests::max_zero ... ok
[INFO] [stdout] test log_buffer::tests::to_vec_snapshot ... ok
[INFO] [stdout] test log_buffer::tests::push_beyond_limit_evicts ... ok
[INFO] [stdout] test log_buffer::tests::push_many_evicts_correctly ... ok
[INFO] [stdout] test log_buffer::tests::multi_line_system_message ... ok
[INFO] [stdout] test log_buffer::tests::single_entry ... ok
[INFO] [stdout] test log_buffer::tests::push_within_limit ... ok
[INFO] [stdout] test log_buffer::tests::scroll_auto_resume_when_viewed_content_evicted ... ok
[INFO] [stdout] test log_buffer::tests::tool_line_count_varies_with_content ... ok
[INFO] [stdout] test log_buffer::tests::total_lines_drops_on_eviction ... ok
[INFO] [stdout] test log_buffer::tests::total_lines_increments_and_decrements ... ok
[INFO] [stdout] test log_buffer::tests::total_lines_reflects_in_place_edits ... ok
[INFO] [stdout] test log_buffer::tests::total_lines_consistent_under_sustained_load ... ok
[INFO] [stdout] test frontend::tests::enter_runs_arrow_selected_sub ... ok
[INFO] [stdout] test msg_log::tests::line_starts_with_millisecond_timestamp ... ok
[INFO] [stdout] test msg_log::tests::scan_searches_across_rotated_files_chronologically ... ok
[INFO] [stdout] test scroll::tests::eviction_large ... ok
[INFO] [stdout] test msg_log::tests::multiline_text_collapsed_to_one_line ... ok
[INFO] [stdout] test msg_log::tests::system_levels_render ... ok
[INFO] [stdout] test msg_log::tests::tool_and_assistant_render ... ok
[INFO] [stdout] test scroll::tests::pu_detached ... ok
[INFO] [stdout] test scroll::tests::pd_from_middle ... ok
[INFO] [stdout] test msg_log::tests::scan_limit_keeps_most_recent_matches ... ok
[INFO] [stdout] test scroll::tests::pd_reaches_bottom ... ok
[INFO] [stdout] test msg_log::tests::writer_appends_and_flushes ... ok
[INFO] [stdout] test msg_log::tests::writer_rotates_when_over_max_bytes ... ok
[INFO] [stdout] test scroll::tests::viewport_offset_basic ... ok
[INFO] [stdout] test scroll::tests::scrollback_defaults_to_following ... ok
[INFO] [stdout] test scroll::tests::pu_from_bottom ... ok
[INFO] [stdout] test scroll::tests::scrollback_tracks_unseen_only_when_detached ... ok
[INFO] [stdout] test scroll::tests::scrollback_page_up_detaches_like_pure_fn ... ok
[INFO] [stdout] test tool::conn::subsystem::tests::disconnect_when_idle_reports_not_connected ... ok
[INFO] [stdout] test scroll::tests::viewport_offset_matches_expected ... ok
[INFO] [stdout] test scroll::tests::viewport_offset_supports_buffers_over_u16 ... ok
[INFO] [stdout] test tool::conn::zmq::tests::decode_json_topic ... ok
[INFO] [stdout] test tool::conn::subsystem::tests::send_without_connection_reports_not_connected ... ok
[INFO] [stdout] test tool::conn::zmq::tests::decode_rejects_single_frame ... ok
[INFO] [stdout] test tool::conn::subsystem::tests::handle_recv_with_garbage_keeps_previous_value ... ok
[INFO] [stdout] test tool::conn::subsystem::tests::handle_recv_with_valid_json_stores_value ... ok
[INFO] [stdout] test tool::conn::zmq::tests::decode_pb_topic_decodes_tick ... ok
[INFO] [stdout] test tool::conn::zmq::tests::decode_rejects_unknown_topic ... ok
[INFO] [stdout] test msg_log::tests::record_via_background_thread_then_flush ... ok
[INFO] [stdout] test tool::demo::tests::log_reset_zeroes_counter ... ok
[INFO] [stdout] test tool::demo::tests::log_unknown_level_warns ... ok
[INFO] [stdout] test tool::demo::tests::log_level_sets_tick_level ... ok
[INFO] [stdout] test ui::conversation::tests::every_line_gets_its_own_timestamp ... ok
[INFO] [stdout] test tool::gating_tests::disabled_list_matches_by_name ... ok
[INFO] [stdout] test tool::gating_tests::disabled_list_trims_and_ignores_case_and_blanks ... ok
[INFO] [stdout] test ui::conversation::tests::large_buffer_mid_scroll_shows_the_right_window ... ok
[INFO] [stdout] test ui::conversation::tests::large_buffer_follow_tail_shows_the_tail ... ok
[INFO] [stdout] test ui::conversation::tests::renders_millisecond_timestamp_before_message ... ok
[INFO] [stdout] test ui::state_panel::tests::flatten_scalars ... ok
[INFO] [stdout] test ui::state_panel::tests::flatten_array_compact ... ok
[INFO] [stdout] test ui::state_panel::tests::flatten_nested_object ... ok
[INFO] [stdout] test ui::state_panel::tests::truncate_keeps_ascii ... ok
[INFO] [stdout] test ui::conversation::tests::buffer_over_u16_follows_the_real_tail ... ok
[INFO] [stdout] test tool::spawn_tests::clear_command_flows_and_pipeline_continues ... ok
[INFO] [stdout] test tool::spawn_tests::worker_pusher_pipeline_delivers_ticks_state_and_commands ... ok
[INFO] [stdout] test tool::conn::zmq::tests::spawn_send_publishes_through_pub ... FAILED
[INFO] [stdout] test tool::conn::zmq::tests::spawn_emits_connecting_connected_recv ... ok
[INFO] [stdout] 
[INFO] [stdout] failures:
[INFO] [stdout] 
[INFO] [stdout] ---- tool::conn::zmq::tests::spawn_send_publishes_through_pub stdout ----
[INFO] [stdout] 
[INFO] [stdout] thread 'tool::conn::zmq::tests::spawn_send_publishes_through_pub' (2721) panicked at src/tool/conn/zmq.rs:286:55:
[INFO] [stdout] connect error: zmq pub bind tcp://127.0.0.1:5556: Network Error: Address already in use (os error 98)
[INFO] [stdout] stack backtrace:
[INFO] [stdout]    0:     0x64db52700e97 - <<std[617be2ca0a6fd877]::sys::backtrace::BacktraceLock>::print::DisplayBacktrace as core[a373ad73a504971]::fmt::Display>::fmt
[INFO] [stdout]    1:     0x64db5269bdc4 - core[a373ad73a504971]::fmt::write
[INFO] [stdout]    2:     0x64db5270045b - <alloc[2e1b2a31b91974c5]::vec::Vec<u8> as core[a373ad73a504971]::io::write::Write>::write_fmt
[INFO] [stdout]    3:     0x64db52700059 - std[617be2ca0a6fd877]::panicking::default_hook::{closure#0}
[INFO] [stdout]    4:     0x64db526ffcda - std[617be2ca0a6fd877]::panicking::default_hook
[INFO] [stdout]    5:     0x64db526ff80b - std[617be2ca0a6fd877]::panicking::panic_with_hook
[INFO] [stdout]    6:     0x64db527256a1 - std[617be2ca0a6fd877]::panicking::panic_handler::{closure#0}
[INFO] [stdout]    7:     0x64db52725659 - std[617be2ca0a6fd877]::sys::backtrace::__rust_end_short_backtrace::<std[617be2ca0a6fd877]::panicking::panic_handler::{closure#0}, !>
[INFO] [stdout]    8:     0x64db52725b4c - __rustc[ea4f61d10b84890b]::rust_begin_unwind
[INFO] [stdout]    9:     0x64db5269bc5b - core[a373ad73a504971]::panicking::panic_fmt
[INFO] [stdout]   10:     0x64db52669127 - sim_cli[a8f744dd9ab9ab0d]::tool::conn::zmq::tests::spawn_send_publishes_through_pub::{closure#0}
[INFO] [stdout]   11:     0x64db5265148c - <tokio[3479c00c42889a30]::runtime::runtime::Runtime>::block_on::<core[a373ad73a504971]::pin::Pin<&mut dyn core[a373ad73a504971]::future::future::Future<Output = ()>>>
[INFO] [stdout]   12:     0x64db5268e5de - <sim_cli[a8f744dd9ab9ab0d]::tool::conn::zmq::tests::spawn_send_publishes_through_pub::{closure#0} as core[a373ad73a504971]::ops::function::FnOnce<()>>::call_once
[INFO] [stdout]   13:     0x64db5274048b - test[aada8e7e76ba119b]::__rust_begin_short_backtrace::<core[a373ad73a504971]::result::Result<(), alloc[2e1b2a31b91974c5]::string::String>, fn() -> core[a373ad73a504971]::result::Result<(), alloc[2e1b2a31b91974c5]::string::String>>
[INFO] [stdout]   14:     0x64db5273c132 - test[aada8e7e76ba119b]::run_test::{closure#0}
[INFO] [stdout]   15:     0x64db5273bbdc - std[617be2ca0a6fd877]::sys::backtrace::__rust_begin_short_backtrace::<test[aada8e7e76ba119b]::run_test::{closure#1}, ()>
[INFO] [stdout]   16:     0x64db5275849c - <std[617be2ca0a6fd877]::thread::lifecycle::spawn_unchecked<test[aada8e7e76ba119b]::run_test::{closure#1}, ()>::{closure#1} as core[a373ad73a504971]::ops::function::FnOnce<()>>::call_once::{shim:vtable#0}
[INFO] [stdout]   17:     0x64db52727668 - <std[617be2ca0a6fd877]::sys::thread::unix::Thread>::new::thread_start
[INFO] [stdout]   18:     0x72ac13bc0dfa - <unknown>
[INFO] [stdout]   19:     0x72ac13c543d4 - clone
[INFO] [stdout]   20:                0x0 - <unknown>
[INFO] [stdout] 
[INFO] [stdout] 
[INFO] [stdout] failures:
[INFO] [stdout]     tool::conn::zmq::tests::spawn_send_publishes_through_pub
[INFO] [stdout] 
[INFO] [stdout] test result: FAILED. 95 passed; 1 failed; 0 ignored; 0 measured; 0 filtered out; finished in 0.34s
[INFO] [stdout] 
[INFO] [stderr] error: test failed, to rerun pass `--bin sim_cli`
[INFO] running `Command { std: "docker" "inspect" "8cd7fb48b1e7b71651716bbfcad004efcc8fb28bce1bb686bbe7b8d9cd7f0cf1", kill_on_drop: false }`
[INFO] running `Command { std: "docker" "rm" "-f" "8cd7fb48b1e7b71651716bbfcad004efcc8fb28bce1bb686bbe7b8d9cd7f0cf1", kill_on_drop: false }`
[INFO] [stdout] 8cd7fb48b1e7b71651716bbfcad004efcc8fb28bce1bb686bbe7b8d9cd7f0cf1
