[INFO] cloning repository https://github.com/christurgeon/RawDog
[INFO] running `Command { std: "git" "-c" "credential.helper=" "-c" "credential.helper=/workspace/cargo-home/bin/git-credential-null" "clone" "--bare" "https://github.com/christurgeon/RawDog" "/workspace/cache/git-repos/https%3A%2F%2Fgithub.com%2Fchristurgeon%2FRawDog", kill_on_drop: false }`
[INFO] [stderr] Cloning into bare repository '/workspace/cache/git-repos/https%3A%2F%2Fgithub.com%2Fchristurgeon%2FRawDog'...
[INFO] running `Command { std: "git" "rev-parse" "HEAD", kill_on_drop: false }`
[INFO] [stdout] bf9f3b97099bbe9858dff901b5bc0508bb84d426
[INFO] testing christurgeon/RawDog against 1.100.0-beta.1+cargoflags=--release for beta-release-1.100-2
[INFO] running `Command { std: "git" "clone" "/workspace/cache/git-repos/https%3A%2F%2Fgithub.com%2Fchristurgeon%2FRawDog" "/workspace/builds/worker-4-tc2/source", kill_on_drop: false }`
[INFO] [stderr] Cloning into '/workspace/builds/worker-4-tc2/source'...
[INFO] [stderr] done.
[INFO] started tweaking git repo https://github.com/christurgeon/RawDog
[INFO] finished tweaking git repo https://github.com/christurgeon/RawDog
[INFO] tweaked toml for git repo https://github.com/christurgeon/RawDog written to /workspace/builds/worker-4-tc2/source/Cargo.toml
[INFO] validating manifest of git repo https://github.com/christurgeon/RawDog on toolchain 1.100.0-beta.1
[INFO] running `Command { std: CARGO_HOME="/workspace/cargo-home" RUSTUP_HOME="/workspace/rustup-home" "/workspace/cargo-home/bin/cargo" "+1.100.0-beta.1" "metadata" "--manifest-path" "Cargo.toml" "--no-deps", kill_on_drop: false }`
[INFO] crate git repo https://github.com/christurgeon/RawDog already has a lockfile, it will not be regenerated
[INFO] running `Command { std: CARGO_HOME="/workspace/cargo-home" RUSTUP_HOME="/workspace/rustup-home" "/workspace/cargo-home/bin/cargo" "+1.100.0-beta.1" "fetch" "--manifest-path" "Cargo.toml", kill_on_drop: false }`
[INFO] running `Command { std: "docker" "create" "-v" "/var/lib/crater-agent-workspace/builds/worker-4-tc2/source:/opt/rustwide/workdir:ro,Z" "-v" "/var/lib/crater-agent-workspace/builds/worker-4-tc2/target:/opt/rustwide/target:rw,Z" "-v" "/var/lib/crater-agent-workspace/cargo-home:/opt/rustwide/cargo-home:ro,Z" "-v" "/var/lib/crater-agent-workspace/rustup-home:/opt/rustwide/rustup-home:ro,Z" "-m" "1610612736" "--network" "none" "ghcr.io/rust-lang/crates-build-env/linux@sha256:77db811e55d90add9212f6832c23229e3de5f1c1f9905e8cb07319ea15df73ac" "sleep" "infinity", kill_on_drop: false }`
[INFO] [stdout] 37172a3872bd98f4ec1f6ecb41386d4bd09c96e5c395a5ac2c048bdba276e8ed
[INFO] running `Command { std: "docker" "start" "37172a3872bd98f4ec1f6ecb41386d4bd09c96e5c395a5ac2c048bdba276e8ed", kill_on_drop: false }`
[INFO] running `Command { std: "docker" "inspect" "37172a3872bd98f4ec1f6ecb41386d4bd09c96e5c395a5ac2c048bdba276e8ed", kill_on_drop: false }`
[INFO] running `Command { std: "docker" "exec" "-e" "SOURCE_DIR=/opt/rustwide/workdir" "-e" "CARGO_HOME=/opt/rustwide/cargo-home" "-e" "RUSTUP_HOME=/opt/rustwide/rustup-home" "-e" "CARGO_TARGET_DIR=/opt/rustwide/target" "-w" "/opt/rustwide/workdir" "--user" "0:0" "37172a3872bd98f4ec1f6ecb41386d4bd09c96e5c395a5ac2c048bdba276e8ed" "/opt/rustwide/cargo-home/bin/cargo" "+1.100.0-beta.1" "metadata" "--no-deps" "--format-version=1", kill_on_drop: false }`
[INFO] running `Command { std: "docker" "inspect" "37172a3872bd98f4ec1f6ecb41386d4bd09c96e5c395a5ac2c048bdba276e8ed", kill_on_drop: false }`
[INFO] running `Command { std: "docker" "exec" "-e" "SOURCE_DIR=/opt/rustwide/workdir" "-e" "CARGO_HOME=/opt/rustwide/cargo-home" "-e" "RUSTUP_HOME=/opt/rustwide/rustup-home" "-e" "CARGO_TARGET_DIR=/opt/rustwide/target" "-e" "CARGO_INCREMENTAL=0" "-e" "RUST_BACKTRACE=full" "-e" "RUSTFLAGS=--cap-lints=warn" "-e" "RUSTDOCFLAGS=--cap-lints=warn" "-w" "/opt/rustwide/workdir" "--user" "0:0" "37172a3872bd98f4ec1f6ecb41386d4bd09c96e5c395a5ac2c048bdba276e8ed" "/opt/rustwide/cargo-home/bin/cargo" "+1.100.0-beta.1" "build" "--frozen" "--message-format=json" "--release", kill_on_drop: false }`
[INFO] [stderr]    Compiling proc-macro2 v1.0.106
[INFO] [stderr]    Compiling unicode-ident v1.0.24
[INFO] [stderr]    Compiling quote v1.0.44
[INFO] [stderr]    Compiling serde_core v1.0.228
[INFO] [stderr]    Compiling simd-adler32 v0.3.8
[INFO] [stderr]    Compiling crossbeam-utils v0.8.21
[INFO] [stderr]    Compiling serde v1.0.228
[INFO] [stderr]    Compiling crc32fast v1.5.0
[INFO] [stderr]    Compiling adler2 v2.0.1
[INFO] [stderr]    Compiling rayon-core v1.13.0
[INFO] [stderr]    Compiling zerocopy v0.8.39
[INFO] [stderr]    Compiling num-traits v0.2.19
[INFO] [stderr]    Compiling miniz_oxide v0.8.9
[INFO] [stderr]    Compiling either v1.15.0
[INFO] [stderr]    Compiling weezl v0.1.12
[INFO] [stderr]    Compiling fdeflate v0.3.7
[INFO] [stderr]    Compiling crossbeam-epoch v0.9.18
[INFO] [stderr]    Compiling syn v2.0.116
[INFO] [stderr]    Compiling crossbeam-deque v0.8.6
[INFO] [stderr]    Compiling flate2 v1.1.9
[INFO] [stderr]    Compiling find-msvc-tools v0.1.9
[INFO] [stderr]    Compiling semver v1.0.27
[INFO] [stderr]    Compiling shlex v1.3.0
[INFO] [stderr]    Compiling utf8parse v0.2.2
[INFO] [stderr]    Compiling anstyle-parse v0.2.7
[INFO] [stderr]    Compiling rustc_version v0.4.1
[INFO] [stderr]    Compiling cc v1.2.56
[INFO] [stderr]    Compiling indexmap v1.9.3
[INFO] [stderr]    Compiling glob v0.3.3
[INFO] [stderr]    Compiling colorchoice v1.0.4
[INFO] [stderr]    Compiling anstyle-query v1.1.5
[INFO] [stderr]    Compiling libc v0.2.182
[INFO] [stderr]    Compiling bytemuck v1.25.0
[INFO] [stderr]    Compiling rayon v1.11.0
[INFO] [stderr]    Compiling anstyle v1.0.13
[INFO] [stderr]    Compiling is_terminal_polyfill v1.70.2
[INFO] [stderr]    Compiling linked-hash-map v0.5.6
[INFO] [stderr]    Compiling anstream v0.6.21
[INFO] [stderr]    Compiling zune-inflate v0.2.54
[INFO] [stderr]    Compiling zune-core v0.4.12
[INFO] [stderr]    Compiling lebe v0.5.3
[INFO] [stderr]    Compiling blake3 v1.8.3
[INFO] [stderr]    Compiling bitflags v1.3.2
[INFO] [stderr]    Compiling toml v0.5.11
[INFO] [stderr]    Compiling smallvec v1.15.1
[INFO] [stderr]    Compiling byteorder v1.5.0
[INFO] [stderr]    Compiling bit_field v0.10.3
[INFO] [stderr]    Compiling color_quant v1.1.0
[INFO] [stderr]    Compiling portable-atomic v1.13.1
[INFO] [stderr]    Compiling hashbrown v0.12.3
[INFO] [stderr]    Compiling clap_lex v1.0.0
[INFO] [stderr]    Compiling strsim v0.11.1
[INFO] [stderr]    Compiling gif v0.13.3
[INFO] [stderr]    Compiling clap_builder v4.5.59
[INFO] [stderr]    Compiling png v0.17.16
[INFO] [stderr]    Compiling zune-jpeg v0.4.21
[INFO] [stderr]    Compiling rawloader v0.37.1
[INFO] [stderr]    Compiling yaml-rust v0.4.5
[INFO] [stderr]    Compiling jpeg-decoder v0.3.2
[INFO] [stderr]    Compiling zerocopy-derive v0.8.39
[INFO] [stderr]    Compiling fax_derive v0.2.0
[INFO] [stderr]    Compiling clap_derive v4.5.55
[INFO] [stderr]    Compiling fax v0.2.6
[INFO] [stderr]    Compiling tiff v0.9.1
[INFO] [stderr]    Compiling enumn v0.1.14
[INFO] [stderr]    Compiling qoi v0.4.1
[INFO] [stderr]    Compiling pxfm v0.1.27
[INFO] [stderr]    Compiling ryu v1.0.23
[INFO] [stderr]    Compiling arrayvec v0.7.6
[INFO] [stderr]    Compiling bitflags v2.11.0
[INFO] [stderr]    Compiling unicode-width v0.2.2
[INFO] [stderr]    Compiling anyhow v1.0.101
[INFO] [stderr]    Compiling arrayref v0.3.9
[INFO] [stderr]    Compiling quick-error v2.0.1
[INFO] [stderr]    Compiling constant_time_eq v0.4.2
[INFO] [stderr]    Compiling zune-core v0.5.1
[INFO] [stderr]    Compiling console v0.15.11
[INFO] [stderr]    Compiling zune-jpeg v0.5.12
[INFO] [stderr]    Compiling png v0.18.1
[INFO] [stderr]    Compiling serde_yaml v0.8.26
[INFO] [stderr]    Compiling clap v4.5.59
[INFO] [stderr]    Compiling serde_derive v1.0.228
[INFO] [stderr]    Compiling bincode v1.3.3
[INFO] [stderr]    Compiling moxcms v0.7.11
[INFO] [stderr]    Compiling half v2.7.1
[INFO] [stderr]    Compiling exr v1.74.0
[INFO] [stderr]    Compiling tiff v0.10.3
[INFO] [stderr]    Compiling multicache v0.6.1
[INFO] [stderr]    Compiling same-file v1.0.6
[INFO] [stderr]    Compiling number_prefix v0.4.0
[INFO] [stderr]    Compiling byteorder-lite v0.1.0
[INFO] [stderr]    Compiling bytes v1.11.1
[INFO] [stderr]    Compiling mutate_once v0.1.2
[INFO] [stderr]    Compiling log v0.4.29
[INFO] [stderr]    Compiling kamadak-exif v0.6.1
[INFO] [stderr]    Compiling img-parts v0.4.0
[INFO] [stderr]    Compiling image v0.24.9
[INFO] [stderr]    Compiling indicatif v0.17.11
[INFO] [stderr]    Compiling walkdir v2.5.0
[INFO] [stderr]    Compiling clap_complete v4.6.0
[INFO] [stderr]    Compiling image v0.25.9
[INFO] [stderr]    Compiling imagepipe v0.5.0
[INFO] [stderr]    Compiling rawdog v0.1.0 (/opt/rustwide/workdir)
[INFO] [stderr]     Finished `release` profile [optimized] target(s) in 4m 52s
[INFO] running `Command { std: "docker" "inspect" "37172a3872bd98f4ec1f6ecb41386d4bd09c96e5c395a5ac2c048bdba276e8ed", kill_on_drop: false }`
[INFO] running `Command { std: "docker" "exec" "-e" "SOURCE_DIR=/opt/rustwide/workdir" "-e" "CARGO_HOME=/opt/rustwide/cargo-home" "-e" "RUSTUP_HOME=/opt/rustwide/rustup-home" "-e" "CARGO_TARGET_DIR=/opt/rustwide/target" "-e" "CARGO_INCREMENTAL=0" "-e" "RUST_BACKTRACE=full" "-e" "RUSTFLAGS=--cap-lints=warn" "-e" "RUSTDOCFLAGS=--cap-lints=warn" "-w" "/opt/rustwide/workdir" "--user" "0:0" "37172a3872bd98f4ec1f6ecb41386d4bd09c96e5c395a5ac2c048bdba276e8ed" "/opt/rustwide/cargo-home/bin/cargo" "+1.100.0-beta.1" "test" "--frozen" "--no-run" "--message-format=json" "--release", kill_on_drop: false }`
[INFO] [stderr]    Compiling bitflags v2.11.0
[INFO] [stderr]    Compiling rustix v1.1.4
[INFO] [stderr]    Compiling getrandom v0.4.2
[INFO] [stderr]    Compiling linux-raw-sys v0.12.1
[INFO] [stderr]    Compiling fastrand v2.3.0
[INFO] [stderr]    Compiling png v0.18.1
[INFO] [stderr]    Compiling image v0.25.9
[INFO] [stderr]    Compiling tempfile v3.27.0
[INFO] [stderr]    Compiling rawdog v0.1.0 (/opt/rustwide/workdir)
[INFO] [stderr]     Finished `release` profile [optimized] target(s) in 57.28s
[INFO] running `Command { std: "docker" "inspect" "37172a3872bd98f4ec1f6ecb41386d4bd09c96e5c395a5ac2c048bdba276e8ed", kill_on_drop: false }`
[INFO] running `Command { std: "docker" "exec" "-e" "SOURCE_DIR=/opt/rustwide/workdir" "-e" "CARGO_HOME=/opt/rustwide/cargo-home" "-e" "RUSTUP_HOME=/opt/rustwide/rustup-home" "-e" "CARGO_TARGET_DIR=/opt/rustwide/target" "-e" "CARGO_INCREMENTAL=0" "-e" "RUST_BACKTRACE=full" "-e" "RUSTFLAGS=--cap-lints=warn" "-e" "RUSTDOCFLAGS=--cap-lints=warn" "-w" "/opt/rustwide/workdir" "--user" "0:0" "37172a3872bd98f4ec1f6ecb41386d4bd09c96e5c395a5ac2c048bdba276e8ed" "/opt/rustwide/cargo-home/bin/cargo" "+1.100.0-beta.1" "test" "--frozen" "--release", kill_on_drop: false }`
[INFO] [stderr]     Finished `release` profile [optimized] target(s) in 0.20s
[INFO] [stderr]      Running unittests src/main.rs (/opt/rustwide/target/release/build/rawdog/4d3c58bc8a5708e6/out/rawdog-4d3c58bc8a5708e6)
[INFO] [stdout] 
[INFO] [stdout] running 54 tests
[INFO] [stdout] test converter::tests::resize_16bit_larger_max_returns_original ... ok
[INFO] [stdout] test converter::tests::resize_16bit_none_returns_original ... ok
[INFO] [stdout] test converter::tests::resize_16bit_equal_max_returns_original ... ok
[INFO] [stdout] test converter::tests::resize_8bit_equal_max_returns_original ... ok
[INFO] [stdout] test converter::tests::resize_8bit_larger_max_returns_original ... ok
[INFO] [stdout] test converter::tests::resize_8bit_none_returns_original ... ok
[INFO] [stdout] test converter::tests::resize_8bit_portrait_scales_down ... ok
[INFO] [stdout] test converter::tests::resize_8bit_landscape_scales_down ... ok
[INFO] [stdout] test converter::tests::resize_16bit_portrait_scales_down ... ok
[INFO] [stdout] test exif::tests::extract_exif_returns_none_for_non_arw_file ... ok
[INFO] [stdout] test exif::tests::extract_exif_returns_none_for_nonexistent_file ... ok
[INFO] [stdout] test converter::tests::resize_16bit_landscape_scales_down ... ok
[INFO] [stdout] test exif::tests::inject_exif_into_jpeg_roundtrip ... ok
[INFO] [stdout] test exif::tests::inject_exif_into_png_roundtrip ... ok
[INFO] [stdout] test exif::tests::inject_exif_rejects_invalid_jpeg ... ok
[INFO] [stdout] test tests::collect_arw_files_accepts_individual_files ... ok
[INFO] [stdout] test tests::collect_arw_files_does_not_recurse_by_default ... ok
[INFO] [stdout] test tests::collect_arw_files_empty_directory ... ok
[INFO] [stdout] test tests::collect_arw_files_empty_inputs ... ok
[INFO] [stdout] test exif::tests::inject_exif_rejects_invalid_png ... ok
[INFO] [stdout] test tests::collect_arw_files_finds_arw_in_directory ... ok
[INFO] [stdout] test tests::collect_arw_files_ignores_non_arw_in_directory ... ok
[INFO] [stdout] test tests::collect_arw_files_individual_file_not_filtered_by_ext ... ok
[INFO] [stdout] test tests::collect_arw_files_mixed_dirs_and_files ... ok
[INFO] [stdout] test tests::collect_arw_files_nonexistent_path_is_skipped ... ok
[INFO] [stdout] test tests::collect_arw_files_recurse_finds_nested ... ok
[INFO] [stdout] test converter::tests::resize_16bit_square_scales_down ... ok
[INFO] [stdout] test tests::collect_arw_files_results_are_sorted ... ok
[INFO] [stdout] test tests::collect_arw_files_recurse_ignores_non_arw ... ok
[INFO] [stdout] test tests::is_arw_double_extension ... ok
[INFO] [stdout] test tests::is_arw_dotfile_named_arw ... ok
[INFO] [stdout] test tests::is_arw_lowercase ... ok
[INFO] [stdout] test tests::is_arw_empty_path ... ok
[INFO] [stdout] test tests::is_arw_hidden_file ... ok
[INFO] [stdout] test tests::is_arw_mixed_case ... ok
[INFO] [stdout] test tests::is_arw_rejects_non_arw_extensions ... ok
[INFO] [stdout] test tests::is_arw_no_extension ... ok
[INFO] [stdout] test tests::is_arw_similar_extension ... ok
[INFO] [stdout] test tests::make_output_path_jpeg_no_output_dir ... ok
[INFO] [stdout] test tests::make_output_path_output_dir_overrides_input_dir ... ok
[INFO] [stdout] test tests::make_output_path_png_no_output_dir ... ok
[INFO] [stdout] test tests::make_output_path_preserves_stem_with_dots ... ok
[INFO] [stdout] test tests::make_output_path_tiff_no_output_dir ... ok
[INFO] [stdout] test tests::make_output_path_relative_input ... ok
[INFO] [stdout] test tests::make_output_path_with_output_dir ... ok
[INFO] [stdout] test tests::is_arw_uppercase ... ok
[INFO] [stdout] test tests::output_format_jpeg_extension ... ok
[INFO] [stdout] test tests::output_format_tiff_extension ... ok
[INFO] [stdout] test tests::output_format_png_extension ... ok
[INFO] [stdout] test converter::tests::resize_8bit_square_scales_down ... ok
[INFO] [stdout] test converter::tests::convert_arw_rejects_nonexistent_input ... ok
[INFO] [stdout] test converter::tests::convert_arw_rejects_non_arw_file ... ok
[INFO] [stdout] test converter::tests::resize_8bit_preserves_aspect_ratio ... ok
[INFO] [stdout] test converter::tests::resize_16bit_preserves_aspect_ratio ... ok
[INFO] [stdout] 
[INFO] [stdout] test result: ok. 54 passed; 0 failed; 0 ignored; 0 measured; 0 filtered out; finished in 3.01s
[INFO] [stdout] 
[INFO] [stderr]      Running tests/integration_test.rs (/opt/rustwide/target/release/build/rawdog/f4e6e613f0848e25/out/integration_test-f4e6e613f0848e25)
[INFO] [stdout] 
[INFO] [stdout] running 7 tests
[INFO] [stdout] test cli_no_args_shows_error ... FAILED
[INFO] [stdout] test cli_nonexistent_input_reports_no_arw_files ... FAILED
[INFO] [stdout] test cli_empty_directory_reports_no_arw_files ... FAILED
[INFO] [stdout] test cli_help_flag_shows_usage ... FAILED
[INFO] [stdout] test cli_invalid_quality_value ... FAILED
[INFO] [stdout] test cli_invalid_format_value ... FAILED
[INFO] [stdout] test cli_directory_with_only_non_arw_files ... FAILED
[INFO] [stderr] error: test failed, to rerun pass `--test integration_test`
[INFO] [stdout] 
[INFO] [stdout] failures:
[INFO] [stdout] 
[INFO] [stdout] ---- cli_no_args_shows_error stdout ----
[INFO] [stdout] 
[INFO] [stdout] thread 'cli_no_args_shows_error' (2428) panicked at tests/integration_test.rs:29:10:
[INFO] [stdout] failed to run rawdog: Os { code: 2, kind: NotFound, message: "No such file or directory" }
[INFO] [stdout] stack backtrace:
[INFO] [stdout]    0:     0x575297edf4f1 - <<std[617be2ca0a6fd877]::sys::backtrace::BacktraceLock>::print::DisplayBacktrace as core[a373ad73a504971]::fmt::Display>::fmt
[INFO] [stdout]    1:     0x575297ef371a - core[a373ad73a504971]::fmt::write
[INFO] [stdout]    2:     0x575297ee396c - <alloc[2e1b2a31b91974c5]::vec::Vec<u8> as core[a373ad73a504971]::io::write::Write>::write_fmt
[INFO] [stdout]    3:     0x575297eba2c6 - std[617be2ca0a6fd877]::panicking::default_hook::{closure#0}
[INFO] [stdout]    4:     0x575297ed7289 - std[617be2ca0a6fd877]::panicking::default_hook
[INFO] [stdout]    5:     0x575297e712a0 - test[aada8e7e76ba119b]::test_main_inner::{closure#0}
[INFO] [stdout]    6:     0x575297ed7442 - std[617be2ca0a6fd877]::panicking::panic_with_hook
[INFO] [stdout]    7:     0x575297eba372 - std[617be2ca0a6fd877]::panicking::panic_handler::{closure#0}
[INFO] [stdout]    8:     0x575297eb2f69 - std[617be2ca0a6fd877]::sys::backtrace::__rust_end_short_backtrace::<std[617be2ca0a6fd877]::panicking::panic_handler::{closure#0}, !>
[INFO] [stdout]    9:     0x575297ebaf7d - __rustc[ea4f61d10b84890b]::rust_begin_unwind
[INFO] [stdout]   10:     0x575297ef3e4c - core[a373ad73a504971]::panicking::panic_fmt
[INFO] [stdout]   11:     0x575297ef3c22 - core[a373ad73a504971]::result::unwrap_failed
[INFO] [stdout]   12:     0x575297e62e7f - <integration_test[2a38eb8c19934e92]::cli_no_args_shows_error::{closure#0} as core[a373ad73a504971]::ops::function::FnOnce<()>>::call_once
[INFO] [stdout]   13:     0x575297e646eb - test[aada8e7e76ba119b]::__rust_begin_short_backtrace::<core[a373ad73a504971]::result::Result<(), alloc[2e1b2a31b91974c5]::string::String>, fn() -> core[a373ad73a504971]::result::Result<(), alloc[2e1b2a31b91974c5]::string::String>>
[INFO] [stdout]   14:     0x575297e718c5 - test[aada8e7e76ba119b]::run_test::{closure#0}
[INFO] [stdout]   15:     0x575297e6b1b4 - std[617be2ca0a6fd877]::sys::backtrace::__rust_begin_short_backtrace::<test[aada8e7e76ba119b]::run_test::{closure#1}, ()>
[INFO] [stdout]   16:     0x575297e74952 - <std[617be2ca0a6fd877]::thread::lifecycle::spawn_unchecked<test[aada8e7e76ba119b]::run_test::{closure#1}, ()>::{closure#1} as core[a373ad73a504971]::ops::function::FnOnce<()>>::call_once::{shim:vtable#0}
[INFO] [stdout]   17:     0x575297edeb6f - <std[617be2ca0a6fd877]::sys::thread::unix::Thread>::new::thread_start
[INFO] [stdout]   18:     0x7e4e25407dfa - <unknown>
[INFO] [stdout]   19:     0x7e4e2549b3d4 - clone
[INFO] [stdout]   20:                0x0 - <unknown>
[INFO] [stdout] 
[INFO] [stdout] ---- cli_nonexistent_input_reports_no_arw_files stdout ----
[INFO] [stdout] 
[INFO] [stdout] thread 'cli_nonexistent_input_reports_no_arw_files' (2429) panicked at tests/integration_test.rs:44:10:
[INFO] [stdout] failed to run rawdog: Os { code: 2, kind: NotFound, message: "No such file or directory" }
[INFO] [stdout] stack backtrace:
[INFO] [stdout]    0:     0x575297edf4f1 - <<std[617be2ca0a6fd877]::sys::backtrace::BacktraceLock>::print::DisplayBacktrace as core[a373ad73a504971]::fmt::Display>::fmt
[INFO] [stdout]    1:     0x575297ef371a - core[a373ad73a504971]::fmt::write
[INFO] [stdout]    2:     0x575297ee396c - <alloc[2e1b2a31b91974c5]::vec::Vec<u8> as core[a373ad73a504971]::io::write::Write>::write_fmt
[INFO] [stdout]    3:     0x575297eba2c6 - std[617be2ca0a6fd877]::panicking::default_hook::{closure#0}
[INFO] [stdout]    4:     0x575297ed7289 - std[617be2ca0a6fd877]::panicking::default_hook
[INFO] [stdout]    5:     0x575297e712a0 - test[aada8e7e76ba119b]::test_main_inner::{closure#0}
[INFO] [stdout]    6:     0x575297ed7442 - std[617be2ca0a6fd877]::panicking::panic_with_hook
[INFO] [stdout]    7:     0x575297eba372 - std[617be2ca0a6fd877]::panicking::panic_handler::{closure#0}
[INFO] [stdout]    8:     0x575297eb2f69 - std[617be2ca0a6fd877]::sys::backtrace::__rust_end_short_backtrace::<std[617be2ca0a6fd877]::panicking::panic_handler::{closure#0}, !>
[INFO] [stdout]    9:     0x575297ebaf7d - __rustc[ea4f61d10b84890b]::rust_begin_unwind
[INFO] [stdout]   10:     0x575297ef3e4c - core[a373ad73a504971]::panicking::panic_fmt
[INFO] [stdout]   11:     0x575297ef3c22 - core[a373ad73a504971]::result::unwrap_failed
[INFO] [stdout]   12:     0x575297e64567 - <integration_test[2a38eb8c19934e92]::cli_nonexistent_input_reports_no_arw_files::{closure#0} as core[a373ad73a504971]::ops::function::FnOnce<()>>::call_once
[INFO] [stdout]   13:     0x575297e646eb - test[aada8e7e76ba119b]::__rust_begin_short_backtrace::<core[a373ad73a504971]::result::Result<(), alloc[2e1b2a31b91974c5]::string::String>, fn() -> core[a373ad73a504971]::result::Result<(), alloc[2e1b2a31b91974c5]::string::String>>
[INFO] [stdout]   14:     0x575297e718c5 - test[aada8e7e76ba119b]::run_test::{closure#0}
[INFO] [stdout]   15:     0x575297e6b1b4 - std[617be2ca0a6fd877]::sys::backtrace::__rust_begin_short_backtrace::<test[aada8e7e76ba119b]::run_test::{closure#1}, ()>
[INFO] [stdout]   16:     0x575297e74952 - <std[617be2ca0a6fd877]::thread::lifecycle::spawn_unchecked<test[aada8e7e76ba119b]::run_test::{closure#1}, ()>::{closure#1} as core[a373ad73a504971]::ops::function::FnOnce<()>>::call_once::{shim:vtable#0}
[INFO] [stdout]   17:     0x575297edeb6f - <std[617be2ca0a6fd877]::sys::thread::unix::Thread>::new::thread_start
[INFO] [stdout]   18:     0x7e4e25407dfa - <unknown>
[INFO] [stdout]   19:     0x7e4e2549b3d4 - clone
[INFO] [stdout]   20:                0x0 - <unknown>
[INFO] [stdout] 
[INFO] [stdout] ---- cli_empty_directory_reports_no_arw_files stdout ----
[INFO] [stdout] 
[INFO] [stdout] thread 'cli_empty_directory_reports_no_arw_files' (2424) panicked at tests/integration_test.rs:61:10:
[INFO] [stdout] failed to run rawdog: Os { code: 2, kind: NotFound, message: "No such file or directory" }
[INFO] [stdout] stack backtrace:
[INFO] [stdout]    0:     0x575297edf4f1 - <<std[617be2ca0a6fd877]::sys::backtrace::BacktraceLock>::print::DisplayBacktrace as core[a373ad73a504971]::fmt::Display>::fmt
[INFO] [stdout]    1:     0x575297ef371a - core[a373ad73a504971]::fmt::write
[INFO] [stdout]    2:     0x575297ee396c - <alloc[2e1b2a31b91974c5]::vec::Vec<u8> as core[a373ad73a504971]::io::write::Write>::write_fmt
[INFO] [stdout]    3:     0x575297eba2c6 - std[617be2ca0a6fd877]::panicking::default_hook::{closure#0}
[INFO] [stdout]    4:     0x575297ed7289 - std[617be2ca0a6fd877]::panicking::default_hook
[INFO] [stdout]    5:     0x575297e712a0 - test[aada8e7e76ba119b]::test_main_inner::{closure#0}
[INFO] [stdout]    6:     0x575297ed7442 - std[617be2ca0a6fd877]::panicking::panic_with_hook
[INFO] [stdout]    7:     0x575297eba372 - std[617be2ca0a6fd877]::panicking::panic_handler::{closure#0}
[INFO] [stdout]    8:     0x575297eb2f69 - std[617be2ca0a6fd877]::sys::backtrace::__rust_end_short_backtrace::<std[617be2ca0a6fd877]::panicking::panic_handler::{closure#0}, !>
[INFO] [stdout]    9:     0x575297ebaf7d - __rustc[ea4f61d10b84890b]::rust_begin_unwind
[INFO] [stdout]   10:     0x575297ef3e4c - core[a373ad73a504971]::panicking::panic_fmt
[INFO] [stdout]   11:     0x575297ef3c22 - core[a373ad73a504971]::result::unwrap_failed
[INFO] [stdout]   12:     0x575297e64177 - <integration_test[2a38eb8c19934e92]::cli_empty_directory_reports_no_arw_files::{closure#0} as core[a373ad73a504971]::ops::function::FnOnce<()>>::call_once
[INFO] [stdout]   13:     0x575297e646eb - test[aada8e7e76ba119b]::__rust_begin_short_backtrace::<core[a373ad73a504971]::result::Result<(), alloc[2e1b2a31b91974c5]::string::String>, fn() -> core[a373ad73a504971]::result::Result<(), alloc[2e1b2a31b91974c5]::string::String>>
[INFO] [stdout]   14:     0x575297e718c5 - test[aada8e7e76ba119b]::run_test::{closure#0}
[INFO] [stdout]   15:     0x575297e6b1b4 - std[617be2ca0a6fd877]::sys::backtrace::__rust_begin_short_backtrace::<test[aada8e7e76ba119b]::run_test::{closure#1}, ()>
[INFO] [stdout]   16:     0x575297e74952 - <std[617be2ca0a6fd877]::thread::lifecycle::spawn_unchecked<test[aada8e7e76ba119b]::run_test::{closure#1}, ()>::{closure#1} as core[a373ad73a504971]::ops::function::FnOnce<()>>::call_once::{shim:vtable#0}
[INFO] [stdout]   17:     0x575297edeb6f - <std[617be2ca0a6fd877]::sys::thread::unix::Thread>::new::thread_start
[INFO] [stdout]   18:     0x7e4e25407dfa - <unknown>
[INFO] [stdout]   19:     0x7e4e2549b3d4 - clone
[INFO] [stdout]   20:                0x0 - <unknown>
[INFO] [stdout] 
[INFO] [stdout] ---- cli_help_flag_shows_usage stdout ----
[INFO] [stdout] 
[INFO] [stdout] thread 'cli_help_flag_shows_usage' (2425) panicked at tests/integration_test.rs:125:10:
[INFO] [stdout] failed to run rawdog: Os { code: 2, kind: NotFound, message: "No such file or directory" }
[INFO] [stdout] stack backtrace:
[INFO] [stdout]    0:     0x575297edf4f1 - <<std[617be2ca0a6fd877]::sys::backtrace::BacktraceLock>::print::DisplayBacktrace as core[a373ad73a504971]::fmt::Display>::fmt
[INFO] [stdout]    1:     0x575297ef371a - core[a373ad73a504971]::fmt::write
[INFO] [stdout]    2:     0x575297ee396c - <alloc[2e1b2a31b91974c5]::vec::Vec<u8> as core[a373ad73a504971]::io::write::Write>::write_fmt
[INFO] [stdout]    3:     0x575297eba2c6 - std[617be2ca0a6fd877]::panicking::default_hook::{closure#0}
[INFO] [stdout]    4:     0x575297ed7289 - std[617be2ca0a6fd877]::panicking::default_hook
[INFO] [stdout]    5:     0x575297e712a0 - test[aada8e7e76ba119b]::test_main_inner::{closure#0}
[INFO] [stdout]    6:     0x575297ed7442 - std[617be2ca0a6fd877]::panicking::panic_with_hook
[INFO] [stdout]    7:     0x575297eba372 - std[617be2ca0a6fd877]::panicking::panic_handler::{closure#0}
[INFO] [stdout]    8:     0x575297eb2f69 - std[617be2ca0a6fd877]::sys::backtrace::__rust_end_short_backtrace::<std[617be2ca0a6fd877]::panicking::panic_handler::{closure#0}, !>
[INFO] [stdout]    9:     0x575297ebaf7d - __rustc[ea4f61d10b84890b]::rust_begin_unwind
[INFO] [stdout]   10:     0x575297ef3e4c - core[a373ad73a504971]::panicking::panic_fmt
[INFO] [stdout]   11:     0x575297ef3c22 - core[a373ad73a504971]::result::unwrap_failed
[INFO] [stdout]   12:     0x575297e63468 - <integration_test[2a38eb8c19934e92]::cli_help_flag_shows_usage::{closure#0} as core[a373ad73a504971]::ops::function::FnOnce<()>>::call_once
[INFO] [stdout]   13:     0x575297e646eb - test[aada8e7e76ba119b]::__rust_begin_short_backtrace::<core[a373ad73a504971]::result::Result<(), alloc[2e1b2a31b91974c5]::string::String>, fn() -> core[a373ad73a504971]::result::Result<(), alloc[2e1b2a31b91974c5]::string::String>>
[INFO] [stdout]   14:     0x575297e718c5 - test[aada8e7e76ba119b]::run_test::{closure#0}
[INFO] [stdout]   15:     0x575297e6b1b4 - std[617be2ca0a6fd877]::sys::backtrace::__rust_begin_short_backtrace::<test[aada8e7e76ba119b]::run_test::{closure#1}, ()>
[INFO] [stdout]   16:     0x575297e74952 - <std[617be2ca0a6fd877]::thread::lifecycle::spawn_unchecked<test[aada8e7e76ba119b]::run_test::{closure#1}, ()>::{closure#1} as core[a373ad73a504971]::ops::function::FnOnce<()>>::call_once::{shim:vtable#0}
[INFO] [stdout]   17:     0x575297edeb6f - <std[617be2ca0a6fd877]::sys::thread::unix::Thread>::new::thread_start
[INFO] [stdout]   18:     0x7e4e25407dfa - <unknown>
[INFO] [stdout]   19:     0x7e4e2549b3d4 - clone
[INFO] [stdout]   20:                0x0 - <unknown>
[INFO] [stdout] 
[INFO] [stdout] ---- cli_invalid_quality_value stdout ----
[INFO] [stdout] 
[INFO] [stdout] thread 'cli_invalid_quality_value' (2427) panicked at tests/integration_test.rs:97:10:
[INFO] [stdout] failed to run rawdog: Os { code: 2, kind: NotFound, message: "No such file or directory" }
[INFO] [stdout] stack backtrace:
[INFO] [stdout]    0:     0x575297edf4f1 - <<std[617be2ca0a6fd877]::sys::backtrace::BacktraceLock>::print::DisplayBacktrace as core[a373ad73a504971]::fmt::Display>::fmt
[INFO] [stdout]    1:     0x575297ef371a - core[a373ad73a504971]::fmt::write
[INFO] [stdout]    2:     0x575297ee396c - <alloc[2e1b2a31b91974c5]::vec::Vec<u8> as core[a373ad73a504971]::io::write::Write>::write_fmt
[INFO] [stdout]    3:     0x575297eba2c6 - std[617be2ca0a6fd877]::panicking::default_hook::{closure#0}
[INFO] [stdout]    4:     0x575297ed7289 - std[617be2ca0a6fd877]::panicking::default_hook
[INFO] [stdout]    5:     0x575297e712a0 - test[aada8e7e76ba119b]::test_main_inner::{closure#0}
[INFO] [stdout]    6:     0x575297ed7442 - std[617be2ca0a6fd877]::panicking::panic_with_hook
[INFO] [stdout]    7:     0x575297eba372 - std[617be2ca0a6fd877]::panicking::panic_handler::{closure#0}
[INFO] [stdout]    8:     0x575297eb2f69 - std[617be2ca0a6fd877]::sys::backtrace::__rust_end_short_backtrace::<std[617be2ca0a6fd877]::panicking::panic_handler::{closure#0}, !>
[INFO] [stdout]    9:     0x575297ebaf7d - __rustc[ea4f61d10b84890b]::rust_begin_unwind
[INFO] [stdout]   10:     0x575297ef3e4c - core[a373ad73a504971]::panicking::panic_fmt
[INFO] [stdout]   11:     0x575297ef3c22 - core[a373ad73a504971]::result::unwrap_failed
[INFO] [stdout]   12:     0x575297e6374d - <integration_test[2a38eb8c19934e92]::cli_invalid_quality_value::{closure#0} as core[a373ad73a504971]::ops::function::FnOnce<()>>::call_once
[INFO] [stdout]   13:     0x575297e646eb - test[aada8e7e76ba119b]::__rust_begin_short_backtrace::<core[a373ad73a504971]::result::Result<(), alloc[2e1b2a31b91974c5]::string::String>, fn() -> core[a373ad73a504971]::result::Result<(), alloc[2e1b2a31b91974c5]::string::String>>
[INFO] [stdout]   14:     0x575297e718c5 - test[aada8e7e76ba119b]::run_test::{closure#0}
[INFO] [stdout]   15:     0x575297e6b1b4 - std[617be2ca0a6fd877]::sys::backtrace::__rust_begin_short_backtrace::<test[aada8e7e76ba119b]::run_test::{closure#1}, ()>
[INFO] [stdout]   16:     0x575297e74952 - <std[617be2ca0a6fd877]::thread::lifecycle::spawn_unchecked<test[aada8e7e76ba119b]::run_test::{closure#1}, ()>::{closure#1} as core[a373ad73a504971]::ops::function::FnOnce<()>>::call_once::{shim:vtable#0}
[INFO] [stdout]   17:     0x575297edeb6f - <std[617be2ca0a6fd877]::sys::thread::unix::Thread>::new::thread_start
[INFO] [stdout]   18:     0x7e4e25407dfa - <unknown>
[INFO] [stdout]   19:     0x7e4e2549b3d4 - clone
[INFO] [stdout]   20:                0x0 - <unknown>
[INFO] [stdout] 
[INFO] [stdout] ---- cli_invalid_format_value stdout ----
[INFO] [stdout] 
[INFO] [stdout] thread 'cli_invalid_format_value' (2426) panicked at tests/integration_test.rs:111:10:
[INFO] [stdout] failed to run rawdog: Os { code: 2, kind: NotFound, message: "No such file or directory" }
[INFO] [stdout] stack backtrace:
[INFO] [stdout]    0:     0x575297edf4f1 - <<std[617be2ca0a6fd877]::sys::backtrace::BacktraceLock>::print::DisplayBacktrace as core[a373ad73a504971]::fmt::Display>::fmt
[INFO] [stdout]    1:     0x575297ef371a - core[a373ad73a504971]::fmt::write
[INFO] [stdout]    2:     0x575297ee396c - <alloc[2e1b2a31b91974c5]::vec::Vec<u8> as core[a373ad73a504971]::io::write::Write>::write_fmt
[INFO] [stdout]    3:     0x575297eba2c6 - std[617be2ca0a6fd877]::panicking::default_hook::{closure#0}
[INFO] [stdout]    4:     0x575297ed7289 - std[617be2ca0a6fd877]::panicking::default_hook
[INFO] [stdout]    5:     0x575297e712a0 - test[aada8e7e76ba119b]::test_main_inner::{closure#0}
[INFO] [stdout]    6:     0x575297ed7442 - std[617be2ca0a6fd877]::panicking::panic_with_hook
[INFO] [stdout]    7:     0x575297eba372 - std[617be2ca0a6fd877]::panicking::panic_handler::{closure#0}
[INFO] [stdout]    8:     0x575297eb2f69 - std[617be2ca0a6fd877]::sys::backtrace::__rust_end_short_backtrace::<std[617be2ca0a6fd877]::panicking::panic_handler::{closure#0}, !>
[INFO] [stdout]    9:     0x575297ebaf7d - __rustc[ea4f61d10b84890b]::rust_begin_unwind
[INFO] [stdout]   10:     0x575297ef3e4c - core[a373ad73a504971]::panicking::panic_fmt
[INFO] [stdout]   11:     0x575297ef3c22 - core[a373ad73a504971]::result::unwrap_failed
[INFO] [stdout]   12:     0x575297e6316d - <integration_test[2a38eb8c19934e92]::cli_invalid_format_value::{closure#0} as core[a373ad73a504971]::ops::function::FnOnce<()>>::call_once
[INFO] [stdout]   13:     0x575297e646eb - test[aada8e7e76ba119b]::__rust_begin_short_backtrace::<core[a373ad73a504971]::result::Result<(), alloc[2e1b2a31b91974c5]::string::String>, fn() -> core[a373ad73a504971]::result::Result<(), alloc[2e1b2a31b91974c5]::string::String>>
[INFO] [stdout]   14:     0x575297e718c5 - test[aada8e7e76ba119b]::run_test::{closure#0}
[INFO] [stdout]   15:     0x575297e6b1b4 - std[617be2ca0a6fd877]::sys::backtrace::__rust_begin_short_backtrace::<test[aada8e7e76ba119b]::run_test::{closure#1}, ()>
[INFO] [stdout]   16:     0x575297e74952 - <std[617be2ca0a6fd877]::thread::lifecycle::spawn_unchecked<test[aada8e7e76ba119b]::run_test::{closure#1}, ()>::{closure#1} as core[a373ad73a504971]::ops::function::FnOnce<()>>::call_once::{shim:vtable#0}
[INFO] [stdout]   17:     0x575297edeb6f - <std[617be2ca0a6fd877]::sys::thread::unix::Thread>::new::thread_start
[INFO] [stdout]   18:     0x7e4e25407dfa - <unknown>
[INFO] [stdout]   19:     0x7e4e2549b3d4 - clone
[INFO] [stdout]   20:                0x0 - <unknown>
[INFO] [stdout] 
[INFO] [stdout] ---- cli_directory_with_only_non_arw_files stdout ----
[INFO] [stdout] 
[INFO] [stdout] thread 'cli_directory_with_only_non_arw_files' (2423) panicked at tests/integration_test.rs:81:10:
[INFO] [stdout] failed to run rawdog: Os { code: 2, kind: NotFound, message: "No such file or directory" }
[INFO] [stdout] stack backtrace:
[INFO] [stdout]    0:     0x575297edf4f1 - <<std[617be2ca0a6fd877]::sys::backtrace::BacktraceLock>::print::DisplayBacktrace as core[a373ad73a504971]::fmt::Display>::fmt
[INFO] [stdout]    1:     0x575297ef371a - core[a373ad73a504971]::fmt::write
[INFO] [stdout]    2:     0x575297ee396c - <alloc[2e1b2a31b91974c5]::vec::Vec<u8> as core[a373ad73a504971]::io::write::Write>::write_fmt
[INFO] [stdout]    3:     0x575297eba2c6 - std[617be2ca0a6fd877]::panicking::default_hook::{closure#0}
[INFO] [stdout]    4:     0x575297ed7289 - std[617be2ca0a6fd877]::panicking::default_hook
[INFO] [stdout]    5:     0x575297e712a0 - test[aada8e7e76ba119b]::test_main_inner::{closure#0}
[INFO] [stdout]    6:     0x575297ed7442 - std[617be2ca0a6fd877]::panicking::panic_with_hook
[INFO] [stdout]    7:     0x575297eba372 - std[617be2ca0a6fd877]::panicking::panic_handler::{closure#0}
[INFO] [stdout]    8:     0x575297eb2f69 - std[617be2ca0a6fd877]::sys::backtrace::__rust_end_short_backtrace::<std[617be2ca0a6fd877]::panicking::panic_handler::{closure#0}, !>
[INFO] [stdout]    9:     0x575297ebaf7d - __rustc[ea4f61d10b84890b]::rust_begin_unwind
[INFO] [stdout]   10:     0x575297ef3e4c - core[a373ad73a504971]::panicking::panic_fmt
[INFO] [stdout]   11:     0x575297ef3c22 - core[a373ad73a504971]::result::unwrap_failed
[INFO] [stdout]   12:     0x575297e63ca1 - <integration_test[2a38eb8c19934e92]::cli_directory_with_only_non_arw_files::{closure#0} as core[a373ad73a504971]::ops::function::FnOnce<()>>::call_once
[INFO] [stdout]   13:     0x575297e646eb - test[aada8e7e76ba119b]::__rust_begin_short_backtrace::<core[a373ad73a504971]::result::Result<(), alloc[2e1b2a31b91974c5]::string::String>, fn() -> core[a373ad73a504971]::result::Result<(), alloc[2e1b2a31b91974c5]::string::String>>
[INFO] [stdout]   14:     0x575297e718c5 - test[aada8e7e76ba119b]::run_test::{closure#0}
[INFO] [stdout]   15:     0x575297e6b1b4 - std[617be2ca0a6fd877]::sys::backtrace::__rust_begin_short_backtrace::<test[aada8e7e76ba119b]::run_test::{closure#1}, ()>
[INFO] [stdout]   16:     0x575297e74952 - <std[617be2ca0a6fd877]::thread::lifecycle::spawn_unchecked<test[aada8e7e76ba119b]::run_test::{closure#1}, ()>::{closure#1} as core[a373ad73a504971]::ops::function::FnOnce<()>>::call_once::{shim:vtable#0}
[INFO] [stdout]   17:     0x575297edeb6f - <std[617be2ca0a6fd877]::sys::thread::unix::Thread>::new::thread_start
[INFO] [stdout]   18:     0x7e4e25407dfa - <unknown>
[INFO] [stdout]   19:     0x7e4e2549b3d4 - clone
[INFO] [stdout]   20:                0x0 - <unknown>
[INFO] [stdout] 
[INFO] [stdout] 
[INFO] [stdout] failures:
[INFO] [stdout]     cli_directory_with_only_non_arw_files
[INFO] [stdout]     cli_empty_directory_reports_no_arw_files
[INFO] [stdout]     cli_help_flag_shows_usage
[INFO] [stdout]     cli_invalid_format_value
[INFO] [stdout]     cli_invalid_quality_value
[INFO] [stdout]     cli_no_args_shows_error
[INFO] [stdout]     cli_nonexistent_input_reports_no_arw_files
[INFO] [stdout] 
[INFO] [stdout] test result: FAILED. 0 passed; 7 failed; 0 ignored; 0 measured; 0 filtered out; finished in 0.02s
[INFO] [stdout] 
[INFO] running `Command { std: "docker" "inspect" "37172a3872bd98f4ec1f6ecb41386d4bd09c96e5c395a5ac2c048bdba276e8ed", kill_on_drop: false }`
[INFO] running `Command { std: "docker" "rm" "-f" "37172a3872bd98f4ec1f6ecb41386d4bd09c96e5c395a5ac2c048bdba276e8ed", kill_on_drop: false }`
[INFO] [stdout] 37172a3872bd98f4ec1f6ecb41386d4bd09c96e5c395a5ac2c048bdba276e8ed
