[INFO] cloning repository https://github.com/chirpstack/chirpstack-pulsar-integration
[INFO] running `Command { std: "git" "-c" "credential.helper=" "-c" "credential.helper=/workspace/cargo-home/bin/git-credential-null" "clone" "--bare" "https://github.com/chirpstack/chirpstack-pulsar-integration" "/workspace/cache/git-repos/https%3A%2F%2Fgithub.com%2Fchirpstack%2Fchirpstack-pulsar-integration", kill_on_drop: false }`
[INFO] [stderr] Cloning into bare repository '/workspace/cache/git-repos/https%3A%2F%2Fgithub.com%2Fchirpstack%2Fchirpstack-pulsar-integration'...
[INFO] running `Command { std: "git" "rev-parse" "HEAD", kill_on_drop: false }`
[INFO] [stdout] 2b7f9dccb2ea98263c7798a98b00a8841c605783
[INFO] testing chirpstack/chirpstack-pulsar-integration against 1.100.0-beta.1+cargoflags=--release for beta-release-1.100-2
[INFO] running `Command { std: "git" "clone" "/workspace/cache/git-repos/https%3A%2F%2Fgithub.com%2Fchirpstack%2Fchirpstack-pulsar-integration" "/workspace/builds/worker-3-tc2/source", kill_on_drop: false }`
[INFO] [stderr] Cloning into '/workspace/builds/worker-3-tc2/source'...
[INFO] [stderr] done.
[INFO] removed /workspace/builds/worker-3-tc2/source/rust-toolchain.toml
[INFO] started tweaking git repo https://github.com/chirpstack/chirpstack-pulsar-integration
[INFO] finished tweaking git repo https://github.com/chirpstack/chirpstack-pulsar-integration
[INFO] tweaked toml for git repo https://github.com/chirpstack/chirpstack-pulsar-integration written to /workspace/builds/worker-3-tc2/source/Cargo.toml
[INFO] validating manifest of git repo https://github.com/chirpstack/chirpstack-pulsar-integration on toolchain 1.100.0-beta.1
[INFO] running `Command { std: CARGO_HOME="/workspace/cargo-home" RUSTUP_HOME="/workspace/rustup-home" "/workspace/cargo-home/bin/cargo" "+1.100.0-beta.1" "metadata" "--manifest-path" "Cargo.toml" "--no-deps", kill_on_drop: false }`
[INFO] crate git repo https://github.com/chirpstack/chirpstack-pulsar-integration already has a lockfile, it will not be regenerated
[INFO] running `Command { std: CARGO_HOME="/workspace/cargo-home" RUSTUP_HOME="/workspace/rustup-home" "/workspace/cargo-home/bin/cargo" "+1.100.0-beta.1" "fetch" "--manifest-path" "Cargo.toml", kill_on_drop: false }`
[INFO] running `Command { std: "docker" "create" "-v" "/var/lib/crater-agent-workspace/builds/worker-3-tc2/source:/opt/rustwide/workdir:ro,Z" "-v" "/var/lib/crater-agent-workspace/builds/worker-3-tc2/target:/opt/rustwide/target:rw,Z" "-v" "/var/lib/crater-agent-workspace/cargo-home:/opt/rustwide/cargo-home:ro,Z" "-v" "/var/lib/crater-agent-workspace/rustup-home:/opt/rustwide/rustup-home:ro,Z" "-m" "1610612736" "--network" "none" "ghcr.io/rust-lang/crates-build-env/linux@sha256:77db811e55d90add9212f6832c23229e3de5f1c1f9905e8cb07319ea15df73ac" "sleep" "infinity", kill_on_drop: false }`
[INFO] [stdout] 02ae8435be56514c294b5b06bb8bcffdaa55acc5149827a1e616483c25b7e557
[INFO] running `Command { std: "docker" "start" "02ae8435be56514c294b5b06bb8bcffdaa55acc5149827a1e616483c25b7e557", kill_on_drop: false }`
[INFO] running `Command { std: "docker" "inspect" "02ae8435be56514c294b5b06bb8bcffdaa55acc5149827a1e616483c25b7e557", kill_on_drop: false }`
[INFO] running `Command { std: "docker" "exec" "-e" "SOURCE_DIR=/opt/rustwide/workdir" "-e" "CARGO_HOME=/opt/rustwide/cargo-home" "-e" "RUSTUP_HOME=/opt/rustwide/rustup-home" "-e" "CARGO_TARGET_DIR=/opt/rustwide/target" "-w" "/opt/rustwide/workdir" "--user" "0:0" "02ae8435be56514c294b5b06bb8bcffdaa55acc5149827a1e616483c25b7e557" "/opt/rustwide/cargo-home/bin/cargo" "+1.100.0-beta.1" "metadata" "--no-deps" "--format-version=1", kill_on_drop: false }`
[INFO] running `Command { std: "docker" "inspect" "02ae8435be56514c294b5b06bb8bcffdaa55acc5149827a1e616483c25b7e557", kill_on_drop: false }`
[INFO] running `Command { std: "docker" "exec" "-e" "SOURCE_DIR=/opt/rustwide/workdir" "-e" "CARGO_HOME=/opt/rustwide/cargo-home" "-e" "RUSTUP_HOME=/opt/rustwide/rustup-home" "-e" "CARGO_TARGET_DIR=/opt/rustwide/target" "-e" "CARGO_INCREMENTAL=0" "-e" "RUST_BACKTRACE=full" "-e" "RUSTFLAGS=--cap-lints=warn" "-e" "RUSTDOCFLAGS=--cap-lints=warn" "-w" "/opt/rustwide/workdir" "--user" "0:0" "02ae8435be56514c294b5b06bb8bcffdaa55acc5149827a1e616483c25b7e557" "/opt/rustwide/cargo-home/bin/cargo" "+1.100.0-beta.1" "build" "--frozen" "--message-format=json" "--release", kill_on_drop: false }`
[INFO] [stderr]    Compiling proc-macro2 v1.0.69
[INFO] [stderr]    Compiling unicode-ident v1.0.12
[INFO] [stderr]    Compiling libc v0.2.149
[INFO] [stderr]    Compiling autocfg v1.1.0
[INFO] [stderr]    Compiling cfg-if v1.0.0
[INFO] [stderr]    Compiling pin-project-lite v0.2.13
[INFO] [stderr]    Compiling futures-core v0.3.28
[INFO] [stderr]    Compiling memchr v2.6.4
[INFO] [stderr]    Compiling once_cell v1.18.0
[INFO] [stderr]    Compiling bytes v1.5.0
[INFO] [stderr]    Compiling serde v1.0.189
[INFO] [stderr]    Compiling futures-io v0.3.28
[INFO] [stderr]    Compiling anyhow v1.0.75
[INFO] [stderr]    Compiling either v1.9.0
[INFO] [stderr]    Compiling slab v0.4.9
[INFO] [stderr]    Compiling tracing-core v0.1.31
[INFO] [stderr]    Compiling value-bag v1.4.1
[INFO] [stderr]    Compiling quote v1.0.33
[INFO] [stderr]    Compiling futures-sink v0.3.28
[INFO] [stderr]    Compiling log v0.4.20
[INFO] [stderr]    Compiling futures-task v0.3.28
[INFO] [stderr]    Compiling futures-channel v0.3.28
[INFO] [stderr]    Compiling num_cpus v1.16.0
[INFO] [stderr]    Compiling syn v2.0.38
[INFO] [stderr]    Compiling jobserver v0.1.27
[INFO] [stderr]    Compiling mio v0.8.8
[INFO] [stderr]    Compiling socket2 v0.5.4
[INFO] [stderr]    Compiling cc v1.0.83
[INFO] [stderr]    Compiling futures-util v0.3.28
[INFO] [stderr]    Compiling itoa v1.0.9
[INFO] [stderr]    Compiling syn v1.0.109
[INFO] [stderr]    Compiling socket2 v0.4.9
[INFO] [stderr]    Compiling rustix v0.38.19
[INFO] [stderr]    Compiling itertools v0.11.0
[INFO] [stderr]    Compiling linux-raw-sys v0.4.10
[INFO] [stderr]    Compiling heck v0.4.1
[INFO] [stderr]    Compiling pkg-config v0.3.27
[INFO] [stderr]    Compiling bitflags v2.4.0
[INFO] [stderr]    Compiling indexmap v1.9.3
[INFO] [stderr]    Compiling regex-syntax v0.8.1
[INFO] [stderr]    Compiling equivalent v1.0.1
[INFO] [stderr]    Compiling hashbrown v0.14.1
[INFO] [stderr]    Compiling http v0.2.9
[INFO] [stderr]    Compiling ring v0.16.20
[INFO] [stderr]    Compiling indexmap v2.0.2
[INFO] [stderr]    Compiling hashbrown v0.12.3
[INFO] [stderr]    Compiling thiserror v1.0.49
[INFO] [stderr]    Compiling home v0.5.5
[INFO] [stderr]    Compiling fastrand v2.0.1
[INFO] [stderr]    Compiling fixedbitset v0.4.2
[INFO] [stderr]    Compiling petgraph v0.6.4
[INFO] [stderr]    Compiling regex-automata v0.4.1
[INFO] [stderr]    Compiling tempfile v3.8.0
[INFO] [stderr]    Compiling which v4.4.2
[INFO] [stderr]    Compiling getrandom v0.2.10
[INFO] [stderr]    Compiling num-traits v0.2.17
[INFO] [stderr]    Compiling percent-encoding v2.3.0
[INFO] [stderr]    Compiling crossbeam-utils v0.8.16
[INFO] [stderr]    Compiling multimap v0.8.3
[INFO] [stderr]    Compiling httparse v1.8.0
[INFO] [stderr]    Compiling tower-service v0.3.2
[INFO] [stderr]    Compiling rand_core v0.6.4
[INFO] [stderr]    Compiling http-body v0.4.5
[INFO] [stderr]    Compiling ppv-lite86 v0.2.17
[INFO] [stderr]    Compiling try-lock v0.2.4
[INFO] [stderr]    Compiling spin v0.5.2
[INFO] [stderr]    Compiling untrusted v0.7.1
[INFO] [stderr]    Compiling base64 v0.21.4
[INFO] [stderr]    Compiling want v0.3.1
[INFO] [stderr]    Compiling rand_chacha v0.3.1
[INFO] [stderr]    Compiling serde_derive v1.0.189
[INFO] [stderr]    Compiling tokio-macros v2.1.0
[INFO] [stderr]    Compiling tracing-attributes v0.1.26
[INFO] [stderr]    Compiling futures-macro v0.3.28
[INFO] [stderr]    Compiling tokio v1.33.0
[INFO] [stderr]    Compiling prost-derive v0.12.1
[INFO] [stderr]    Compiling regex v1.10.0
[INFO] [stderr]    Compiling thiserror-impl v1.0.49
[INFO] [stderr]    Compiling tracing v0.1.37
[INFO] [stderr]    Compiling tinyvec_macros v0.1.1
[INFO] [stderr]    Compiling prettyplease v0.2.15
[INFO] [stderr]    Compiling bitflags v1.3.2
[INFO] [stderr]    Compiling rustversion v1.0.14
[INFO] [stderr]    Compiling concurrent-queue v2.3.0
[INFO] [stderr]    Compiling tinyvec v1.6.0
[INFO] [stderr]    Compiling rand v0.8.5
[INFO] [stderr]    Compiling rustls v0.21.7
[INFO] [stderr]    Compiling typenum v1.17.0
[INFO] [stderr]    Compiling event-listener v2.5.3
[INFO] [stderr]    Compiling prost v0.12.1
[INFO] [stderr]    Compiling version_check v0.9.4
[INFO] [stderr]    Compiling prost-types v0.12.1
[INFO] [stderr]    Compiling ryu v1.0.15
[INFO] [stderr]    Compiling parking v2.1.1
[INFO] [stderr]    Compiling generic-array v0.14.7
[INFO] [stderr]    Compiling unicode-normalization v0.1.22
[INFO] [stderr]    Compiling openssl-sys v0.9.93
[INFO] [stderr]    Compiling form_urlencoded v1.2.0
[INFO] [stderr]    Compiling io-lifetimes v1.0.11
[INFO] [stderr]    Compiling async-trait v0.1.73
[INFO] [stderr]    Compiling fastrand v1.9.0
[INFO] [stderr]    Compiling waker-fn v1.1.1
[INFO] [stderr]    Compiling unicode-bidi v0.3.13
[INFO] [stderr]    Compiling prost-build v0.12.1
[INFO] [stderr]    Compiling futures-lite v1.13.0
[INFO] [stderr]    Compiling rustls-webpki v0.101.6
[INFO] [stderr]    Compiling sct v0.7.0
[INFO] [stderr]    Compiling idna v0.4.0
[INFO] [stderr]    Compiling async-lock v2.8.0
[INFO] [stderr]    Compiling itertools v0.10.5
[INFO] [stderr]    Compiling polling v2.8.0
[INFO] [stderr]    Compiling serde_json v1.0.107
[INFO] [stderr]    Compiling rustix v0.37.25
[INFO] [stderr]    Compiling tokio-util v0.7.9
[INFO] [stderr]    Compiling prost-derive v0.11.9
[INFO] [stderr]    Compiling pbjson-build v0.6.2
[INFO] [stderr]    Compiling h2 v0.3.21
[INFO] [stderr]    Compiling url v2.4.1
[INFO] [stderr]    Compiling rustls-pemfile v1.0.3
[INFO] [stderr]    Compiling async-io v1.13.0
[INFO] [stderr]    Compiling fnv v1.0.7
[INFO] [stderr]    Compiling linux-raw-sys v0.3.8
[INFO] [stderr]    Compiling strsim v0.10.0
[INFO] [stderr]    Compiling ident_case v1.0.1
[INFO] [stderr]    Compiling openssl-probe v0.1.5
[INFO] [stderr]    Compiling iana-time-zone v0.1.57
[INFO] [stderr]    Compiling chrono v0.4.31
[INFO] [stderr]    Compiling darling_core v0.13.4
[INFO] [stderr]    Compiling hyper v0.14.27
[INFO] [stderr]    Compiling tokio-rustls v0.24.1
[INFO] [stderr]    Compiling axum-core v0.3.4
[INFO] [stderr]    Compiling pin-project-internal v1.1.3
[INFO] [stderr]    Compiling zstd-sys v2.0.9+zstd.1.5.5
[INFO] [stderr]    Compiling openssl v0.10.57
[INFO] [stderr]    Compiling foreign-types-shared v0.1.1
[INFO] [stderr]    Compiling prettyplease v0.1.25
[INFO] [stderr]    Compiling tower-layer v0.3.2
[INFO] [stderr]    Compiling foreign-types v0.3.2
[INFO] [stderr]    Compiling darling_macro v0.13.4
[INFO] [stderr]    Compiling pin-project v1.1.3
[INFO] [stderr]    Compiling prost v0.11.9
[INFO] [stderr]    Compiling crypto-common v0.1.6
[INFO] [stderr]    Compiling block-buffer v0.10.4
[INFO] [stderr]    Compiling axum v0.6.20
[INFO] [stderr]    Compiling openssl-macros v0.1.1
[INFO] [stderr]    Compiling num-integer v0.1.45
[INFO] [stderr]    Compiling async-task v4.4.1
[INFO] [stderr]    Compiling atomic-waker v1.1.2
[INFO] [stderr]    Compiling native-tls v0.2.11
[INFO] [stderr]    Compiling ucd-trie v0.1.6
[INFO] [stderr]    Compiling piper v0.2.1
[INFO] [stderr]    Compiling pest v2.7.4
[INFO] [stderr]    Compiling prost-types v0.11.9
[INFO] [stderr]    Compiling digest v0.10.7
[INFO] [stderr]    Compiling darling v0.13.4
[INFO] [stderr]    Compiling tower v0.4.13
[INFO] [stderr]    Compiling hyper-rustls v0.24.1
[INFO] [stderr]    Compiling pbjson-types v0.6.0
[INFO] [stderr]    Compiling serde_urlencoded v0.7.1
[INFO] [stderr]    Compiling tokio-io-timeout v1.2.0
[INFO] [stderr]    Compiling tonic-build v0.10.2
[INFO] [stderr]    Compiling futures-executor v0.3.28
[INFO] [stderr]    Compiling async-channel v1.9.0
[INFO] [stderr]    Compiling async-stream-impl v0.3.5
[INFO] [stderr]    Compiling lz4-sys v1.9.4
[INFO] [stderr]    Compiling signal-hook-registry v1.4.1
[INFO] [stderr]    Compiling num-bigint v0.4.4
[INFO] [stderr]    Compiling encoding_rs v0.8.33
[INFO] [stderr]    Compiling cpufeatures v0.2.9
[INFO] [stderr]    Compiling webpki-roots v0.25.2
[INFO] [stderr]    Compiling utf8parse v0.2.1
[INFO] [stderr]    Compiling crc32fast v1.3.2
[INFO] [stderr]    Compiling ipnet v2.8.0
[INFO] [stderr]    Compiling crc16 v0.4.0
[INFO] [stderr]    Compiling lazy_static v1.4.0
[INFO] [stderr]    Compiling sync_wrapper v0.1.2
[INFO] [stderr]    Compiling zstd-safe v5.0.2+zstd.1.5.2
[INFO] [stderr]    Compiling matchit v0.7.3
[INFO] [stderr]    Compiling base64 v0.13.1
[INFO] [stderr]    Compiling reqwest v0.11.22
[INFO] [stderr]    Compiling prost-build v0.11.9
[INFO] [stderr]    Compiling anstyle-parse v0.2.2
[INFO] [stderr]    Compiling sha2 v0.10.8
[INFO] [stderr]    Compiling chirpstack_api v4.5.1
[INFO] [stderr]    Compiling async-signal v0.2.4
[INFO] [stderr]    Compiling async-stream v0.3.5
[INFO] [stderr]    Compiling blocking v1.4.1
[INFO] [stderr]    Compiling futures v0.3.28
[INFO] [stderr]    Compiling hyper-timeout v0.4.1
[INFO] [stderr]    Compiling pest_meta v2.7.4
[INFO] [stderr]    Compiling serde_with_macros v1.5.2
[INFO] [stderr]    Compiling async-executor v1.5.4
[INFO] [stderr]    Compiling pbjson v0.6.0
[INFO] [stderr]    Compiling toml_datetime v0.6.3
[INFO] [stderr]    Compiling serde_path_to_error v0.1.14
[INFO] [stderr]    Compiling serde_spanned v0.6.3
[INFO] [stderr]    Compiling tokio-stream v0.1.14
[INFO] [stderr]    Compiling event-listener v3.0.0
[INFO] [stderr]    Compiling ordered-float v2.10.1
[INFO] [stderr]    Compiling aho-corasick v1.1.2
[INFO] [stderr]    Compiling snap v1.1.0
[INFO] [stderr]    Compiling adler v1.0.2
[INFO] [stderr]    Compiling anstyle v1.0.4
[INFO] [stderr]    Compiling overload v0.1.1
[INFO] [stderr]    Compiling anstyle-query v1.0.0
[INFO] [stderr]    Compiling colorchoice v1.0.0
[INFO] [stderr]    Compiling winnow v0.5.16
[INFO] [stderr]    Compiling anstream v0.6.4
[INFO] [stderr]    Compiling nu-ansi-term v0.46.0
[INFO] [stderr]    Compiling miniz_oxide v0.7.1
[INFO] [stderr]    Compiling serde-value v0.7.0
[INFO] [stderr]    Compiling tonic v0.10.2
[INFO] [stderr]    Compiling toml_edit v0.19.15
[INFO] [stderr]    Compiling async-process v1.8.1
[INFO] [stderr]    Compiling oauth2 v4.4.2
[INFO] [stderr]    Compiling pest_generator v2.7.4
[INFO] [stderr]    Compiling async-global-executor v2.3.1
[INFO] [stderr]    Compiling serde_with v1.14.0
[INFO] [stderr]    Compiling pulsar v6.0.1
[INFO] [stderr]    Compiling sharded-slab v0.1.7
[INFO] [stderr]    Compiling tracing-log v0.1.3
[INFO] [stderr]    Compiling rustls-native-certs v0.6.3
[INFO] [stderr]    Compiling tracing-serde v0.1.3
[INFO] [stderr]    Compiling serde_plain v1.0.2
[INFO] [stderr]    Compiling combine v4.6.6
[INFO] [stderr]    Compiling async-attributes v1.1.2
[INFO] [stderr]    Compiling kv-log-macro v1.0.7
[INFO] [stderr]    Compiling thread_local v1.1.7
[INFO] [stderr]    Compiling clap_lex v0.5.1
[INFO] [stderr]    Compiling smallvec v1.11.1
[INFO] [stderr]    Compiling crc-catalog v2.2.0
[INFO] [stderr]    Compiling subtle v2.5.0
[INFO] [stderr]    Compiling minimal-lexical v0.2.1
[INFO] [stderr]    Compiling hex v0.4.3
[INFO] [stderr]    Compiling sha1_smol v1.0.0
[INFO] [stderr]    Compiling nom v7.1.3
[INFO] [stderr]    Compiling openidconnect v2.5.1
[INFO] [stderr]    Compiling crc v3.0.1
[INFO] [stderr]    Compiling tracing-subscriber v0.3.17
[INFO] [stderr]    Compiling clap_builder v4.4.6
[INFO] [stderr]    Compiling async-std v1.12.0
[INFO] [stderr]    Compiling redis v0.23.3
[INFO] [stdout] error[E0277]: the trait bound `!: FromRedisValue` is not satisfied
[INFO] [stdout]     --> /opt/rustwide/cargo-home/registry/src/index.crates.io-1949cf8c6b5b557f/redis-0.23.3/src/cluster_async/mod.rs:1172:32
[INFO] [stdout]      |
[INFO] [stdout] 1172 |         crate::cmd("READONLY").query_async(&mut conn).await?;
[INFO] [stdout]      |                                ^^^^^^^^^^^ the trait `FromRedisValue` is not implemented for `!`
[INFO] [stdout]      |
[INFO] [stdout]      = help: the following other types implement trait `FromRedisValue`:
[INFO] [stdout]                ()
[INFO] [stdout]                (T12,)
[INFO] [stdout]                (T11, T12)
[INFO] [stdout]                (T10, T11, T12)
[INFO] [stdout]                (T9, T10, T11, T12)
[INFO] [stdout]                (T8, T9, T10, T11, T12)
[INFO] [stdout]                (T7, T8, T9, T10, T11, T12)
[INFO] [stdout]                (T6, T7, T8, T9, T10, T11, T12)
[INFO] [stdout]              and 42 others
[INFO] [stdout]      = note: this error might have been caused by changes to Rust's type-inference algorithm (see issue #148922 <https://github.com/rust-lang/rust/issues/148922> for more information)
[INFO] [stdout]      = help: you might have intended to use the type `()` here instead
[INFO] [stdout] note: required by a bound in `Cmd::query_async`
[INFO] [stdout]     --> /opt/rustwide/cargo-home/registry/src/index.crates.io-1949cf8c6b5b557f/redis-0.23.3/src/cmd.rs:429:36
[INFO] [stdout]      |
[INFO] [stdout]  320 | impl Cmd {
[INFO] [stdout] ...
[INFO] [stdout]  429 |     pub async fn query_async<C, T: FromRedisValue>(&self, con: &mut C) -> RedisResult<T>
[INFO] [stdout]      |                                    ^^^^^^^^^^^^^^ required by this bound in `Cmd::query_async`
[INFO] [stdout] 
[INFO] [stdout] 
[INFO] [stdout] error[E0277]: the trait bound `!: FromRedisValue` is not satisfied
[INFO] [stdout]    --> /opt/rustwide/cargo-home/registry/src/index.crates.io-1949cf8c6b5b557f/redis-0.23.3/src/script.rs:176:37
[INFO] [stdout]     |
[INFO] [stdout] 176 |                     self.load_cmd().query_async(con).await?;
[INFO] [stdout]     |                                     ^^^^^^^^^^^ the trait `FromRedisValue` is not implemented for `!`
[INFO] [stdout]     |
[INFO] [stdout]     = help: the following other types implement trait `FromRedisValue`:
[INFO] [stdout]               ()
[INFO] [stdout]               (T12,)
[INFO] [stdout]               (T11, T12)
[INFO] [stdout]               (T10, T11, T12)
[INFO] [stdout]               (T9, T10, T11, T12)
[INFO] [stdout]               (T8, T9, T10, T11, T12)
[INFO] [stdout]               (T7, T8, T9, T10, T11, T12)
[INFO] [stdout]               (T6, T7, T8, T9, T10, T11, T12)
[INFO] [stdout]             and 42 others
[INFO] [stdout]     = note: this error might have been caused by changes to Rust's type-inference algorithm (see issue #148922 <https://github.com/rust-lang/rust/issues/148922> for more information)
[INFO] [stdout]     = help: you might have intended to use the type `()` here instead
[INFO] [stdout] note: required by a bound in `Cmd::query_async`
[INFO] [stdout]    --> /opt/rustwide/cargo-home/registry/src/index.crates.io-1949cf8c6b5b557f/redis-0.23.3/src/cmd.rs:429:36
[INFO] [stdout]     |
[INFO] [stdout] 320 | impl Cmd {
[INFO] [stdout] ...
[INFO] [stdout] 429 |     pub async fn query_async<C, T: FromRedisValue>(&self, con: &mut C) -> RedisResult<T>
[INFO] [stdout]     |                                    ^^^^^^^^^^^^^^ required by this bound in `Cmd::query_async`
[INFO] [stdout] 
[INFO] [stdout] 
[INFO] [stdout] error[E0277]: the trait bound `!: FromRedisValue` is not satisfied
[INFO] [stdout]    --> /opt/rustwide/cargo-home/registry/src/index.crates.io-1949cf8c6b5b557f/redis-0.23.3/src/cluster.rs:357:29
[INFO] [stdout]     |
[INFO] [stdout] 357 |             cmd("READONLY").query(&mut conn)?;
[INFO] [stdout]     |                             ^^^^^ the trait `FromRedisValue` is not implemented for `!`
[INFO] [stdout]     |
[INFO] [stdout]     = help: the following other types implement trait `FromRedisValue`:
[INFO] [stdout]               ()
[INFO] [stdout]               (T12,)
[INFO] [stdout]               (T11, T12)
[INFO] [stdout]               (T10, T11, T12)
[INFO] [stdout]               (T9, T10, T11, T12)
[INFO] [stdout]               (T8, T9, T10, T11, T12)
[INFO] [stdout]               (T7, T8, T9, T10, T11, T12)
[INFO] [stdout]               (T6, T7, T8, T9, T10, T11, T12)
[INFO] [stdout]             and 42 others
[INFO] [stdout]     = note: this error might have been caused by changes to Rust's type-inference algorithm (see issue #148922 <https://github.com/rust-lang/rust/issues/148922> for more information)
[INFO] [stdout]     = help: you might have intended to use the type `()` here instead
[INFO] [stdout] note: required by a bound in `Cmd::query`
[INFO] [stdout]    --> /opt/rustwide/cargo-home/registry/src/index.crates.io-1949cf8c6b5b557f/redis-0.23.3/src/cmd.rs:419:21
[INFO] [stdout]     |
[INFO] [stdout] 320 | impl Cmd {
[INFO] [stdout] ...
[INFO] [stdout] 419 |     pub fn query<T: FromRedisValue>(&self, con: &mut dyn ConnectionLike) -> RedisResult<T> {
[INFO] [stdout]     |                     ^^^^^^^^^^^^^^ required by this bound in `Cmd::query`
[INFO] [stdout] 
[INFO] [stdout] 
[INFO] [stdout] error[E0277]: the trait bound `!: FromRedisValue` is not satisfied
[INFO] [stdout]    --> /opt/rustwide/cargo-home/registry/src/index.crates.io-1949cf8c6b5b557f/redis-0.23.3/src/script.rs:150:37
[INFO] [stdout]     |
[INFO] [stdout] 150 |                     self.load_cmd().query(con)?;
[INFO] [stdout]     |                                     ^^^^^ the trait `FromRedisValue` is not implemented for `!`
[INFO] [stdout]     |
[INFO] [stdout]     = help: the following other types implement trait `FromRedisValue`:
[INFO] [stdout]               ()
[INFO] [stdout]               (T12,)
[INFO] [stdout]               (T11, T12)
[INFO] [stdout]               (T10, T11, T12)
[INFO] [stdout]               (T9, T10, T11, T12)
[INFO] [stdout]               (T8, T9, T10, T11, T12)
[INFO] [stdout]               (T7, T8, T9, T10, T11, T12)
[INFO] [stdout]               (T6, T7, T8, T9, T10, T11, T12)
[INFO] [stdout]             and 42 others
[INFO] [stdout]     = note: this error might have been caused by changes to Rust's type-inference algorithm (see issue #148922 <https://github.com/rust-lang/rust/issues/148922> for more information)
[INFO] [stdout]     = help: you might have intended to use the type `()` here instead
[INFO] [stdout] note: required by a bound in `Cmd::query`
[INFO] [stdout]    --> /opt/rustwide/cargo-home/registry/src/index.crates.io-1949cf8c6b5b557f/redis-0.23.3/src/cmd.rs:419:21
[INFO] [stdout]     |
[INFO] [stdout] 320 | impl Cmd {
[INFO] [stdout] ...
[INFO] [stdout] 419 |     pub fn query<T: FromRedisValue>(&self, con: &mut dyn ConnectionLike) -> RedisResult<T> {
[INFO] [stdout]     |                     ^^^^^^^^^^^^^^ required by this bound in `Cmd::query`
[INFO] [stdout] 
[INFO] [stdout] 
[INFO] [stderr]    Compiling flate2 v1.0.28
[INFO] [stderr]    Compiling pest_derive v2.7.4
[INFO] [stderr]    Compiling toml v0.7.8
[INFO] [stdout] For more information about this error, try `rustc --explain E0277`.
[INFO] [stdout] 
[INFO] [stderr]    Compiling tokio-native-tls v0.3.1
[INFO] [stderr] error: could not compile `redis` (lib) due to 4 previous errors; 1 warning emitted
[INFO] [stderr] warning: build failed, waiting for other jobs to finish...
[INFO] running `Command { std: "docker" "inspect" "02ae8435be56514c294b5b06bb8bcffdaa55acc5149827a1e616483c25b7e557", kill_on_drop: false }`
[INFO] running `Command { std: "docker" "rm" "-f" "02ae8435be56514c294b5b06bb8bcffdaa55acc5149827a1e616483c25b7e557", kill_on_drop: false }`
[INFO] [stdout] 02ae8435be56514c294b5b06bb8bcffdaa55acc5149827a1e616483c25b7e557
