[INFO] cloning repository https://github.com/chen97/mcp-gatehound
[INFO] running `Command { std: "git" "-c" "credential.helper=" "-c" "credential.helper=/workspace/cargo-home/bin/git-credential-null" "clone" "--bare" "https://github.com/chen97/mcp-gatehound" "/workspace/cache/git-repos/https%3A%2F%2Fgithub.com%2Fchen97%2Fmcp-gatehound", kill_on_drop: false }`
[INFO] [stderr] Cloning into bare repository '/workspace/cache/git-repos/https%3A%2F%2Fgithub.com%2Fchen97%2Fmcp-gatehound'...
[INFO] running `Command { std: "git" "rev-parse" "HEAD", kill_on_drop: false }`
[INFO] [stdout] 3faf64e684085c772c2d25ce82b2bc2e1017a86a
[INFO] testing chen97/mcp-gatehound against 1.100.0-beta.1+cargoflags=--release for beta-release-1.100-2
[INFO] running `Command { std: "git" "clone" "/workspace/cache/git-repos/https%3A%2F%2Fgithub.com%2Fchen97%2Fmcp-gatehound" "/workspace/builds/worker-1-tc2/source", kill_on_drop: false }`
[INFO] [stderr] Cloning into '/workspace/builds/worker-1-tc2/source'...
[INFO] [stderr] done.
[INFO] started tweaking git repo https://github.com/chen97/mcp-gatehound
[INFO] finished tweaking git repo https://github.com/chen97/mcp-gatehound
[INFO] tweaked toml for git repo https://github.com/chen97/mcp-gatehound written to /workspace/builds/worker-1-tc2/source/Cargo.toml
[INFO] validating manifest of git repo https://github.com/chen97/mcp-gatehound on toolchain 1.100.0-beta.1
[INFO] running `Command { std: CARGO_HOME="/workspace/cargo-home" RUSTUP_HOME="/workspace/rustup-home" "/workspace/cargo-home/bin/cargo" "+1.100.0-beta.1" "metadata" "--manifest-path" "Cargo.toml" "--no-deps", kill_on_drop: false }`
[INFO] crate git repo https://github.com/chen97/mcp-gatehound already has a lockfile, it will not be regenerated
[INFO] running `Command { std: CARGO_HOME="/workspace/cargo-home" RUSTUP_HOME="/workspace/rustup-home" "/workspace/cargo-home/bin/cargo" "+1.100.0-beta.1" "fetch" "--manifest-path" "Cargo.toml", kill_on_drop: false }`
[INFO] running `Command { std: "docker" "create" "-v" "/var/lib/crater-agent-workspace/builds/worker-1-tc2/source:/opt/rustwide/workdir:ro,Z" "-v" "/var/lib/crater-agent-workspace/builds/worker-1-tc2/target:/opt/rustwide/target:rw,Z" "-v" "/var/lib/crater-agent-workspace/cargo-home:/opt/rustwide/cargo-home:ro,Z" "-v" "/var/lib/crater-agent-workspace/rustup-home:/opt/rustwide/rustup-home:ro,Z" "-m" "1610612736" "--network" "none" "ghcr.io/rust-lang/crates-build-env/linux@sha256:77db811e55d90add9212f6832c23229e3de5f1c1f9905e8cb07319ea15df73ac" "sleep" "infinity", kill_on_drop: false }`
[INFO] [stdout] 51b04b96db6cb30c60076f8fd13edbb33d914470a5974f6bc916e0796b6c51c4
[INFO] running `Command { std: "docker" "start" "51b04b96db6cb30c60076f8fd13edbb33d914470a5974f6bc916e0796b6c51c4", kill_on_drop: false }`
[INFO] running `Command { std: "docker" "inspect" "51b04b96db6cb30c60076f8fd13edbb33d914470a5974f6bc916e0796b6c51c4", kill_on_drop: false }`
[INFO] running `Command { std: "docker" "exec" "-e" "SOURCE_DIR=/opt/rustwide/workdir" "-e" "CARGO_HOME=/opt/rustwide/cargo-home" "-e" "RUSTUP_HOME=/opt/rustwide/rustup-home" "-e" "CARGO_TARGET_DIR=/opt/rustwide/target" "-w" "/opt/rustwide/workdir" "--user" "0:0" "51b04b96db6cb30c60076f8fd13edbb33d914470a5974f6bc916e0796b6c51c4" "/opt/rustwide/cargo-home/bin/cargo" "+1.100.0-beta.1" "metadata" "--no-deps" "--format-version=1", kill_on_drop: false }`
[INFO] running `Command { std: "docker" "inspect" "51b04b96db6cb30c60076f8fd13edbb33d914470a5974f6bc916e0796b6c51c4", kill_on_drop: false }`
[INFO] running `Command { std: "docker" "exec" "-e" "SOURCE_DIR=/opt/rustwide/workdir" "-e" "CARGO_HOME=/opt/rustwide/cargo-home" "-e" "RUSTUP_HOME=/opt/rustwide/rustup-home" "-e" "CARGO_TARGET_DIR=/opt/rustwide/target" "-e" "CARGO_INCREMENTAL=0" "-e" "RUST_BACKTRACE=full" "-e" "RUSTFLAGS=--cap-lints=warn" "-e" "RUSTDOCFLAGS=--cap-lints=warn" "-w" "/opt/rustwide/workdir" "--user" "0:0" "51b04b96db6cb30c60076f8fd13edbb33d914470a5974f6bc916e0796b6c51c4" "/opt/rustwide/cargo-home/bin/cargo" "+1.100.0-beta.1" "build" "--frozen" "--message-format=json" "--release", kill_on_drop: false }`
[INFO] [stderr]    Compiling proc-macro2 v1.0.107
[INFO] [stderr]    Compiling quote v1.0.47
[INFO] [stderr]    Compiling unicode-ident v1.0.24
[INFO] [stderr]    Compiling libc v0.2.189
[INFO] [stderr]    Compiling cfg-if v1.0.4
[INFO] [stderr]    Compiling once_cell v1.21.4
[INFO] [stderr]    Compiling find-msvc-tools v0.1.11
[INFO] [stderr]    Compiling shlex v2.0.1
[INFO] [stderr]    Compiling stable_deref_trait v1.2.1
[INFO] [stderr]    Compiling pin-project-lite v0.2.17
[INFO] [stderr]    Compiling bytes v1.12.1
[INFO] [stderr]    Compiling itoa v1.0.18
[INFO] [stderr]    Compiling serde_core v1.0.229
[INFO] [stderr]    Compiling version_check v0.9.5
[INFO] [stderr]    Compiling futures-core v0.3.34
[INFO] [stderr]    Compiling smallvec v1.15.2
[INFO] [stderr]    Compiling serde v1.0.229
[INFO] [stderr]    Compiling log v0.4.33
[INFO] [stderr]    Compiling litemap v0.8.3
[INFO] [stderr]    Compiling writeable v0.6.4
[INFO] [stderr]    Compiling icu_normalizer_data v2.3.0
[INFO] [stderr]    Compiling futures-task v0.3.34
[INFO] [stderr]    Compiling tracing-core v0.1.36
[INFO] [stderr]    Compiling slab v0.4.12
[INFO] [stderr]    Compiling utf8_iter v1.0.4
[INFO] [stderr]    Compiling icu_properties_data v2.3.0
[INFO] [stderr]    Compiling percent-encoding v2.3.2
[INFO] [stderr]    Compiling autocfg v1.5.1
[INFO] [stderr]    Compiling cc v1.4.4
[INFO] [stderr]    Compiling tower-service v0.3.3
[INFO] [stderr]    Compiling zeroize v1.9.0
[INFO] [stderr]    Compiling httparse v1.10.1
[INFO] [stderr]    Compiling untrusted v0.9.0
[INFO] [stderr]    Compiling generic-array v0.14.7
[INFO] [stderr]    Compiling futures-util v0.3.34
[INFO] [stderr]    Compiling try-lock v0.2.5
[INFO] [stderr]    Compiling base64 v0.22.1
[INFO] [stderr]    Compiling zmij v1.0.23
[INFO] [stderr]    Compiling zerocopy v0.8.56
[INFO] [stderr]    Compiling want v0.3.1
[INFO] [stderr]    Compiling ahash v0.8.12
[INFO] [stderr]    Compiling rustls-pki-types v1.15.1
[INFO] [stderr]    Compiling form_urlencoded v1.2.2
[INFO] [stderr]    Compiling sync_wrapper v1.0.2
[INFO] [stderr]    Compiling futures-channel v0.3.34
[INFO] [stderr]    Compiling typenum v1.20.1
[INFO] [stderr]    Compiling rustls v0.23.43
[INFO] [stderr]    Compiling num-traits v0.2.19
[INFO] [stderr]    Compiling serde_json v1.0.151
[INFO] [stderr]    Compiling tower-layer v0.3.3
[INFO] [stderr]    Compiling atomic-waker v1.1.2
[INFO] [stderr]    Compiling http v1.5.0
[INFO] [stderr]    Compiling httpdate v1.0.3
[INFO] [stderr]    Compiling ipnet v2.12.1
[INFO] [stderr]    Compiling memchr v2.8.3
[INFO] [stderr]    Compiling thiserror v2.0.20
[INFO] [stderr]    Compiling time-core v0.1.9
[INFO] [stderr]    Compiling syn v3.0.3
[INFO] [stderr]    Compiling syn v2.0.119
[INFO] [stderr]    Compiling num-conv v0.2.2
[INFO] [stderr]    Compiling rustversion v1.0.23
[INFO] [stderr]    Compiling vcpkg v0.2.15
[INFO] [stderr]    Compiling subtle v2.6.1
[INFO] [stderr]    Compiling pkg-config v0.3.34
[INFO] [stderr]    Compiling time-macros v0.2.32
[INFO] [stderr]    Compiling equivalent v1.0.2
[INFO] [stderr]    Compiling ryu v1.0.23
[INFO] [stderr]    Compiling errno v0.3.14
[INFO] [stderr]    Compiling socket2 v0.6.5
[INFO] [stderr]    Compiling mio v1.2.2
[INFO] [stderr]    Compiling getrandom v0.2.17
[INFO] [stderr]    Compiling signal-hook-registry v1.4.8
[INFO] [stderr]    Compiling num-integer v0.1.47
[INFO] [stderr]    Compiling http-body v1.1.0
[INFO] [stderr]    Compiling hashbrown v0.17.1
[INFO] [stderr]    Compiling getrandom v0.4.3
[INFO] [stderr]    Compiling bitflags v2.13.1
[INFO] [stderr]    Compiling http-body-util v0.1.5
[INFO] [stderr]    Compiling powerfmt v0.2.0
[INFO] [stderr]    Compiling deranged v0.5.8
[INFO] [stderr]    Compiling num-bigint v0.4.8
[INFO] [stderr]    Compiling webpki-roots v1.0.9
[INFO] [stderr]    Compiling ring v0.17.14
[INFO] [stderr]    Compiling libsqlite3-sys v0.30.1
[INFO] [stderr]    Compiling winnow v0.5.40
[INFO] [stderr]    Compiling mime v0.3.17
[INFO] [stderr]    Compiling regex-syntax v0.8.11
[INFO] [stderr]    Compiling anyhow v1.0.104
[INFO] [stderr]    Compiling pem v3.0.6
[INFO] [stderr]    Compiling futures-sink v0.3.34
[INFO] [stderr]    Compiling fallible-iterator v0.3.0
[INFO] [stderr]    Compiling iana-time-zone v0.1.65
[INFO] [stderr]    Compiling block-buffer v0.10.4
[INFO] [stderr]    Compiling crypto-common v0.1.7
[INFO] [stderr]    Compiling fallible-streaming-iterator v0.1.9
[INFO] [stderr]    Compiling digest v0.10.7
[INFO] [stderr]    Compiling indexmap v2.14.0
[INFO] [stderr]    Compiling matchit v0.7.3
[INFO] [stderr]    Compiling cpufeatures v0.2.17
[INFO] [stderr]    Compiling lazy_static v1.5.0
[INFO] [stderr]    Compiling sharded-slab v0.1.7
[INFO] [stderr]    Compiling sha2 v0.10.9
[INFO] [stderr]    Compiling uuid v1.24.1
[INFO] [stderr]    Compiling serde_path_to_error v0.1.20
[INFO] [stderr]    Compiling tracing-log v0.2.0
[INFO] [stderr]    Compiling thread_local v1.1.10
[INFO] [stderr]    Compiling time v0.3.55
[INFO] [stderr]    Compiling nu-ansi-term v0.50.3
[INFO] [stderr]    Compiling dotenvy v0.15.7
[INFO] [stderr]    Compiling regex-automata v0.4.18
[INFO] [stderr]    Compiling hashbrown v0.14.5
[INFO] [stderr]    Compiling zerovec-derive v0.11.6
[INFO] [stderr]    Compiling displaydoc v0.2.7
[INFO] [stderr]    Compiling serde_derive v1.0.229
[INFO] [stderr]    Compiling tokio-macros v2.7.2
[INFO] [stderr]    Compiling thiserror-impl v2.0.20
[INFO] [stderr]    Compiling async-trait v0.1.92
[INFO] [stderr]    Compiling synstructure v0.13.2
[INFO] [stderr]    Compiling tokio v1.53.1
[INFO] [stderr]    Compiling hashlink v0.9.1
[INFO] [stderr]    Compiling tracing-attributes v0.1.31
[INFO] [stderr]    Compiling axum-macros v0.4.2
[INFO] [stderr]    Compiling zerofrom-derive v0.1.7
[INFO] [stderr]    Compiling yoke-derive v0.8.2
[INFO] [stderr]    Compiling simple_asn1 v0.6.4
[INFO] [stderr]    Compiling tracing v0.1.44
[INFO] [stderr]    Compiling matchers v0.2.0
[INFO] [stderr]    Compiling axum-core v0.4.5
[INFO] [stderr]    Compiling zerofrom v0.1.8
[INFO] [stderr]    Compiling yoke v0.8.3
[INFO] [stderr]    Compiling tracing-subscriber v0.3.23
[INFO] [stderr]    Compiling zerovec v0.11.8
[INFO] [stderr]    Compiling zerotrie v0.2.5
[INFO] [stderr]    Compiling tinystr v0.8.4
[INFO] [stderr]    Compiling potential_utf v0.1.6
[INFO] [stderr]    Compiling serde_spanned v0.6.9
[INFO] [stderr]    Compiling serde_urlencoded v0.7.1
[INFO] [stderr]    Compiling toml_datetime v0.6.3
[INFO] [stderr]    Compiling chrono v0.4.45
[INFO] [stderr]    Compiling icu_collections v2.3.0
[INFO] [stderr]    Compiling toml_edit v0.20.2
[INFO] [stderr]    Compiling icu_locale_core v2.3.0
[INFO] [stderr]    Compiling icu_provider v2.3.1
[INFO] [stderr]    Compiling icu_normalizer v2.3.0
[INFO] [stderr]    Compiling icu_properties v2.3.0
[INFO] [stderr]    Compiling rustls-webpki v0.103.15
[INFO] [stderr]    Compiling jsonwebtoken v9.3.1
[INFO] [stderr]    Compiling toml v0.8.2
[INFO] [stderr]    Compiling idna_adapter v1.2.2
[INFO] [stderr]    Compiling idna v1.1.0
[INFO] [stderr]    Compiling hyper v1.11.0
[INFO] [stderr]    Compiling tower v0.5.3
[INFO] [stderr]    Compiling tokio-util v0.7.19
[INFO] [stderr]    Compiling url v2.5.8
[INFO] [stderr]    Compiling tower-http v0.6.11
[INFO] [stderr]    Compiling hyper-util v0.1.20
[INFO] [stderr]    Compiling axum v0.7.9
[INFO] [stderr]    Compiling tokio-rustls v0.26.4
[INFO] [stderr]    Compiling hyper-rustls v0.27.9
[INFO] [stderr]    Compiling reqwest v0.12.28
[INFO] [stderr]    Compiling rusqlite v0.32.1
[INFO] [stderr]    Compiling gatehound-core v0.1.0 (/opt/rustwide/workdir/crates/gatehound-core)
[INFO] [stderr]    Compiling gatehound-headless v0.1.0 (/opt/rustwide/workdir/crates/gatehound-headless)
[INFO] [stderr]     Finished `release` profile [optimized] target(s) in 3m 26s
[INFO] running `Command { std: "docker" "inspect" "51b04b96db6cb30c60076f8fd13edbb33d914470a5974f6bc916e0796b6c51c4", kill_on_drop: false }`
[INFO] running `Command { std: "docker" "exec" "-e" "SOURCE_DIR=/opt/rustwide/workdir" "-e" "CARGO_HOME=/opt/rustwide/cargo-home" "-e" "RUSTUP_HOME=/opt/rustwide/rustup-home" "-e" "CARGO_TARGET_DIR=/opt/rustwide/target" "-e" "CARGO_INCREMENTAL=0" "-e" "RUST_BACKTRACE=full" "-e" "RUSTFLAGS=--cap-lints=warn" "-e" "RUSTDOCFLAGS=--cap-lints=warn" "-w" "/opt/rustwide/workdir" "--user" "0:0" "51b04b96db6cb30c60076f8fd13edbb33d914470a5974f6bc916e0796b6c51c4" "/opt/rustwide/cargo-home/bin/cargo" "+1.100.0-beta.1" "test" "--frozen" "--no-run" "--message-format=json" "--release", kill_on_drop: false }`
[INFO] [stderr]    Compiling gatehound-core v0.1.0 (/opt/rustwide/workdir/crates/gatehound-core)
[INFO] [stderr]    Compiling gatehound-headless v0.1.0 (/opt/rustwide/workdir/crates/gatehound-headless)
[INFO] [stderr]     Finished `release` profile [optimized] target(s) in 2m 27s
[INFO] running `Command { std: "docker" "inspect" "51b04b96db6cb30c60076f8fd13edbb33d914470a5974f6bc916e0796b6c51c4", kill_on_drop: false }`
[INFO] running `Command { std: "docker" "exec" "-e" "SOURCE_DIR=/opt/rustwide/workdir" "-e" "CARGO_HOME=/opt/rustwide/cargo-home" "-e" "RUSTUP_HOME=/opt/rustwide/rustup-home" "-e" "CARGO_TARGET_DIR=/opt/rustwide/target" "-e" "CARGO_INCREMENTAL=0" "-e" "RUST_BACKTRACE=full" "-e" "RUSTFLAGS=--cap-lints=warn" "-e" "RUSTDOCFLAGS=--cap-lints=warn" "-w" "/opt/rustwide/workdir" "--user" "0:0" "51b04b96db6cb30c60076f8fd13edbb33d914470a5974f6bc916e0796b6c51c4" "/opt/rustwide/cargo-home/bin/cargo" "+1.100.0-beta.1" "test" "--frozen" "--release", kill_on_drop: false }`
[INFO] [stderr]     Finished `release` profile [optimized] target(s) in 0.44s
[INFO] [stderr]      Running unittests src/lib.rs (/opt/rustwide/target/release/build/gatehound-core/da9e1a0dce4edf63/out/gatehound_core-da9e1a0dce4edf63)
[INFO] [stdout] 
[INFO] [stdout] running 247 tests
[INFO] [stdout] test actions::exec::tests::a_shebang_names_its_interpreter ... ok
[INFO] [stdout] test actions::exec::tests::a_command_that_finishes_in_time_never_runs_its_fallback ... FAILED
[INFO] [stdout] test actions::exec::tests::a_failing_command_reports_its_stderr ... FAILED
[INFO] [stdout] test actions::exec::tests::content_reaches_the_child_on_stdin ... FAILED
[INFO] [stdout] test actions::exec::tests::a_queued_call_gets_the_fallback_without_waiting_for_the_slot ... FAILED
[INFO] [stdout] test actions::exec::tests::a_missing_binary_is_an_error_not_a_panic ... FAILED
[INFO] [stdout] test actions::exec::tests::a_hanging_command_is_killed_at_the_timeout ... FAILED
[INFO] [stdout] test actions::exec::tests::a_script_finds_the_interpreter_installed_beside_it ... FAILED
[INFO] [stdout] test actions::exec::tests::a_call_queued_behind_a_slow_one_gives_up_at_the_deadline ... FAILED
[INFO] [stdout] test actions::exec::tests::concurrency_is_capped_by_the_semaphore ... FAILED
[INFO] [stdout] test actions::exec::tests::caller_input_stays_a_single_argv_element ... FAILED
[INFO] [stdout] test actions::exec::tests::an_absent_required_argument_is_refused_by_name ... FAILED
[INFO] [stdout] test actions::exec::tests::a_flood_on_stderr_does_not_stall_the_child_either ... FAILED
[INFO] [stdout] test actions::exec::tests::a_value_cannot_turn_an_operand_into_an_option ... FAILED
[INFO] [stdout] test actions::exec::tests::an_argument_the_template_already_places_is_not_appended_again ... FAILED
[INFO] [stdout] test actions::exec::tests::oversized_and_nul_bearing_arguments_are_refused ... FAILED
[INFO] [stdout] test actions::exec::tests::an_absent_optional_argument_drops_its_flag_too ... FAILED
[INFO] [stdout] test actions::exec::tests::renders_declared_placeholders_only ... ok
[INFO] [stdout] test actions::exec::tests::placeholders_ignores_a_doubled_brace ... ok
[INFO] [stdout] test actions::exec::tests::a_slow_command_is_answered_by_its_fallback_and_labelled ... FAILED
[INFO] [stdout] test actions::exec::tests::the_gateways_own_credentials_are_not_inherited ... FAILED
[INFO] [stdout] test actions::exec::tests::doubled_braces_render_literally ... ok
[INFO] [stdout] test actions::exec::tests::output_far_over_the_cap_is_truncated_without_waiting_out_the_timeout ... FAILED
[INFO] [stdout] test actions::exec::tests::output_over_the_cap_is_truncated ... FAILED
[INFO] [stdout] test actions::proxy::tests::an_uncommitted_attempt_does_not_consume_budget ... ok
[INFO] [stdout] test actions::exec::tests::the_call_deadline_stops_a_command_before_its_own_timeout ... FAILED
[INFO] [stdout] test actions::exec::tests::a_missing_interpreter_is_named_with_the_path_searched ... FAILED
[INFO] [stdout] test actions::exec::tests::an_argument_placed_on_stdin_is_not_appended_to_argv ... FAILED
[INFO] [stdout] test actions::exec::tests::the_commands_own_folder_goes_first_on_the_childs_path ... ok
[INFO] [stdout] test actions::exec::tests::the_preview_matches_what_is_actually_spawned ... FAILED
[INFO] [stdout] test actions::exec::tests::stopping_a_command_stops_what_it_started ... FAILED
[INFO] [stdout] test actions::proxy::tests::text_hash_is_stable_and_distinguishes_messages ... ok
[INFO] [stdout] test actions::exec::tests::runs_a_command_and_returns_stdout ... FAILED
[INFO] [stdout] test actions::proxy::tests::the_hourly_cap_is_refused_not_queued ... ok
[INFO] [stdout] test actions::exec::tests::declared_arguments_become_flags_without_anyone_writing_a_template ... FAILED
[INFO] [stdout] test actions::tests::a_failed_action_does_not_burn_the_idempotency_key ... FAILED
[INFO] [stdout] test actions::proxy::tests::a_repeated_key_returns_the_first_result_instead_of_sending_again ... ok
[INFO] [stdout] test actions::tests::rate_limited_tools_refuse_once_the_cap_is_spent ... FAILED
[INFO] [stdout] test actions::tests::an_idempotent_tool_needs_a_key ... FAILED
[INFO] [stdout] test actions::tests::exec_actions_fill_only_declared_placeholders ... FAILED
[INFO] [stdout] test actions::tests::structured_arguments_are_refused_for_exec_actions ... FAILED
[INFO] [stdout] test actions::tests::one_key_reused_for_different_arguments_is_refused_for_any_tool ... FAILED
[INFO] [stdout] test actions::tests::a_repeated_idempotency_key_does_not_act_twice ... FAILED
[INFO] [stdout] test actions::tests::one_key_used_by_two_different_tools_is_refused ... FAILED
[INFO] [stdout] test actions::tests::a_replay_returns_the_recorded_body_not_a_message_shaped_stub ... FAILED
[INFO] [stdout] test actions::tests::a_script_that_answers_in_json_is_not_re_encoded_as_a_string ... ok
[INFO] [stdout] test actions::proxy::tests::reusing_a_key_for_different_text_is_refused ... ok
[INFO] [stdout] test actions::tests::a_proxy_action_to_an_unreachable_upstream_is_an_error_not_a_panic ... ok
[INFO] [stdout] test actions::proxy::tests::a_completed_action_with_no_message_id_is_still_a_duplicate ... ok
[INFO] [stdout] test actions::proxy::tests::an_in_flight_key_is_refused ... ok
[INFO] [stdout] test approval::tests::answering_a_card_whose_caller_is_gone_clears_it ... ok
[INFO] [stdout] test approval::tests::timeout_is_clamped_below_the_cloudflare_edge_limit ... ok
[INFO] [stdout] test actions::proxy::tests::a_dropped_claim_frees_the_key_for_a_retry ... ok
[INFO] [stdout] test approval::tests::resolving_an_unknown_id_is_an_error ... ok
[INFO] [stdout] test approval::tests::no_budget_left_times_out_without_a_card ... ok
[INFO] [stdout] test auth::tests::a_valid_access_jwt_without_the_bearer_is_rejected ... ok
[INFO] [stdout] test approval::tests::a_dropped_hold_leaves_no_orphan ... ok
[INFO] [stdout] test auth::tests::accepts_a_service_token_via_common_name ... ok
[INFO] [stdout] test auth::tests::an_identity_outside_the_allow_list_is_rejected ... ok
[INFO] [stdout] test auth::tests::an_unknown_or_tampered_token_is_refused_rather_than_falling_through ... ok
[INFO] [stdout] test auth::tests::an_issued_token_names_the_caller_even_behind_access ... ok
[INFO] [stdout] test auth::tests::an_upstream_error_cannot_break_out_of_the_header ... ok
[INFO] [stdout] test auth::tests::bearer_alone_is_not_enough_when_access_is_configured ... ok
[INFO] [stdout] test auth::tests::accepts_a_human_login_and_lowercases_the_email ... ok
[INFO] [stdout] test auth::tests::parses_cookies_and_compares_secrets ... ok
[INFO] [stdout] test approval::tests::allow_always_persists_the_rule ... ok
[INFO] [stdout] test auth::tests::the_challenge_tells_a_client_what_this_server_wants ... ok
[INFO] [stdout] test auth::tests::an_issued_token_authenticates_as_its_own_identity ... ok
[INFO] [stdout] test auth::tests::falls_back_to_sub_when_nothing_else_is_present ... ok
[INFO] [stdout] test auth::tests::without_access_configured_the_bearer_identity_is_used ... ok
[INFO] [stdout] test auth::tests::issuing_never_inherits_a_wildcard_allow_that_was_already_there ... ok
[INFO] [stdout] test approval::tests::allow_once_proceeds_without_persisting ... ok
[INFO] [stdout] test bundle::tests::the_bundle_is_a_readable_archive_holding_a_manifest_and_the_bridge ... ok
[INFO] [stdout] test bundle::tests::the_checksum_is_crc32 ... ok
[INFO] [stdout] test auth::tests::a_new_token_can_do_nothing_until_something_is_allowed ... ok
[INFO] [stdout] test bundle::tests::an_identity_that_is_not_a_name_still_makes_a_legal_bundle_name ... ok
[INFO] [stdout] test config::tests::a_command_resolves_however_this_platform_spells_it ... ok
[INFO] [stdout] test config::tests::a_configuration_the_app_writes_can_be_read_back ... ok
[INFO] [stdout] test auth::tests::a_revoked_token_stops_working_immediately ... ok
[INFO] [stdout] test config::tests::a_config_written_by_an_older_build_has_its_blank_owner_repaired ... ok
[INFO] [stdout] test config::tests::a_gateway_ships_no_opinion_about_what_it_fronts ... ok
[INFO] [stdout] test config::tests::a_declared_argument_of_the_wrong_kind_is_refused ... ok
[INFO] [stdout] test config::tests::a_placeholder_naming_no_declared_argument_is_refused ... ok
[INFO] [stdout] test approval::tests::shutdown_releases_held_calls ... ok
[INFO] [stdout] test config::tests::a_fallback_must_start_before_the_call_deadline ... ok
[INFO] [stdout] test config::tests::a_required_argument_is_checked_even_without_an_argv ... ok
[INFO] [stdout] test config::tests::a_freshly_generated_configuration_writes_and_reads_back ... ok
[INFO] [stdout] test config::tests::a_registered_script_whose_body_is_gone_stops_the_gateway_starting ... ok
[INFO] [stdout] test config::tests::a_hand_written_schema_is_left_alone ... ok
[INFO] [stdout] test config::tests::a_command_is_found_where_a_login_shell_would_have_put_it ... ok
[INFO] [stdout] test auth::tests::rejects_wrong_audience_issuer_expiry_and_garbage ... ok
[INFO] [stdout] test auth::tests::using_a_token_records_that_it_was_used ... ok
[INFO] [stdout] test config::tests::a_tool_declares_its_arguments_in_the_file_and_needs_nothing_else ... ok
[INFO] [stdout] test config::tests::a_tool_naming_an_op_the_upstream_does_not_declare_is_refused ... ok
[INFO] [stdout] test config::tests::a_tool_naming_an_unregistered_script_fails_at_check ... ok
[INFO] [stdout] test config::tests::an_argument_name_that_would_be_ambiguous_on_a_command_line_is_refused ... ok
[INFO] [stdout] test config::tests::a_tool_without_declared_arguments_keeps_its_description_exactly ... ok
[INFO] [stdout] test config::tests::an_argument_the_tool_never_declared_is_refused ... ok
[INFO] [stdout] test approval::tests::an_always_answer_on_a_hand_fired_call_writes_no_rule ... ok
[INFO] [stdout] test config::tests::an_idempotent_tool_advertises_the_key_it_will_insist_on ... ok
[INFO] [stdout] test config::tests::rejects_a_short_bearer_token_and_dangling_references ... ok
[INFO] [stdout] test config::tests::credentials_come_from_the_environment_named_by_the_upstream ... ok
[INFO] [stdout] test config::tests::parses_upstream_ops_tools_and_identities ... ok
[INFO] [stdout] test config::tests::the_configuration_file_is_written_for_its_owner_only ... ok
[INFO] [stdout] test connect::tests::a_named_variable_is_reported_so_the_operator_can_set_it ... ok
[INFO] [stdout] test config::tests::an_exec_tool_naming_a_binary_that_is_not_here_fails_at_check ... FAILED
[INFO] [stdout] test config::tests::the_description_a_client_sees_spells_out_every_argument ... ok
[INFO] [stdout] test connect::tests::the_name_comes_from_the_target_so_nobody_has_to_invent_one ... ok
[INFO] [stdout] test connect::tests::a_pack_built_here_still_carries_no_credential ... ok
[INFO] [stdout] test connect::tests::connecting_an_mcp_server_declares_its_tools_against_it ... ok
[INFO] [stdout] test config::tests::credentials_from_the_environment_are_not_written_back_to_the_file ... ok
[INFO] [stdout] test config::tests::declared_arguments_become_the_schema ... ok
[INFO] [stdout] test connect::tests::the_stored_name_matches_the_one_the_form_previews ... ok
[INFO] [stdout] test pack::tests::a_pack_carrying_a_credential_is_refused ... ok
[INFO] [stdout] test pack::tests::a_hand_written_pack_need_not_repeat_the_digest_of_a_script_it_contains ... ok
[INFO] [stdout] test pack::tests::a_command_missing_from_path_is_reported_as_a_missing_file_not_as_nothing ... ok
[INFO] [stdout] test pack::tests::a_command_that_exists_here_is_not_reported_missing ... FAILED
[INFO] [stdout] test connect::tests::local_commands_are_named_after_the_command ... ok
[INFO] [stdout] test config::tests::the_owner_identity_is_never_blank ... ok
[INFO] [stdout] test pack::tests::a_pack_naming_local_files_that_are_not_here_says_which ... ok
[INFO] [stdout] test pack::tests::a_pack_whose_script_was_edited_after_packing_does_not_load ... ok
[INFO] [stdout] test connect::tests::a_form_mistake_reads_like_one ... ok
[INFO] [stdout] test events::tests::a_service_being_down_does_not_paint_the_gateway_red ... ok
[INFO] [stdout] test pack::tests::a_packed_script_keeps_its_braces_through_a_toml_round_trip ... ok
[INFO] [stdout] test pack::tests::a_plan_reports_scripts_without_writing_any ... ok
[INFO] [stdout] test pack::tests::a_refusal_is_only_called_a_clash_when_something_actually_clashes ... ok
[INFO] [stdout] test pack::tests::a_tool_naming_a_script_the_pack_omits_is_refused ... ok
[INFO] [stdout] test pack::tests::exporting_a_script_that_is_no_longer_on_disk_fails_rather_than_shipping_a_hole ... ok
[INFO] [stdout] test config::tests::declaring_arguments_and_a_schema_at_once_is_refused ... ok
[INFO] [stdout] test pack::tests::an_accepted_script_lands_on_disk_with_its_digest_recorded ... ok
[INFO] [stdout] test pack::tests::exporting_an_inline_credential_names_a_variable_to_replace_it ... ok
[INFO] [stdout] test pack::tests::export_strips_credentials_and_reports_what_to_set ... ok
[INFO] [stdout] test pack::tests::a_script_that_spawns_processes_needs_a_second_separate_consent ... ok
[INFO] [stdout] test pack::tests::a_script_bearing_pack_is_refused_until_the_operator_opts_in ... ok
[INFO] [stdout] test pack::tests::an_exported_pack_can_be_imported_again ... ok
[INFO] [stdout] test pack::tests::a_tool_naming_an_upstream_the_pack_omits_is_refused ... ok
[INFO] [stdout] test pack::tests::missing_environment_is_reported_rather_than_enforced ... ok
[INFO] [stdout] test pack::tests::exporting_one_tool_carries_its_upstream_and_leaves_the_rest ... ok
[INFO] [stdout] test pack::tests::importing_adds_the_upstream_its_tools_and_its_seeds ... ok
[INFO] [stdout] test pack::tests::exporting_carries_the_script_source_so_the_pack_travels_intact ... ok
[INFO] [stdout] test pack::tests::planning_reports_the_same_answer_as_importing_but_changes_nothing ... ok
[INFO] [stdout] test connect::tests::a_local_command_needs_no_service_and_a_service_needs_no_command ... ok
[INFO] [stdout] test approval::tests::reject_always_persists_deny_but_plain_reject_does_not ... ok
[INFO] [stdout] test protocol::tests::a_client_that_declares_nothing_is_served_as_legacy ... ok
[INFO] [stdout] test protocol::tests::a_modern_request_missing_its_required_meta_is_invalid_params ... ok
[INFO] [stdout] test pack::tests::resolving_a_missing_command_turns_a_refusal_into_a_plan ... ok
[INFO] [stdout] test protocol::tests::an_unknown_version_lists_what_this_server_does_support ... ok
[INFO] [stdout] test protocol::tests::a_modern_request_with_all_its_metadata_is_accepted ... ok
[INFO] [stdout] test protocol::tests::initialize_always_selects_the_legacy_era ... ok
[INFO] [stdout] test protocol::tests::headers_that_disagree_with_the_body_are_refused ... ok
[INFO] [stdout] test protocol::tests::a_base64_encoded_tool_name_is_decoded_before_comparison ... ok
[INFO] [stdout] test protocol::tests::a_legacy_version_in_meta_is_still_legacy ... ok
[INFO] [stdout] test protocol::tests::modern_results_are_stamped_and_legacy_ones_are_untouched ... ok
[INFO] [stdout] test protocol::tests::tools_call_must_mirror_its_tool_name_into_a_header ... ok
[INFO] [stdout] test pack::tests::resolving_a_missing_file_rewrites_exactly_that_slot ... FAILED
[INFO] [stdout] test publish::tests::a_backend_that_published_nothing_is_loopback_not_exposed ... ok
[INFO] [stdout] test publish::tests::a_tunnel_token_removes_the_need_for_anything_on_this_machine ... ok
[INFO] [stdout] test publish::tests::a_listen_address_with_no_port_is_a_configuration_error ... ok
[INFO] [stdout] test publish::tests::cloudflared_is_a_daemon_so_stopping_it_is_killing_it ... ok
[INFO] [stdout] test policy::tests::exact_rule_beats_wildcard ... ok
[INFO] [stdout] test publish::tests::none_launches_nothing ... ok
[INFO] [stdout] test publish::tests::funnel_uses_the_same_shape_with_a_different_verb ... ok
[INFO] [stdout] test publish::tests::none_is_always_fine_and_auto_warns_instead_of_refusing ... ok
[INFO] [stdout] test publish::tests::nothing_in_front_is_reported_as_nothing_not_as_a_reach ... ok
[INFO] [stdout] test publish::tests::publishing_nothing_is_a_state_not_an_error ... ok
[INFO] [stdout] test publish::tests::publishing_to_the_internet_without_a_second_factor_is_refused ... ok
[INFO] [stdout] test publish::tests::tailscale_serves_the_loopback_port_over_tls_it_provisions ... ok
[INFO] [stdout] test publish::tests::a_bundled_binary_is_used_in_place_of_whatever_is_on_path ... ok
[INFO] [stdout] test publish::tests::funnel_is_held_to_the_same_rule_as_a_tunnel ... ok
[INFO] [stdout] test publish::tests::the_default_publishes_nothing_new_and_stops_nothing_working ... ok
[INFO] [stdout] test publish::tests::the_second_factor_is_named_the_same_way_everywhere ... ok
[INFO] [stdout] test policy::tests::denied_tools_are_hidden_but_ask_tools_are_listed ... ok
[INFO] [stdout] test publish::tests::a_tailnet_without_magicdns_says_so_rather_than_inventing_a_url ... ok
[INFO] [stdout] test publish::tests::a_missing_binary_is_a_reported_failure_rather_than_a_panic ... ok
[INFO] [stdout] test policy::tests::an_unknown_identity_defaults_to_ask ... ok
[INFO] [stdout] test publish::tests::the_tailnet_is_itself_a_factor_so_serve_needs_no_access ... ok
[INFO] [stdout] test publish::tests::the_tailscale_url_comes_from_tailscale_rather_than_a_guess ... ok
[INFO] [stdout] test publish::tests::with_a_stand_in_daemon::a_backend_that_will_not_start_is_reported_and_does_not_stop_the_gateway ... ok
[INFO] [stdout] test publish::tests::without_a_token_cloudflared_falls_back_to_its_own_configuration ... ok
[INFO] [stdout] test redact::tests::for_log_caps_long_bodies ... ok
[INFO] [stdout] test redact::tests::truncates_on_a_character_boundary ... ok
[INFO] [stdout] test scripts::tests::a_minified_line_is_flagged_because_it_cannot_be_reviewed ... ok
[INFO] [stdout] test scripts::tests::a_name_that_could_escape_the_script_directory_is_refused ... ok
[INFO] [stdout] test redact::tests::redacts_secret_keys_at_any_depth ... ok
[INFO] [stdout] test scripts::tests::a_review_renders_something_a_person_can_act_on ... ok
[INFO] [stdout] test scripts::tests::a_registered_script_that_is_not_on_disk_fails_at_load ... ok
[INFO] [stdout] test scripts::tests::a_saved_script_is_not_executable ... ok
[INFO] [stdout] test scripts::tests::a_shell_is_refused_by_name_and_says_why ... ok
[INFO] [stdout] test pack::tests::a_pack_never_silently_replaces_what_is_already_there ... ok
[INFO] [stdout] test scripts::tests::a_script_body_is_never_templated_so_an_f_string_survives_intact ... ok
[INFO] [stdout] test scripts::tests::an_interpreter_is_looked_for_under_the_names_this_platform_uses ... ok
[INFO] [stdout] test scripts::tests::containment_refuses_a_symlink_out_of_the_directory ... ok
[INFO] [stdout] test scripts::tests::an_ordinary_script_scans_clean ... ok
[INFO] [stdout] test scripts::tests::deno_runs_denied_by_default ... ok
[INFO] [stdout] test scripts::tests::an_oversized_script_is_refused_rather_than_stored ... ok
[INFO] [stdout] test actions::tests::a_script_action_runs_the_registered_file_through_its_interpreter ... ok
[INFO] [stdout] test publish::tests::with_a_stand_in_daemon::a_tunnel_that_connects_late_stops_being_reported_as_starting ... FAILED
[INFO] [stdout] test scripts::tests::lowering_puts_the_interpreter_and_path_ahead_of_caller_arguments ... ok
[INFO] [stdout] test scripts::tests::the_stated_exceptions_do_not_fire ... ok
[INFO] [stdout] test scripts::tests::the_scan_finds_the_shapes_that_matter_and_ranks_them ... ok
[INFO] [stdout] test scripts::tests::the_launcher_is_told_which_python_to_run ... ok
[INFO] [stdout] test scripts::tests::saving_records_a_digest_and_verifying_catches_a_swapped_body ... ok
[INFO] [stdout] test store::rename_tests::a_rule_the_new_name_already_had_is_not_overwritten ... ok
[INFO] [stdout] test publish::tests::with_a_stand_in_daemon::publishing_on_the_tailnet_reports_the_url_the_daemon_gave ... ok
[INFO] [stdout] test store::tests::a_failed_send_releases_its_key_for_retry ... ok
[INFO] [stdout] test store::rename_tests::renaming_a_tool_carries_its_permissions_with_it ... ok
[INFO] [stdout] test store::tests::a_removed_token_stops_reserving_its_name ... ok
[INFO] [stdout] test store::tests::decision_prefers_exact_tool_over_wildcard ... ok
[INFO] [stdout] test store::tests::idempotency_key_is_claimed_once ... ok
[INFO] [stdout] test store::tests::prune_blanks_old_bodies_and_drops_ancient_rows ... ok
[INFO] [stdout] test store::tests::an_action_that_returns_no_message_id_still_counts_as_complete ... ok
[INFO] [stdout] test actions::tests::a_script_action_inherits_every_exec_guard ... ok
[INFO] [stdout] test publish::tests::with_a_stand_in_daemon::stopping_a_configured_backend_actually_unpublishes_it ... ok
[INFO] [stdout] test tokens::tests::a_minted_token_splits_back_into_its_halves ... ok
[INFO] [stdout] test tokens::tests::a_wrong_secret_is_rejected ... ok
[INFO] [stdout] test tokens::tests::anything_that_is_not_ours_does_not_parse ... ok
[INFO] [stdout] test tokens::tests::the_secret_is_not_recoverable_from_what_is_stored ... ok
[INFO] [stdout] test tokens::tests::two_tokens_never_collide ... ok
[INFO] [stdout] test store::tests::pending_rows_round_trip_and_clear ... ok
[INFO] [stdout] test upstreams::http::tests::a_missing_placeholder_is_an_error_not_an_empty_string ... ok
[INFO] [stdout] test store::tests::rules_reserve_a_name_even_with_no_token_behind_them ... ok
[INFO] [stdout] test store::tests::deleting_a_tool_takes_its_standing_decisions_with_it ... ok
[INFO] [stdout] test upstreams::http::tests::a_path_argument_cannot_be_a_dot_segment ... ok
[INFO] [stdout] test upstreams::http::tests::a_path_argument_cannot_escape_its_segment ... ok
[INFO] [stdout] test store::tests::a_database_written_before_the_new_columns_gains_them ... ok
[INFO] [stdout] test store::tests::what_the_operator_did_survives_retention ... ok
[INFO] [stdout] test upstreams::http::tests::a_structured_argument_cannot_reach_a_path_or_query ... ok
[INFO] [stdout] test store::tests::seed_does_not_clobber_a_user_choice ... ok
[INFO] [stdout] test upstreams::http::tests::a_placeholder_alone_keeps_the_argument_type ... ok
[INFO] [stdout] test upstreams::mcp::tests::a_failure_that_merely_mentions_a_session_is_not_stale ... ok
[INFO] [stdout] test upstreams::http::tests::a_redirect_within_the_same_origin_is_still_followed ... ok
[INFO] [stdout] test upstreams::http::tests::an_optional_body_field_is_dropped_when_absent ... ok
[INFO] [stdout] test store::tests::the_home_screen_asks_for_the_clients_calls_only ... ok
[INFO] [stdout] test upstreams::http::tests::an_undeclared_op_is_a_configuration_error ... ok
[INFO] [stdout] test upstreams::mcp::tests::only_a_refused_session_counts_as_stale ... ok
[INFO] [stdout] test upstreams::http::tests::interpolation_inside_a_longer_string_is_text ... ok
[INFO] [stdout] test upstreams::tests::builds_declared_upstreams_and_rejects_duplicates ... ok
[INFO] [stdout] test publish::tests::with_a_stand_in_daemon::a_daemon_that_exits_at_once_is_not_reported_as_published ... ok
[INFO] [stdout] test upstreams::http::tests::a_redirect_to_another_origin_is_refused_and_carries_nothing_there ... ok
[INFO] [stdout] test publish::tests::with_a_stand_in_daemon::a_tunnel_that_says_it_connected_is_reported_as_connected ... ok
[INFO] [stdout] test publish::tests::with_a_stand_in_daemon::a_chatty_daemon_is_not_left_blocked_on_a_pipe_nobody_reads ... ok
[INFO] [stdout] test publish::tests::with_a_stand_in_daemon::a_daemon_that_stays_up_is_published_with_its_hostname ... ok
[INFO] [stdout] test approval::tests::a_shorter_budget_ends_the_hold_early ... ok
[INFO] [stdout] test publish::tests::with_a_stand_in_daemon::a_daemon_that_gives_up_later_stops_being_reported_as_published ... ok
[INFO] [stdout] test actions::proxy::tests::spacing_is_enforced_between_calls ... ok
[INFO] [stdout] test upstreams::tests::a_silent_upstream_does_not_hold_up_the_sweep ... ok
[INFO] [stdout] test approval::tests::an_unanswered_hold_times_out_and_clears_its_row ... ok
[INFO] [stdout] 
[INFO] [stdout] failures:
[INFO] [stdout] 
[INFO] [stdout] ---- actions::exec::tests::a_command_that_finishes_in_time_never_runs_its_fallback stdout ----
[INFO] [stdout] 
[INFO] [stdout] thread 'actions::exec::tests::a_command_that_finishes_in_time_never_runs_its_fallback' (4865) panicked at crates/gatehound-core/src/lib.rs:78:9:
[INFO] [stdout] the testproc example is missing at /opt/rustwide/target/release/build/gatehound-core/da9e1a0dce4edf63/out/examples/testproc — `cargo test` builds it; a bare `cargo test --lib` does not
[INFO] [stdout] stack backtrace:
[INFO] [stdout]    0:     0x62d3cd065c26 - <unknown>
[INFO] [stdout]    1:     0x62d3ccc49da4 - <unknown>
[INFO] [stdout]    2:     0x62d3cd06b99c - <unknown>
[INFO] [stdout]    3:     0x62d3cd03ee12 - <unknown>
[INFO] [stdout]    4:     0x62d3cd05c441 - <unknown>
[INFO] [stdout]    5:     0x62d3cd05c882 - <unknown>
[INFO] [stderr] error: test failed, to rerun pass `-p gatehound-core --lib`
[INFO] [stdout]    6:     0x62d3cd03eec2 - <unknown>
[INFO] [stdout]    7:     0x62d3cd037249 - <unknown>
[INFO] [stdout]    8:     0x62d3cd04010d - <unknown>
[INFO] [stdout]    9:     0x62d3ccc4a4ac - <unknown>
[INFO] [stdout]   10:     0x62d3cce512a4 - <unknown>
[INFO] [stdout]   11:     0x62d3cce25715 - <unknown>
[INFO] [stdout]   12:     0x62d3cce5625c - <unknown>
[INFO] [stdout]   13:     0x62d3ccda7a04 - <unknown>
[INFO] [stdout]   14:     0x62d3cce559d3 - <unknown>
[INFO] [stdout]   15:     0x62d3cce386eb - <unknown>
[INFO] [stdout]   16:     0x62d3cd06d66b - <unknown>
[INFO] [stdout]   17:     0x62d3cd07b195 - <unknown>
[INFO] [stdout]   18:     0x62d3cd0749c4 - <unknown>
[INFO] [stdout]   19:     0x62d3cd07eb82 - <unknown>
[INFO] [stdout]   20:     0x62d3cd06477c - <unknown>
[INFO] [stdout]   21:     0x72e98d993dfa - <unknown>
[INFO] [stdout]   22:     0x72e98da273d4 - clone
[INFO] [stdout]   23:                0x0 - <unknown>
[INFO] [stdout] 
[INFO] [stdout] ---- actions::exec::tests::a_failing_command_reports_its_stderr stdout ----
[INFO] [stdout] 
[INFO] [stdout] thread 'actions::exec::tests::a_failing_command_reports_its_stderr' (4866) panicked at crates/gatehound-core/src/lib.rs:78:9:
[INFO] [stdout] the testproc example is missing at /opt/rustwide/target/release/build/gatehound-core/da9e1a0dce4edf63/out/examples/testproc — `cargo test` builds it; a bare `cargo test --lib` does not
[INFO] [stdout] stack backtrace:
[INFO] [stdout]    0:     0x62d3cd065c26 - <unknown>
[INFO] [stdout]    1:     0x62d3ccc49da4 - <unknown>
[INFO] [stdout]    2:     0x62d3cd06b99c - <unknown>
[INFO] [stdout]    3:     0x62d3cd03ee12 - <unknown>
[INFO] [stdout]    4:     0x62d3cd05c441 - <unknown>
[INFO] [stdout]    5:     0x62d3cd05c882 - <unknown>
[INFO] [stdout]    6:     0x62d3cd03eec2 - <unknown>
[INFO] [stdout]    7:     0x62d3cd037249 - <unknown>
[INFO] [stdout]    8:     0x62d3cd04010d - <unknown>
[INFO] [stdout]    9:     0x62d3ccc4a4ac - <unknown>
[INFO] [stdout]   10:     0x62d3cce512a4 - <unknown>
[INFO] [stdout]   11:     0x62d3cce212b8 - <unknown>
[INFO] [stdout]   12:     0x62d3cce5625c - <unknown>
[INFO] [stdout]   13:     0x62d3ccda7a04 - <unknown>
[INFO] [stdout]   14:     0x62d3cce559d3 - <unknown>
[INFO] [stdout]   15:     0x62d3cce3366b - <unknown>
[INFO] [stdout]   16:     0x62d3cd06d66b - <unknown>
[INFO] [stdout]   17:     0x62d3cd07b195 - <unknown>
[INFO] [stdout]   18:     0x62d3cd0749c4 - <unknown>
[INFO] [stdout]   19:     0x62d3cd07eb82 - <unknown>
[INFO] [stdout]   20:     0x62d3cd06477c - <unknown>
[INFO] [stdout]   21:     0x72e98d993dfa - <unknown>
[INFO] [stdout]   22:     0x72e98da273d4 - clone
[INFO] [stdout]   23:                0x0 - <unknown>
[INFO] [stdout] 
[INFO] [stdout] ---- actions::exec::tests::content_reaches_the_child_on_stdin stdout ----
[INFO] [stdout] 
[INFO] [stdout] thread 'actions::exec::tests::content_reaches_the_child_on_stdin' (4882) panicked at crates/gatehound-core/src/lib.rs:78:9:
[INFO] [stdout] the testproc example is missing at /opt/rustwide/target/release/build/gatehound-core/da9e1a0dce4edf63/out/examples/testproc — `cargo test` builds it; a bare `cargo test --lib` does not
[INFO] [stdout] stack backtrace:
[INFO] [stdout]    0:     0x62d3cd065c26 - <unknown>
[INFO] [stdout]    1:     0x62d3ccc49da4 - <unknown>
[INFO] [stdout]    2:     0x62d3cd06b99c - <unknown>
[INFO] [stdout]    3:     0x62d3cd03ee12 - <unknown>
[INFO] [stdout]    4:     0x62d3cd05c441 - <unknown>
[INFO] [stdout]    5:     0x62d3cd05c882 - <unknown>
[INFO] [stdout]    6:     0x62d3cd03eec2 - <unknown>
[INFO] [stdout]    7:     0x62d3cd037249 - <unknown>
[INFO] [stdout]    8:     0x62d3cd04010d - <unknown>
[INFO] [stdout]    9:     0x62d3ccc4a4ac - <unknown>
[INFO] [stdout]   10:     0x62d3cce512a4 - <unknown>
[INFO] [stdout]   11:     0x62d3cce20f05 - <unknown>
[INFO] [stdout]   12:     0x62d3cce5625c - <unknown>
[INFO] [stdout]   13:     0x62d3ccda7a04 - <unknown>
[INFO] [stdout]   14:     0x62d3cce559d3 - <unknown>
[INFO] [stdout]   15:     0x62d3cce3313b - <unknown>
[INFO] [stdout]   16:     0x62d3cd06d66b - <unknown>
[INFO] [stdout]   17:     0x62d3cd07b195 - <unknown>
[INFO] [stdout]   18:     0x62d3cd0749c4 - <unknown>
[INFO] [stdout]   19:     0x62d3cd07eb82 - <unknown>
[INFO] [stdout]   20:     0x62d3cd06477c - <unknown>
[INFO] [stdout]   21:     0x72e98d993dfa - <unknown>
[INFO] [stdout]   22:     0x72e98da273d4 - clone
[INFO] [stdout]   23:                0x0 - <unknown>
[INFO] [stdout] 
[INFO] [stdout] ---- actions::exec::tests::a_queued_call_gets_the_fallback_without_waiting_for_the_slot stdout ----
[INFO] [stdout] 
[INFO] [stdout] thread 'actions::exec::tests::a_queued_call_gets_the_fallback_without_waiting_for_the_slot' (4871) panicked at crates/gatehound-core/src/lib.rs:78:9:
[INFO] [stdout] the testproc example is missing at /opt/rustwide/target/release/build/gatehound-core/da9e1a0dce4edf63/out/examples/testproc — `cargo test` builds it; a bare `cargo test --lib` does not
[INFO] [stdout] stack backtrace:
[INFO] [stdout]    0:     0x62d3cd065c26 - <unknown>
[INFO] [stdout]    1:     0x62d3ccc49da4 - <unknown>
[INFO] [stdout]    2:     0x62d3cd06b99c - <unknown>
[INFO] [stdout]    3:     0x62d3cd03ee12 - <unknown>
[INFO] [stdout]    4:     0x62d3cd05c441 - <unknown>
[INFO] [stdout]    5:     0x62d3cd05c882 - <unknown>
[INFO] [stdout]    6:     0x62d3cd03eec2 - <unknown>
[INFO] [stdout]    7:     0x62d3cd037249 - <unknown>
[INFO] [stdout]    8:     0x62d3cd04010d - <unknown>
[INFO] [stdout]    9:     0x62d3ccc4a4ac - <unknown>
[INFO] [stdout]   10:     0x62d3cce512a4 - <unknown>
[INFO] [stdout]   11:     0x62d3cce26d58 - <unknown>
[INFO] [stdout]   12:     0x62d3cce5625c - <unknown>
[INFO] [stdout]   13:     0x62d3ccda7a04 - <unknown>
[INFO] [stdout]   14:     0x62d3cce559d3 - <unknown>
[INFO] [stdout]   15:     0x62d3cce38e9b - <unknown>
[INFO] [stdout]   16:     0x62d3cd06d66b - <unknown>
[INFO] [stdout]   17:     0x62d3cd07b195 - <unknown>
[INFO] [stdout]   18:     0x62d3cd0749c4 - <unknown>
[INFO] [stdout]   19:     0x62d3cd07eb82 - <unknown>
[INFO] [stdout]   20:     0x62d3cd06477c - <unknown>
[INFO] [stdout]   21:     0x72e98d993dfa - <unknown>
[INFO] [stdout]   22:     0x72e98da273d4 - clone
[INFO] [stdout]   23:                0x0 - <unknown>
[INFO] [stdout] 
[INFO] [stdout] ---- actions::exec::tests::a_missing_binary_is_an_error_not_a_panic stdout ----
[INFO] [stdout] 
[INFO] [stdout] thread 'actions::exec::tests::a_missing_binary_is_an_error_not_a_panic' (4869) panicked at crates/gatehound-core/src/lib.rs:78:9:
[INFO] [stdout] the testproc example is missing at /opt/rustwide/target/release/build/gatehound-core/da9e1a0dce4edf63/out/examples/testproc — `cargo test` builds it; a bare `cargo test --lib` does not
[INFO] [stdout] stack backtrace:
[INFO] [stdout]    0:     0x62d3cd065c26 - <unknown>
[INFO] [stdout]    1:     0x62d3ccc49da4 - <unknown>
[INFO] [stdout]    2:     0x62d3cd06b99c - <unknown>
[INFO] [stdout]    3:     0x62d3cd03ee12 - <unknown>
[INFO] [stdout]    4:     0x62d3cd05c441 - <unknown>
[INFO] [stdout]    5:     0x62d3cd05c882 - <unknown>
[INFO] [stdout]    6:     0x62d3cd03eec2 - <unknown>
[INFO] [stdout]    7:     0x62d3cd037249 - <unknown>
[INFO] [stdout]    8:     0x62d3cd04010d - <unknown>
[INFO] [stdout]    9:     0x62d3ccc4a4ac - <unknown>
[INFO] [stdout]   10:     0x62d3cce512a4 - <unknown>
[INFO] [stdout]   11:     0x62d3cce21f73 - <unknown>
[INFO] [stdout]   12:     0x62d3cce5625c - <unknown>
[INFO] [stdout]   13:     0x62d3ccda7a04 - <unknown>
[INFO] [stdout]   14:     0x62d3cce559d3 - <unknown>
[INFO] [stdout]   15:     0x62d3cce33bab - <unknown>
[INFO] [stdout]   16:     0x62d3cd06d66b - <unknown>
[INFO] [stdout]   17:     0x62d3cd07b195 - <unknown>
[INFO] [stdout]   18:     0x62d3cd0749c4 - <unknown>
[INFO] [stdout]   19:     0x62d3cd07eb82 - <unknown>
[INFO] [stdout]   20:     0x62d3cd06477c - <unknown>
[INFO] [stdout]   21:     0x72e98d993dfa - <unknown>
[INFO] [stdout]   22:     0x72e98da273d4 - clone
[INFO] [stdout]   23:                0x0 - <unknown>
[INFO] [stdout] 
[INFO] [stdout] ---- actions::exec::tests::a_hanging_command_is_killed_at_the_timeout stdout ----
[INFO] [stdout] 
[INFO] [stdout] thread 'actions::exec::tests::a_hanging_command_is_killed_at_the_timeout' (4868) panicked at crates/gatehound-core/src/lib.rs:78:9:
[INFO] [stdout] the testproc example is missing at /opt/rustwide/target/release/build/gatehound-core/da9e1a0dce4edf63/out/examples/testproc — `cargo test` builds it; a bare `cargo test --lib` does not
[INFO] [stdout] stack backtrace:
[INFO] [stdout]    0:     0x62d3cd065c26 - <unknown>
[INFO] [stdout]    1:     0x62d3ccc49da4 - <unknown>
[INFO] [stdout]    2:     0x62d3cd06b99c - <unknown>
[INFO] [stdout]    3:     0x62d3cd03ee12 - <unknown>
[INFO] [stdout]    4:     0x62d3cd05c441 - <unknown>
[INFO] [stdout]    5:     0x62d3cd05c882 - <unknown>
[INFO] [stdout]    6:     0x62d3cd03eec2 - <unknown>
[INFO] [stdout]    7:     0x62d3cd037249 - <unknown>
[INFO] [stdout]    8:     0x62d3cd04010d - <unknown>
[INFO] [stdout]    9:     0x62d3ccc4a4ac - <unknown>
[INFO] [stdout]   10:     0x62d3cce512a4 - <unknown>
[INFO] [stdout]   11:     0x62d3cce22dee - <unknown>
[INFO] [stdout]   12:     0x62d3cce5625c - <unknown>
[INFO] [stdout]   13:     0x62d3ccda7a04 - <unknown>
[INFO] [stdout]   14:     0x62d3cce559d3 - <unknown>
[INFO] [stdout]   15:     0x62d3cce342bb - <unknown>
[INFO] [stdout]   16:     0x62d3cd06d66b - <unknown>
[INFO] [stdout]   17:     0x62d3cd07b195 - <unknown>
[INFO] [stdout]   18:     0x62d3cd0749c4 - <unknown>
[INFO] [stdout]   19:     0x62d3cd07eb82 - <unknown>
[INFO] [stdout]   20:     0x62d3cd06477c - <unknown>
[INFO] [stdout]   21:     0x72e98d993dfa - <unknown>
[INFO] [stdout]   22:     0x72e98da273d4 - clone
[INFO] [stdout]   23:                0x0 - <unknown>
[INFO] [stdout] 
[INFO] [stdout] ---- actions::exec::tests::a_script_finds_the_interpreter_installed_beside_it stdout ----
[INFO] [stdout] 
[INFO] [stdout] thread 'actions::exec::tests::a_script_finds_the_interpreter_installed_beside_it' (4872) panicked at crates/gatehound-core/src/lib.rs:78:9:
[INFO] [stdout] the testproc example is missing at /opt/rustwide/target/release/build/gatehound-core/da9e1a0dce4edf63/out/examples/testproc — `cargo test` builds it; a bare `cargo test --lib` does not
[INFO] [stdout] stack backtrace:
[INFO] [stdout]    0:     0x62d3cd065c26 - <unknown>
[INFO] [stdout]    1:     0x62d3ccc49da4 - <unknown>
[INFO] [stdout]    2:     0x62d3cd06b99c - <unknown>
[INFO] [stdout]    3:     0x62d3cd03ee12 - <unknown>
[INFO] [stdout]    4:     0x62d3cd05c441 - <unknown>
[INFO] [stdout]    5:     0x62d3cd05c882 - <unknown>
[INFO] [stdout]    6:     0x62d3cd03eec2 - <unknown>
[INFO] [stdout]    7:     0x62d3cd037249 - <unknown>
[INFO] [stdout]    8:     0x62d3cd04010d - <unknown>
[INFO] [stdout]    9:     0x62d3ccc4a4ac - <unknown>
[INFO] [stdout]   10:     0x62d3cce512a4 - <unknown>
[INFO] [stdout]   11:     0x62d3cce24744 - <unknown>
[INFO] [stdout]   12:     0x62d3cce5625c - <unknown>
[INFO] [stdout]   13:     0x62d3ccda7a04 - <unknown>
[INFO] [stdout]   14:     0x62d3cce559d3 - <unknown>
[INFO] [stdout]   15:     0x62d3cce3773b - <unknown>
[INFO] [stdout]   16:     0x62d3cd06d66b - <unknown>
[INFO] [stdout]   17:     0x62d3cd07b195 - <unknown>
[INFO] [stdout]   18:     0x62d3cd0749c4 - <unknown>
[INFO] [stdout]   19:     0x62d3cd07eb82 - <unknown>
[INFO] [stdout]   20:     0x62d3cd06477c - <unknown>
[INFO] [stdout]   21:     0x72e98d993dfa - <unknown>
[INFO] [stdout]   22:     0x72e98da273d4 - clone
[INFO] [stdout]   23:                0x0 - <unknown>
[INFO] [stdout] 
[INFO] [stdout] ---- actions::exec::tests::a_call_queued_behind_a_slow_one_gives_up_at_the_deadline stdout ----
[INFO] [stdout] 
[INFO] [stdout] thread 'actions::exec::tests::a_call_queued_behind_a_slow_one_gives_up_at_the_deadline' (4864) panicked at crates/gatehound-core/src/lib.rs:78:9:
[INFO] [stdout] the testproc example is missing at /opt/rustwide/target/release/build/gatehound-core/da9e1a0dce4edf63/out/examples/testproc — `cargo test` builds it; a bare `cargo test --lib` does not
[INFO] [stdout] stack backtrace:
[INFO] [stdout]    0:     0x62d3cd065c26 - <unknown>
[INFO] [stdout]    1:     0x62d3ccc49da4 - <unknown>
[INFO] [stdout]    2:     0x62d3cd06b99c - <unknown>
[INFO] [stdout]    3:     0x62d3cd03ee12 - <unknown>
[INFO] [stdout]    4:     0x62d3cd05c441 - <unknown>
[INFO] [stdout]    5:     0x62d3cd05c882 - <unknown>
[INFO] [stdout]    6:     0x62d3cd03eec2 - <unknown>
[INFO] [stdout]    7:     0x62d3cd037249 - <unknown>
[INFO] [stdout]    8:     0x62d3cd04010d - <unknown>
[INFO] [stdout]    9:     0x62d3ccc4a4ac - <unknown>
[INFO] [stdout]   10:     0x62d3cce512a4 - <unknown>
[INFO] [stdout]   11:     0x62d3cce26108 - <unknown>
[INFO] [stdout]   12:     0x62d3cce5625c - <unknown>
[INFO] [stdout]   13:     0x62d3ccda7a04 - <unknown>
[INFO] [stdout]   14:     0x62d3cce559d3 - <unknown>
[INFO] [stdout]   15:     0x62d3cce38aeb - <unknown>
[INFO] [stdout]   16:     0x62d3cd06d66b - <unknown>
[INFO] [stdout]   17:     0x62d3cd07b195 - <unknown>
[INFO] [stdout]   18:     0x62d3cd0749c4 - <unknown>
[INFO] [stdout]   19:     0x62d3cd07eb82 - <unknown>
[INFO] [stdout]   20:     0x62d3cd06477c - <unknown>
[INFO] [stdout]   21:     0x72e98d993dfa - <unknown>
[INFO] [stdout]   22:     0x72e98da273d4 - clone
[INFO] [stdout]   23:                0x0 - <unknown>
[INFO] [stdout] 
[INFO] [stdout] ---- actions::exec::tests::concurrency_is_capped_by_the_semaphore stdout ----
[INFO] [stdout] 
[INFO] [stdout] thread 'actions::exec::tests::concurrency_is_capped_by_the_semaphore' (4881) panicked at crates/gatehound-core/src/lib.rs:78:9:
[INFO] [stdout] the testproc example is missing at /opt/rustwide/target/release/build/gatehound-core/da9e1a0dce4edf63/out/examples/testproc — `cargo test` builds it; a bare `cargo test --lib` does not
[INFO] [stdout] stack backtrace:
[INFO] [stdout]    0:     0x62d3cd065c26 - <unknown>
[INFO] [stdout]    1:     0x62d3ccc49da4 - <unknown>
[INFO] [stdout]    2:     0x62d3cd06b99c - <unknown>
[INFO] [stdout]    3:     0x62d3cd03ee12 - <unknown>
[INFO] [stdout]    4:     0x62d3cd05c441 - <unknown>
[INFO] [stdout]    5:     0x62d3cd05c882 - <unknown>
[INFO] [stdout]    6:     0x62d3cd03eec2 - <unknown>
[INFO] [stdout]    7:     0x62d3cd037249 - <unknown>
[INFO] [stdout]    8:     0x62d3cd04010d - <unknown>
[INFO] [stdout]    9:     0x62d3ccc4a4ac - <unknown>
[INFO] [stdout]   10:     0x62d3cce512a4 - <unknown>
[INFO] [stdout]   11:     0x62d3cce2177a - <unknown>
[INFO] [stdout]   12:     0x62d3cce5625c - <unknown>
[INFO] [stdout]   13:     0x62d3ccda7a04 - <unknown>
[INFO] [stdout]   14:     0x62d3cce559d3 - <unknown>
[INFO] [stdout]   15:     0x62d3cce339ff - <unknown>
[INFO] [stdout]   16:     0x62d3cd06d66b - <unknown>
[INFO] [stdout]   17:     0x62d3cd07b195 - <unknown>
[INFO] [stdout]   18:     0x62d3cd0749c4 - <unknown>
[INFO] [stdout]   19:     0x62d3cd07eb82 - <unknown>
[INFO] [stdout]   20:     0x62d3cd06477c - <unknown>
[INFO] [stdout]   21:     0x72e98d993dfa - <unknown>
[INFO] [stdout]   22:     0x72e98da273d4 - clone
[INFO] [stdout]   23:                0x0 - <unknown>
[INFO] [stdout] 
[INFO] [stdout] ---- actions::exec::tests::caller_input_stays_a_single_argv_element stdout ----
[INFO] [stdout] 
[INFO] [stdout] thread 'actions::exec::tests::caller_input_stays_a_single_argv_element' (4880) panicked at crates/gatehound-core/src/lib.rs:78:9:
[INFO] [stdout] the testproc example is missing at /opt/rustwide/target/release/build/gatehound-core/da9e1a0dce4edf63/out/examples/testproc — `cargo test` builds it; a bare `cargo test --lib` does not
[INFO] [stdout] stack backtrace:
[INFO] [stdout]    0:     0x62d3cd065c26 - <unknown>
[INFO] [stdout]    1:     0x62d3ccc49da4 - <unknown>
[INFO] [stdout]    2:     0x62d3cd06b99c - <unknown>
[INFO] [stdout]    3:     0x62d3cd03ee12 - <unknown>
[INFO] [stdout]    4:     0x62d3cd05c441 - <unknown>
[INFO] [stdout]    5:     0x62d3cd05c882 - <unknown>
[INFO] [stdout]    6:     0x62d3cd03eec2 - <unknown>
[INFO] [stdout]    7:     0x62d3cd037249 - <unknown>
[INFO] [stdout]    8:     0x62d3cd04010d - <unknown>
[INFO] [stdout]    9:     0x62d3ccc4a4ac - <unknown>
[INFO] [stdout]   10:     0x62d3cce512a4 - <unknown>
[INFO] [stdout]   11:     0x62d3cce33c9b - <unknown>
[INFO] [stdout]   12:     0x62d3cd06d66b - <unknown>
[INFO] [stdout]   13:     0x62d3cd07b195 - <unknown>
[INFO] [stdout]   14:     0x62d3cd0749c4 - <unknown>
[INFO] [stdout]   15:     0x62d3cd07eb82 - <unknown>
[INFO] [stdout]   16:     0x62d3cd06477c - <unknown>
[INFO] [stdout]   17:     0x72e98d993dfa - <unknown>
[INFO] [stdout]   18:     0x72e98da273d4 - clone
[INFO] [stdout]   19:                0x0 - <unknown>
[INFO] [stdout] 
[INFO] [stdout] ---- actions::exec::tests::an_absent_required_argument_is_refused_by_name stdout ----
[INFO] [stdout] 
[INFO] [stdout] thread 'actions::exec::tests::an_absent_required_argument_is_refused_by_name' (4877) panicked at crates/gatehound-core/src/lib.rs:78:9:
[INFO] [stdout] the testproc example is missing at /opt/rustwide/target/release/build/gatehound-core/da9e1a0dce4edf63/out/examples/testproc — `cargo test` builds it; a bare `cargo test --lib` does not
[INFO] [stdout] stack backtrace:
[INFO] [stdout]    0:     0x62d3cd065c26 - <unknown>
[INFO] [stdout]    1:     0x62d3ccc49da4 - <unknown>
[INFO] [stdout]    2:     0x62d3cd06b99c - <unknown>
[INFO] [stdout]    3:     0x62d3cd03ee12 - <unknown>
[INFO] [stdout]    4:     0x62d3cd05c441 - <unknown>
[INFO] [stdout]    5:     0x62d3cd05c882 - <unknown>
[INFO] [stdout]    6:     0x62d3cd03eec2 - <unknown>
[INFO] [stdout]    7:     0x62d3cd037249 - <unknown>
[INFO] [stdout]    8:     0x62d3cd04010d - <unknown>
[INFO] [stdout]    9:     0x62d3ccc4a4ac - <unknown>
[INFO] [stdout]   10:     0x62d3cce512a4 - <unknown>
[INFO] [stdout]   11:     0x62d3cce366de - <unknown>
[INFO] [stdout]   12:     0x62d3cd06d66b - <unknown>
[INFO] [stdout]   13:     0x62d3cd07b195 - <unknown>
[INFO] [stdout]   14:     0x62d3cd0749c4 - <unknown>
[INFO] [stdout]   15:     0x62d3cd07eb82 - <unknown>
[INFO] [stdout]   16:     0x62d3cd06477c - <unknown>
[INFO] [stdout]   17:     0x72e98d993dfa - <unknown>
[INFO] [stdout]   18:     0x72e98da273d4 - clone
[INFO] [stdout]   19:                0x0 - <unknown>
[INFO] [stdout] 
[INFO] [stdout] ---- actions::exec::tests::a_flood_on_stderr_does_not_stall_the_child_either stdout ----
[INFO] [stdout] 
[INFO] [stdout] thread 'actions::exec::tests::a_flood_on_stderr_does_not_stall_the_child_either' (4867) panicked at crates/gatehound-core/src/lib.rs:78:9:
[INFO] [stdout] the testproc example is missing at /opt/rustwide/target/release/build/gatehound-core/da9e1a0dce4edf63/out/examples/testproc — `cargo test` builds it; a bare `cargo test --lib` does not
[INFO] [stdout] stack backtrace:
[INFO] [stdout]    0:     0x62d3cd065c26 - <unknown>
[INFO] [stdout]    1:     0x62d3ccc49da4 - <unknown>
[INFO] [stdout]    2:     0x62d3cd06b99c - <unknown>
[INFO] [stdout]    3:     0x62d3cd03ee12 - <unknown>
[INFO] [stdout]    4:     0x62d3cd05c441 - <unknown>
[INFO] [stdout]    5:     0x62d3cd05c882 - <unknown>
[INFO] [stdout]    6:     0x62d3cd03eec2 - <unknown>
[INFO] [stdout]    7:     0x62d3cd037249 - <unknown>
[INFO] [stdout]    8:     0x62d3cd04010d - <unknown>
[INFO] [stdout]    9:     0x62d3ccc4a4ac - <unknown>
[INFO] [stdout]   10:     0x62d3cce512a4 - <unknown>
[INFO] [stdout]   11:     0x62d3cce2413c - <unknown>
[INFO] [stdout]   12:     0x62d3cce5625c - <unknown>
[INFO] [stdout]   13:     0x62d3ccda7a04 - <unknown>
[INFO] [stdout]   14:     0x62d3cce559d3 - <unknown>
[INFO] [stdout]   15:     0x62d3cce3753b - <unknown>
[INFO] [stdout]   16:     0x62d3cd06d66b - <unknown>
[INFO] [stdout]   17:     0x62d3cd07b195 - <unknown>
[INFO] [stdout]   18:     0x62d3cd0749c4 - <unknown>
[INFO] [stdout]   19:     0x62d3cd07eb82 - <unknown>
[INFO] [stdout]   20:     0x62d3cd06477c - <unknown>
[INFO] [stdout]   21:     0x72e98d993dfa - <unknown>
[INFO] [stdout]   22:     0x72e98da273d4 - clone
[INFO] [stdout]   23:                0x0 - <unknown>
[INFO] [stdout] 
[INFO] [stdout] ---- actions::exec::tests::a_value_cannot_turn_an_operand_into_an_option stdout ----
[INFO] [stdout] 
[INFO] [stdout] thread 'actions::exec::tests::a_value_cannot_turn_an_operand_into_an_option' (4875) panicked at crates/gatehound-core/src/lib.rs:78:9:
[INFO] [stdout] the testproc example is missing at /opt/rustwide/target/release/build/gatehound-core/da9e1a0dce4edf63/out/examples/testproc — `cargo test` builds it; a bare `cargo test --lib` does not
[INFO] [stdout] stack backtrace:
[INFO] [stdout]    0:     0x62d3cd065c26 - <unknown>
[INFO] [stdout]    1:     0x62d3ccc49da4 - <unknown>
[INFO] [stdout]    2:     0x62d3cd06b99c - <unknown>
[INFO] [stdout]    3:     0x62d3cd03ee12 - <unknown>
[INFO] [stdout]    4:     0x62d3cd05c441 - <unknown>
[INFO] [stdout]    5:     0x62d3cd05c882 - <unknown>
[INFO] [stdout]    6:     0x62d3cd03eec2 - <unknown>
[INFO] [stdout]    7:     0x62d3cd037249 - <unknown>
[INFO] [stdout]    8:     0x62d3cd04010d - <unknown>
[INFO] [stdout]    9:     0x62d3ccc4a4ac - <unknown>
[INFO] [stdout]   10:     0x62d3cce512a4 - <unknown>
[INFO] [stdout]   11:     0x62d3cce35026 - <unknown>
[INFO] [stdout]   12:     0x62d3cd06d66b - <unknown>
[INFO] [stdout]   13:     0x62d3cd07b195 - <unknown>
[INFO] [stdout]   14:     0x62d3cd0749c4 - <unknown>
[INFO] [stdout]   15:     0x62d3cd07eb82 - <unknown>
[INFO] [stdout]   16:     0x62d3cd06477c - <unknown>
[INFO] [stdout]   17:     0x72e98d993dfa - <unknown>
[INFO] [stdout]   18:     0x72e98da273d4 - clone
[INFO] [stdout]   19:                0x0 - <unknown>
[INFO] [stdout] 
[INFO] [stdout] ---- actions::exec::tests::an_argument_the_template_already_places_is_not_appended_again stdout ----
[INFO] [stdout] 
[INFO] [stdout] thread 'actions::exec::tests::an_argument_the_template_already_places_is_not_appended_again' (4879) panicked at crates/gatehound-core/src/lib.rs:78:9:
[INFO] [stdout] the testproc example is missing at /opt/rustwide/target/release/build/gatehound-core/da9e1a0dce4edf63/out/examples/testproc — `cargo test` builds it; a bare `cargo test --lib` does not
[INFO] [stdout] stack backtrace:
[INFO] [stdout]    0:     0x62d3cd065c26 - <unknown>
[INFO] [stdout]    1:     0x62d3ccc49da4 - <unknown>
[INFO] [stdout]    2:     0x62d3cd06b99c - <unknown>
[INFO] [stdout]    3:     0x62d3cd03ee12 - <unknown>
[INFO] [stdout]    4:     0x62d3cd05c441 - <unknown>
[INFO] [stdout]    5:     0x62d3cd05c882 - <unknown>
[INFO] [stdout]    6:     0x62d3cd03eec2 - <unknown>
[INFO] [stdout]    7:     0x62d3cd037249 - <unknown>
[INFO] [stdout]    8:     0x62d3cd04010d - <unknown>
[INFO] [stdout]    9:     0x62d3ccc4a4ac - <unknown>
[INFO] [stdout]   10:     0x62d3cce512a4 - <unknown>
[INFO] [stdout]   11:     0x62d3cce38f89 - <unknown>
[INFO] [stdout]   12:     0x62d3cd06d66b - <unknown>
[INFO] [stdout]   13:     0x62d3cd07b195 - <unknown>
[INFO] [stdout]   14:     0x62d3cd0749c4 - <unknown>
[INFO] [stdout]   15:     0x62d3cd07eb82 - <unknown>
[INFO] [stdout]   16:     0x62d3cd06477c - <unknown>
[INFO] [stdout]   17:     0x72e98d993dfa - <unknown>
[INFO] [stdout]   18:     0x72e98da273d4 - clone
[INFO] [stdout]   19:                0x0 - <unknown>
[INFO] [stdout] 
[INFO] [stdout] ---- actions::exec::tests::oversized_and_nul_bearing_arguments_are_refused stdout ----
[INFO] [stdout] 
[INFO] [stdout] thread 'actions::exec::tests::oversized_and_nul_bearing_arguments_are_refused' (4887) panicked at crates/gatehound-core/src/lib.rs:78:9:
[INFO] [stdout] the testproc example is missing at /opt/rustwide/target/release/build/gatehound-core/da9e1a0dce4edf63/out/examples/testproc — `cargo test` builds it; a bare `cargo test --lib` does not
[INFO] [stdout] stack backtrace:
[INFO] [stdout]    0:     0x62d3cd065c26 - <unknown>
[INFO] [stdout]    1:     0x62d3ccc49da4 - <unknown>
[INFO] [stdout]    2:     0x62d3cd06b99c - <unknown>
[INFO] [stdout]    3:     0x62d3cd03ee12 - <unknown>
[INFO] [stdout]    4:     0x62d3cd05c441 - <unknown>
[INFO] [stdout]    5:     0x62d3cd05c882 - <unknown>
[INFO] [stdout]    6:     0x62d3cd03eec2 - <unknown>
[INFO] [stdout]    7:     0x62d3cd037249 - <unknown>
[INFO] [stdout]    8:     0x62d3cd04010d - <unknown>
[INFO] [stdout]    9:     0x62d3ccc4a4ac - <unknown>
[INFO] [stdout]   10:     0x62d3cce512a4 - <unknown>
[INFO] [stdout]   11:     0x62d3cce370c9 - <unknown>
[INFO] [stdout]   12:     0x62d3cd06d66b - <unknown>
[INFO] [stdout]   13:     0x62d3cd07b195 - <unknown>
[INFO] [stdout]   14:     0x62d3cd0749c4 - <unknown>
[INFO] [stdout]   15:     0x62d3cd07eb82 - <unknown>
[INFO] [stdout]   16:     0x62d3cd06477c - <unknown>
[INFO] [stdout]   17:     0x72e98d993dfa - <unknown>
[INFO] [stdout]   18:     0x72e98da273d4 - clone
[INFO] [stdout]   19:                0x0 - <unknown>
[INFO] [stdout] 
[INFO] [stdout] ---- actions::exec::tests::an_absent_optional_argument_drops_its_flag_too stdout ----
[INFO] [stdout] 
[INFO] [stdout] thread 'actions::exec::tests::an_absent_optional_argument_drops_its_flag_too' (4876) panicked at crates/gatehound-core/src/lib.rs:78:9:
[INFO] [stdout] the testproc example is missing at /opt/rustwide/target/release/build/gatehound-core/da9e1a0dce4edf63/out/examples/testproc — `cargo test` builds it; a bare `cargo test --lib` does not
[INFO] [stdout] stack backtrace:
[INFO] [stdout]    0:     0x62d3cd065c26 - <unknown>
[INFO] [stdout]    1:     0x62d3ccc49da4 - <unknown>
[INFO] [stdout]    2:     0x62d3cd06b99c - <unknown>
[INFO] [stdout]    3:     0x62d3cd03ee12 - <unknown>
[INFO] [stdout]    4:     0x62d3cd05c441 - <unknown>
[INFO] [stdout]    5:     0x62d3cd05c882 - <unknown>
[INFO] [stdout]    6:     0x62d3cd03eec2 - <unknown>
[INFO] [stdout]    7:     0x62d3cd037249 - <unknown>
[INFO] [stdout]    8:     0x62d3cd04010d - <unknown>
[INFO] [stdout]    9:     0x62d3ccc4a4ac - <unknown>
[INFO] [stdout]   10:     0x62d3cce512a4 - <unknown>
[INFO] [stdout]   11:     0x62d3cce3609d - <unknown>
[INFO] [stdout]   12:     0x62d3cd06d66b - <unknown>
[INFO] [stdout]   13:     0x62d3cd07b195 - <unknown>
[INFO] [stdout]   14:     0x62d3cd0749c4 - <unknown>
[INFO] [stdout]   15:     0x62d3cd07eb82 - <unknown>
[INFO] [stdout]   16:     0x62d3cd06477c - <unknown>
[INFO] [stdout]   17:     0x72e98d993dfa - <unknown>
[INFO] [stdout]   18:     0x72e98da273d4 - clone
[INFO] [stdout]   19:                0x0 - <unknown>
[INFO] [stdout] 
[INFO] [stdout] ---- actions::exec::tests::a_slow_command_is_answered_by_its_fallback_and_labelled stdout ----
[INFO] [stdout] 
[INFO] [stdout] thread 'actions::exec::tests::a_slow_command_is_answered_by_its_fallback_and_labelled' (4874) panicked at crates/gatehound-core/src/lib.rs:78:9:
[INFO] [stdout] the testproc example is missing at /opt/rustwide/target/release/build/gatehound-core/da9e1a0dce4edf63/out/examples/testproc — `cargo test` builds it; a bare `cargo test --lib` does not
[INFO] [stdout] stack backtrace:
[INFO] [stdout]    0:     0x62d3cd065c26 - <unknown>
[INFO] [stdout]    1:     0x62d3ccc49da4 - <unknown>
[INFO] [stdout]    2:     0x62d3cd06b99c - <unknown>
[INFO] [stdout]    3:     0x62d3cd03ee12 - <unknown>
[INFO] [stdout]    4:     0x62d3cd05c441 - <unknown>
[INFO] [stdout]    5:     0x62d3cd05c882 - <unknown>
[INFO] [stdout]    6:     0x62d3cd03eec2 - <unknown>
[INFO] [stdout]    7:     0x62d3cd037249 - <unknown>
[INFO] [stdout]    8:     0x62d3cd04010d - <unknown>
[INFO] [stdout]    9:     0x62d3ccc4a4ac - <unknown>
[INFO] [stdout]   10:     0x62d3cce512a4 - <unknown>
[INFO] [stdout]   11:     0x62d3cce25afa - <unknown>
[INFO] [stdout]   12:     0x62d3cce5625c - <unknown>
[INFO] [stdout]   13:     0x62d3ccda7a04 - <unknown>
[INFO] [stdout]   14:     0x62d3cce559d3 - <unknown>
[INFO] [stdout]   15:     0x62d3cce388eb - <unknown>
[INFO] [stdout]   16:     0x62d3cd06d66b - <unknown>
[INFO] [stdout]   17:     0x62d3cd07b195 - <unknown>
[INFO] [stdout]   18:     0x62d3cd0749c4 - <unknown>
[INFO] [stdout]   19:     0x62d3cd07eb82 - <unknown>
[INFO] [stdout]   20:     0x62d3cd06477c - <unknown>
[INFO] [stdout]   21:     0x72e98d993dfa - <unknown>
[INFO] [stdout]   22:     0x72e98da273d4 - clone
[INFO] [stdout]   23:                0x0 - <unknown>
[INFO] [stdout] 
[INFO] [stdout] ---- actions::exec::tests::the_gateways_own_credentials_are_not_inherited stdout ----
[INFO] [stdout] 
[INFO] [stdout] thread 'actions::exec::tests::the_gateways_own_credentials_are_not_inherited' (4894) panicked at crates/gatehound-core/src/lib.rs:78:9:
[INFO] [stdout] the testproc example is missing at /opt/rustwide/target/release/build/gatehound-core/da9e1a0dce4edf63/out/examples/testproc — `cargo test` builds it; a bare `cargo test --lib` does not
[INFO] [stdout] stack backtrace:
[INFO] [stdout]    0:     0x62d3cd065c26 - <unknown>
[INFO] [stdout]    1:     0x62d3ccc49da4 - <unknown>
[INFO] [stdout]    2:     0x62d3cd06b99c - <unknown>
[INFO] [stdout]    3:     0x62d3cd03ee12 - <unknown>
[INFO] [stdout]    4:     0x62d3cd05c441 - <unknown>
[INFO] [stdout]    5:     0x62d3cd05c882 - <unknown>
[INFO] [stdout]    6:     0x62d3cd03eec2 - <unknown>
[INFO] [stdout]    7:     0x62d3cd037249 - <unknown>
[INFO] [stdout]    8:     0x62d3cd04010d - <unknown>
[INFO] [stdout]    9:     0x62d3ccc4a4ac - <unknown>
[INFO] [stdout]   10:     0x62d3cce512a4 - <unknown>
[INFO] [stdout]   11:     0x62d3cce23318 - <unknown>
[INFO] [stdout]   12:     0x62d3cce5625c - <unknown>
[INFO] [stdout]   13:     0x62d3ccda7a04 - <unknown>
[INFO] [stdout]   14:     0x62d3cce559d3 - <unknown>
[INFO] [stdout]   15:     0x62d3cce36fdb - <unknown>
[INFO] [stdout]   16:     0x62d3cd06d66b - <unknown>
[INFO] [stdout]   17:     0x62d3cd07b195 - <unknown>
[INFO] [stdout]   18:     0x62d3cd0749c4 - <unknown>
[INFO] [stdout]   19:     0x62d3cd07eb82 - <unknown>
[INFO] [stdout]   20:     0x62d3cd06477c - <unknown>
[INFO] [stdout]   21:     0x72e98d993dfa - <unknown>
[INFO] [stdout]   22:     0x72e98da273d4 - clone
[INFO] [stdout]   23:                0x0 - <unknown>
[INFO] [stdout] 
[INFO] [stdout] ---- actions::exec::tests::output_far_over_the_cap_is_truncated_without_waiting_out_the_timeout stdout ----
[INFO] [stdout] 
[INFO] [stdout] thread 'actions::exec::tests::output_far_over_the_cap_is_truncated_without_waiting_out_the_timeout' (4885) panicked at crates/gatehound-core/src/lib.rs:78:9:
[INFO] [stdout] the testproc example is missing at /opt/rustwide/target/release/build/gatehound-core/da9e1a0dce4edf63/out/examples/testproc — `cargo test` builds it; a bare `cargo test --lib` does not
[INFO] [stdout] stack backtrace:
[INFO] [stdout]    0:     0x62d3cd065c26 - <unknown>
[INFO] [stdout]    1:     0x62d3ccc49da4 - <unknown>
[INFO] [stdout]    2:     0x62d3cd06b99c - <unknown>
[INFO] [stdout]    3:     0x62d3cd03ee12 - <unknown>
[INFO] [stdout]    4:     0x62d3cd05c441 - <unknown>
[INFO] [stdout]    5:     0x62d3cd05c882 - <unknown>
[INFO] [stdout]    6:     0x62d3cd03eec2 - <unknown>
[INFO] [stdout]    7:     0x62d3cd037249 - <unknown>
[INFO] [stdout]    8:     0x62d3cd04010d - <unknown>
[INFO] [stdout]    9:     0x62d3ccc4a4ac - <unknown>
[INFO] [stdout]   10:     0x62d3cce512a4 - <unknown>
[INFO] [stdout]   11:     0x62d3cce273dc - <unknown>
[INFO] [stdout]   12:     0x62d3cce5625c - <unknown>
[INFO] [stdout]   13:     0x62d3ccda7a04 - <unknown>
[INFO] [stdout]   14:     0x62d3cce559d3 - <unknown>
[INFO] [stdout]   15:     0x62d3cce39bbb - <unknown>
[INFO] [stdout]   16:     0x62d3cd06d66b - <unknown>
[INFO] [stdout]   17:     0x62d3cd07b195 - <unknown>
[INFO] [stdout]   18:     0x62d3cd0749c4 - <unknown>
[INFO] [stdout]   19:     0x62d3cd07eb82 - <unknown>
[INFO] [stdout]   20:     0x62d3cd06477c - <unknown>
[INFO] [stdout]   21:     0x72e98d993dfa - <unknown>
[INFO] [stdout]   22:     0x72e98da273d4 - clone
[INFO] [stdout]   23:                0x0 - <unknown>
[INFO] [stdout] 
[INFO] [stdout] ---- actions::exec::tests::output_over_the_cap_is_truncated stdout ----
[INFO] [stdout] 
[INFO] [stdout] thread 'actions::exec::tests::output_over_the_cap_is_truncated' (4886) panicked at crates/gatehound-core/src/lib.rs:78:9:
[INFO] [stdout] the testproc example is missing at /opt/rustwide/target/release/build/gatehound-core/da9e1a0dce4edf63/out/examples/testproc — `cargo test` builds it; a bare `cargo test --lib` does not
[INFO] [stdout] stack backtrace:
[INFO] [stdout]    0:     0x62d3cd065c26 - <unknown>
[INFO] [stdout]    1:     0x62d3ccc49da4 - <unknown>
[INFO] [stdout]    2:     0x62d3cd06b99c - <unknown>
[INFO] [stdout]    3:     0x62d3cd03ee12 - <unknown>
[INFO] [stdout]    4:     0x62d3cd05c441 - <unknown>
[INFO] [stdout]    5:     0x62d3cd05c882 - <unknown>
[INFO] [stdout]    6:     0x62d3cd03eec2 - <unknown>
[INFO] [stdout]    7:     0x62d3cd037249 - <unknown>
[INFO] [stdout]    8:     0x62d3cd04010d - <unknown>
[INFO] [stdout]    9:     0x62d3ccc4a4ac - <unknown>
[INFO] [stdout]   10:     0x62d3cce512a4 - <unknown>
[INFO] [stdout]   11:     0x62d3cce207d5 - <unknown>
[INFO] [stdout]   12:     0x62d3cce5625c - <unknown>
[INFO] [stdout]   13:     0x62d3ccda7a04 - <unknown>
[INFO] [stdout]   14:     0x62d3cce559d3 - <unknown>
[INFO] [stdout]   15:     0x62d3cce32d3b - <unknown>
[INFO] [stdout]   16:     0x62d3cd06d66b - <unknown>
[INFO] [stdout]   17:     0x62d3cd07b195 - <unknown>
[INFO] [stdout]   18:     0x62d3cd0749c4 - <unknown>
[INFO] [stdout]   19:     0x62d3cd07eb82 - <unknown>
[INFO] [stdout]   20:     0x62d3cd06477c - <unknown>
[INFO] [stdout]   21:     0x72e98d993dfa - <unknown>
[INFO] [stdout]   22:     0x72e98da273d4 - clone
[INFO] [stdout]   23:                0x0 - <unknown>
[INFO] [stdout] 
[INFO] [stdout] ---- actions::exec::tests::the_call_deadline_stops_a_command_before_its_own_timeout stdout ----
[INFO] [stdout] 
[INFO] [stdout] thread 'actions::exec::tests::the_call_deadline_stops_a_command_before_its_own_timeout' (4892) panicked at crates/gatehound-core/src/lib.rs:78:9:
[INFO] [stdout] the testproc example is missing at /opt/rustwide/target/release/build/gatehound-core/da9e1a0dce4edf63/out/examples/testproc — `cargo test` builds it; a bare `cargo test --lib` does not
[INFO] [stdout] stack backtrace:
[INFO] [stdout]    0:     0x62d3cd065c26 - <unknown>
[INFO] [stdout]    1:     0x62d3ccc49da4 - <unknown>
[INFO] [stdout]    2:     0x62d3cd06b99c - <unknown>
[INFO] [stdout]    3:     0x62d3cd03ee12 - <unknown>
[INFO] [stdout]    4:     0x62d3cd05c441 - <unknown>
[INFO] [stdout]    5:     0x62d3cd05c882 - <unknown>
[INFO] [stdout]    6:     0x62d3cd03eec2 - <unknown>
[INFO] [stdout]    7:     0x62d3cd037249 - <unknown>
[INFO] [stdout]    8:     0x62d3cd04010d - <unknown>
[INFO] [stdout]    9:     0x62d3ccc4a4ac - <unknown>
[INFO] [stdout]   10:     0x62d3cce512a4 - <unknown>
[INFO] [stdout]   11:     0x62d3cce2679e - <unknown>
[INFO] [stdout]   12:     0x62d3cce5625c - <unknown>
[INFO] [stdout]   13:     0x62d3ccda7a04 - <unknown>
[INFO] [stdout]   14:     0x62d3cce559d3 - <unknown>
[INFO] [stdout]   15:     0x62d3cce38c9b - <unknown>
[INFO] [stdout]   16:     0x62d3cd06d66b - <unknown>
[INFO] [stdout]   17:     0x62d3cd07b195 - <unknown>
[INFO] [stdout]   18:     0x62d3cd0749c4 - <unknown>
[INFO] [stdout]   19:     0x62d3cd07eb82 - <unknown>
[INFO] [stdout]   20:     0x62d3cd06477c - <unknown>
[INFO] [stdout]   21:     0x72e98d993dfa - <unknown>
[INFO] [stdout]   22:     0x72e98da273d4 - clone
[INFO] [stdout]   23:                0x0 - <unknown>
[INFO] [stdout] 
[INFO] [stdout] ---- actions::exec::tests::a_missing_interpreter_is_named_with_the_path_searched stdout ----
[INFO] [stdout] 
[INFO] [stdout] thread 'actions::exec::tests::a_missing_interpreter_is_named_with_the_path_searched' (4870) panicked at crates/gatehound-core/src/lib.rs:78:9:
[INFO] [stdout] the testproc example is missing at /opt/rustwide/target/release/build/gatehound-core/da9e1a0dce4edf63/out/examples/testproc — `cargo test` builds it; a bare `cargo test --lib` does not
[INFO] [stdout] stack backtrace:
[INFO] [stdout]    0:     0x62d3cd065c26 - <unknown>
[INFO] [stdout]    1:     0x62d3ccc49da4 - <unknown>
[INFO] [stdout]    2:     0x62d3cd06b99c - <unknown>
[INFO] [stdout]    3:     0x62d3cd03ee12 - <unknown>
[INFO] [stdout]    4:     0x62d3cd05c441 - <unknown>
[INFO] [stdout]    5:     0x62d3cd05c882 - <unknown>
[INFO] [stdout]    6:     0x62d3cd03eec2 - <unknown>
[INFO] [stdout]    7:     0x62d3cd037249 - <unknown>
[INFO] [stdout]    8:     0x62d3cd04010d - <unknown>
[INFO] [stdout]    9:     0x62d3ccc4a4ac - <unknown>
[INFO] [stdout]   10:     0x62d3cce512a4 - <unknown>
[INFO] [stdout]   11:     0x62d3cce24e9f - <unknown>
[INFO] [stdout]   12:     0x62d3cce5625c - <unknown>
[INFO] [stdout]   13:     0x62d3ccda7a04 - <unknown>
[INFO] [stdout]   14:     0x62d3cce559d3 - <unknown>
[INFO] [stdout]   15:     0x62d3cce37ceb - <unknown>
[INFO] [stdout]   16:     0x62d3cd06d66b - <unknown>
[INFO] [stdout]   17:     0x62d3cd07b195 - <unknown>
[INFO] [stdout]   18:     0x62d3cd0749c4 - <unknown>
[INFO] [stdout]   19:     0x62d3cd07eb82 - <unknown>
[INFO] [stdout]   20:     0x62d3cd06477c - <unknown>
[INFO] [stdout]   21:     0x72e98d993dfa - <unknown>
[INFO] [stdout]   22:     0x72e98da273d4 - clone
[INFO] [stdout]   23:                0x0 - <unknown>
[INFO] [stdout] 
[INFO] [stdout] ---- actions::exec::tests::an_argument_placed_on_stdin_is_not_appended_to_argv stdout ----
[INFO] [stdout] 
[INFO] [stdout] thread 'actions::exec::tests::an_argument_placed_on_stdin_is_not_appended_to_argv' (4878) panicked at crates/gatehound-core/src/lib.rs:78:9:
[INFO] [stdout] the testproc example is missing at /opt/rustwide/target/release/build/gatehound-core/da9e1a0dce4edf63/out/examples/testproc — `cargo test` builds it; a bare `cargo test --lib` does not
[INFO] [stdout] stack backtrace:
[INFO] [stdout]    0:     0x62d3cd065c26 - <unknown>
[INFO] [stdout]    1:     0x62d3ccc49da4 - <unknown>
[INFO] [stdout]    2:     0x62d3cd06b99c - <unknown>
[INFO] [stdout]    3:     0x62d3cd03ee12 - <unknown>
[INFO] [stdout]    4:     0x62d3cd05c441 - <unknown>
[INFO] [stdout]    5:     0x62d3cd05c882 - <unknown>
[INFO] [stdout]    6:     0x62d3cd03eec2 - <unknown>
[INFO] [stdout]    7:     0x62d3cd037249 - <unknown>
[INFO] [stdout]    8:     0x62d3cd04010d - <unknown>
[INFO] [stdout]    9:     0x62d3ccc4a4ac - <unknown>
[INFO] [stdout]   10:     0x62d3cce512a4 - <unknown>
[INFO] [stdout]   11:     0x62d3cce37829 - <unknown>
[INFO] [stdout]   12:     0x62d3cd06d66b - <unknown>
[INFO] [stdout]   13:     0x62d3cd07b195 - <unknown>
[INFO] [stdout]   14:     0x62d3cd0749c4 - <unknown>
[INFO] [stdout]   15:     0x62d3cd07eb82 - <unknown>
[INFO] [stdout]   16:     0x62d3cd06477c - <unknown>
[INFO] [stdout]   17:     0x72e98d993dfa - <unknown>
[INFO] [stdout]   18:     0x72e98da273d4 - clone
[INFO] [stdout]   19:                0x0 - <unknown>
[INFO] [stdout] 
[INFO] [stdout] ---- actions::exec::tests::the_preview_matches_what_is_actually_spawned stdout ----
[INFO] [stdout] 
[INFO] [stdout] thread 'actions::exec::tests::the_preview_matches_what_is_actually_spawned' (4895) panicked at crates/gatehound-core/src/lib.rs:78:9:
[INFO] [stdout] the testproc example is missing at /opt/rustwide/target/release/build/gatehound-core/da9e1a0dce4edf63/out/examples/testproc — `cargo test` builds it; a bare `cargo test --lib` does not
[INFO] [stdout] stack backtrace:
[INFO] [stdout]    0:     0x62d3cd065c26 - <unknown>
[INFO] [stdout]    1:     0x62d3ccc49da4 - <unknown>
[INFO] [stdout]    2:     0x62d3cd06b99c - <unknown>
[INFO] [stdout]    3:     0x62d3cd03ee12 - <unknown>
[INFO] [stdout]    4:     0x62d3cd05c441 - <unknown>
[INFO] [stdout]    5:     0x62d3cd05c882 - <unknown>
[INFO] [stdout]    6:     0x62d3cd03eec2 - <unknown>
[INFO] [stdout]    7:     0x62d3cd037249 - <unknown>
[INFO] [stdout]    8:     0x62d3cd04010d - <unknown>
[INFO] [stdout]    9:     0x62d3ccc4a4ac - <unknown>
[INFO] [stdout]   10:     0x62d3cce512a4 - <unknown>
[INFO] [stdout]   11:     0x62d3cce34406 - <unknown>
[INFO] [stdout]   12:     0x62d3cd06d66b - <unknown>
[INFO] [stdout]   13:     0x62d3cd07b195 - <unknown>
[INFO] [stdout]   14:     0x62d3cd0749c4 - <unknown>
[INFO] [stdout]   15:     0x62d3cd07eb82 - <unknown>
[INFO] [stdout]   16:     0x62d3cd06477c - <unknown>
[INFO] [stdout]   17:     0x72e98d993dfa - <unknown>
[INFO] [stdout]   18:     0x72e98da273d4 - clone
[INFO] [stdout]   19:                0x0 - <unknown>
[INFO] [stdout] 
[INFO] [stdout] ---- actions::exec::tests::stopping_a_command_stops_what_it_started stdout ----
[INFO] [stdout] 
[INFO] [stdout] thread 'actions::exec::tests::stopping_a_command_stops_what_it_started' (4891) panicked at crates/gatehound-core/src/lib.rs:78:9:
[INFO] [stdout] the testproc example is missing at /opt/rustwide/target/release/build/gatehound-core/da9e1a0dce4edf63/out/examples/testproc — `cargo test` builds it; a bare `cargo test --lib` does not
[INFO] [stdout] stack backtrace:
[INFO] [stdout]    0:     0x62d3cd065c26 - <unknown>
[INFO] [stdout]    1:     0x62d3ccc49da4 - <unknown>
[INFO] [stdout]    2:     0x62d3cd06b99c - <unknown>
[INFO] [stdout]    3:     0x62d3cd03ee12 - <unknown>
[INFO] [stdout]    4:     0x62d3cd05c441 - <unknown>
[INFO] [stdout]    5:     0x62d3cd05c882 - <unknown>
[INFO] [stdout]    6:     0x62d3cd03eec2 - <unknown>
[INFO] [stdout]    7:     0x62d3cd037249 - <unknown>
[INFO] [stdout]    8:     0x62d3cd04010d - <unknown>
[INFO] [stdout]    9:     0x62d3ccc4a4ac - <unknown>
[INFO] [stdout]   10:     0x62d3cce512a4 - <unknown>
[INFO] [stdout]   11:     0x62d3cce225e9 - <unknown>
[INFO] [stdout]   12:     0x62d3cce5625c - <unknown>
[INFO] [stdout]   13:     0x62d3ccda7a04 - <unknown>
[INFO] [stdout]   14:     0x62d3cce559d3 - <unknown>
[INFO] [stdout]   15:     0x62d3cce3410b - <unknown>
[INFO] [stdout]   16:     0x62d3cd06d66b - <unknown>
[INFO] [stdout]   17:     0x62d3cd07b195 - <unknown>
[INFO] [stdout]   18:     0x62d3cd0749c4 - <unknown>
[INFO] [stdout]   19:     0x62d3cd07eb82 - <unknown>
[INFO] [stdout]   20:     0x62d3cd06477c - <unknown>
[INFO] [stdout]   21:     0x72e98d993dfa - <unknown>
[INFO] [stdout]   22:     0x72e98da273d4 - clone
[INFO] [stdout]   23:                0x0 - <unknown>
[INFO] [stdout] 
[INFO] [stdout] ---- actions::exec::tests::runs_a_command_and_returns_stdout stdout ----
[INFO] [stdout] 
[INFO] [stdout] thread 'actions::exec::tests::runs_a_command_and_returns_stdout' (4890) panicked at crates/gatehound-core/src/lib.rs:78:9:
[INFO] [stdout] the testproc example is missing at /opt/rustwide/target/release/build/gatehound-core/da9e1a0dce4edf63/out/examples/testproc — `cargo test` builds it; a bare `cargo test --lib` does not
[INFO] [stdout] stack backtrace:
[INFO] [stdout]    0:     0x62d3cd065c26 - <unknown>
[INFO] [stdout]    1:     0x62d3ccc49da4 - <unknown>
[INFO] [stdout]    2:     0x62d3cd06b99c - <unknown>
[INFO] [stdout]    3:     0x62d3cd03ee12 - <unknown>
[INFO] [stdout]    4:     0x62d3cd05c441 - <unknown>
[INFO] [stdout]    5:     0x62d3cd05c882 - <unknown>
[INFO] [stdout]    6:     0x62d3cd03eec2 - <unknown>
[INFO] [stdout]    7:     0x62d3cd037249 - <unknown>
[INFO] [stdout]    8:     0x62d3cd04010d - <unknown>
[INFO] [stdout]    9:     0x62d3ccc4a4ac - <unknown>
[INFO] [stdout]   10:     0x62d3cce512a4 - <unknown>
[INFO] [stdout]   11:     0x62d3cce20b65 - <unknown>
[INFO] [stdout]   12:     0x62d3cce5625c - <unknown>
[INFO] [stdout]   13:     0x62d3ccda7a04 - <unknown>
[INFO] [stdout]   14:     0x62d3cce559d3 - <unknown>
[INFO] [stdout]   15:     0x62d3cce32f3b - <unknown>
[INFO] [stdout]   16:     0x62d3cd06d66b - <unknown>
[INFO] [stdout]   17:     0x62d3cd07b195 - <unknown>
[INFO] [stdout]   18:     0x62d3cd0749c4 - <unknown>
[INFO] [stdout]   19:     0x62d3cd07eb82 - <unknown>
[INFO] [stdout]   20:     0x62d3cd06477c - <unknown>
[INFO] [stdout]   21:     0x72e98d993dfa - <unknown>
[INFO] [stdout]   22:     0x72e98da273d4 - clone
[INFO] [stdout]   23:                0x0 - <unknown>
[INFO] [stdout] 
[INFO] [stdout] ---- actions::exec::tests::declared_arguments_become_flags_without_anyone_writing_a_template stdout ----
[INFO] [stdout] 
[INFO] [stdout] thread 'actions::exec::tests::declared_arguments_become_flags_without_anyone_writing_a_template' (4883) panicked at crates/gatehound-core/src/lib.rs:78:9:
[INFO] [stdout] the testproc example is missing at /opt/rustwide/target/release/build/gatehound-core/da9e1a0dce4edf63/out/examples/testproc — `cargo test` builds it; a bare `cargo test --lib` does not
[INFO] [stdout] stack backtrace:
[INFO] [stdout]    0:     0x62d3cd065c26 - <unknown>
[INFO] [stdout]    1:     0x62d3ccc49da4 - <unknown>
[INFO] [stdout]    2:     0x62d3cd06b99c - <unknown>
[INFO] [stdout]    3:     0x62d3cd03ee12 - <unknown>
[INFO] [stdout]    4:     0x62d3cd05c441 - <unknown>
[INFO] [stdout]    5:     0x62d3cd05c882 - <unknown>
[INFO] [stdout]    6:     0x62d3cd03eec2 - <unknown>
[INFO] [stdout]    7:     0x62d3cd037249 - <unknown>
[INFO] [stdout]    8:     0x62d3cd04010d - <unknown>
[INFO] [stdout]    9:     0x62d3ccc4a4ac - <unknown>
[INFO] [stdout]   10:     0x62d3cce512a4 - <unknown>
[INFO] [stdout]   11:     0x62d3cce393dd - <unknown>
[INFO] [stdout]   12:     0x62d3cd06d66b - <unknown>
[INFO] [stdout]   13:     0x62d3cd07b195 - <unknown>
[INFO] [stdout]   14:     0x62d3cd0749c4 - <unknown>
[INFO] [stdout]   15:     0x62d3cd07eb82 - <unknown>
[INFO] [stdout]   16:     0x62d3cd06477c - <unknown>
[INFO] [stdout]   17:     0x72e98d993dfa - <unknown>
[INFO] [stdout]   18:     0x72e98da273d4 - clone
[INFO] [stdout]   19:                0x0 - <unknown>
[INFO] [stdout] 
[INFO] [stdout] ---- actions::tests::a_failed_action_does_not_burn_the_idempotency_key stdout ----
[INFO] [stdout] 
[INFO] [stdout] thread 'actions::tests::a_failed_action_does_not_burn_the_idempotency_key' (4905) panicked at crates/gatehound-core/src/lib.rs:78:9:
[INFO] [stdout] the testproc example is missing at /opt/rustwide/target/release/build/gatehound-core/da9e1a0dce4edf63/out/examples/testproc — `cargo test` builds it; a bare `cargo test --lib` does not
[INFO] [stdout] stack backtrace:
[INFO] [stdout]    0:     0x62d3cd065c26 - <unknown>
[INFO] [stdout]    1:     0x62d3ccc49da4 - <unknown>
[INFO] [stdout]    2:     0x62d3cd06b99c - <unknown>
[INFO] [stdout]    3:     0x62d3cd03ee12 - <unknown>
[INFO] [stdout]    4:     0x62d3cd05c441 - <unknown>
[INFO] [stdout]    5:     0x62d3cd05c882 - <unknown>
[INFO] [stdout]    6:     0x62d3cd03eec2 - <unknown>
[INFO] [stdout]    7:     0x62d3cd037249 - <unknown>
[INFO] [stdout]    8:     0x62d3cd04010d - <unknown>
[INFO] [stdout]    9:     0x62d3ccc4a4ac - <unknown>
[INFO] [stdout]   10:     0x62d3cce512a4 - <unknown>
[INFO] [stdout]   11:     0x62d3ccda4286 - <unknown>
[INFO] [stdout]   12:     0x62d3ccd8fb8c - <unknown>
[INFO] [stdout]   13:     0x62d3cce5625c - <unknown>
[INFO] [stdout]   14:     0x62d3ccda7a04 - <unknown>
[INFO] [stdout]   15:     0x62d3cce559d3 - <unknown>
[INFO] [stdout]   16:     0x62d3ccda63ab - <unknown>
[INFO] [stdout]   17:     0x62d3cd06d66b - <unknown>
[INFO] [stdout]   18:     0x62d3cd07b195 - <unknown>
[INFO] [stdout]   19:     0x62d3cd0749c4 - <unknown>
[INFO] [stdout]   20:     0x62d3cd07eb82 - <unknown>
[INFO] [stdout]   21:     0x62d3cd06477c - <unknown>
[INFO] [stdout]   22:     0x72e98d993dfa - <unknown>
[INFO] [stdout]   23:     0x72e98da273d4 - clone
[INFO] [stdout]   24:                0x0 - <unknown>
[INFO] [stdout] 
[INFO] [stdout] ---- actions::tests::rate_limited_tools_refuse_once_the_cap_is_spent stdout ----
[INFO] [stdout] 
[INFO] [stdout] thread 'actions::tests::rate_limited_tools_refuse_once_the_cap_is_spent' (4916) panicked at crates/gatehound-core/src/lib.rs:78:9:
[INFO] [stdout] the testproc example is missing at /opt/rustwide/target/release/build/gatehound-core/da9e1a0dce4edf63/out/examples/testproc — `cargo test` builds it; a bare `cargo test --lib` does not
[INFO] [stdout] stack backtrace:
[INFO] [stdout]    0:     0x62d3cd065c26 - <unknown>
[INFO] [stdout]    1:     0x62d3ccc49da4 - <unknown>
[INFO] [stdout]    2:     0x62d3cd06b99c - <unknown>
[INFO] [stdout]    3:     0x62d3cd03ee12 - <unknown>
[INFO] [stdout]    4:     0x62d3cd05c441 - <unknown>
[INFO] [stdout]    5:     0x62d3cd05c882 - <unknown>
[INFO] [stdout]    6:     0x62d3cd03eec2 - <unknown>
[INFO] [stdout]    7:     0x62d3cd037249 - <unknown>
[INFO] [stdout]    8:     0x62d3cd04010d - <unknown>
[INFO] [stdout]    9:     0x62d3ccc4a4ac - <unknown>
[INFO] [stdout]   10:     0x62d3cce512a4 - <unknown>
[INFO] [stdout]   11:     0x62d3ccda4286 - <unknown>
[INFO] [stdout]   12:     0x62d3ccd8f57d - <unknown>
[INFO] [stdout]   13:     0x62d3cce5625c - <unknown>
[INFO] [stdout]   14:     0x62d3ccda7a04 - <unknown>
[INFO] [stdout]   15:     0x62d3cce559d3 - <unknown>
[INFO] [stdout]   16:     0x62d3ccda61fb - <unknown>
[INFO] [stdout]   17:     0x62d3cd06d66b - <unknown>
[INFO] [stdout]   18:     0x62d3cd07b195 - <unknown>
[INFO] [stdout]   19:     0x62d3cd0749c4 - <unknown>
[INFO] [stdout]   20:     0x62d3cd07eb82 - <unknown>
[INFO] [stdout]   21:     0x62d3cd06477c - <unknown>
[INFO] [stdout]   22:     0x72e98d993dfa - <unknown>
[INFO] [stdout]   23:     0x72e98da273d4 - clone
[INFO] [stdout]   24:                0x0 - <unknown>
[INFO] [stdout] 
[INFO] [stdout] ---- actions::tests::an_idempotent_tool_needs_a_key stdout ----
[INFO] [stdout] 
[INFO] [stdout] thread 'actions::tests::an_idempotent_tool_needs_a_key' (4912) panicked at crates/gatehound-core/src/lib.rs:78:9:
[INFO] [stdout] the testproc example is missing at /opt/rustwide/target/release/build/gatehound-core/da9e1a0dce4edf63/out/examples/testproc — `cargo test` builds it; a bare `cargo test --lib` does not
[INFO] [stdout] stack backtrace:
[INFO] [stdout]    0:     0x62d3cd065c26 - <unknown>
[INFO] [stdout]    1:     0x62d3ccc49da4 - <unknown>
[INFO] [stdout]    2:     0x62d3cd06b99c - <unknown>
[INFO] [stdout]    3:     0x62d3cd03ee12 - <unknown>
[INFO] [stdout]    4:     0x62d3cd05c441 - <unknown>
[INFO] [stdout]    5:     0x62d3cd05c882 - <unknown>
[INFO] [stdout]    6:     0x62d3cd03eec2 - <unknown>
[INFO] [stdout]    7:     0x62d3cd037249 - <unknown>
[INFO] [stdout]    8:     0x62d3cd04010d - <unknown>
[INFO] [stdout]    9:     0x62d3ccc4a4ac - <unknown>
[INFO] [stdout]   10:     0x62d3cce512a4 - <unknown>
[INFO] [stdout]   11:     0x62d3ccda4286 - <unknown>
[INFO] [stdout]   12:     0x62d3ccd8ab9d - <unknown>
[INFO] [stdout]   13:     0x62d3cce5625c - <unknown>
[INFO] [stdout]   14:     0x62d3ccda7a04 - <unknown>
[INFO] [stdout]   15:     0x62d3cce559d3 - <unknown>
[INFO] [stdout]   16:     0x62d3ccda598b - <unknown>
[INFO] [stdout]   17:     0x62d3cd06d66b - <unknown>
[INFO] [stdout]   18:     0x62d3cd07b195 - <unknown>
[INFO] [stdout]   19:     0x62d3cd0749c4 - <unknown>
[INFO] [stdout]   20:     0x62d3cd07eb82 - <unknown>
[INFO] [stdout]   21:     0x62d3cd06477c - <unknown>
[INFO] [stdout]   22:     0x72e98d993dfa - <unknown>
[INFO] [stdout]   23:     0x72e98da273d4 - clone
[INFO] [stdout]   24:                0x0 - <unknown>
[INFO] [stdout] 
[INFO] [stdout] ---- actions::tests::exec_actions_fill_only_declared_placeholders stdout ----
[INFO] [stdout] 
[INFO] [stdout] thread 'actions::tests::exec_actions_fill_only_declared_placeholders' (4913) panicked at crates/gatehound-core/src/lib.rs:78:9:
[INFO] [stdout] the testproc example is missing at /opt/rustwide/target/release/build/gatehound-core/da9e1a0dce4edf63/out/examples/testproc — `cargo test` builds it; a bare `cargo test --lib` does not
[INFO] [stdout] stack backtrace:
[INFO] [stdout]    0:     0x62d3cd065c26 - <unknown>
[INFO] [stdout]    1:     0x62d3ccc49da4 - <unknown>
[INFO] [stdout]    2:     0x62d3cd06b99c - <unknown>
[INFO] [stdout]    3:     0x62d3cd03ee12 - <unknown>
[INFO] [stdout]    4:     0x62d3cd05c441 - <unknown>
[INFO] [stdout]    5:     0x62d3cd05c882 - <unknown>
[INFO] [stdout]    6:     0x62d3cd03eec2 - <unknown>
[INFO] [stdout]    7:     0x62d3cd037249 - <unknown>
[INFO] [stdout]    8:     0x62d3cd04010d - <unknown>
[INFO] [stdout]    9:     0x62d3ccc4a4ac - <unknown>
[INFO] [stdout]   10:     0x62d3cce512a4 - <unknown>
[INFO] [stdout]   11:     0x62d3ccda4286 - <unknown>
[INFO] [stdout]   12:     0x62d3ccd8d20f - <unknown>
[INFO] [stdout]   13:     0x62d3cce5625c - <unknown>
[INFO] [stdout]   14:     0x62d3ccda7a04 - <unknown>
[INFO] [stdout]   15:     0x62d3cce559d3 - <unknown>
[INFO] [stdout]   16:     0x62d3ccda5ceb - <unknown>
[INFO] [stdout]   17:     0x62d3cd06d66b - <unknown>
[INFO] [stdout]   18:     0x62d3cd07b195 - <unknown>
[INFO] [stdout]   19:     0x62d3cd0749c4 - <unknown>
[INFO] [stdout]   20:     0x62d3cd07eb82 - <unknown>
[INFO] [stdout]   21:     0x62d3cd06477c - <unknown>
[INFO] [stdout]   22:     0x72e98d993dfa - <unknown>
[INFO] [stdout]   23:     0x72e98da273d4 - clone
[INFO] [stdout]   24:                0x0 - <unknown>
[INFO] [stdout] 
[INFO] [stdout] ---- actions::tests::structured_arguments_are_refused_for_exec_actions stdout ----
[INFO] [stdout] 
[INFO] [stdout] thread 'actions::tests::structured_arguments_are_refused_for_exec_actions' (4917) panicked at crates/gatehound-core/src/lib.rs:78:9:
[INFO] [stdout] the testproc example is missing at /opt/rustwide/target/release/build/gatehound-core/da9e1a0dce4edf63/out/examples/testproc — `cargo test` builds it; a bare `cargo test --lib` does not
[INFO] [stdout] stack backtrace:
[INFO] [stdout]    0:     0x62d3cd065c26 - <unknown>
[INFO] [stdout]    1:     0x62d3ccc49da4 - <unknown>
[INFO] [stdout]    2:     0x62d3cd06b99c - <unknown>
[INFO] [stdout]    3:     0x62d3cd03ee12 - <unknown>
[INFO] [stdout]    4:     0x62d3cd05c441 - <unknown>
[INFO] [stdout]    5:     0x62d3cd05c882 - <unknown>
[INFO] [stdout]    6:     0x62d3cd03eec2 - <unknown>
[INFO] [stdout]    7:     0x62d3cd037249 - <unknown>
[INFO] [stdout]    8:     0x62d3cd04010d - <unknown>
[INFO] [stdout]    9:     0x62d3ccc4a4ac - <unknown>
[INFO] [stdout]   10:     0x62d3cce512a4 - <unknown>
[INFO] [stdout]   11:     0x62d3ccda4286 - <unknown>
[INFO] [stdout]   12:     0x62d3ccd9073d - <unknown>
[INFO] [stdout]   13:     0x62d3cce5625c - <unknown>
[INFO] [stdout]   14:     0x62d3ccda7a04 - <unknown>
[INFO] [stdout]   15:     0x62d3cce559d3 - <unknown>
[INFO] [stdout]   16:     0x62d3ccda655b - <unknown>
[INFO] [stdout]   17:     0x62d3cd06d66b - <unknown>
[INFO] [stdout]   18:     0x62d3cd07b195 - <unknown>
[INFO] [stdout]   19:     0x62d3cd0749c4 - <unknown>
[INFO] [stdout]   20:     0x62d3cd07eb82 - <unknown>
[INFO] [stdout]   21:     0x62d3cd06477c - <unknown>
[INFO] [stdout]   22:     0x72e98d993dfa - <unknown>
[INFO] [stdout]   23:     0x72e98da273d4 - clone
[INFO] [stdout]   24:                0x0 - <unknown>
[INFO] [stdout] 
[INFO] [stdout] ---- actions::tests::one_key_reused_for_different_arguments_is_refused_for_any_tool stdout ----
[INFO] [stdout] 
[INFO] [stdout] thread 'actions::tests::one_key_reused_for_different_arguments_is_refused_for_any_tool' (4914) panicked at crates/gatehound-core/src/lib.rs:78:9:
[INFO] [stdout] the testproc example is missing at /opt/rustwide/target/release/build/gatehound-core/da9e1a0dce4edf63/out/examples/testproc — `cargo test` builds it; a bare `cargo test --lib` does not
[INFO] [stdout] stack backtrace:
[INFO] [stdout]    0:     0x62d3cd065c26 - <unknown>
[INFO] [stdout]    1:     0x62d3ccc49da4 - <unknown>
[INFO] [stdout]    2:     0x62d3cd06b99c - <unknown>
[INFO] [stdout]    3:     0x62d3cd03ee12 - <unknown>
[INFO] [stdout]    4:     0x62d3cd05c441 - <unknown>
[INFO] [stdout]    5:     0x62d3cd05c882 - <unknown>
[INFO] [stdout]    6:     0x62d3cd03eec2 - <unknown>
[INFO] [stdout]    7:     0x62d3cd037249 - <unknown>
[INFO] [stdout]    8:     0x62d3cd04010d - <unknown>
[INFO] [stdout]    9:     0x62d3ccc4a4ac - <unknown>
[INFO] [stdout]   10:     0x62d3cce512a4 - <unknown>
[INFO] [stdout]   11:     0x62d3ccda4286 - <unknown>
[INFO] [stdout]   12:     0x62d3ccd91e3f - <unknown>
[INFO] [stdout]   13:     0x62d3cce5625c - <unknown>
[INFO] [stdout]   14:     0x62d3ccda7a04 - <unknown>
[INFO] [stdout]   15:     0x62d3cce559d3 - <unknown>
[INFO] [stdout]   16:     0x62d3ccda70bb - <unknown>
[INFO] [stdout]   17:     0x62d3cd06d66b - <unknown>
[INFO] [stdout]   18:     0x62d3cd07b195 - <unknown>
[INFO] [stdout]   19:     0x62d3cd0749c4 - <unknown>
[INFO] [stdout]   20:     0x62d3cd07eb82 - <unknown>
[INFO] [stdout]   21:     0x62d3cd06477c - <unknown>
[INFO] [stdout]   22:     0x72e98d993dfa - <unknown>
[INFO] [stdout]   23:     0x72e98da273d4 - clone
[INFO] [stdout]   24:                0x0 - <unknown>
[INFO] [stdout] 
[INFO] [stdout] ---- actions::tests::a_repeated_idempotency_key_does_not_act_twice stdout ----
[INFO] [stdout] 
[INFO] [stdout] thread 'actions::tests::a_repeated_idempotency_key_does_not_act_twice' (4907) panicked at crates/gatehound-core/src/lib.rs:78:9:
[INFO] [stdout] the testproc example is missing at /opt/rustwide/target/release/build/gatehound-core/da9e1a0dce4edf63/out/examples/testproc — `cargo test` builds it; a bare `cargo test --lib` does not
[INFO] [stdout] stack backtrace:
[INFO] [stdout]    0:     0x62d3cd065c26 - <unknown>
[INFO] [stdout]    1:     0x62d3ccc49da4 - <unknown>
[INFO] [stdout]    2:     0x62d3cd06b99c - <unknown>
[INFO] [stdout]    3:     0x62d3cd03ee12 - <unknown>
[INFO] [stdout]    4:     0x62d3cd05c441 - <unknown>
[INFO] [stdout]    5:     0x62d3cd05c882 - <unknown>
[INFO] [stdout]    6:     0x62d3cd03eec2 - <unknown>
[INFO] [stdout]    7:     0x62d3cd037249 - <unknown>
[INFO] [stdout]    8:     0x62d3cd04010d - <unknown>
[INFO] [stdout]    9:     0x62d3ccc4a4ac - <unknown>
[INFO] [stdout]   10:     0x62d3cce512a4 - <unknown>
[INFO] [stdout]   11:     0x62d3ccda4286 - <unknown>
[INFO] [stdout]   12:     0x62d3ccd8dc01 - <unknown>
[INFO] [stdout]   13:     0x62d3cce5625c - <unknown>
[INFO] [stdout]   14:     0x62d3ccda7a04 - <unknown>
[INFO] [stdout]   15:     0x62d3cce559d3 - <unknown>
[INFO] [stdout]   16:     0x62d3ccda5e9b - <unknown>
[INFO] [stdout]   17:     0x62d3cd06d66b - <unknown>
[INFO] [stdout]   18:     0x62d3cd07b195 - <unknown>
[INFO] [stdout]   19:     0x62d3cd0749c4 - <unknown>
[INFO] [stdout]   20:     0x62d3cd07eb82 - <unknown>
[INFO] [stdout]   21:     0x62d3cd06477c - <unknown>
[INFO] [stdout]   22:     0x72e98d993dfa - <unknown>
[INFO] [stdout]   23:     0x72e98da273d4 - clone
[INFO] [stdout]   24:                0x0 - <unknown>
[INFO] [stdout] 
[INFO] [stdout] ---- actions::tests::one_key_used_by_two_different_tools_is_refused stdout ----
[INFO] [stdout] 
[INFO] [stdout] thread 'actions::tests::one_key_used_by_two_different_tools_is_refused' (4915) panicked at crates/gatehound-core/src/lib.rs:78:9:
[INFO] [stdout] the testproc example is missing at /opt/rustwide/target/release/build/gatehound-core/da9e1a0dce4edf63/out/examples/testproc — `cargo test` builds it; a bare `cargo test --lib` does not
[INFO] [stdout] stack backtrace:
[INFO] [stdout]    0:     0x62d3cd065c26 - <unknown>
[INFO] [stdout]    1:     0x62d3ccc49da4 - <unknown>
[INFO] [stdout]    2:     0x62d3cd06b99c - <unknown>
[INFO] [stdout]    3:     0x62d3cd03ee12 - <unknown>
[INFO] [stdout]    4:     0x62d3cd05c441 - <unknown>
[INFO] [stdout]    5:     0x62d3cd05c882 - <unknown>
[INFO] [stdout]    6:     0x62d3cd03eec2 - <unknown>
[INFO] [stdout]    7:     0x62d3cd037249 - <unknown>
[INFO] [stdout]    8:     0x62d3cd04010d - <unknown>
[INFO] [stdout]    9:     0x62d3ccc4a4ac - <unknown>
[INFO] [stdout]   10:     0x62d3cce512a4 - <unknown>
[INFO] [stdout]   11:     0x62d3ccda4286 - <unknown>
[INFO] [stdout]   12:     0x62d3ccd8ecad - <unknown>
[INFO] [stdout]   13:     0x62d3cce5625c - <unknown>
[INFO] [stdout]   14:     0x62d3ccda7a04 - <unknown>
[INFO] [stdout]   15:     0x62d3cce559d3 - <unknown>
[INFO] [stdout]   16:     0x62d3ccda604b - <unknown>
[INFO] [stdout]   17:     0x62d3cd06d66b - <unknown>
[INFO] [stdout]   18:     0x62d3cd07b195 - <unknown>
[INFO] [stdout]   19:     0x62d3cd0749c4 - <unknown>
[INFO] [stdout]   20:     0x62d3cd07eb82 - <unknown>
[INFO] [stdout]   21:     0x62d3cd06477c - <unknown>
[INFO] [stdout]   22:     0x72e98d993dfa - <unknown>
[INFO] [stdout]   23:     0x72e98da273d4 - clone
[INFO] [stdout]   24:                0x0 - <unknown>
[INFO] [stdout] 
[INFO] [stdout] ---- actions::tests::a_replay_returns_the_recorded_body_not_a_message_shaped_stub stdout ----
[INFO] [stdout] 
[INFO] [stdout] thread 'actions::tests::a_replay_returns_the_recorded_body_not_a_message_shaped_stub' (4908) panicked at crates/gatehound-core/src/lib.rs:78:9:
[INFO] [stdout] the testproc example is missing at /opt/rustwide/target/release/build/gatehound-core/da9e1a0dce4edf63/out/examples/testproc — `cargo test` builds it; a bare `cargo test --lib` does not
[INFO] [stdout] stack backtrace:
[INFO] [stdout]    0:     0x62d3cd065c26 - <unknown>
[INFO] [stdout]    1:     0x62d3ccc49da4 - <unknown>
[INFO] [stdout]    2:     0x62d3cd06b99c - <unknown>
[INFO] [stdout]    3:     0x62d3cd03ee12 - <unknown>
[INFO] [stdout]    4:     0x62d3cd05c441 - <unknown>
[INFO] [stdout]    5:     0x62d3cd05c882 - <unknown>
[INFO] [stdout]    6:     0x62d3cd03eec2 - <unknown>
[INFO] [stdout]    7:     0x62d3cd037249 - <unknown>
[INFO] [stdout]    8:     0x62d3cd04010d - <unknown>
[INFO] [stdout]    9:     0x62d3ccc4a4ac - <unknown>
[INFO] [stdout]   10:     0x62d3cce512a4 - <unknown>
[INFO] [stdout]   11:     0x62d3ccda4286 - <unknown>
[INFO] [stdout]   12:     0x62d3ccd90f44 - <unknown>
[INFO] [stdout]   13:     0x62d3cce5625c - <unknown>
[INFO] [stdout]   14:     0x62d3ccda7a04 - <unknown>
[INFO] [stdout]   15:     0x62d3cce559d3 - <unknown>
[INFO] [stdout]   16:     0x62d3ccda6f0b - <unknown>
[INFO] [stdout]   17:     0x62d3cd06d66b - <unknown>
[INFO] [stdout]   18:     0x62d3cd07b195 - <unknown>
[INFO] [stdout]   19:     0x62d3cd0749c4 - <unknown>
[INFO] [stdout]   20:     0x62d3cd07eb82 - <unknown>
[INFO] [stdout]   21:     0x62d3cd06477c - <unknown>
[INFO] [stdout]   22:     0x72e98d993dfa - <unknown>
[INFO] [stdout]   23:     0x72e98da273d4 - clone
[INFO] [stdout]   24:                0x0 - <unknown>
[INFO] [stdout] 
[INFO] [stdout] ---- config::tests::an_exec_tool_naming_a_binary_that_is_not_here_fails_at_check stdout ----
[INFO] [stdout] 
[INFO] [stdout] thread 'config::tests::an_exec_tool_naming_a_binary_that_is_not_here_fails_at_check' (4971) panicked at crates/gatehound-core/src/lib.rs:78:9:
[INFO] [stdout] the testproc example is missing at /opt/rustwide/target/release/build/gatehound-core/da9e1a0dce4edf63/out/examples/testproc — `cargo test` builds it; a bare `cargo test --lib` does not
[INFO] [stdout] stack backtrace:
[INFO] [stdout]    0:     0x62d3cd065c26 - <unknown>
[INFO] [stdout]    1:     0x62d3ccc49da4 - <unknown>
[INFO] [stdout]    2:     0x62d3cd06b99c - <unknown>
[INFO] [stdout]    3:     0x62d3cd03ee12 - <unknown>
[INFO] [stdout]    4:     0x62d3cd05c441 - <unknown>
[INFO] [stdout]    5:     0x62d3cd05c882 - <unknown>
[INFO] [stdout]    6:     0x62d3cd03eec2 - <unknown>
[INFO] [stdout]    7:     0x62d3cd037249 - <unknown>
[INFO] [stdout]    8:     0x62d3cd04010d - <unknown>
[INFO] [stdout]    9:     0x62d3ccc4a4ac - <unknown>
[INFO] [stdout]   10:     0x62d3cce512a4 - <unknown>
[INFO] [stdout]   11:     0x62d3ccdf6644 - <unknown>
[INFO] [stdout]   12:     0x62d3cd06d66b - <unknown>
[INFO] [stdout]   13:     0x62d3cd07b195 - <unknown>
[INFO] [stdout]   14:     0x62d3cd0749c4 - <unknown>
[INFO] [stdout]   15:     0x62d3cd07eb82 - <unknown>
[INFO] [stdout]   16:     0x62d3cd06477c - <unknown>
[INFO] [stdout]   17:     0x72e98d993dfa - <unknown>
[INFO] [stdout]   18:     0x72e98da273d4 - clone
[INFO] [stdout]   19:                0x0 - <unknown>
[INFO] [stdout] 
[INFO] [stdout] ---- pack::tests::a_command_that_exists_here_is_not_reported_missing stdout ----
[INFO] [stdout] 
[INFO] [stdout] thread 'pack::tests::a_command_that_exists_here_is_not_reported_missing' (4992) panicked at crates/gatehound-core/src/lib.rs:78:9:
[INFO] [stdout] the testproc example is missing at /opt/rustwide/target/release/build/gatehound-core/da9e1a0dce4edf63/out/examples/testproc — `cargo test` builds it; a bare `cargo test --lib` does not
[INFO] [stdout] stack backtrace:
[INFO] [stdout]    0:     0x62d3cd065c26 - <unknown>
[INFO] [stdout]    1:     0x62d3ccc49da4 - <unknown>
[INFO] [stdout]    2:     0x62d3cd06b99c - <unknown>
[INFO] [stdout]    3:     0x62d3cd03ee12 - <unknown>
[INFO] [stdout]    4:     0x62d3cd05c441 - <unknown>
[INFO] [stdout]    5:     0x62d3cd05c882 - <unknown>
[INFO] [stdout]    6:     0x62d3cd03eec2 - <unknown>
[INFO] [stdout]    7:     0x62d3cd037249 - <unknown>
[INFO] [stdout]    8:     0x62d3cd04010d - <unknown>
[INFO] [stdout]    9:     0x62d3ccc4a4ac - <unknown>
[INFO] [stdout]   10:     0x62d3cce512a4 - <unknown>
[INFO] [stdout]   11:     0x62d3ccdddf61 - <unknown>
[INFO] [stdout]   12:     0x62d3cd06d66b - <unknown>
[INFO] [stdout]   13:     0x62d3cd07b195 - <unknown>
[INFO] [stdout]   14:     0x62d3cd0749c4 - <unknown>
[INFO] [stdout]   15:     0x62d3cd07eb82 - <unknown>
[INFO] [stdout]   16:     0x62d3cd06477c - <unknown>
[INFO] [stdout]   17:     0x72e98d993dfa - <unknown>
[INFO] [stdout]   18:     0x72e98da273d4 - clone
[INFO] [stdout]   19:                0x0 - <unknown>
[INFO] [stdout] 
[INFO] [stdout] ---- pack::tests::resolving_a_missing_file_rewrites_exactly_that_slot stdout ----
[INFO] [stdout] 
[INFO] [stdout] thread 'pack::tests::resolving_a_missing_file_rewrites_exactly_that_slot' (5016) panicked at crates/gatehound-core/src/lib.rs:78:9:
[INFO] [stdout] the testproc example is missing at /opt/rustwide/target/release/build/gatehound-core/da9e1a0dce4edf63/out/examples/testproc — `cargo test` builds it; a bare `cargo test --lib` does not
[INFO] [stdout] stack backtrace:
[INFO] [stdout]    0:     0x62d3cd065c26 - <unknown>
[INFO] [stdout]    1:     0x62d3ccc49da4 - <unknown>
[INFO] [stdout]    2:     0x62d3cd06b99c - <unknown>
[INFO] [stdout]    3:     0x62d3cd03ee12 - <unknown>
[INFO] [stdout]    4:     0x62d3cd05c441 - <unknown>
[INFO] [stdout]    5:     0x62d3cd05c882 - <unknown>
[INFO] [stdout]    6:     0x62d3cd03eec2 - <unknown>
[INFO] [stdout]    7:     0x62d3cd037249 - <unknown>
[INFO] [stdout]    8:     0x62d3cd04010d - <unknown>
[INFO] [stdout]    9:     0x62d3ccc4a4ac - <unknown>
[INFO] [stdout]   10:     0x62d3cce512a4 - <unknown>
[INFO] [stdout]   11:     0x62d3ccddf006 - <unknown>
[INFO] [stdout]   12:     0x62d3cd06d66b - <unknown>
[INFO] [stdout]   13:     0x62d3cd07b195 - <unknown>
[INFO] [stdout]   14:     0x62d3cd0749c4 - <unknown>
[INFO] [stdout]   15:     0x62d3cd07eb82 - <unknown>
[INFO] [stdout]   16:     0x62d3cd06477c - <unknown>
[INFO] [stdout]   17:     0x72e98d993dfa - <unknown>
[INFO] [stdout]   18:     0x72e98da273d4 - clone
[INFO] [stdout]   19:                0x0 - <unknown>
[INFO] [stdout] 
[INFO] [stdout] ---- publish::tests::with_a_stand_in_daemon::a_tunnel_that_connects_late_stops_being_reported_as_starting stdout ----
[INFO] [stdout] 
[INFO] [stdout] thread 'publish::tests::with_a_stand_in_daemon::a_tunnel_that_connects_late_stops_being_reported_as_starting' (5058) panicked at crates/gatehound-core/src/publish.rs:1247:26:
[INFO] [stdout] expected published, got Failed { via: "cloudflare", error: "could not start: Text file busy (os error 26)" }
[INFO] [stdout] stack backtrace:
[INFO] [stdout]    0:     0x62d3cd065c26 - <unknown>
[INFO] [stdout]    1:     0x62d3ccc49da4 - <unknown>
[INFO] [stdout]    2:     0x62d3cd06b99c - <unknown>
[INFO] [stdout]    3:     0x62d3cd03ee12 - <unknown>
[INFO] [stdout]    4:     0x62d3cd05c441 - <unknown>
[INFO] [stdout]    5:     0x62d3cd05c882 - <unknown>
[INFO] [stdout]    6:     0x62d3cd03eec2 - <unknown>
[INFO] [stdout]    7:     0x62d3cd037249 - <unknown>
[INFO] [stdout]    8:     0x62d3cd04010d - <unknown>
[INFO] [stdout]    9:     0x62d3ccc4a4ac - <unknown>
[INFO] [stdout]   10:     0x62d3cce65d19 - <unknown>
[INFO] [stdout]   11:     0x62d3cce5625c - <unknown>
[INFO] [stdout]   12:     0x62d3ccda7a04 - <unknown>
[INFO] [stdout]   13:     0x62d3cce559d3 - <unknown>
[INFO] [stdout]   14:     0x62d3cce79a9f - <unknown>
[INFO] [stdout]   15:     0x62d3cd06d66b - <unknown>
[INFO] [stdout]   16:     0x62d3cd07b195 - <unknown>
[INFO] [stdout]   17:     0x62d3cd0749c4 - <unknown>
[INFO] [stdout]   18:     0x62d3cd07eb82 - <unknown>
[INFO] [stdout]   19:     0x62d3cd06477c - <unknown>
[INFO] [stdout]   20:     0x72e98d993dfa - <unknown>
[INFO] [stdout]   21:     0x72e98da273d4 - clone
[INFO] [stdout]   22:                0x0 - <unknown>
[INFO] [stdout] 
[INFO] [stdout] 
[INFO] [stdout] failures:
[INFO] [stdout]     actions::exec::tests::a_call_queued_behind_a_slow_one_gives_up_at_the_deadline
[INFO] [stdout]     actions::exec::tests::a_command_that_finishes_in_time_never_runs_its_fallback
[INFO] [stdout]     actions::exec::tests::a_failing_command_reports_its_stderr
[INFO] [stdout]     actions::exec::tests::a_flood_on_stderr_does_not_stall_the_child_either
[INFO] [stdout]     actions::exec::tests::a_hanging_command_is_killed_at_the_timeout
[INFO] [stdout]     actions::exec::tests::a_missing_binary_is_an_error_not_a_panic
[INFO] [stdout]     actions::exec::tests::a_missing_interpreter_is_named_with_the_path_searched
[INFO] [stdout]     actions::exec::tests::a_queued_call_gets_the_fallback_without_waiting_for_the_slot
[INFO] [stdout]     actions::exec::tests::a_script_finds_the_interpreter_installed_beside_it
[INFO] [stdout]     actions::exec::tests::a_slow_command_is_answered_by_its_fallback_and_labelled
[INFO] [stdout]     actions::exec::tests::a_value_cannot_turn_an_operand_into_an_option
[INFO] [stdout]     actions::exec::tests::an_absent_optional_argument_drops_its_flag_too
[INFO] [stdout]     actions::exec::tests::an_absent_required_argument_is_refused_by_name
[INFO] [stdout]     actions::exec::tests::an_argument_placed_on_stdin_is_not_appended_to_argv
[INFO] [stdout]     actions::exec::tests::an_argument_the_template_already_places_is_not_appended_again
[INFO] [stdout]     actions::exec::tests::caller_input_stays_a_single_argv_element
[INFO] [stdout]     actions::exec::tests::concurrency_is_capped_by_the_semaphore
[INFO] [stdout]     actions::exec::tests::content_reaches_the_child_on_stdin
[INFO] [stdout]     actions::exec::tests::declared_arguments_become_flags_without_anyone_writing_a_template
[INFO] [stdout]     actions::exec::tests::output_far_over_the_cap_is_truncated_without_waiting_out_the_timeout
[INFO] [stdout]     actions::exec::tests::output_over_the_cap_is_truncated
[INFO] [stdout]     actions::exec::tests::oversized_and_nul_bearing_arguments_are_refused
[INFO] [stdout]     actions::exec::tests::runs_a_command_and_returns_stdout
[INFO] [stdout]     actions::exec::tests::stopping_a_command_stops_what_it_started
[INFO] [stdout]     actions::exec::tests::the_call_deadline_stops_a_command_before_its_own_timeout
[INFO] [stdout]     actions::exec::tests::the_gateways_own_credentials_are_not_inherited
[INFO] [stdout]     actions::exec::tests::the_preview_matches_what_is_actually_spawned
[INFO] [stdout]     actions::tests::a_failed_action_does_not_burn_the_idempotency_key
[INFO] [stdout]     actions::tests::a_repeated_idempotency_key_does_not_act_twice
[INFO] [stdout]     actions::tests::a_replay_returns_the_recorded_body_not_a_message_shaped_stub
[INFO] [stdout]     actions::tests::an_idempotent_tool_needs_a_key
[INFO] [stdout]     actions::tests::exec_actions_fill_only_declared_placeholders
[INFO] [stdout]     actions::tests::one_key_reused_for_different_arguments_is_refused_for_any_tool
[INFO] [stdout]     actions::tests::one_key_used_by_two_different_tools_is_refused
[INFO] [stdout]     actions::tests::rate_limited_tools_refuse_once_the_cap_is_spent
[INFO] [stdout]     actions::tests::structured_arguments_are_refused_for_exec_actions
[INFO] [stdout]     config::tests::an_exec_tool_naming_a_binary_that_is_not_here_fails_at_check
[INFO] [stdout]     pack::tests::a_command_that_exists_here_is_not_reported_missing
[INFO] [stdout]     pack::tests::resolving_a_missing_file_rewrites_exactly_that_slot
[INFO] [stdout]     publish::tests::with_a_stand_in_daemon::a_tunnel_that_connects_late_stops_being_reported_as_starting
[INFO] [stdout] 
[INFO] [stdout] test result: FAILED. 207 passed; 40 failed; 0 ignored; 0 measured; 0 filtered out; finished in 5.03s
[INFO] [stdout] 
[INFO] running `Command { std: "docker" "inspect" "51b04b96db6cb30c60076f8fd13edbb33d914470a5974f6bc916e0796b6c51c4", kill_on_drop: false }`
[INFO] running `Command { std: "docker" "rm" "-f" "51b04b96db6cb30c60076f8fd13edbb33d914470a5974f6bc916e0796b6c51c4", kill_on_drop: false }`
[INFO] [stdout] 51b04b96db6cb30c60076f8fd13edbb33d914470a5974f6bc916e0796b6c51c4
