[INFO] cloning repository https://github.com/capitaharlock/rust-reversal-proxy
[INFO] running `Command { std: "git" "-c" "credential.helper=" "-c" "credential.helper=/workspace/cargo-home/bin/git-credential-null" "clone" "--bare" "https://github.com/capitaharlock/rust-reversal-proxy" "/workspace/cache/git-repos/https%3A%2F%2Fgithub.com%2Fcapitaharlock%2Frust-reversal-proxy", kill_on_drop: false }`
[INFO] [stderr] Cloning into bare repository '/workspace/cache/git-repos/https%3A%2F%2Fgithub.com%2Fcapitaharlock%2Frust-reversal-proxy'...
[INFO] running `Command { std: "git" "rev-parse" "HEAD", kill_on_drop: false }`
[INFO] [stdout] 759f61627df476de0c524063850cb549ba3ad3fc
[INFO] testing capitaharlock/rust-reversal-proxy against 1.99.0-beta.8+cargoflags=--release for beta-release-1.100-2
[INFO] running `Command { std: "git" "clone" "/workspace/cache/git-repos/https%3A%2F%2Fgithub.com%2Fcapitaharlock%2Frust-reversal-proxy" "/workspace/builds/worker-1-tc1/source", kill_on_drop: false }`
[INFO] [stderr] Cloning into '/workspace/builds/worker-1-tc1/source'...
[INFO] [stderr] done.
[INFO] started tweaking git repo https://github.com/capitaharlock/rust-reversal-proxy
[INFO] finished tweaking git repo https://github.com/capitaharlock/rust-reversal-proxy
[INFO] tweaked toml for git repo https://github.com/capitaharlock/rust-reversal-proxy written to /workspace/builds/worker-1-tc1/source/Cargo.toml
[INFO] validating manifest of git repo https://github.com/capitaharlock/rust-reversal-proxy on toolchain 1.99.0-beta.8
[INFO] running `Command { std: CARGO_HOME="/workspace/cargo-home" RUSTUP_HOME="/workspace/rustup-home" "/workspace/cargo-home/bin/cargo" "+1.99.0-beta.8" "metadata" "--manifest-path" "Cargo.toml" "--no-deps", kill_on_drop: false }`
[INFO] crate git repo https://github.com/capitaharlock/rust-reversal-proxy already has a lockfile, it will not be regenerated
[INFO] running `Command { std: CARGO_HOME="/workspace/cargo-home" RUSTUP_HOME="/workspace/rustup-home" "/workspace/cargo-home/bin/cargo" "+1.99.0-beta.8" "fetch" "--manifest-path" "Cargo.toml", kill_on_drop: false }`
[INFO] [stderr]  Downloading crates ...
[INFO] [stderr]   Downloaded tungstenite v0.23.0
[INFO] [stderr]   Downloaded tokio-tungstenite v0.23.1
[INFO] [stderr]   Downloaded redis v0.26.1
[INFO] [stderr]   Downloaded actix-web v4.8.0
[INFO] [stderr]   Downloaded actix-http v3.8.0
[INFO] [stderr]   Downloaded flate2 v1.0.31
[INFO] [stderr]   Downloaded actix_derive v0.6.1
[INFO] running `Command { std: "docker" "create" "-v" "/var/lib/crater-agent-workspace/builds/worker-1-tc1/source:/opt/rustwide/workdir:ro,Z" "-v" "/var/lib/crater-agent-workspace/builds/worker-1-tc1/target:/opt/rustwide/target:rw,Z" "-v" "/var/lib/crater-agent-workspace/cargo-home:/opt/rustwide/cargo-home:ro,Z" "-v" "/var/lib/crater-agent-workspace/rustup-home:/opt/rustwide/rustup-home:ro,Z" "-m" "1610612736" "--network" "none" "ghcr.io/rust-lang/crates-build-env/linux@sha256:77db811e55d90add9212f6832c23229e3de5f1c1f9905e8cb07319ea15df73ac" "sleep" "infinity", kill_on_drop: false }`
[INFO] [stdout] 0f128d43efbd50a899e6804f0e0c3c667f995c1cf3d0cec36008841d650869b4
[INFO] running `Command { std: "docker" "start" "0f128d43efbd50a899e6804f0e0c3c667f995c1cf3d0cec36008841d650869b4", kill_on_drop: false }`
[INFO] running `Command { std: "docker" "inspect" "0f128d43efbd50a899e6804f0e0c3c667f995c1cf3d0cec36008841d650869b4", kill_on_drop: false }`
[INFO] running `Command { std: "docker" "exec" "-e" "SOURCE_DIR=/opt/rustwide/workdir" "-e" "CARGO_HOME=/opt/rustwide/cargo-home" "-e" "RUSTUP_HOME=/opt/rustwide/rustup-home" "-e" "CARGO_TARGET_DIR=/opt/rustwide/target" "-w" "/opt/rustwide/workdir" "--user" "0:0" "0f128d43efbd50a899e6804f0e0c3c667f995c1cf3d0cec36008841d650869b4" "/opt/rustwide/cargo-home/bin/cargo" "+1.99.0-beta.8" "metadata" "--no-deps" "--format-version=1", kill_on_drop: false }`
[INFO] running `Command { std: "docker" "inspect" "0f128d43efbd50a899e6804f0e0c3c667f995c1cf3d0cec36008841d650869b4", kill_on_drop: false }`
[INFO] running `Command { std: "docker" "exec" "-e" "SOURCE_DIR=/opt/rustwide/workdir" "-e" "CARGO_HOME=/opt/rustwide/cargo-home" "-e" "RUSTUP_HOME=/opt/rustwide/rustup-home" "-e" "CARGO_TARGET_DIR=/opt/rustwide/target" "-e" "CARGO_INCREMENTAL=0" "-e" "RUST_BACKTRACE=full" "-e" "RUSTFLAGS=--cap-lints=warn" "-e" "RUSTDOCFLAGS=--cap-lints=warn" "-w" "/opt/rustwide/workdir" "--user" "0:0" "0f128d43efbd50a899e6804f0e0c3c667f995c1cf3d0cec36008841d650869b4" "/opt/rustwide/cargo-home/bin/cargo" "+1.99.0-beta.8" "build" "--frozen" "--message-format=json" "--release", kill_on_drop: false }`
[INFO] [stderr]    Compiling libc v0.2.155
[INFO] [stderr]    Compiling log v0.4.22
[INFO] [stderr]    Compiling futures-io v0.3.30
[INFO] [stderr]    Compiling serde v1.0.204
[INFO] [stderr]    Compiling hashbrown v0.14.5
[INFO] [stderr]    Compiling syn v2.0.72
[INFO] [stderr]    Compiling bitflags v2.6.0
[INFO] [stderr]    Compiling crypto-common v0.1.6
[INFO] [stderr]    Compiling zstd-safe v7.2.1
[INFO] [stderr]    Compiling http v0.2.12
[INFO] [stderr]    Compiling bytes v1.7.1
[INFO] [stderr]    Compiling serde_json v1.0.122
[INFO] [stderr]    Compiling tracing-core v0.1.32
[INFO] [stderr]    Compiling miniz_oxide v0.7.4
[INFO] [stderr]    Compiling brotli-decompressor v4.0.1
[INFO] [stderr]    Compiling digest v0.10.7
[INFO] [stderr]    Compiling url v2.5.2
[INFO] [stderr]    Compiling actix-service v2.0.2
[INFO] [stderr]    Compiling tracing v0.1.40
[INFO] [stderr]    Compiling sha1 v0.10.6
[INFO] [stderr]    Compiling bytestring v1.3.1
[INFO] [stderr]    Compiling actix-utils v3.0.1
[INFO] [stderr]    Compiling hmac v0.12.1
[INFO] [stderr]    Compiling md-5 v0.10.6
[INFO] [stderr]    Compiling sha2 v0.10.8
[INFO] [stderr]    Compiling local-channel v0.1.5
[INFO] [stderr]    Compiling flate2 v1.0.31
[INFO] [stderr]    Compiling fallible-iterator v0.2.0
[INFO] [stderr]    Compiling siphasher v0.3.11
[INFO] [stderr]    Compiling regex-lite v0.1.6
[INFO] [stderr]    Compiling anstyle-parse v0.2.5
[INFO] [stderr]    Compiling jobserver v0.1.32
[INFO] [stderr]    Compiling parking_lot_core v0.9.10
[INFO] [stderr]    Compiling socket2 v0.5.7
[INFO] [stderr]    Compiling signal-hook-registry v1.4.2
[INFO] [stderr]    Compiling mio v1.0.1
[INFO] [stderr]    Compiling getrandom v0.2.15
[INFO] [stderr]    Compiling parking_lot v0.12.3
[INFO] [stderr]    Compiling cc v1.1.7
[INFO] [stderr]    Compiling rand_core v0.6.4
[INFO] [stderr]    Compiling indexmap v2.3.0
[INFO] [stderr]    Compiling brotli v6.0.0
[INFO] [stderr]    Compiling phf_shared v0.11.2
[INFO] [stderr]    Compiling crossbeam-channel v0.5.13
[INFO] [stderr]    Compiling cookie v0.16.2
[INFO] [stderr]    Compiling num-integer v0.1.46
[INFO] [stderr]    Compiling data-encoding v2.6.0
[INFO] [stderr]    Compiling colorchoice v1.0.2
[INFO] [stderr]    Compiling rustls-pki-types v1.8.0
[INFO] [stderr]    Compiling anstyle v1.0.8
[INFO] [stderr]    Compiling anstyle-query v1.1.1
[INFO] [stderr]    Compiling anstream v0.6.15
[INFO] [stderr]    Compiling num-bigint v0.4.6
[INFO] [stderr]    Compiling rustls-pemfile v2.1.3
[INFO] [stderr]    Compiling phf v0.11.2
[INFO] [stderr]    Compiling env_filter v0.1.2
[INFO] [stderr]    Compiling combine v4.6.7
[INFO] [stderr]    Compiling whoami v1.5.1
[INFO] [stderr]    Compiling sha1_smol v1.0.1
[INFO] [stderr]    Compiling openssl-sys v0.9.103
[INFO] [stderr]    Compiling zstd-sys v2.0.13+zstd.1.5.6
[INFO] [stderr]    Compiling arc-swap v1.7.1
[INFO] [stderr]    Compiling env_logger v0.11.5
[INFO] [stderr]    Compiling chrono v0.4.38
[INFO] [stderr]    Compiling openssl v0.10.66
[INFO] [stderr]    Compiling native-tls v0.2.12
[INFO] [stderr]    Compiling num_cpus v1.16.0
[INFO] [stderr]    Compiling actix-router v0.5.3
[INFO] [stderr]    Compiling serde_urlencoded v0.7.1
[INFO] [stderr]    Compiling tokio-macros v2.4.0
[INFO] [stderr]    Compiling futures-macro v0.3.30
[INFO] [stderr]    Compiling zerocopy-derive v0.7.35
[INFO] [stderr]    Compiling actix-macros v0.2.4
[INFO] [stderr]    Compiling pin-project-internal v1.1.5
[INFO] [stderr]    Compiling tokio v1.39.2
[INFO] [stderr]    Compiling openssl-macros v0.1.1
[INFO] [stderr]    Compiling futures-util v0.3.30
[INFO] [stderr]    Compiling thiserror-impl v1.0.63
[INFO] [stderr]    Compiling derive_more v0.99.18
[INFO] [stderr]    Compiling zerocopy v0.7.35
[INFO] [stderr]    Compiling pin-project v1.1.5
[INFO] [stderr]    Compiling actix_derive v0.6.1
[INFO] [stderr]    Compiling actix-web-codegen v4.3.0
[INFO] [stderr]    Compiling async-trait v0.1.81
[INFO] [stderr]    Compiling thiserror v1.0.63
[INFO] [stderr]    Compiling ppv-lite86 v0.2.20
[INFO] [stderr]    Compiling ahash v0.8.11
[INFO] [stderr]    Compiling redis v0.26.1
[INFO] [stderr]    Compiling rand_chacha v0.3.1
[INFO] [stderr]    Compiling rand v0.8.5
[INFO] [stderr]    Compiling postgres-protocol v0.6.7
[INFO] [stderr]    Compiling tungstenite v0.23.0
[INFO] [stderr]    Compiling postgres-types v0.2.7
[INFO] [stderr]    Compiling http-body-util v0.1.2
[INFO] [stderr]    Compiling futures-executor v0.3.30
[INFO] [stderr]    Compiling futures v0.3.30
[INFO] [stderr]    Compiling tokio-util v0.7.11
[INFO] [stderr]    Compiling actix-rt v2.10.0
[INFO] [stderr]    Compiling tower v0.4.13
[INFO] [stderr]    Compiling tokio-native-tls v0.3.1
[INFO] [stderr]    Compiling tokio-tungstenite v0.23.1
[INFO] [stderr]    Compiling actix-server v2.5.0
[INFO] [stderr]    Compiling h2 v0.4.5
[INFO] [stderr]    Compiling h2 v0.3.26
[INFO] [stderr]    Compiling actix-codec v0.5.2
[INFO] [stderr]    Compiling actix v0.13.5
[INFO] [stderr]    Compiling tokio-postgres v0.7.11
[INFO] [stderr]    Compiling hyper v1.4.1
[INFO] [stderr]    Compiling zstd v0.13.2
[INFO] [stderr]    Compiling actix-http v3.8.0
[INFO] [stderr]    Compiling hyper-util v0.1.7
[INFO] [stderr]    Compiling hyper-tls v0.6.0
[INFO] [stderr]    Compiling reqwest v0.12.5
[INFO] [stderr]    Compiling actix-web v4.8.0
[INFO] [stderr]    Compiling actix-web-actors v4.3.1+deprecated
[INFO] [stderr]    Compiling reverse_proxy v0.1.0 (/opt/rustwide/workdir)
[INFO] [stdout] warning: this function depends on never type fallback being `()`
[INFO] [stdout]   --> src/middleware.rs:30:5
[INFO] [stdout]    |
[INFO] [stdout] 30 |     fn check(&self, ip: &str) -> Result<(), Error> {
[INFO] [stdout]    |     ^^^^^^^^^^^^^^^^^^^^^^^^^^^^^^^^^^^^^^^^^^^^^^
[INFO] [stdout]    |
[INFO] [stdout]    = help: specify the types explicitly
[INFO] [stdout] note: in edition 2024, the requirement `!: FromRedisValue` will fail
[INFO] [stdout]   --> src/middleware.rs:45:17
[INFO] [stdout]    |
[INFO] [stdout] 45 |             con.expire(&key, self.window)
[INFO] [stdout]    |                 ^^^^^^
[INFO] [stdout]    = warning: this was previously accepted by the compiler but is being phased out; it will become a hard error in Rust 2024 and in a future release in all editions!
[INFO] [stdout]    = note: for more information, see <https://doc.rust-lang.org/edition-guide/rust-2024/never-type-fallback.html>
[INFO] [stdout]    = note: `#[warn(dependency_on_unit_never_type_fallback)]` (part of `#[warn(rust_2024_compatibility)]`) on by default
[INFO] [stdout] help: use `()` annotations to avoid fallback changes
[INFO] [stdout]    |
[INFO] [stdout] 45 |             con.expire::<_, ()>(&key, self.window)
[INFO] [stdout]    |                       +++++++++
[INFO] [stdout] 
[INFO] [stdout] 
[INFO] [stderr]     Finished `release` profile [optimized] target(s) in 2m 35s
[INFO] [stderr] warning: the following packages contain code that will be rejected by a future version of Rust: reverse_proxy v0.1.0 (/opt/rustwide/workdir)
[INFO] [stderr] note: to see what the problems were, use the option `--future-incompat-report`, or run `cargo report future-incompatibilities --id 8`
[INFO] running `Command { std: "docker" "inspect" "0f128d43efbd50a899e6804f0e0c3c667f995c1cf3d0cec36008841d650869b4", kill_on_drop: false }`
[INFO] running `Command { std: "docker" "exec" "-e" "SOURCE_DIR=/opt/rustwide/workdir" "-e" "CARGO_HOME=/opt/rustwide/cargo-home" "-e" "RUSTUP_HOME=/opt/rustwide/rustup-home" "-e" "CARGO_TARGET_DIR=/opt/rustwide/target" "-e" "CARGO_INCREMENTAL=0" "-e" "RUST_BACKTRACE=full" "-e" "RUSTFLAGS=--cap-lints=warn" "-e" "RUSTDOCFLAGS=--cap-lints=warn" "-w" "/opt/rustwide/workdir" "--user" "0:0" "0f128d43efbd50a899e6804f0e0c3c667f995c1cf3d0cec36008841d650869b4" "/opt/rustwide/cargo-home/bin/cargo" "+1.99.0-beta.8" "test" "--frozen" "--no-run" "--message-format=json" "--release", kill_on_drop: false }`
[INFO] [stderr]    Compiling reqwest v0.12.5
[INFO] [stderr]    Compiling reverse_proxy v0.1.0 (/opt/rustwide/workdir)
[INFO] [stdout] warning: this function depends on never type fallback being `()`
[INFO] [stdout]   --> src/middleware.rs:30:5
[INFO] [stdout]    |
[INFO] [stdout] 30 |     fn check(&self, ip: &str) -> Result<(), Error> {
[INFO] [stdout]    |     ^^^^^^^^^^^^^^^^^^^^^^^^^^^^^^^^^^^^^^^^^^^^^^
[INFO] [stdout]    |
[INFO] [stdout]    = help: specify the types explicitly
[INFO] [stdout] note: in edition 2024, the requirement `!: FromRedisValue` will fail
[INFO] [stdout]   --> src/middleware.rs:45:17
[INFO] [stdout]    |
[INFO] [stdout] 45 |             con.expire(&key, self.window)
[INFO] [stdout]    |                 ^^^^^^
[INFO] [stdout]    = warning: this was previously accepted by the compiler but is being phased out; it will become a hard error in Rust 2024 and in a future release in all editions!
[INFO] [stdout]    = note: for more information, see <https://doc.rust-lang.org/edition-guide/rust-2024/never-type-fallback.html>
[INFO] [stdout]    = note: `#[warn(dependency_on_unit_never_type_fallback)]` (part of `#[warn(rust_2024_compatibility)]`) on by default
[INFO] [stdout] help: use `()` annotations to avoid fallback changes
[INFO] [stdout]    |
[INFO] [stdout] 45 |             con.expire::<_, ()>(&key, self.window)
[INFO] [stdout]    |                       +++++++++
[INFO] [stdout] 
[INFO] [stdout] 
[INFO] [stdout] warning: this function depends on never type fallback being `()`
[INFO] [stdout]   --> src/middleware.rs:30:5
[INFO] [stdout]    |
[INFO] [stdout] 30 |     fn check(&self, ip: &str) -> Result<(), Error> {
[INFO] [stdout]    |     ^^^^^^^^^^^^^^^^^^^^^^^^^^^^^^^^^^^^^^^^^^^^^^
[INFO] [stdout]    |
[INFO] [stdout]    = help: specify the types explicitly
[INFO] [stdout] note: in edition 2024, the requirement `!: FromRedisValue` will fail
[INFO] [stdout]   --> src/middleware.rs:45:17
[INFO] [stdout]    |
[INFO] [stdout] 45 |             con.expire(&key, self.window)
[INFO] [stdout]    |                 ^^^^^^
[INFO] [stdout]    = warning: this was previously accepted by the compiler but is being phased out; it will become a hard error in Rust 2024 and in a future release in all editions!
[INFO] [stdout]    = note: for more information, see <https://doc.rust-lang.org/edition-guide/rust-2024/never-type-fallback.html>
[INFO] [stdout]    = note: `#[warn(dependency_on_unit_never_type_fallback)]` (part of `#[warn(rust_2024_compatibility)]`) on by default
[INFO] [stdout] help: use `()` annotations to avoid fallback changes
[INFO] [stdout]    |
[INFO] [stdout] 45 |             con.expire::<_, ()>(&key, self.window)
[INFO] [stdout]    |                       +++++++++
[INFO] [stdout] 
[INFO] [stdout] 
[INFO] [stderr]     Finished `release` profile [optimized] target(s) in 18.75s
[INFO] [stderr] warning: the following packages contain code that will be rejected by a future version of Rust: reverse_proxy v0.1.0 (/opt/rustwide/workdir)
[INFO] [stderr] note: to see what the problems were, use the option `--future-incompat-report`, or run `cargo report future-incompatibilities --id 9`
[INFO] running `Command { std: "docker" "inspect" "0f128d43efbd50a899e6804f0e0c3c667f995c1cf3d0cec36008841d650869b4", kill_on_drop: false }`
[INFO] running `Command { std: "docker" "exec" "-e" "SOURCE_DIR=/opt/rustwide/workdir" "-e" "CARGO_HOME=/opt/rustwide/cargo-home" "-e" "RUSTUP_HOME=/opt/rustwide/rustup-home" "-e" "CARGO_TARGET_DIR=/opt/rustwide/target" "-e" "CARGO_INCREMENTAL=0" "-e" "RUST_BACKTRACE=full" "-e" "RUSTFLAGS=--cap-lints=warn" "-e" "RUSTDOCFLAGS=--cap-lints=warn" "-w" "/opt/rustwide/workdir" "--user" "0:0" "0f128d43efbd50a899e6804f0e0c3c667f995c1cf3d0cec36008841d650869b4" "/opt/rustwide/cargo-home/bin/cargo" "+1.99.0-beta.8" "test" "--frozen" "--release", kill_on_drop: false }`
[INFO] [stderr] warning: this function depends on never type fallback being `()`
[INFO] [stderr]   --> src/middleware.rs:30:5
[INFO] [stderr]    |
[INFO] [stderr] 30 |     fn check(&self, ip: &str) -> Result<(), Error> {
[INFO] [stderr]    |     ^^^^^^^^^^^^^^^^^^^^^^^^^^^^^^^^^^^^^^^^^^^^^^
[INFO] [stderr]    |
[INFO] [stderr]    = help: specify the types explicitly
[INFO] [stderr] note: in edition 2024, the requirement `!: FromRedisValue` will fail
[INFO] [stderr]   --> src/middleware.rs:45:17
[INFO] [stderr]    |
[INFO] [stderr] 45 |             con.expire(&key, self.window)
[INFO] [stderr]    |                 ^^^^^^
[INFO] [stderr]    = warning: this was previously accepted by the compiler but is being phased out; it will become a hard error in Rust 2024 and in a future release in all editions!
[INFO] [stderr]    = note: for more information, see <https://doc.rust-lang.org/edition-guide/rust-2024/never-type-fallback.html>
[INFO] [stderr]    = note: `#[warn(dependency_on_unit_never_type_fallback)]` (part of `#[warn(rust_2024_compatibility)]`) on by default
[INFO] [stderr] help: use `()` annotations to avoid fallback changes
[INFO] [stderr]    |
[INFO] [stderr] 45 |             con.expire::<_, ()>(&key, self.window)
[INFO] [stderr]    |                       +++++++++
[INFO] [stderr] 
[INFO] [stderr] warning: `reverse_proxy` (lib) generated 1 warning (run `cargo fix --lib -p reverse_proxy` to apply 1 suggestion)
[INFO] [stderr] warning: `reverse_proxy` (lib test) generated 1 warning (1 duplicate)
[INFO] [stderr]     Finished `release` profile [optimized] target(s) in 0.21s
[INFO] [stderr] warning: the following packages contain code that will be rejected by a future version of Rust: reverse_proxy v0.1.0 (/opt/rustwide/workdir)
[INFO] [stderr] note: to see what the problems were, use the option `--future-incompat-report`, or run `cargo report future-incompatibilities --id 9`
[INFO] [stderr]      Running unittests src/lib.rs (/opt/rustwide/target/release/deps/reverse_proxy-6350d7cac0602725)
[INFO] [stdout] 
[INFO] [stdout] running 0 tests
[INFO] [stdout] 
[INFO] [stdout] test result: ok. 0 passed; 0 failed; 0 ignored; 0 measured; 0 filtered out; finished in 0.00s
[INFO] [stdout] 
[INFO] [stderr]      Running unittests src/main.rs (/opt/rustwide/target/release/deps/reverse_proxy-c934f0c08726fe33)
[INFO] [stdout] 
[INFO] [stdout] running 0 tests
[INFO] [stdout] 
[INFO] [stdout] test result: ok. 0 passed; 0 failed; 0 ignored; 0 measured; 0 filtered out; finished in 0.00s
[INFO] [stdout] 
[INFO] [stderr]      Running tests/integration_test.rs (/opt/rustwide/target/release/deps/integration_test-2fb7bfe4b5faf2a3)
[INFO] [stdout] 
[INFO] [stdout] running 5 tests
[INFO] [stdout] test test_get_market_data ... FAILED
[INFO] [stdout] test test_get_orders ... FAILED
[INFO] [stdout] test test_cancel_order ... FAILED
[INFO] [stdout] test test_get_balance ... FAILED
[INFO] [stdout] test test_place_order ... FAILED
[INFO] [stdout] 
[INFO] [stdout] failures:
[INFO] [stderr] error: test failed, to rerun pass `--test integration_test`
[INFO] [stdout] 
[INFO] [stdout] ---- test_get_market_data stdout ----
[INFO] [stdout] 
[INFO] [stdout] thread 'test_get_market_data' (2639) panicked at tests/integration_test.rs:38:107:
[INFO] [stdout] Failed to send request: reqwest::Error { kind: Request, url: Url { scheme: "http", cannot_be_a_base: false, username: "", password: None, host: Some(Ipv4(127.0.0.1)), port: Some(8080), path: "/api/v1/api/market-data", query: Some("symbol=BTC/USD"), fragment: None }, source: hyper_util::client::legacy::Error(Connect, ConnectError("tcp connect error", Os { code: 111, kind: ConnectionRefused, message: "Connection refused" })) }
[INFO] [stdout] stack backtrace:
[INFO] [stdout]    0:     0x5984da1b5811 - <<std[70759c8f55707aa4]::sys::backtrace::BacktraceLock>::print::DisplayBacktrace as core[df12db4294e9bfd3]::fmt::Display>::fmt
[INFO] [stdout]    1:     0x5984da1cbeca - core[df12db4294e9bfd3]::fmt::write
[INFO] [stdout]    2:     0x5984da1ba37c - <alloc[2182bb758b4b3781]::vec::Vec<u8> as core[df12db4294e9bfd3]::io::write::Write>::write_fmt
[INFO] [stdout]    3:     0x5984da190876 - std[70759c8f55707aa4]::panicking::default_hook::{closure#0}
[INFO] [stdout]    4:     0x5984da1ad5d9 - std[70759c8f55707aa4]::panicking::default_hook
[INFO] [stdout]    5:     0x5984d9fd5180 - test[9d35eded1c95d3be]::test_main_inner::<test[9d35eded1c95d3be]::test_main_static::{closure#0}>::{closure#0}
[INFO] [stdout]    6:     0x5984da1ad902 - std[70759c8f55707aa4]::panicking::panic_with_hook
[INFO] [stdout]    7:     0x5984da190922 - std[70759c8f55707aa4]::panicking::panic_handler::{closure#0}
[INFO] [stdout]    8:     0x5984da189389 - std[70759c8f55707aa4]::sys::backtrace::__rust_end_short_backtrace::<std[70759c8f55707aa4]::panicking::panic_handler::{closure#0}, !>
[INFO] [stdout]    9:     0x5984da1917ad - __rustc[8fa7c3cbc660c2b3]::rust_begin_unwind
[INFO] [stdout]   10:     0x5984da1cc62c - core[df12db4294e9bfd3]::panicking::panic_fmt
[INFO] [stdout]   11:     0x5984da1cc402 - core[df12db4294e9bfd3]::result::unwrap_failed
[INFO] [stdout]   12:     0x5984d9fc1aca - <integration_test[cd1326244575651f]::test_get_market_data::{closure#0} as core[df12db4294e9bfd3]::ops::function::FnOnce<()>>::call_once
[INFO] [stdout]   13:     0x5984d9fc846b - test[9d35eded1c95d3be]::__rust_begin_short_backtrace::<core[df12db4294e9bfd3]::result::Result<(), alloc[2182bb758b4b3781]::string::String>, fn() -> core[df12db4294e9bfd3]::result::Result<(), alloc[2182bb758b4b3781]::string::String>>
[INFO] [stdout]   14:     0x5984d9fd5ad5 - test[9d35eded1c95d3be]::run_test::{closure#0}
[INFO] [stdout]   15:     0x5984d9fcf394 - std[70759c8f55707aa4]::sys::backtrace::__rust_begin_short_backtrace::<test[9d35eded1c95d3be]::run_test::{closure#1}, ()>
[INFO] [stdout]   16:     0x5984d9fd8c32 - <std[70759c8f55707aa4]::thread::lifecycle::spawn_unchecked<test[9d35eded1c95d3be]::run_test::{closure#1}, ()>::{closure#1} as core[df12db4294e9bfd3]::ops::function::FnOnce<()>>::call_once::{shim:vtable#0}
[INFO] [stdout]   17:     0x5984da1b4d39 - <std[70759c8f55707aa4]::sys::thread::unix::Thread>::new::thread_start
[INFO] [stdout]   18:     0x74d986955dfa - <unknown>
[INFO] [stdout]   19:     0x74d9869e93d4 - clone
[INFO] [stdout]   20:                0x0 - <unknown>
[INFO] [stdout] 
[INFO] [stdout] ---- test_get_orders stdout ----
[INFO] [stdout] 
[INFO] [stdout] thread 'test_get_orders' (2640) panicked at tests/integration_test.rs:62:87:
[INFO] [stdout] Failed to send request: reqwest::Error { kind: Request, url: Url { scheme: "http", cannot_be_a_base: false, username: "", password: None, host: Some(Ipv4(127.0.0.1)), port: Some(8080), path: "/api/v1/api/orders", query: None, fragment: None }, source: hyper_util::client::legacy::Error(Connect, ConnectError("tcp connect error", Os { code: 111, kind: ConnectionRefused, message: "Connection refused" })) }
[INFO] [stdout] stack backtrace:
[INFO] [stdout]    0:     0x5984da1b5811 - <<std[70759c8f55707aa4]::sys::backtrace::BacktraceLock>::print::DisplayBacktrace as core[df12db4294e9bfd3]::fmt::Display>::fmt
[INFO] [stdout]    1:     0x5984da1cbeca - core[df12db4294e9bfd3]::fmt::write
[INFO] [stdout]    2:     0x5984da1ba37c - <alloc[2182bb758b4b3781]::vec::Vec<u8> as core[df12db4294e9bfd3]::io::write::Write>::write_fmt
[INFO] [stdout]    3:     0x5984da190876 - std[70759c8f55707aa4]::panicking::default_hook::{closure#0}
[INFO] [stdout]    4:     0x5984da1ad5d9 - std[70759c8f55707aa4]::panicking::default_hook
[INFO] [stdout]    5:     0x5984d9fd5180 - test[9d35eded1c95d3be]::test_main_inner::<test[9d35eded1c95d3be]::test_main_static::{closure#0}>::{closure#0}
[INFO] [stdout]    6:     0x5984da1ad902 - std[70759c8f55707aa4]::panicking::panic_with_hook
[INFO] [stdout]    7:     0x5984da190922 - std[70759c8f55707aa4]::panicking::panic_handler::{closure#0}
[INFO] [stdout]    8:     0x5984da189389 - std[70759c8f55707aa4]::sys::backtrace::__rust_end_short_backtrace::<std[70759c8f55707aa4]::panicking::panic_handler::{closure#0}, !>
[INFO] [stdout]    9:     0x5984da1917ad - __rustc[8fa7c3cbc660c2b3]::rust_begin_unwind
[INFO] [stdout]   10:     0x5984da1cc62c - core[df12db4294e9bfd3]::panicking::panic_fmt
[INFO] [stdout]   11:     0x5984da1cc402 - core[df12db4294e9bfd3]::result::unwrap_failed
[INFO] [stdout]   12:     0x5984d9fc0a1a - <integration_test[cd1326244575651f]::test_get_orders::{closure#0} as core[df12db4294e9bfd3]::ops::function::FnOnce<()>>::call_once
[INFO] [stdout]   13:     0x5984d9fc846b - test[9d35eded1c95d3be]::__rust_begin_short_backtrace::<core[df12db4294e9bfd3]::result::Result<(), alloc[2182bb758b4b3781]::string::String>, fn() -> core[df12db4294e9bfd3]::result::Result<(), alloc[2182bb758b4b3781]::string::String>>
[INFO] [stdout]   14:     0x5984d9fd5ad5 - test[9d35eded1c95d3be]::run_test::{closure#0}
[INFO] [stdout]   15:     0x5984d9fcf394 - std[70759c8f55707aa4]::sys::backtrace::__rust_begin_short_backtrace::<test[9d35eded1c95d3be]::run_test::{closure#1}, ()>
[INFO] [stdout]   16:     0x5984d9fd8c32 - <std[70759c8f55707aa4]::thread::lifecycle::spawn_unchecked<test[9d35eded1c95d3be]::run_test::{closure#1}, ()>::{closure#1} as core[df12db4294e9bfd3]::ops::function::FnOnce<()>>::call_once::{shim:vtable#0}
[INFO] [stdout]   17:     0x5984da1b4d39 - <std[70759c8f55707aa4]::sys::thread::unix::Thread>::new::thread_start
[INFO] [stdout]   18:     0x74d986955dfa - <unknown>
[INFO] [stdout]   19:     0x74d9869e93d4 - clone
[INFO] [stdout]   20:                0x0 - <unknown>
[INFO] [stdout] 
[INFO] [stdout] ---- test_cancel_order stdout ----
[INFO] [stdout] 
[INFO] [stdout] thread 'test_cancel_order' (2637) panicked at tests/integration_test.rs:78:111:
[INFO] [stdout] Failed to place order: reqwest::Error { kind: Request, url: Url { scheme: "http", cannot_be_a_base: false, username: "", password: None, host: Some(Ipv4(127.0.0.1)), port: Some(8080), path: "/api/v1/api/orders", query: None, fragment: None }, source: hyper_util::client::legacy::Error(Connect, ConnectError("tcp connect error", Os { code: 111, kind: ConnectionRefused, message: "Connection refused" })) }
[INFO] [stdout] stack backtrace:
[INFO] [stdout]    0:     0x5984da1b5811 - <<std[70759c8f55707aa4]::sys::backtrace::BacktraceLock>::print::DisplayBacktrace as core[df12db4294e9bfd3]::fmt::Display>::fmt
[INFO] [stdout]    1:     0x5984da1cbeca - core[df12db4294e9bfd3]::fmt::write
[INFO] [stdout]    2:     0x5984da1ba37c - <alloc[2182bb758b4b3781]::vec::Vec<u8> as core[df12db4294e9bfd3]::io::write::Write>::write_fmt
[INFO] [stdout]    3:     0x5984da190876 - std[70759c8f55707aa4]::panicking::default_hook::{closure#0}
[INFO] [stdout]    4:     0x5984da1ad5d9 - std[70759c8f55707aa4]::panicking::default_hook
[INFO] [stdout]    5:     0x5984d9fd5180 - test[9d35eded1c95d3be]::test_main_inner::<test[9d35eded1c95d3be]::test_main_static::{closure#0}>::{closure#0}
[INFO] [stdout]    6:     0x5984da1ad902 - std[70759c8f55707aa4]::panicking::panic_with_hook
[INFO] [stdout]    7:     0x5984da190922 - std[70759c8f55707aa4]::panicking::panic_handler::{closure#0}
[INFO] [stdout]    8:     0x5984da189389 - std[70759c8f55707aa4]::sys::backtrace::__rust_end_short_backtrace::<std[70759c8f55707aa4]::panicking::panic_handler::{closure#0}, !>
[INFO] [stdout]    9:     0x5984da1917ad - __rustc[8fa7c3cbc660c2b3]::rust_begin_unwind
[INFO] [stdout]   10:     0x5984da1cc62c - core[df12db4294e9bfd3]::panicking::panic_fmt
[INFO] [stdout]   11:     0x5984da1cc402 - core[df12db4294e9bfd3]::result::unwrap_failed
[INFO] [stdout]   12:     0x5984d9fc16e6 - <integration_test[cd1326244575651f]::test_cancel_order::{closure#0} as core[df12db4294e9bfd3]::ops::function::FnOnce<()>>::call_once
[INFO] [stdout]   13:     0x5984d9fc846b - test[9d35eded1c95d3be]::__rust_begin_short_backtrace::<core[df12db4294e9bfd3]::result::Result<(), alloc[2182bb758b4b3781]::string::String>, fn() -> core[df12db4294e9bfd3]::result::Result<(), alloc[2182bb758b4b3781]::string::String>>
[INFO] [stdout]   14:     0x5984d9fd5ad5 - test[9d35eded1c95d3be]::run_test::{closure#0}
[INFO] [stdout]   15:     0x5984d9fcf394 - std[70759c8f55707aa4]::sys::backtrace::__rust_begin_short_backtrace::<test[9d35eded1c95d3be]::run_test::{closure#1}, ()>
[INFO] [stdout]   16:     0x5984d9fd8c32 - <std[70759c8f55707aa4]::thread::lifecycle::spawn_unchecked<test[9d35eded1c95d3be]::run_test::{closure#1}, ()>::{closure#1} as core[df12db4294e9bfd3]::ops::function::FnOnce<()>>::call_once::{shim:vtable#0}
[INFO] [stdout]   17:     0x5984da1b4d39 - <std[70759c8f55707aa4]::sys::thread::unix::Thread>::new::thread_start
[INFO] [stdout]   18:     0x74d986955dfa - <unknown>
[INFO] [stdout]   19:     0x74d9869e93d4 - clone
[INFO] [stdout]   20:                0x0 - <unknown>
[INFO] [stdout] 
[INFO] [stdout] ---- test_get_balance stdout ----
[INFO] [stdout] 
[INFO] [stdout] thread 'test_get_balance' (2638) panicked at tests/integration_test.rs:97:88:
[INFO] [stdout] Failed to send request: reqwest::Error { kind: Request, url: Url { scheme: "http", cannot_be_a_base: false, username: "", password: None, host: Some(Ipv4(127.0.0.1)), port: Some(8080), path: "/api/v1/api/balance", query: None, fragment: None }, source: hyper_util::client::legacy::Error(Connect, ConnectError("tcp connect error", Os { code: 111, kind: ConnectionRefused, message: "Connection refused" })) }
[INFO] [stdout] stack backtrace:
[INFO] [stdout]    0:     0x5984da1b5811 - <<std[70759c8f55707aa4]::sys::backtrace::BacktraceLock>::print::DisplayBacktrace as core[df12db4294e9bfd3]::fmt::Display>::fmt
[INFO] [stdout]    1:     0x5984da1cbeca - core[df12db4294e9bfd3]::fmt::write
[INFO] [stdout]    2:     0x5984da1ba37c - <alloc[2182bb758b4b3781]::vec::Vec<u8> as core[df12db4294e9bfd3]::io::write::Write>::write_fmt
[INFO] [stdout]    3:     0x5984da190876 - std[70759c8f55707aa4]::panicking::default_hook::{closure#0}
[INFO] [stdout]    4:     0x5984da1ad5d9 - std[70759c8f55707aa4]::panicking::default_hook
[INFO] [stdout]    5:     0x5984d9fd5180 - test[9d35eded1c95d3be]::test_main_inner::<test[9d35eded1c95d3be]::test_main_static::{closure#0}>::{closure#0}
[INFO] [stdout]    6:     0x5984da1ad902 - std[70759c8f55707aa4]::panicking::panic_with_hook
[INFO] [stdout]    7:     0x5984da190922 - std[70759c8f55707aa4]::panicking::panic_handler::{closure#0}
[INFO] [stdout]    8:     0x5984da189389 - std[70759c8f55707aa4]::sys::backtrace::__rust_end_short_backtrace::<std[70759c8f55707aa4]::panicking::panic_handler::{closure#0}, !>
[INFO] [stdout]    9:     0x5984da1917ad - __rustc[8fa7c3cbc660c2b3]::rust_begin_unwind
[INFO] [stdout]   10:     0x5984da1cc62c - core[df12db4294e9bfd3]::panicking::panic_fmt
[INFO] [stdout]   11:     0x5984da1cc402 - core[df12db4294e9bfd3]::result::unwrap_failed
[INFO] [stdout]   12:     0x5984d9fc0bba - <integration_test[cd1326244575651f]::test_get_balance::{closure#0} as core[df12db4294e9bfd3]::ops::function::FnOnce<()>>::call_once
[INFO] [stdout]   13:     0x5984d9fc846b - test[9d35eded1c95d3be]::__rust_begin_short_backtrace::<core[df12db4294e9bfd3]::result::Result<(), alloc[2182bb758b4b3781]::string::String>, fn() -> core[df12db4294e9bfd3]::result::Result<(), alloc[2182bb758b4b3781]::string::String>>
[INFO] [stdout]   14:     0x5984d9fd5ad5 - test[9d35eded1c95d3be]::run_test::{closure#0}
[INFO] [stdout]   15:     0x5984d9fcf394 - std[70759c8f55707aa4]::sys::backtrace::__rust_begin_short_backtrace::<test[9d35eded1c95d3be]::run_test::{closure#1}, ()>
[INFO] [stdout]   16:     0x5984d9fd8c32 - <std[70759c8f55707aa4]::thread::lifecycle::spawn_unchecked<test[9d35eded1c95d3be]::run_test::{closure#1}, ()>::{closure#1} as core[df12db4294e9bfd3]::ops::function::FnOnce<()>>::call_once::{shim:vtable#0}
[INFO] [stdout]   17:     0x5984da1b4d39 - <std[70759c8f55707aa4]::sys::thread::unix::Thread>::new::thread_start
[INFO] [stdout]   18:     0x74d986955dfa - <unknown>
[INFO] [stdout]   19:     0x74d9869e93d4 - clone
[INFO] [stdout]   20:                0x0 - <unknown>
[INFO] [stdout] 
[INFO] [stdout] ---- test_place_order stdout ----
[INFO] [stdout] 
[INFO] [stdout] thread 'test_place_order' (2641) panicked at tests/integration_test.rs:53:99:
[INFO] [stdout] Failed to send request: reqwest::Error { kind: Request, url: Url { scheme: "http", cannot_be_a_base: false, username: "", password: None, host: Some(Ipv4(127.0.0.1)), port: Some(8080), path: "/api/v1/api/orders", query: None, fragment: None }, source: hyper_util::client::legacy::Error(Connect, ConnectError("tcp connect error", Os { code: 111, kind: ConnectionRefused, message: "Connection refused" })) }
[INFO] [stdout] stack backtrace:
[INFO] [stdout]    0:     0x5984da1b5811 - <<std[70759c8f55707aa4]::sys::backtrace::BacktraceLock>::print::DisplayBacktrace as core[df12db4294e9bfd3]::fmt::Display>::fmt
[INFO] [stdout]    1:     0x5984da1cbeca - core[df12db4294e9bfd3]::fmt::write
[INFO] [stdout]    2:     0x5984da1ba37c - <alloc[2182bb758b4b3781]::vec::Vec<u8> as core[df12db4294e9bfd3]::io::write::Write>::write_fmt
[INFO] [stdout]    3:     0x5984da190876 - std[70759c8f55707aa4]::panicking::default_hook::{closure#0}
[INFO] [stdout]    4:     0x5984da1ad5d9 - std[70759c8f55707aa4]::panicking::default_hook
[INFO] [stdout]    5:     0x5984d9fd5180 - test[9d35eded1c95d3be]::test_main_inner::<test[9d35eded1c95d3be]::test_main_static::{closure#0}>::{closure#0}
[INFO] [stdout]    6:     0x5984da1ad902 - std[70759c8f55707aa4]::panicking::panic_with_hook
[INFO] [stdout]    7:     0x5984da190922 - std[70759c8f55707aa4]::panicking::panic_handler::{closure#0}
[INFO] [stdout]    8:     0x5984da189389 - std[70759c8f55707aa4]::sys::backtrace::__rust_end_short_backtrace::<std[70759c8f55707aa4]::panicking::panic_handler::{closure#0}, !>
[INFO] [stdout]    9:     0x5984da1917ad - __rustc[8fa7c3cbc660c2b3]::rust_begin_unwind
[INFO] [stdout]   10:     0x5984da1cc62c - core[df12db4294e9bfd3]::panicking::panic_fmt
[INFO] [stdout]   11:     0x5984da1cc402 - core[df12db4294e9bfd3]::result::unwrap_failed
[INFO] [stdout]   12:     0x5984d9fc0fc3 - <integration_test[cd1326244575651f]::test_place_order::{closure#0} as core[df12db4294e9bfd3]::ops::function::FnOnce<()>>::call_once
[INFO] [stdout]   13:     0x5984d9fc846b - test[9d35eded1c95d3be]::__rust_begin_short_backtrace::<core[df12db4294e9bfd3]::result::Result<(), alloc[2182bb758b4b3781]::string::String>, fn() -> core[df12db4294e9bfd3]::result::Result<(), alloc[2182bb758b4b3781]::string::String>>
[INFO] [stdout]   14:     0x5984d9fd5ad5 - test[9d35eded1c95d3be]::run_test::{closure#0}
[INFO] [stdout]   15:     0x5984d9fcf394 - std[70759c8f55707aa4]::sys::backtrace::__rust_begin_short_backtrace::<test[9d35eded1c95d3be]::run_test::{closure#1}, ()>
[INFO] [stdout]   16:     0x5984d9fd8c32 - <std[70759c8f55707aa4]::thread::lifecycle::spawn_unchecked<test[9d35eded1c95d3be]::run_test::{closure#1}, ()>::{closure#1} as core[df12db4294e9bfd3]::ops::function::FnOnce<()>>::call_once::{shim:vtable#0}
[INFO] [stdout]   17:     0x5984da1b4d39 - <std[70759c8f55707aa4]::sys::thread::unix::Thread>::new::thread_start
[INFO] [stdout]   18:     0x74d986955dfa - <unknown>
[INFO] [stdout]   19:     0x74d9869e93d4 - clone
[INFO] [stdout]   20:                0x0 - <unknown>
[INFO] [stdout] 
[INFO] [stdout] 
[INFO] [stdout] failures:
[INFO] [stdout]     test_cancel_order
[INFO] [stdout]     test_get_balance
[INFO] [stdout]     test_get_market_data
[INFO] [stdout]     test_get_orders
[INFO] [stdout]     test_place_order
[INFO] [stdout] 
[INFO] [stdout] test result: FAILED. 0 passed; 5 failed; 0 ignored; 0 measured; 0 filtered out; finished in 0.07s
[INFO] [stdout] 
[INFO] running `Command { std: "docker" "inspect" "0f128d43efbd50a899e6804f0e0c3c667f995c1cf3d0cec36008841d650869b4", kill_on_drop: false }`
[INFO] running `Command { std: "docker" "rm" "-f" "0f128d43efbd50a899e6804f0e0c3c667f995c1cf3d0cec36008841d650869b4", kill_on_drop: false }`
[INFO] [stdout] 0f128d43efbd50a899e6804f0e0c3c667f995c1cf3d0cec36008841d650869b4
