[INFO] cloning repository https://github.com/blacktemplar/bounded-num
[INFO] running `Command { std: "git" "-c" "credential.helper=" "-c" "credential.helper=/workspace/cargo-home/bin/git-credential-null" "clone" "--bare" "https://github.com/blacktemplar/bounded-num" "/workspace/cache/git-repos/https%3A%2F%2Fgithub.com%2Fblacktemplar%2Fbounded-num", kill_on_drop: false }`
[INFO] [stderr] Cloning into bare repository '/workspace/cache/git-repos/https%3A%2F%2Fgithub.com%2Fblacktemplar%2Fbounded-num'...
[INFO] running `Command { std: "git" "rev-parse" "HEAD", kill_on_drop: false }`
[INFO] [stdout] 7ffe4ecf906e0a6c04e26c22555db288faa06133
[INFO] testing blacktemplar/bounded-num against 1.100.0-beta.1+cargoflags=--release for beta-release-1.100-2
[INFO] running `Command { std: "git" "clone" "/workspace/cache/git-repos/https%3A%2F%2Fgithub.com%2Fblacktemplar%2Fbounded-num" "/workspace/builds/worker-1-tc2/source", kill_on_drop: false }`
[INFO] [stderr] Cloning into '/workspace/builds/worker-1-tc2/source'...
[INFO] [stderr] done.
[INFO] started tweaking git repo https://github.com/blacktemplar/bounded-num
[INFO] finished tweaking git repo https://github.com/blacktemplar/bounded-num
[INFO] tweaked toml for git repo https://github.com/blacktemplar/bounded-num written to /workspace/builds/worker-1-tc2/source/Cargo.toml
[INFO] validating manifest of git repo https://github.com/blacktemplar/bounded-num on toolchain 1.100.0-beta.1
[INFO] running `Command { std: CARGO_HOME="/workspace/cargo-home" RUSTUP_HOME="/workspace/rustup-home" "/workspace/cargo-home/bin/cargo" "+1.100.0-beta.1" "metadata" "--manifest-path" "Cargo.toml" "--no-deps", kill_on_drop: false }`
[INFO] crate git repo https://github.com/blacktemplar/bounded-num already has a lockfile, it will not be regenerated
[INFO] running `Command { std: CARGO_HOME="/workspace/cargo-home" RUSTUP_HOME="/workspace/rustup-home" "/workspace/cargo-home/bin/cargo" "+1.100.0-beta.1" "fetch" "--manifest-path" "Cargo.toml", kill_on_drop: false }`
[INFO] running `Command { std: "docker" "create" "-v" "/var/lib/crater-agent-workspace/builds/worker-1-tc2/source:/opt/rustwide/workdir:ro,Z" "-v" "/var/lib/crater-agent-workspace/builds/worker-1-tc2/target:/opt/rustwide/target:rw,Z" "-v" "/var/lib/crater-agent-workspace/cargo-home:/opt/rustwide/cargo-home:ro,Z" "-v" "/var/lib/crater-agent-workspace/rustup-home:/opt/rustwide/rustup-home:ro,Z" "-m" "1610612736" "--network" "none" "ghcr.io/rust-lang/crates-build-env/linux@sha256:77db811e55d90add9212f6832c23229e3de5f1c1f9905e8cb07319ea15df73ac" "sleep" "infinity", kill_on_drop: false }`
[INFO] [stdout] 660ddf6f65e209f102f1fe93ce073bc5775866921dff16b468b4e60829f486f7
[INFO] running `Command { std: "docker" "start" "660ddf6f65e209f102f1fe93ce073bc5775866921dff16b468b4e60829f486f7", kill_on_drop: false }`
[INFO] running `Command { std: "docker" "inspect" "660ddf6f65e209f102f1fe93ce073bc5775866921dff16b468b4e60829f486f7", kill_on_drop: false }`
[INFO] running `Command { std: "docker" "exec" "-e" "SOURCE_DIR=/opt/rustwide/workdir" "-e" "CARGO_HOME=/opt/rustwide/cargo-home" "-e" "RUSTUP_HOME=/opt/rustwide/rustup-home" "-e" "CARGO_TARGET_DIR=/opt/rustwide/target" "-w" "/opt/rustwide/workdir" "--user" "0:0" "660ddf6f65e209f102f1fe93ce073bc5775866921dff16b468b4e60829f486f7" "/opt/rustwide/cargo-home/bin/cargo" "+1.100.0-beta.1" "metadata" "--no-deps" "--format-version=1", kill_on_drop: false }`
[INFO] running `Command { std: "docker" "inspect" "660ddf6f65e209f102f1fe93ce073bc5775866921dff16b468b4e60829f486f7", kill_on_drop: false }`
[INFO] running `Command { std: "docker" "exec" "-e" "SOURCE_DIR=/opt/rustwide/workdir" "-e" "CARGO_HOME=/opt/rustwide/cargo-home" "-e" "RUSTUP_HOME=/opt/rustwide/rustup-home" "-e" "CARGO_TARGET_DIR=/opt/rustwide/target" "-e" "CARGO_INCREMENTAL=0" "-e" "RUST_BACKTRACE=full" "-e" "RUSTFLAGS=--cap-lints=warn" "-e" "RUSTDOCFLAGS=--cap-lints=warn" "-w" "/opt/rustwide/workdir" "--user" "0:0" "660ddf6f65e209f102f1fe93ce073bc5775866921dff16b468b4e60829f486f7" "/opt/rustwide/cargo-home/bin/cargo" "+1.100.0-beta.1" "build" "--frozen" "--message-format=json" "--release", kill_on_drop: false }`
[INFO] [stderr]    Compiling typenum v1.18.0 (https://github.com/blacktemplar/typenum.git?branch=feature-to-int-i128#e6de0866)
[INFO] [stderr]    Compiling bounded-num v0.1.0 (/opt/rustwide/workdir)
[INFO] [stderr]     Finished `release` profile [optimized] target(s) in 1.42s
[INFO] running `Command { std: "docker" "inspect" "660ddf6f65e209f102f1fe93ce073bc5775866921dff16b468b4e60829f486f7", kill_on_drop: false }`
[INFO] running `Command { std: "docker" "exec" "-e" "SOURCE_DIR=/opt/rustwide/workdir" "-e" "CARGO_HOME=/opt/rustwide/cargo-home" "-e" "RUSTUP_HOME=/opt/rustwide/rustup-home" "-e" "CARGO_TARGET_DIR=/opt/rustwide/target" "-e" "CARGO_INCREMENTAL=0" "-e" "RUST_BACKTRACE=full" "-e" "RUSTFLAGS=--cap-lints=warn" "-e" "RUSTDOCFLAGS=--cap-lints=warn" "-w" "/opt/rustwide/workdir" "--user" "0:0" "660ddf6f65e209f102f1fe93ce073bc5775866921dff16b468b4e60829f486f7" "/opt/rustwide/cargo-home/bin/cargo" "+1.100.0-beta.1" "test" "--frozen" "--no-run" "--message-format=json" "--release", kill_on_drop: false }`
[INFO] [stderr]    Compiling serde_core v1.0.225
[INFO] [stderr]    Compiling proc-macro2 v1.0.101
[INFO] [stderr]    Compiling serde v1.0.225
[INFO] [stderr]    Compiling target-triple v0.1.4
[INFO] [stderr]    Compiling winnow v0.7.13
[INFO] [stderr]    Compiling toml_writer v1.0.3
[INFO] [stderr]    Compiling memchr v2.7.5
[INFO] [stderr]    Compiling glob v0.3.3
[INFO] [stderr]    Compiling termcolor v1.4.1
[INFO] [stderr]    Compiling quote v1.0.40
[INFO] [stderr]    Compiling syn v2.0.106
[INFO] [stderr]    Compiling toml_parser v1.0.3
[INFO] [stderr]    Compiling serde_derive v1.0.225
[INFO] [stderr]    Compiling serde_spanned v1.0.2
[INFO] [stderr]    Compiling toml_datetime v0.7.2
[INFO] [stderr]    Compiling serde_json v1.0.145
[INFO] [stderr]    Compiling toml v0.9.7
[INFO] [stderr]    Compiling trybuild v1.0.111
[INFO] [stderr]    Compiling bounded-num v0.1.0 (/opt/rustwide/workdir)
[INFO] [stderr]     Finished `release` profile [optimized] target(s) in 26.35s
[INFO] running `Command { std: "docker" "inspect" "660ddf6f65e209f102f1fe93ce073bc5775866921dff16b468b4e60829f486f7", kill_on_drop: false }`
[INFO] running `Command { std: "docker" "exec" "-e" "SOURCE_DIR=/opt/rustwide/workdir" "-e" "CARGO_HOME=/opt/rustwide/cargo-home" "-e" "RUSTUP_HOME=/opt/rustwide/rustup-home" "-e" "CARGO_TARGET_DIR=/opt/rustwide/target" "-e" "CARGO_INCREMENTAL=0" "-e" "RUST_BACKTRACE=full" "-e" "RUSTFLAGS=--cap-lints=warn" "-e" "RUSTDOCFLAGS=--cap-lints=warn" "-w" "/opt/rustwide/workdir" "--user" "0:0" "660ddf6f65e209f102f1fe93ce073bc5775866921dff16b468b4e60829f486f7" "/opt/rustwide/cargo-home/bin/cargo" "+1.100.0-beta.1" "test" "--frozen" "--release", kill_on_drop: false }`
[INFO] [stderr]     Finished `release` profile [optimized] target(s) in 0.07s
[INFO] [stderr]      Running unittests src/lib.rs (/opt/rustwide/target/release/build/bounded-num/9fc406efdadc9090/out/bounded_num-9fc406efdadc9090)
[INFO] [stdout] 
[INFO] [stdout] running 22 tests
[INFO] [stdout] test bounded_num::tests::try_new_between_min_and_max ... ok
[INFO] [stdout] test bounded_num::tests::try_new_equals_min ... ok
[INFO] [stdout] test bounded_num::tests::try_new_equals_min_and_max ... ok
[INFO] [stdout] test bounded_num::tests::try_new_less_than_min ... ok
[INFO] [stdout] test representable::tests::u16 ... ok
[INFO] [stdout] test conv::tests::u8_ok_try_into ... ok
[INFO] [stdout] test representable::tests::u64 ... ok
[INFO] [stdout] test representable::tests::i32 ... ok
[INFO] [stdout] test bounded_num::tests::try_new_more_than_max ... ok
[INFO] [stdout] test conv::tests::u8_valid_into ... ok
[INFO] [stdout] test bounded_num::tests::try_new_equals_max ... ok
[INFO] [stdout] test ops::tests::add::u8_valid_add ... ok
[INFO] [stdout] test conv::tests::u8_try_into_i8_unrepresentable_value ... ok
[INFO] [stdout] test representable::tests::i16 ... ok
[INFO] [stdout] test representable::tests::i64 ... ok
[INFO] [stdout] test representable::tests::i8 ... ok
[INFO] [stdout] test representable::tests::isize ... ok
[INFO] [stdout] test conv::tests::u8_try_into_i8_too_small ... ok
[INFO] [stdout] test representable::tests::u32 ... ok
[INFO] [stderr]      Running tests/conv.rs (/opt/rustwide/target/release/build/bounded-num/cf03284521dc910b/out/conv-cf03284521dc910b)
[INFO] [stdout] test representable::tests::u8 ... ok
[INFO] [stdout] test conv::tests::u8_try_into_i8_too_large ... ok
[INFO] [stdout] test representable::tests::usize ... ok
[INFO] [stdout] 
[INFO] [stdout] test result: ok. 22 passed; 0 failed; 0 ignored; 0 measured; 0 filtered out; finished in 0.01s
[INFO] [stdout] 
[INFO] [stdout] 
[INFO] [stdout] running 1 test
[INFO] [stderr]    Compiling typenum v1.18.0 (https://github.com/blacktemplar/typenum.git?branch=feature-to-int-i128#e6de0866)
[INFO] [stderr]     Checking bounded-num v0.1.0 (/opt/rustwide/workdir)
[INFO] [stderr]     Checking bounded-num-tests v0.0.0 (/opt/rustwide/target/tests/trybuild/bounded-num)
[INFO] [stderr]     Finished `dev` profile [unoptimized + debuginfo] target(s) in 1.64s
[INFO] [stderr] 
[INFO] [stderr] 
[INFO] [stdout] test compile_fails ... FAILED
[INFO] [stderr] test tests/compile_fail/conv/u8_invalid_into.rs ... mismatch
[INFO] [stdout] 
[INFO] [stderr] 
[INFO] [stdout] failures:
[INFO] [stderr] EXPECTED:
[INFO] [stdout] 
[INFO] [stderr] ┈┈┈┈┈┈┈┈┈┈┈┈┈┈┈┈┈┈┈┈┈┈┈┈┈┈┈┈┈┈┈┈┈┈┈┈┈┈┈┈┈┈┈┈┈┈┈┈┈┈┈┈┈┈┈┈┈┈┈┈
[INFO] [stdout] ---- compile_fails stdout ----
[INFO] [stderr] error[E0271]: type mismatch resolving `<PInt<UInt<UTerm, B1>> as IsLessOrEqual<Z0>>::Output == B1`
[INFO] [stdout] 
[INFO] [stderr]  --> tests/compile_fail/conv/u8_invalid_into.rs:7:53
[INFO] [stdout] thread 'compile_fails' (707) panicked at /opt/rustwide/cargo-home/registry/src/index.crates.io-1949cf8c6b5b557f/trybuild-1.0.111/src/run.rs:102:13:
[INFO] [stderr]   |
[INFO] [stdout] 1 of 1 tests failed
[INFO] [stderr] 7 |     let new_value: BoundedNum<u8, P1, P255> = value.into();
[INFO] [stdout] stack backtrace:
[INFO] [stderr]   |                                                     ^^^^ expected `B1`, found `B0`
[INFO] [stdout]    0:     0x6077c7519c71 - <<std[617be2ca0a6fd877]::sys::backtrace::BacktraceLock>::print::DisplayBacktrace as core[a373ad73a504971]::fmt::Display>::fmt
[INFO] [stderr]   |
[INFO] [stdout]    1:     0x6077c752ff5a - core[a373ad73a504971]::fmt::write
[INFO] [stderr] note: required by a bound in `bounded_num::conv::<impl BoundedNum<T1, Min1, Max1>>::into`
[INFO] [stdout]    2:     0x6077c751e4bc - <alloc[2e1b2a31b91974c5]::vec::Vec<u8> as core[a373ad73a504971]::io::write::Write>::write_fmt
[INFO] [stderr]  --> src/conv.rs
[INFO] [stdout]    3:     0x6077c74f30d6 - std[617be2ca0a6fd877]::panicking::default_hook::{closure#0}
[INFO] [stderr]   |
[INFO] [stdout]    4:     0x6077c7511219 - std[617be2ca0a6fd877]::panicking::default_hook
[INFO] [stderr]   |     pub fn into<T2, Min2, Max2>(self) -> BoundedNum<T2, Min2, Max2>
[INFO] [stdout]    5:     0x6077c74aa820 - test[aada8e7e76ba119b]::test_main_inner::{closure#0}
[INFO] [stderr]   |            ---- required by a bound in this associated function
[INFO] [stdout]    6:     0x6077c75113d2 - std[617be2ca0a6fd877]::panicking::panic_with_hook
[INFO] [stderr] ...
[INFO] [stdout]    7:     0x6077c74f3182 - std[617be2ca0a6fd877]::panicking::panic_handler::{closure#0}
[INFO] [stderr]   |         Min2: IsLessOrEqual<Min1, Output = True>,
[INFO] [stdout]    8:     0x6077c74eb9d9 - std[617be2ca0a6fd877]::sys::backtrace::__rust_end_short_backtrace::<std[617be2ca0a6fd877]::panicking::panic_handler::{closure#0}, !>
[INFO] [stderr]   |                                   ^^^^^^^^^^^^^ required by this bound in `bounded_num::conv::<impl BoundedNum<T1, Min1, Max1>>::into`
[INFO] [stdout]    9:     0x6077c74f3d8d - __rustc[ea4f61d10b84890b]::rust_begin_unwind
[INFO] [stderr] ┈┈┈┈┈┈┈┈┈┈┈┈┈┈┈┈┈┈┈┈┈┈┈┈┈┈┈┈┈┈┈┈┈┈┈┈┈┈┈┈┈┈┈┈┈┈┈┈┈┈┈┈┈┈┈┈┈┈┈┈
[INFO] [stdout]   10:     0x6077c75306cc - core[a373ad73a504971]::panicking::panic_fmt
[INFO] [stderr] 
[INFO] [stdout]   11:     0x6077c73fa56b - <trybuild[aba1786bc30dc41a]::Runner>::run
[INFO] [stderr] ACTUAL OUTPUT:
[INFO] [stdout]   12:     0x6077c73fd630 - <trybuild[aba1786bc30dc41a]::TestCases as core[a373ad73a504971]::ops::drop::Drop>::drop
[INFO] [stderr] ┈┈┈┈┈┈┈┈┈┈┈┈┈┈┈┈┈┈┈┈┈┈┈┈┈┈┈┈┈┈┈┈┈┈┈┈┈┈┈┈┈┈┈┈┈┈┈┈┈┈┈┈┈┈┈┈┈┈┈┈
[INFO] [stdout]   13:     0x6077c73f4848 - conv[6bb3f5a1e23e4c1d]::compile_fails
[INFO] [stderr] error[E0271]: type mismatch resolving `<PInt<UInt<UTerm, B1>> as IsLessOrEqual<Z0>>::Output == B1`
[INFO] [stdout]   14:     0x6077c73f4a49 - <conv[6bb3f5a1e23e4c1d]::compile_fails::{closure#0} as core[a373ad73a504971]::ops::function::FnOnce<()>>::call_once
[INFO] [stderr]  --> tests/compile_fail/conv/u8_invalid_into.rs:7:53
[INFO] [stdout]   15:     0x6077c749dc6b - test[aada8e7e76ba119b]::__rust_begin_short_backtrace::<core[a373ad73a504971]::result::Result<(), alloc[2e1b2a31b91974c5]::string::String>, fn() -> core[a373ad73a504971]::result::Result<(), alloc[2e1b2a31b91974c5]::string::String>>
[INFO] [stderr]   |
[INFO] [stdout]   16:     0x6077c74aae45 - test[aada8e7e76ba119b]::run_test::{closure#0}
[INFO] [stderr] 7 |     let new_value: BoundedNum<u8, P1, P255> = value.into();
[INFO] [stdout]   17:     0x6077c74a4734 - std[617be2ca0a6fd877]::sys::backtrace::__rust_begin_short_backtrace::<test[aada8e7e76ba119b]::run_test::{closure#1}, ()>
[INFO] [stderr]   |                                                     ^^^^ expected `B1`, found `B0`
[INFO] [stdout]   18:     0x6077c74aded2 - <std[617be2ca0a6fd877]::thread::lifecycle::spawn_unchecked<test[aada8e7e76ba119b]::run_test::{closure#1}, ()>::{closure#1} as core[a373ad73a504971]::ops::function::FnOnce<()>>::call_once::{shim:vtable#0}
[INFO] [stderr]   |
[INFO] [stdout]   19:     0x6077c7518ecf - <std[617be2ca0a6fd877]::sys::thread::unix::Thread>::new::thread_start
[INFO] [stderr] note: required by a bound in `bounded_num::conv::<impl BoundedNum<T1, Min1, Max1>>::into`
[INFO] [stdout]   20:     0x77df58a30dfa - <unknown>
[INFO] [stderr]  --> src/conv.rs
[INFO] [stdout]   21:     0x77df58ac43d4 - clone
[INFO] [stderr]   |
[INFO] [stdout]   22:                0x0 - <unknown>
[INFO] [stderr]   | impl<T1, Min1, Max1> BoundedNum<T1, Min1, Max1>
[INFO] [stdout] 
[INFO] [stderr] ...
[INFO] [stdout] 
[INFO] [stderr]   |     pub fn into<T2, Min2, Max2>(self) -> BoundedNum<T2, Min2, Max2>
[INFO] [stdout] failures:
[INFO] [stderr] ...
[INFO] [stdout]     compile_fails
[INFO] [stderr]   |         Min2: IsLessOrEqual<Min1, Output = True>,
[INFO] [stdout] 
[INFO] [stderr]   |                                   ^^^^^^^^^^^^^ required by this bound in `bounded_num::conv::<impl BoundedNum<T1, Min1, Max1>>::into`
[INFO] [stdout] test result: FAILED. 0 passed; 1 failed; 0 ignored; 0 measured; 0 filtered out; finished in 1.85s
[INFO] [stderr] ┈┈┈┈┈┈┈┈┈┈┈┈┈┈┈┈┈┈┈┈┈┈┈┈┈┈┈┈┈┈┈┈┈┈┈┈┈┈┈┈┈┈┈┈┈┈┈┈┈┈┈┈┈┈┈┈┈┈┈┈
[INFO] [stdout] 
[INFO] [stderr] note: If the actual output is the correct output you can bless it by rerunning
[INFO] [stderr]       your test with the environment variable TRYBUILD=overwrite
[INFO] [stderr] 
[INFO] [stderr] 
[INFO] [stderr] 
[INFO] [stderr] error: test failed, to rerun pass `--test conv`
[INFO] running `Command { std: "docker" "inspect" "660ddf6f65e209f102f1fe93ce073bc5775866921dff16b468b4e60829f486f7", kill_on_drop: false }`
[INFO] running `Command { std: "docker" "rm" "-f" "660ddf6f65e209f102f1fe93ce073bc5775866921dff16b468b4e60829f486f7", kill_on_drop: false }`
[INFO] [stdout] 660ddf6f65e209f102f1fe93ce073bc5775866921dff16b468b4e60829f486f7
