[INFO] cloning repository https://github.com/bigsmoke/check_perfdata
[INFO] running `Command { std: "git" "-c" "credential.helper=" "-c" "credential.helper=/workspace/cargo-home/bin/git-credential-null" "clone" "--bare" "https://github.com/bigsmoke/check_perfdata" "/workspace/cache/git-repos/https%3A%2F%2Fgithub.com%2Fbigsmoke%2Fcheck_perfdata", kill_on_drop: false }`
[INFO] [stderr] Cloning into bare repository '/workspace/cache/git-repos/https%3A%2F%2Fgithub.com%2Fbigsmoke%2Fcheck_perfdata'...
[INFO] running `Command { std: "git" "rev-parse" "HEAD", kill_on_drop: false }`
[INFO] [stdout] 1de1d726f9c3d355757f14320b2a20a2da7245e6
[INFO] testing bigsmoke/check_perfdata against 1.100.0-beta.1+cargoflags=--release for beta-release-1.100-2
[INFO] running `Command { std: "git" "clone" "/workspace/cache/git-repos/https%3A%2F%2Fgithub.com%2Fbigsmoke%2Fcheck_perfdata" "/workspace/builds/worker-3-tc2/source", kill_on_drop: false }`
[INFO] [stderr] Cloning into '/workspace/builds/worker-3-tc2/source'...
[INFO] [stderr] done.
[INFO] started tweaking git repo https://github.com/bigsmoke/check_perfdata
[INFO] finished tweaking git repo https://github.com/bigsmoke/check_perfdata
[INFO] tweaked toml for git repo https://github.com/bigsmoke/check_perfdata written to /workspace/builds/worker-3-tc2/source/Cargo.toml
[INFO] validating manifest of git repo https://github.com/bigsmoke/check_perfdata on toolchain 1.100.0-beta.1
[INFO] running `Command { std: CARGO_HOME="/workspace/cargo-home" RUSTUP_HOME="/workspace/rustup-home" "/workspace/cargo-home/bin/cargo" "+1.100.0-beta.1" "metadata" "--manifest-path" "Cargo.toml" "--no-deps", kill_on_drop: false }`
[INFO] crate git repo https://github.com/bigsmoke/check_perfdata already has a lockfile, it will not be regenerated
[INFO] running `Command { std: CARGO_HOME="/workspace/cargo-home" RUSTUP_HOME="/workspace/rustup-home" "/workspace/cargo-home/bin/cargo" "+1.100.0-beta.1" "fetch" "--manifest-path" "Cargo.toml", kill_on_drop: false }`
[INFO] running `Command { std: "docker" "create" "-v" "/var/lib/crater-agent-workspace/builds/worker-3-tc2/source:/opt/rustwide/workdir:ro,Z" "-v" "/var/lib/crater-agent-workspace/builds/worker-3-tc2/target:/opt/rustwide/target:rw,Z" "-v" "/var/lib/crater-agent-workspace/cargo-home:/opt/rustwide/cargo-home:ro,Z" "-v" "/var/lib/crater-agent-workspace/rustup-home:/opt/rustwide/rustup-home:ro,Z" "-m" "1610612736" "--network" "none" "ghcr.io/rust-lang/crates-build-env/linux@sha256:77db811e55d90add9212f6832c23229e3de5f1c1f9905e8cb07319ea15df73ac" "sleep" "infinity", kill_on_drop: false }`
[INFO] [stdout] e038954567b58fb18b4dc4b957407f35c8a3a163ce4bea02ea9c9a0294d460e5
[INFO] running `Command { std: "docker" "start" "e038954567b58fb18b4dc4b957407f35c8a3a163ce4bea02ea9c9a0294d460e5", kill_on_drop: false }`
[INFO] running `Command { std: "docker" "inspect" "e038954567b58fb18b4dc4b957407f35c8a3a163ce4bea02ea9c9a0294d460e5", kill_on_drop: false }`
[INFO] running `Command { std: "docker" "exec" "-e" "SOURCE_DIR=/opt/rustwide/workdir" "-e" "CARGO_HOME=/opt/rustwide/cargo-home" "-e" "RUSTUP_HOME=/opt/rustwide/rustup-home" "-e" "CARGO_TARGET_DIR=/opt/rustwide/target" "-w" "/opt/rustwide/workdir" "--user" "0:0" "e038954567b58fb18b4dc4b957407f35c8a3a163ce4bea02ea9c9a0294d460e5" "/opt/rustwide/cargo-home/bin/cargo" "+1.100.0-beta.1" "metadata" "--no-deps" "--format-version=1", kill_on_drop: false }`
[INFO] running `Command { std: "docker" "inspect" "e038954567b58fb18b4dc4b957407f35c8a3a163ce4bea02ea9c9a0294d460e5", kill_on_drop: false }`
[INFO] running `Command { std: "docker" "exec" "-e" "SOURCE_DIR=/opt/rustwide/workdir" "-e" "CARGO_HOME=/opt/rustwide/cargo-home" "-e" "RUSTUP_HOME=/opt/rustwide/rustup-home" "-e" "CARGO_TARGET_DIR=/opt/rustwide/target" "-e" "CARGO_INCREMENTAL=0" "-e" "RUST_BACKTRACE=full" "-e" "RUSTFLAGS=--cap-lints=warn" "-e" "RUSTDOCFLAGS=--cap-lints=warn" "-w" "/opt/rustwide/workdir" "--user" "0:0" "e038954567b58fb18b4dc4b957407f35c8a3a163ce4bea02ea9c9a0294d460e5" "/opt/rustwide/cargo-home/bin/cargo" "+1.100.0-beta.1" "build" "--frozen" "--message-format=json" "--release", kill_on_drop: false }`
[INFO] [stderr]    Compiling version_check v0.9.3
[INFO] [stderr]    Compiling proc-macro2 v1.0.32
[INFO] [stderr]    Compiling unicode-xid v0.2.2
[INFO] [stderr]    Compiling libc v0.2.108
[INFO] [stderr]    Compiling syn v1.0.82
[INFO] [stderr]    Compiling unicode-width v0.1.9
[INFO] [stderr]    Compiling unicode-segmentation v1.8.0
[INFO] [stderr]    Compiling strsim v0.8.0
[INFO] [stderr]    Compiling ansi_term v0.12.1
[INFO] [stderr]    Compiling vec_map v0.8.2
[INFO] [stderr]    Compiling textwrap v0.11.0
[INFO] [stderr]    Compiling proc-macro-error-attr v1.0.4
[INFO] [stderr]    Compiling proc-macro-error v1.0.4
[INFO] [stderr]    Compiling heck v0.3.3
[INFO] [stderr]    Compiling quote v1.0.10
[INFO] [stderr]    Compiling atty v0.2.14
[INFO] [stderr]    Compiling clap v2.34.0
[INFO] [stderr]    Compiling structopt-derive v0.4.18
[INFO] [stderr]    Compiling structopt v0.3.25
[INFO] [stderr]    Compiling check_perfdata v0.1.0 (/opt/rustwide/workdir)
[INFO] [stdout] warning: trait `CmdLineProg` is never used
[INFO] [stdout]    --> src/lib.rs:759:7
[INFO] [stdout]     |
[INFO] [stdout] 759 | trait CmdLineProg {
[INFO] [stdout]     |       ^^^^^^^^^^^
[INFO] [stdout]     |
[INFO] [stdout]     = note: `#[warn(dead_code)]` (part of `#[warn(unused)]`) on by default
[INFO] [stdout] 
[INFO] [stdout] 
[INFO] [stderr]     Finished `release` profile [optimized] target(s) in 13.29s
[INFO] running `Command { std: "docker" "inspect" "e038954567b58fb18b4dc4b957407f35c8a3a163ce4bea02ea9c9a0294d460e5", kill_on_drop: false }`
[INFO] running `Command { std: "docker" "exec" "-e" "SOURCE_DIR=/opt/rustwide/workdir" "-e" "CARGO_HOME=/opt/rustwide/cargo-home" "-e" "RUSTUP_HOME=/opt/rustwide/rustup-home" "-e" "CARGO_TARGET_DIR=/opt/rustwide/target" "-e" "CARGO_INCREMENTAL=0" "-e" "RUST_BACKTRACE=full" "-e" "RUSTFLAGS=--cap-lints=warn" "-e" "RUSTDOCFLAGS=--cap-lints=warn" "-w" "/opt/rustwide/workdir" "--user" "0:0" "e038954567b58fb18b4dc4b957407f35c8a3a163ce4bea02ea9c9a0294d460e5" "/opt/rustwide/cargo-home/bin/cargo" "+1.100.0-beta.1" "test" "--frozen" "--no-run" "--message-format=json" "--release", kill_on_drop: false }`
[INFO] [stderr]    Compiling num-traits v0.2.14
[INFO] [stderr]    Compiling predicates-core v1.0.3
[INFO] [stderr]    Compiling termtree v0.2.4
[INFO] [stderr]    Compiling difflib v0.4.0
[INFO] [stderr]    Compiling regex-automata v0.1.10
[INFO] [stderr]    Compiling normalize-line-endings v0.3.0
[INFO] [stderr]    Compiling wait-timeout v0.2.0
[INFO] [stdout] warning: trait `CmdLineProg` is never used
[INFO] [stdout]    --> src/lib.rs:759:7
[INFO] [stdout]     |
[INFO] [stdout] 759 | trait CmdLineProg {
[INFO] [stdout]     |       ^^^^^^^^^^^
[INFO] [stdout]     |
[INFO] [stdout]     = note: `#[warn(dead_code)]` (part of `#[warn(unused)]`) on by default
[INFO] [stdout] 
[INFO] [stdout] 
[INFO] [stderr]    Compiling bstr v0.2.17
[INFO] [stderr]    Compiling predicates-tree v1.0.5
[INFO] [stderr]    Compiling float-cmp v0.9.0
[INFO] [stderr]    Compiling predicates v2.1.1
[INFO] [stderr]    Compiling assert_cmd v2.0.4
[INFO] [stderr]    Compiling check_perfdata v0.1.0 (/opt/rustwide/workdir)
[INFO] [stdout] warning: trait `CmdLineProg` is never used
[INFO] [stdout]    --> src/lib.rs:759:7
[INFO] [stdout]     |
[INFO] [stdout] 759 | trait CmdLineProg {
[INFO] [stdout]     |       ^^^^^^^^^^^
[INFO] [stdout]     |
[INFO] [stdout]     = note: `#[warn(dead_code)]` (part of `#[warn(unused)]`) on by default
[INFO] [stdout] 
[INFO] [stdout] 
[INFO] [stdout] warning: unused `Result` that must be used
[INFO] [stdout]     --> src/lib.rs:1332:9
[INFO] [stdout]      |
[INFO] [stdout] 1332 | /         data.add_distinct(Datum {
[INFO] [stdout] 1333 | |             label: String::from("metric1"),
[INFO] [stdout] 1334 | |             value: Value(Some(0.1)),
[INFO] [stdout] 1335 | |             unit: Unit::Seconds,
[INFO] [stdout] ...    |
[INFO] [stdout] 1339 | |             crit: None,
[INFO] [stdout] 1340 | |         });
[INFO] [stdout]      | |__________^
[INFO] [stdout]      |
[INFO] [stdout]      = note: this `Result` may be an `Err` variant, which should be handled
[INFO] [stdout]      = note: `#[warn(unused_must_use)]` (part of `#[warn(unused)]`) on by default
[INFO] [stdout] help: use `let _ = ...` to ignore the resulting value
[INFO] [stdout]      |
[INFO] [stdout] 1332 |         let _ = data.add_distinct(Datum {
[INFO] [stdout]      |         +++++++
[INFO] [stdout] 
[INFO] [stdout] 
[INFO] [stdout] warning: unused `Result` that must be used
[INFO] [stdout]     --> src/lib.rs:1341:9
[INFO] [stdout]      |
[INFO] [stdout] 1341 | /         data.add_distinct(Datum {
[INFO] [stdout] 1342 | |             label: String::from("metric2"),
[INFO] [stdout] 1343 | |             value: Value(Some(2.0)),
[INFO] [stdout] 1344 | |             unit: Unit::Megabytes,
[INFO] [stdout] ...    |
[INFO] [stdout] 1348 | |             crit: None,
[INFO] [stdout] 1349 | |         });
[INFO] [stdout]      | |__________^
[INFO] [stdout]      |
[INFO] [stdout]      = note: this `Result` may be an `Err` variant, which should be handled
[INFO] [stdout] help: use `let _ = ...` to ignore the resulting value
[INFO] [stdout]      |
[INFO] [stdout] 1341 |         let _ = data.add_distinct(Datum {
[INFO] [stdout]      |         +++++++
[INFO] [stdout] 
[INFO] [stdout] 
[INFO] [stderr]     Finished `release` profile [optimized] target(s) in 5.65s
[INFO] running `Command { std: "docker" "inspect" "e038954567b58fb18b4dc4b957407f35c8a3a163ce4bea02ea9c9a0294d460e5", kill_on_drop: false }`
[INFO] running `Command { std: "docker" "exec" "-e" "SOURCE_DIR=/opt/rustwide/workdir" "-e" "CARGO_HOME=/opt/rustwide/cargo-home" "-e" "RUSTUP_HOME=/opt/rustwide/rustup-home" "-e" "CARGO_TARGET_DIR=/opt/rustwide/target" "-e" "CARGO_INCREMENTAL=0" "-e" "RUST_BACKTRACE=full" "-e" "RUSTFLAGS=--cap-lints=warn" "-e" "RUSTDOCFLAGS=--cap-lints=warn" "-w" "/opt/rustwide/workdir" "--user" "0:0" "e038954567b58fb18b4dc4b957407f35c8a3a163ce4bea02ea9c9a0294d460e5" "/opt/rustwide/cargo-home/bin/cargo" "+1.100.0-beta.1" "test" "--frozen" "--release", kill_on_drop: false }`
[INFO] [stderr] warning: trait `CmdLineProg` is never used
[INFO] [stderr]    --> src/lib.rs:759:7
[INFO] [stderr]     |
[INFO] [stderr] 759 | trait CmdLineProg {
[INFO] [stderr]     |       ^^^^^^^^^^^
[INFO] [stderr]     |
[INFO] [stderr]     = note: `#[warn(dead_code)]` (part of `#[warn(unused)]`) on by default
[INFO] [stderr] 
[INFO] [stderr] warning: `check_perfdata` (lib) generated 1 warning
[INFO] [stderr] warning: unused `Result` that must be used
[INFO] [stderr]     --> src/lib.rs:1332:9
[INFO] [stderr]      |
[INFO] [stderr] 1332 | /         data.add_distinct(Datum {
[INFO] [stderr] 1333 | |             label: String::from("metric1"),
[INFO] [stderr] 1334 | |             value: Value(Some(0.1)),
[INFO] [stderr] 1335 | |             unit: Unit::Seconds,
[INFO] [stderr] ...    |
[INFO] [stderr] 1339 | |             crit: None,
[INFO] [stderr] 1340 | |         });
[INFO] [stderr]      | |__________^
[INFO] [stderr]      |
[INFO] [stderr]      = note: this `Result` may be an `Err` variant, which should be handled
[INFO] [stderr]      = note: `#[warn(unused_must_use)]` (part of `#[warn(unused)]`) on by default
[INFO] [stderr] help: use `let _ = ...` to ignore the resulting value
[INFO] [stderr]      |
[INFO] [stderr] 1332 |         let _ = data.add_distinct(Datum {
[INFO] [stderr]      |         +++++++
[INFO] [stderr] 
[INFO] [stderr] warning: unused `Result` that must be used
[INFO] [stderr]     --> src/lib.rs:1341:9
[INFO] [stderr]      |
[INFO] [stderr] 1341 | /         data.add_distinct(Datum {
[INFO] [stderr] 1342 | |             label: String::from("metric2"),
[INFO] [stderr] 1343 | |             value: Value(Some(2.0)),
[INFO] [stderr] 1344 | |             unit: Unit::Megabytes,
[INFO] [stderr] ...    |
[INFO] [stderr] 1348 | |             crit: None,
[INFO] [stderr] 1349 | |         });
[INFO] [stderr]      | |__________^
[INFO] [stderr]      |
[INFO] [stderr]      = note: this `Result` may be an `Err` variant, which should be handled
[INFO] [stderr] help: use `let _ = ...` to ignore the resulting value
[INFO] [stderr]      |
[INFO] [stderr] 1341 |         let _ = data.add_distinct(Datum {
[INFO] [stderr]      |         +++++++
[INFO] [stderr] 
[INFO] [stderr] warning: `check_perfdata` (lib test) generated 3 warnings (1 duplicate)
[INFO] [stderr]     Finished `release` profile [optimized] target(s) in 0.06s
[INFO] [stderr]      Running unittests src/lib.rs (/opt/rustwide/target/release/build/check_perfdata/80b1e742daff14bf/out/perfdata-80b1e742daff14bf)
[INFO] [stdout] 
[INFO] [stdout] running 24 tests
[INFO] [stdout] test tests::test_datum_is_crit_inside_range ... ok
[INFO] [stdout] test tests::test_datum_is_warn_inside_range ... ok
[INFO] [stdout] test tests::test_min_from_str ... ok
[INFO] [stdout] test tests::test_datum_is_ok ... ok
[INFO] [stdout] test tests::test_datum_is_warn_outside_range ... ok
[INFO] [stdout] test tests::test_datum_is_not_ok ... ok
[INFO] [stdout] test tests::test_unit_fmt ... ok
[INFO] [stdout] test tests::test_perfdatum_from_str ... ok
[INFO] [stdout] test tests::test_unit_from_str ... ok
[INFO] [stdout] test tests::test_val_fmt ... ok
[INFO] [stdout] test tests::test_val_from_str ... ok
[INFO] [stdout] test tests::test_value_ok_outside_range ... ok
[INFO] [stdout] test tests::test_range_fmt ... ok
[INFO] [stdout] test tests::test_value_to_unit_without_si_prefix ... ok
[INFO] [stdout] test tests::test_value_ok_within_range ... ok
[INFO] [stdout] test tests::test_range_from_str ... ok
[INFO] [stdout] test tests::test_range_new ... ok
[INFO] [stdout] test tests::test_data_iterator ... ok
[INFO] [stdout] test tests::test_data_label_1st_19_chars_must_be_distinct ... ok
[INFO] [stdout] test tests::test_datum_is_crit_outside_range ... ok
[INFO] [stdout] test tests::test_perfdatum_fmt ... ok
[INFO] [stdout] test tests::test_max_from_str ... ok
[INFO] [stdout] test tests::test_data_from_str ... ok
[INFO] [stdout] test tests::test_perfdatum_from_str_unclosed_quotes - should panic ... ok
[INFO] [stdout] 
[INFO] [stdout] test result: ok. 24 passed; 0 failed; 0 ignored; 0 measured; 0 filtered out; finished in 0.01s
[INFO] [stdout] 
[INFO] [stderr]      Running unittests src/bin/check_perfdata.rs (/opt/rustwide/target/release/build/check_perfdata/50efa2189454f864/out/check_perfdata-50efa2189454f864)
[INFO] [stdout] 
[INFO] [stdout] running 10 tests
[INFO] [stdout] test tests::test_invalid_range ... FAILED
[INFO] [stdout] test tests::test_omit_status_code ... FAILED
[INFO] [stdout] test tests::test_worst_values_printed_first ... FAILED
[INFO] [stdout] test tests::test_explicit_service_ok ... FAILED
[INFO] [stdout] test tests::test_least_ok_primary_perfdatum ... FAILED
[INFO] [stdout] test tests::test_extra_output ... FAILED
[INFO] [stdout] test tests::test_service_warning ... FAILED
[INFO] [stdout] test tests::test_service_critical ... FAILED
[INFO] [stdout] test tests::test_host_ok ... FAILED
[INFO] [stdout] test tests::test_implicit_service_ok ... FAILED
[INFO] [stdout] 
[INFO] [stdout] failures:
[INFO] [stdout] 
[INFO] [stdout] ---- tests::test_invalid_range stdout ----
[INFO] [stdout] 
[INFO] [stdout] thread 'tests::test_invalid_range' (839) panicked at src/bin/check_perfdata.rs:300:60:
[INFO] [stdout] called `Result::unwrap()` on an `Err` value: CargoError { cause: Some(NotFoundError { path: "/opt/rustwide/target/release/build/check_perfdata/50efa2189454f864/out/check_perfdata" }) }
[INFO] [stdout] stack backtrace:
[INFO] [stdout]    0:     0x652e4b3a7f71 - <<std[617be2ca0a6fd877]::sys::backtrace::BacktraceLock>::print::DisplayBacktrace as core[a373ad73a504971]::fmt::Display>::fmt
[INFO] [stdout]    1:     0x652e4b3bd7ba - core[a373ad73a504971]::fmt::write
[INFO] [stdout]    2:     0x652e4b3ad59c - <alloc[2e1b2a31b91974c5]::vec::Vec<u8> as core[a373ad73a504971]::io::write::Write>::write_fmt
[INFO] [stdout]    3:     0x652e4b383a86 - std[617be2ca0a6fd877]::panicking::default_hook::{closure#0}
[INFO] [stdout]    4:     0x652e4b3a0589 - std[617be2ca0a6fd877]::panicking::default_hook
[INFO] [stdout]    5:     0x652e4b330420 - test[aada8e7e76ba119b]::test_main_inner::{closure#0}
[INFO] [stdout]    6:     0x652e4b3a0742 - std[617be2ca0a6fd877]::panicking::panic_with_hook
[INFO] [stdout]    7:     0x652e4b383b32 - std[617be2ca0a6fd877]::panicking::panic_handler::{closure#0}
[INFO] [stdout]    8:     0x652e4b37c849 - std[617be2ca0a6fd877]::sys::backtrace::__rust_end_short_backtrace::<std[617be2ca0a6fd877]::panicking::panic_handler::{closure#0}, !>
[INFO] [stdout]    9:     0x652e4b38473d - __rustc[ea4f61d10b84890b]::rust_begin_unwind
[INFO] [stdout]   10:     0x652e4b3bdeec - core[a373ad73a504971]::panicking::panic_fmt
[INFO] [stdout]   11:     0x652e4b3bdcc2 - core[a373ad73a504971]::result::unwrap_failed
[INFO] [stdout]   12:     0x652e4b321d43 - <check_perfdata[ec2fa17d93f01968]::tests::test_invalid_range::{closure#0} as core[a373ad73a504971]::ops::function::FnOnce<()>>::call_once
[INFO] [stdout]   13:     0x652e4b32386b - test[aada8e7e76ba119b]::__rust_begin_short_backtrace::<core[a373ad73a504971]::result::Result<(), alloc[2e1b2a31b91974c5]::string::String>, fn() -> core[a373ad73a504971]::result::Result<(), alloc[2e1b2a31b91974c5]::string::String>>
[INFO] [stdout]   14:     0x652e4b330a45 - test[aada8e7e76ba119b]::run_test::{closure#0}
[INFO] [stdout]   15:     0x652e4b32a334 - std[617be2ca0a6fd877]::sys::backtrace::__rust_begin_short_backtrace::<test[aada8e7e76ba119b]::run_test::{closure#1}, ()>
[INFO] [stdout]   16:     0x652e4b333ad2 - <std[617be2ca0a6fd877]::thread::lifecycle::spawn_unchecked<test[aada8e7e76ba119b]::run_test::{closure#1}, ()>::{closure#1} as core[a373ad73a504971]::ops::function::FnOnce<()>>::call_once::{shim:vtable#0}
[INFO] [stdout]   17:     0x652e4b3a774f - <std[617be2ca0a6fd877]::sys::thread::unix::Thread>::new::thread_start
[INFO] [stdout]   18:     0x78057e5cfdfa - <unknown>
[INFO] [stdout]   19:     0x78057e6633d4 - clone
[INFO] [stdout]   20:                0x0 - <unknown>
[INFO] [stdout] 
[INFO] [stdout] ---- tests::test_omit_status_code stdout ----
[INFO] [stdout] 
[INFO] [stdout] thread 'tests::test_omit_status_code' (841) panicked at src/bin/check_perfdata.rs:311:60:
[INFO] [stdout] called `Result::unwrap()` on an `Err` value: CargoError { cause: Some(NotFoundError { path: "/opt/rustwide/target/release/build/check_perfdata/50efa2189454f864/out/check_perfdata" }) }
[INFO] [stdout] stack backtrace:
[INFO] [stdout]    0:     0x652e4b3a7f71 - <<std[617be2ca0a6fd877]::sys::backtrace::BacktraceLock>::print::DisplayBacktrace as core[a373ad73a504971]::fmt::Display>::fmt
[INFO] [stdout]    1:     0x652e4b3bd7ba - core[a373ad73a504971]::fmt::write
[INFO] [stdout]    2:     0x652e4b3ad59c - <alloc[2e1b2a31b91974c5]::vec::Vec<u8> as core[a373ad73a504971]::io::write::Write>::write_fmt
[INFO] [stderr] error: test failed, to rerun pass `--bin check_perfdata`
[INFO] [stdout]    3:     0x652e4b383a86 - std[617be2ca0a6fd877]::panicking::default_hook::{closure#0}
[INFO] [stdout]    4:     0x652e4b3a0589 - std[617be2ca0a6fd877]::panicking::default_hook
[INFO] [stdout]    5:     0x652e4b330420 - test[aada8e7e76ba119b]::test_main_inner::{closure#0}
[INFO] [stdout]    6:     0x652e4b3a0742 - std[617be2ca0a6fd877]::panicking::panic_with_hook
[INFO] [stdout]    7:     0x652e4b383b32 - std[617be2ca0a6fd877]::panicking::panic_handler::{closure#0}
[INFO] [stdout]    8:     0x652e4b37c849 - std[617be2ca0a6fd877]::sys::backtrace::__rust_end_short_backtrace::<std[617be2ca0a6fd877]::panicking::panic_handler::{closure#0}, !>
[INFO] [stdout]    9:     0x652e4b38473d - __rustc[ea4f61d10b84890b]::rust_begin_unwind
[INFO] [stdout]   10:     0x652e4b3bdeec - core[a373ad73a504971]::panicking::panic_fmt
[INFO] [stdout]   11:     0x652e4b3bdcc2 - core[a373ad73a504971]::result::unwrap_failed
[INFO] [stdout]   12:     0x652e4b3225db - <check_perfdata[ec2fa17d93f01968]::tests::test_omit_status_code::{closure#0} as core[a373ad73a504971]::ops::function::FnOnce<()>>::call_once
[INFO] [stdout]   13:     0x652e4b32386b - test[aada8e7e76ba119b]::__rust_begin_short_backtrace::<core[a373ad73a504971]::result::Result<(), alloc[2e1b2a31b91974c5]::string::String>, fn() -> core[a373ad73a504971]::result::Result<(), alloc[2e1b2a31b91974c5]::string::String>>
[INFO] [stdout]   14:     0x652e4b330a45 - test[aada8e7e76ba119b]::run_test::{closure#0}
[INFO] [stdout]   15:     0x652e4b32a334 - std[617be2ca0a6fd877]::sys::backtrace::__rust_begin_short_backtrace::<test[aada8e7e76ba119b]::run_test::{closure#1}, ()>
[INFO] [stdout]   16:     0x652e4b333ad2 - <std[617be2ca0a6fd877]::thread::lifecycle::spawn_unchecked<test[aada8e7e76ba119b]::run_test::{closure#1}, ()>::{closure#1} as core[a373ad73a504971]::ops::function::FnOnce<()>>::call_once::{shim:vtable#0}
[INFO] [stdout]   17:     0x652e4b3a774f - <std[617be2ca0a6fd877]::sys::thread::unix::Thread>::new::thread_start
[INFO] [stdout]   18:     0x78057e5cfdfa - <unknown>
[INFO] [stdout]   19:     0x78057e6633d4 - clone
[INFO] [stdout]   20:                0x0 - <unknown>
[INFO] [stdout] 
[INFO] [stdout] ---- tests::test_worst_values_printed_first stdout ----
[INFO] [stdout] 
[INFO] [stdout] thread 'tests::test_worst_values_printed_first' (844) panicked at src/bin/check_perfdata.rs:348:60:
[INFO] [stdout] called `Result::unwrap()` on an `Err` value: CargoError { cause: Some(NotFoundError { path: "/opt/rustwide/target/release/build/check_perfdata/50efa2189454f864/out/check_perfdata" }) }
[INFO] [stdout] stack backtrace:
[INFO] [stdout]    0:     0x652e4b3a7f71 - <<std[617be2ca0a6fd877]::sys::backtrace::BacktraceLock>::print::DisplayBacktrace as core[a373ad73a504971]::fmt::Display>::fmt
[INFO] [stdout]    1:     0x652e4b3bd7ba - core[a373ad73a504971]::fmt::write
[INFO] [stdout]    2:     0x652e4b3ad59c - <alloc[2e1b2a31b91974c5]::vec::Vec<u8> as core[a373ad73a504971]::io::write::Write>::write_fmt
[INFO] [stdout]    3:     0x652e4b383a86 - std[617be2ca0a6fd877]::panicking::default_hook::{closure#0}
[INFO] [stdout]    4:     0x652e4b3a0589 - std[617be2ca0a6fd877]::panicking::default_hook
[INFO] [stdout]    5:     0x652e4b330420 - test[aada8e7e76ba119b]::test_main_inner::{closure#0}
[INFO] [stdout]    6:     0x652e4b3a0742 - std[617be2ca0a6fd877]::panicking::panic_with_hook
[INFO] [stdout]    7:     0x652e4b383b32 - std[617be2ca0a6fd877]::panicking::panic_handler::{closure#0}
[INFO] [stdout]    8:     0x652e4b37c849 - std[617be2ca0a6fd877]::sys::backtrace::__rust_end_short_backtrace::<std[617be2ca0a6fd877]::panicking::panic_handler::{closure#0}, !>
[INFO] [stdout]    9:     0x652e4b38473d - __rustc[ea4f61d10b84890b]::rust_begin_unwind
[INFO] [stdout]   10:     0x652e4b3bdeec - core[a373ad73a504971]::panicking::panic_fmt
[INFO] [stdout]   11:     0x652e4b3bdcc2 - core[a373ad73a504971]::result::unwrap_failed
[INFO] [stdout]   12:     0x652e4b323763 - <check_perfdata[ec2fa17d93f01968]::tests::test_worst_values_printed_first::{closure#0} as core[a373ad73a504971]::ops::function::FnOnce<()>>::call_once
[INFO] [stdout]   13:     0x652e4b32386b - test[aada8e7e76ba119b]::__rust_begin_short_backtrace::<core[a373ad73a504971]::result::Result<(), alloc[2e1b2a31b91974c5]::string::String>, fn() -> core[a373ad73a504971]::result::Result<(), alloc[2e1b2a31b91974c5]::string::String>>
[INFO] [stdout]   14:     0x652e4b330a45 - test[aada8e7e76ba119b]::run_test::{closure#0}
[INFO] [stdout]   15:     0x652e4b32a334 - std[617be2ca0a6fd877]::sys::backtrace::__rust_begin_short_backtrace::<test[aada8e7e76ba119b]::run_test::{closure#1}, ()>
[INFO] [stdout]   16:     0x652e4b333ad2 - <std[617be2ca0a6fd877]::thread::lifecycle::spawn_unchecked<test[aada8e7e76ba119b]::run_test::{closure#1}, ()>::{closure#1} as core[a373ad73a504971]::ops::function::FnOnce<()>>::call_once::{shim:vtable#0}
[INFO] [stdout]   17:     0x652e4b3a774f - <std[617be2ca0a6fd877]::sys::thread::unix::Thread>::new::thread_start
[INFO] [stdout]   18:     0x78057e5cfdfa - <unknown>
[INFO] [stdout]   19:     0x78057e6633d4 - clone
[INFO] [stdout]   20:                0x0 - <unknown>
[INFO] [stdout] 
[INFO] [stdout] ---- tests::test_explicit_service_ok stdout ----
[INFO] [stdout] 
[INFO] [stdout] thread 'tests::test_explicit_service_ok' (835) panicked at src/bin/check_perfdata.rs:238:60:
[INFO] [stdout] called `Result::unwrap()` on an `Err` value: CargoError { cause: Some(NotFoundError { path: "/opt/rustwide/target/release/build/check_perfdata/50efa2189454f864/out/check_perfdata" }) }
[INFO] [stdout] stack backtrace:
[INFO] [stdout]    0:     0x652e4b3a7f71 - <<std[617be2ca0a6fd877]::sys::backtrace::BacktraceLock>::print::DisplayBacktrace as core[a373ad73a504971]::fmt::Display>::fmt
[INFO] [stdout]    1:     0x652e4b3bd7ba - core[a373ad73a504971]::fmt::write
[INFO] [stdout]    2:     0x652e4b3ad59c - <alloc[2e1b2a31b91974c5]::vec::Vec<u8> as core[a373ad73a504971]::io::write::Write>::write_fmt
[INFO] [stdout]    3:     0x652e4b383a86 - std[617be2ca0a6fd877]::panicking::default_hook::{closure#0}
[INFO] [stdout]    4:     0x652e4b3a0589 - std[617be2ca0a6fd877]::panicking::default_hook
[INFO] [stdout]    5:     0x652e4b330420 - test[aada8e7e76ba119b]::test_main_inner::{closure#0}
[INFO] [stdout]    6:     0x652e4b3a0742 - std[617be2ca0a6fd877]::panicking::panic_with_hook
[INFO] [stdout]    7:     0x652e4b383b32 - std[617be2ca0a6fd877]::panicking::panic_handler::{closure#0}
[INFO] [stdout]    8:     0x652e4b37c849 - std[617be2ca0a6fd877]::sys::backtrace::__rust_end_short_backtrace::<std[617be2ca0a6fd877]::panicking::panic_handler::{closure#0}, !>
[INFO] [stdout]    9:     0x652e4b38473d - __rustc[ea4f61d10b84890b]::rust_begin_unwind
[INFO] [stdout]   10:     0x652e4b3bdeec - core[a373ad73a504971]::panicking::panic_fmt
[INFO] [stdout]   11:     0x652e4b3bdcc2 - core[a373ad73a504971]::result::unwrap_failed
[INFO] [stdout]   12:     0x652e4b322e95 - <check_perfdata[ec2fa17d93f01968]::tests::test_explicit_service_ok::{closure#0} as core[a373ad73a504971]::ops::function::FnOnce<()>>::call_once
[INFO] [stdout]   13:     0x652e4b32386b - test[aada8e7e76ba119b]::__rust_begin_short_backtrace::<core[a373ad73a504971]::result::Result<(), alloc[2e1b2a31b91974c5]::string::String>, fn() -> core[a373ad73a504971]::result::Result<(), alloc[2e1b2a31b91974c5]::string::String>>
[INFO] [stdout]   14:     0x652e4b330a45 - test[aada8e7e76ba119b]::run_test::{closure#0}
[INFO] [stdout]   15:     0x652e4b32a334 - std[617be2ca0a6fd877]::sys::backtrace::__rust_begin_short_backtrace::<test[aada8e7e76ba119b]::run_test::{closure#1}, ()>
[INFO] [stdout]   16:     0x652e4b333ad2 - <std[617be2ca0a6fd877]::thread::lifecycle::spawn_unchecked<test[aada8e7e76ba119b]::run_test::{closure#1}, ()>::{closure#1} as core[a373ad73a504971]::ops::function::FnOnce<()>>::call_once::{shim:vtable#0}
[INFO] [stdout]   17:     0x652e4b3a774f - <std[617be2ca0a6fd877]::sys::thread::unix::Thread>::new::thread_start
[INFO] [stdout]   18:     0x78057e5cfdfa - <unknown>
[INFO] [stdout]   19:     0x78057e6633d4 - clone
[INFO] [stdout]   20:                0x0 - <unknown>
[INFO] [stdout] 
[INFO] [stdout] ---- tests::test_least_ok_primary_perfdatum stdout ----
[INFO] [stdout] 
[INFO] [stdout] thread 'tests::test_least_ok_primary_perfdatum' (840) panicked at src/bin/check_perfdata.rs:336:60:
[INFO] [stdout] called `Result::unwrap()` on an `Err` value: CargoError { cause: Some(NotFoundError { path: "/opt/rustwide/target/release/build/check_perfdata/50efa2189454f864/out/check_perfdata" }) }
[INFO] [stdout] stack backtrace:
[INFO] [stdout]    0:     0x652e4b3a7f71 - <<std[617be2ca0a6fd877]::sys::backtrace::BacktraceLock>::print::DisplayBacktrace as core[a373ad73a504971]::fmt::Display>::fmt
[INFO] [stdout]    1:     0x652e4b3bd7ba - core[a373ad73a504971]::fmt::write
[INFO] [stdout]    2:     0x652e4b3ad59c - <alloc[2e1b2a31b91974c5]::vec::Vec<u8> as core[a373ad73a504971]::io::write::Write>::write_fmt
[INFO] [stdout]    3:     0x652e4b383a86 - std[617be2ca0a6fd877]::panicking::default_hook::{closure#0}
[INFO] [stdout]    4:     0x652e4b3a0589 - std[617be2ca0a6fd877]::panicking::default_hook
[INFO] [stdout]    5:     0x652e4b330420 - test[aada8e7e76ba119b]::test_main_inner::{closure#0}
[INFO] [stdout]    6:     0x652e4b3a0742 - std[617be2ca0a6fd877]::panicking::panic_with_hook
[INFO] [stdout]    7:     0x652e4b383b32 - std[617be2ca0a6fd877]::panicking::panic_handler::{closure#0}
[INFO] [stdout]    8:     0x652e4b37c849 - std[617be2ca0a6fd877]::sys::backtrace::__rust_end_short_backtrace::<std[617be2ca0a6fd877]::panicking::panic_handler::{closure#0}, !>
[INFO] [stdout]    9:     0x652e4b38473d - __rustc[ea4f61d10b84890b]::rust_begin_unwind
[INFO] [stdout]   10:     0x652e4b3bdeec - core[a373ad73a504971]::panicking::panic_fmt
[INFO] [stdout]   11:     0x652e4b3bdcc2 - core[a373ad73a504971]::result::unwrap_failed
[INFO] [stdout]   12:     0x652e4b323485 - <check_perfdata[ec2fa17d93f01968]::tests::test_least_ok_primary_perfdatum::{closure#0} as core[a373ad73a504971]::ops::function::FnOnce<()>>::call_once
[INFO] [stdout]   13:     0x652e4b32386b - test[aada8e7e76ba119b]::__rust_begin_short_backtrace::<core[a373ad73a504971]::result::Result<(), alloc[2e1b2a31b91974c5]::string::String>, fn() -> core[a373ad73a504971]::result::Result<(), alloc[2e1b2a31b91974c5]::string::String>>
[INFO] [stdout]   14:     0x652e4b330a45 - test[aada8e7e76ba119b]::run_test::{closure#0}
[INFO] [stdout]   15:     0x652e4b32a334 - std[617be2ca0a6fd877]::sys::backtrace::__rust_begin_short_backtrace::<test[aada8e7e76ba119b]::run_test::{closure#1}, ()>
[INFO] [stdout]   16:     0x652e4b333ad2 - <std[617be2ca0a6fd877]::thread::lifecycle::spawn_unchecked<test[aada8e7e76ba119b]::run_test::{closure#1}, ()>::{closure#1} as core[a373ad73a504971]::ops::function::FnOnce<()>>::call_once::{shim:vtable#0}
[INFO] [stdout]   17:     0x652e4b3a774f - <std[617be2ca0a6fd877]::sys::thread::unix::Thread>::new::thread_start
[INFO] [stdout]   18:     0x78057e5cfdfa - <unknown>
[INFO] [stdout]   19:     0x78057e6633d4 - clone
[INFO] [stdout]   20:                0x0 - <unknown>
[INFO] [stdout] 
[INFO] [stdout] ---- tests::test_extra_output stdout ----
[INFO] [stdout] 
[INFO] [stdout] thread 'tests::test_extra_output' (836) panicked at src/bin/check_perfdata.rs:323:60:
[INFO] [stdout] called `Result::unwrap()` on an `Err` value: CargoError { cause: Some(NotFoundError { path: "/opt/rustwide/target/release/build/check_perfdata/50efa2189454f864/out/check_perfdata" }) }
[INFO] [stdout] stack backtrace:
[INFO] [stdout]    0:     0x652e4b3a7f71 - <<std[617be2ca0a6fd877]::sys::backtrace::BacktraceLock>::print::DisplayBacktrace as core[a373ad73a504971]::fmt::Display>::fmt
[INFO] [stdout]    1:     0x652e4b3bd7ba - core[a373ad73a504971]::fmt::write
[INFO] [stdout]    2:     0x652e4b3ad59c - <alloc[2e1b2a31b91974c5]::vec::Vec<u8> as core[a373ad73a504971]::io::write::Write>::write_fmt
[INFO] [stdout]    3:     0x652e4b383a86 - std[617be2ca0a6fd877]::panicking::default_hook::{closure#0}
[INFO] [stdout]    4:     0x652e4b3a0589 - std[617be2ca0a6fd877]::panicking::default_hook
[INFO] [stdout]    5:     0x652e4b330420 - test[aada8e7e76ba119b]::test_main_inner::{closure#0}
[INFO] [stdout]    6:     0x652e4b3a0742 - std[617be2ca0a6fd877]::panicking::panic_with_hook
[INFO] [stdout]    7:     0x652e4b383b32 - std[617be2ca0a6fd877]::panicking::panic_handler::{closure#0}
[INFO] [stdout]    8:     0x652e4b37c849 - std[617be2ca0a6fd877]::sys::backtrace::__rust_end_short_backtrace::<std[617be2ca0a6fd877]::panicking::panic_handler::{closure#0}, !>
[INFO] [stdout]    9:     0x652e4b38473d - __rustc[ea4f61d10b84890b]::rust_begin_unwind
[INFO] [stdout]   10:     0x652e4b3bdeec - core[a373ad73a504971]::panicking::panic_fmt
[INFO] [stdout]   11:     0x652e4b3bdcc2 - core[a373ad73a504971]::result::unwrap_failed
[INFO] [stdout]   12:     0x652e4b321a59 - <check_perfdata[ec2fa17d93f01968]::tests::test_extra_output::{closure#0} as core[a373ad73a504971]::ops::function::FnOnce<()>>::call_once
[INFO] [stdout]   13:     0x652e4b32386b - test[aada8e7e76ba119b]::__rust_begin_short_backtrace::<core[a373ad73a504971]::result::Result<(), alloc[2e1b2a31b91974c5]::string::String>, fn() -> core[a373ad73a504971]::result::Result<(), alloc[2e1b2a31b91974c5]::string::String>>
[INFO] [stdout]   14:     0x652e4b330a45 - test[aada8e7e76ba119b]::run_test::{closure#0}
[INFO] [stdout]   15:     0x652e4b32a334 - std[617be2ca0a6fd877]::sys::backtrace::__rust_begin_short_backtrace::<test[aada8e7e76ba119b]::run_test::{closure#1}, ()>
[INFO] [stdout]   16:     0x652e4b333ad2 - <std[617be2ca0a6fd877]::thread::lifecycle::spawn_unchecked<test[aada8e7e76ba119b]::run_test::{closure#1}, ()>::{closure#1} as core[a373ad73a504971]::ops::function::FnOnce<()>>::call_once::{shim:vtable#0}
[INFO] [stdout]   17:     0x652e4b3a774f - <std[617be2ca0a6fd877]::sys::thread::unix::Thread>::new::thread_start
[INFO] [stdout]   18:     0x78057e5cfdfa - <unknown>
[INFO] [stdout]   19:     0x78057e6633d4 - clone
[INFO] [stdout]   20:                0x0 - <unknown>
[INFO] [stdout] 
[INFO] [stdout] ---- tests::test_service_warning stdout ----
[INFO] [stdout] 
[INFO] [stdout] thread 'tests::test_service_warning' (843) panicked at src/bin/check_perfdata.rs:262:60:
[INFO] [stdout] called `Result::unwrap()` on an `Err` value: CargoError { cause: Some(NotFoundError { path: "/opt/rustwide/target/release/build/check_perfdata/50efa2189454f864/out/check_perfdata" }) }
[INFO] [stdout] stack backtrace:
[INFO] [stdout]    0:     0x652e4b3a7f71 - <<std[617be2ca0a6fd877]::sys::backtrace::BacktraceLock>::print::DisplayBacktrace as core[a373ad73a504971]::fmt::Display>::fmt
[INFO] [stdout]    1:     0x652e4b3bd7ba - core[a373ad73a504971]::fmt::write
[INFO] [stdout]    2:     0x652e4b3ad59c - <alloc[2e1b2a31b91974c5]::vec::Vec<u8> as core[a373ad73a504971]::io::write::Write>::write_fmt
[INFO] [stdout]    3:     0x652e4b383a86 - std[617be2ca0a6fd877]::panicking::default_hook::{closure#0}
[INFO] [stdout]    4:     0x652e4b3a0589 - std[617be2ca0a6fd877]::panicking::default_hook
[INFO] [stdout]    5:     0x652e4b330420 - test[aada8e7e76ba119b]::test_main_inner::{closure#0}
[INFO] [stdout]    6:     0x652e4b3a0742 - std[617be2ca0a6fd877]::panicking::panic_with_hook
[INFO] [stdout]    7:     0x652e4b383b32 - std[617be2ca0a6fd877]::panicking::panic_handler::{closure#0}
[INFO] [stdout]    8:     0x652e4b37c849 - std[617be2ca0a6fd877]::sys::backtrace::__rust_end_short_backtrace::<std[617be2ca0a6fd877]::panicking::panic_handler::{closure#0}, !>
[INFO] [stdout]    9:     0x652e4b38473d - __rustc[ea4f61d10b84890b]::rust_begin_unwind
[INFO] [stdout]   10:     0x652e4b3bdeec - core[a373ad73a504971]::panicking::panic_fmt
[INFO] [stdout]   11:     0x652e4b3bdcc2 - core[a373ad73a504971]::result::unwrap_failed
[INFO] [stdout]   12:     0x652e4b322264 - <check_perfdata[ec2fa17d93f01968]::tests::test_service_warning::{closure#0} as core[a373ad73a504971]::ops::function::FnOnce<()>>::call_once
[INFO] [stdout]   13:     0x652e4b32386b - test[aada8e7e76ba119b]::__rust_begin_short_backtrace::<core[a373ad73a504971]::result::Result<(), alloc[2e1b2a31b91974c5]::string::String>, fn() -> core[a373ad73a504971]::result::Result<(), alloc[2e1b2a31b91974c5]::string::String>>
[INFO] [stdout]   14:     0x652e4b330a45 - test[aada8e7e76ba119b]::run_test::{closure#0}
[INFO] [stdout]   15:     0x652e4b32a334 - std[617be2ca0a6fd877]::sys::backtrace::__rust_begin_short_backtrace::<test[aada8e7e76ba119b]::run_test::{closure#1}, ()>
[INFO] [stdout]   16:     0x652e4b333ad2 - <std[617be2ca0a6fd877]::thread::lifecycle::spawn_unchecked<test[aada8e7e76ba119b]::run_test::{closure#1}, ()>::{closure#1} as core[a373ad73a504971]::ops::function::FnOnce<()>>::call_once::{shim:vtable#0}
[INFO] [stdout]   17:     0x652e4b3a774f - <std[617be2ca0a6fd877]::sys::thread::unix::Thread>::new::thread_start
[INFO] [stdout]   18:     0x78057e5cfdfa - <unknown>
[INFO] [stdout]   19:     0x78057e6633d4 - clone
[INFO] [stdout]   20:                0x0 - <unknown>
[INFO] [stdout] 
[INFO] [stdout] ---- tests::test_service_critical stdout ----
[INFO] [stdout] 
[INFO] [stdout] thread 'tests::test_service_critical' (842) panicked at src/bin/check_perfdata.rs:281:60:
[INFO] [stdout] called `Result::unwrap()` on an `Err` value: CargoError { cause: Some(NotFoundError { path: "/opt/rustwide/target/release/build/check_perfdata/50efa2189454f864/out/check_perfdata" }) }
[INFO] [stdout] stack backtrace:
[INFO] [stdout]    0:     0x652e4b3a7f71 - <<std[617be2ca0a6fd877]::sys::backtrace::BacktraceLock>::print::DisplayBacktrace as core[a373ad73a504971]::fmt::Display>::fmt
[INFO] [stdout]    1:     0x652e4b3bd7ba - core[a373ad73a504971]::fmt::write
[INFO] [stdout]    2:     0x652e4b3ad59c - <alloc[2e1b2a31b91974c5]::vec::Vec<u8> as core[a373ad73a504971]::io::write::Write>::write_fmt
[INFO] [stdout]    3:     0x652e4b383a86 - std[617be2ca0a6fd877]::panicking::default_hook::{closure#0}
[INFO] [stdout]    4:     0x652e4b3a0589 - std[617be2ca0a6fd877]::panicking::default_hook
[INFO] [stdout]    5:     0x652e4b330420 - test[aada8e7e76ba119b]::test_main_inner::{closure#0}
[INFO] [stdout]    6:     0x652e4b3a0742 - std[617be2ca0a6fd877]::panicking::panic_with_hook
[INFO] [stdout]    7:     0x652e4b383b32 - std[617be2ca0a6fd877]::panicking::panic_handler::{closure#0}
[INFO] [stdout]    8:     0x652e4b37c849 - std[617be2ca0a6fd877]::sys::backtrace::__rust_end_short_backtrace::<std[617be2ca0a6fd877]::panicking::panic_handler::{closure#0}, !>
[INFO] [stdout]    9:     0x652e4b38473d - __rustc[ea4f61d10b84890b]::rust_begin_unwind
[INFO] [stdout]   10:     0x652e4b3bdeec - core[a373ad73a504971]::panicking::panic_fmt
[INFO] [stdout]   11:     0x652e4b3bdcc2 - core[a373ad73a504971]::result::unwrap_failed
[INFO] [stdout]   12:     0x652e4b322b04 - <check_perfdata[ec2fa17d93f01968]::tests::test_service_critical::{closure#0} as core[a373ad73a504971]::ops::function::FnOnce<()>>::call_once
[INFO] [stdout]   13:     0x652e4b32386b - test[aada8e7e76ba119b]::__rust_begin_short_backtrace::<core[a373ad73a504971]::result::Result<(), alloc[2e1b2a31b91974c5]::string::String>, fn() -> core[a373ad73a504971]::result::Result<(), alloc[2e1b2a31b91974c5]::string::String>>
[INFO] [stdout]   14:     0x652e4b330a45 - test[aada8e7e76ba119b]::run_test::{closure#0}
[INFO] [stdout]   15:     0x652e4b32a334 - std[617be2ca0a6fd877]::sys::backtrace::__rust_begin_short_backtrace::<test[aada8e7e76ba119b]::run_test::{closure#1}, ()>
[INFO] [stdout]   16:     0x652e4b333ad2 - <std[617be2ca0a6fd877]::thread::lifecycle::spawn_unchecked<test[aada8e7e76ba119b]::run_test::{closure#1}, ()>::{closure#1} as core[a373ad73a504971]::ops::function::FnOnce<()>>::call_once::{shim:vtable#0}
[INFO] [stdout]   17:     0x652e4b3a774f - <std[617be2ca0a6fd877]::sys::thread::unix::Thread>::new::thread_start
[INFO] [stdout]   18:     0x78057e5cfdfa - <unknown>
[INFO] [stdout]   19:     0x78057e6633d4 - clone
[INFO] [stdout]   20:                0x0 - <unknown>
[INFO] [stdout] 
[INFO] [stdout] ---- tests::test_host_ok stdout ----
[INFO] [stdout] 
[INFO] [stdout] thread 'tests::test_host_ok' (837) panicked at src/bin/check_perfdata.rs:250:60:
[INFO] [stdout] called `Result::unwrap()` on an `Err` value: CargoError { cause: Some(NotFoundError { path: "/opt/rustwide/target/release/build/check_perfdata/50efa2189454f864/out/check_perfdata" }) }
[INFO] [stdout] stack backtrace:
[INFO] [stdout]    0:     0x652e4b3a7f71 - <<std[617be2ca0a6fd877]::sys::backtrace::BacktraceLock>::print::DisplayBacktrace as core[a373ad73a504971]::fmt::Display>::fmt
[INFO] [stdout]    1:     0x652e4b3bd7ba - core[a373ad73a504971]::fmt::write
[INFO] [stdout]    2:     0x652e4b3ad59c - <alloc[2e1b2a31b91974c5]::vec::Vec<u8> as core[a373ad73a504971]::io::write::Write>::write_fmt
[INFO] [stdout]    3:     0x652e4b383a86 - std[617be2ca0a6fd877]::panicking::default_hook::{closure#0}
[INFO] [stdout]    4:     0x652e4b3a0589 - std[617be2ca0a6fd877]::panicking::default_hook
[INFO] [stdout]    5:     0x652e4b330420 - test[aada8e7e76ba119b]::test_main_inner::{closure#0}
[INFO] [stdout]    6:     0x652e4b3a0742 - std[617be2ca0a6fd877]::panicking::panic_with_hook
[INFO] [stdout]    7:     0x652e4b383b32 - std[617be2ca0a6fd877]::panicking::panic_handler::{closure#0}
[INFO] [stdout]    8:     0x652e4b37c849 - std[617be2ca0a6fd877]::sys::backtrace::__rust_end_short_backtrace::<std[617be2ca0a6fd877]::panicking::panic_handler::{closure#0}, !>
[INFO] [stdout]    9:     0x652e4b38473d - __rustc[ea4f61d10b84890b]::rust_begin_unwind
[INFO] [stdout]   10:     0x652e4b3bdeec - core[a373ad73a504971]::panicking::panic_fmt
[INFO] [stdout]   11:     0x652e4b3bdcc2 - core[a373ad73a504971]::result::unwrap_failed
[INFO] [stdout]   12:     0x652e4b321715 - <check_perfdata[ec2fa17d93f01968]::tests::test_host_ok::{closure#0} as core[a373ad73a504971]::ops::function::FnOnce<()>>::call_once
[INFO] [stdout]   13:     0x652e4b32386b - test[aada8e7e76ba119b]::__rust_begin_short_backtrace::<core[a373ad73a504971]::result::Result<(), alloc[2e1b2a31b91974c5]::string::String>, fn() -> core[a373ad73a504971]::result::Result<(), alloc[2e1b2a31b91974c5]::string::String>>
[INFO] [stdout]   14:     0x652e4b330a45 - test[aada8e7e76ba119b]::run_test::{closure#0}
[INFO] [stdout]   15:     0x652e4b32a334 - std[617be2ca0a6fd877]::sys::backtrace::__rust_begin_short_backtrace::<test[aada8e7e76ba119b]::run_test::{closure#1}, ()>
[INFO] [stdout]   16:     0x652e4b333ad2 - <std[617be2ca0a6fd877]::thread::lifecycle::spawn_unchecked<test[aada8e7e76ba119b]::run_test::{closure#1}, ()>::{closure#1} as core[a373ad73a504971]::ops::function::FnOnce<()>>::call_once::{shim:vtable#0}
[INFO] [stdout]   17:     0x652e4b3a774f - <std[617be2ca0a6fd877]::sys::thread::unix::Thread>::new::thread_start
[INFO] [stdout]   18:     0x78057e5cfdfa - <unknown>
[INFO] [stdout]   19:     0x78057e6633d4 - clone
[INFO] [stdout]   20:                0x0 - <unknown>
[INFO] [stdout] 
[INFO] [stdout] ---- tests::test_implicit_service_ok stdout ----
[INFO] [stdout] 
[INFO] [stdout] thread 'tests::test_implicit_service_ok' (838) panicked at src/bin/check_perfdata.rs:227:60:
[INFO] [stdout] called `Result::unwrap()` on an `Err` value: CargoError { cause: Some(NotFoundError { path: "/opt/rustwide/target/release/build/check_perfdata/50efa2189454f864/out/check_perfdata" }) }
[INFO] [stdout] stack backtrace:
[INFO] [stdout]    0:     0x652e4b3a7f71 - <<std[617be2ca0a6fd877]::sys::backtrace::BacktraceLock>::print::DisplayBacktrace as core[a373ad73a504971]::fmt::Display>::fmt
[INFO] [stdout]    1:     0x652e4b3bd7ba - core[a373ad73a504971]::fmt::write
[INFO] [stdout]    2:     0x652e4b3ad59c - <alloc[2e1b2a31b91974c5]::vec::Vec<u8> as core[a373ad73a504971]::io::write::Write>::write_fmt
[INFO] [stdout]    3:     0x652e4b383a86 - std[617be2ca0a6fd877]::panicking::default_hook::{closure#0}
[INFO] [stdout]    4:     0x652e4b3a0589 - std[617be2ca0a6fd877]::panicking::default_hook
[INFO] [stdout]    5:     0x652e4b330420 - test[aada8e7e76ba119b]::test_main_inner::{closure#0}
[INFO] [stdout]    6:     0x652e4b3a0742 - std[617be2ca0a6fd877]::panicking::panic_with_hook
[INFO] [stdout]    7:     0x652e4b383b32 - std[617be2ca0a6fd877]::panicking::panic_handler::{closure#0}
[INFO] [stdout]    8:     0x652e4b37c849 - std[617be2ca0a6fd877]::sys::backtrace::__rust_end_short_backtrace::<std[617be2ca0a6fd877]::panicking::panic_handler::{closure#0}, !>
[INFO] [stdout]    9:     0x652e4b38473d - __rustc[ea4f61d10b84890b]::rust_begin_unwind
[INFO] [stdout]   10:     0x652e4b3bdeec - core[a373ad73a504971]::panicking::panic_fmt
[INFO] [stdout]   11:     0x652e4b3bdcc2 - core[a373ad73a504971]::result::unwrap_failed
[INFO] [stdout]   12:     0x652e4b323173 - <check_perfdata[ec2fa17d93f01968]::tests::test_implicit_service_ok::{closure#0} as core[a373ad73a504971]::ops::function::FnOnce<()>>::call_once
[INFO] [stdout]   13:     0x652e4b32386b - test[aada8e7e76ba119b]::__rust_begin_short_backtrace::<core[a373ad73a504971]::result::Result<(), alloc[2e1b2a31b91974c5]::string::String>, fn() -> core[a373ad73a504971]::result::Result<(), alloc[2e1b2a31b91974c5]::string::String>>
[INFO] [stdout]   14:     0x652e4b330a45 - test[aada8e7e76ba119b]::run_test::{closure#0}
[INFO] [stdout]   15:     0x652e4b32a334 - std[617be2ca0a6fd877]::sys::backtrace::__rust_begin_short_backtrace::<test[aada8e7e76ba119b]::run_test::{closure#1}, ()>
[INFO] [stdout]   16:     0x652e4b333ad2 - <std[617be2ca0a6fd877]::thread::lifecycle::spawn_unchecked<test[aada8e7e76ba119b]::run_test::{closure#1}, ()>::{closure#1} as core[a373ad73a504971]::ops::function::FnOnce<()>>::call_once::{shim:vtable#0}
[INFO] [stdout]   17:     0x652e4b3a774f - <std[617be2ca0a6fd877]::sys::thread::unix::Thread>::new::thread_start
[INFO] [stdout]   18:     0x78057e5cfdfa - <unknown>
[INFO] [stdout]   19:     0x78057e6633d4 - clone
[INFO] [stdout]   20:                0x0 - <unknown>
[INFO] [stdout] 
[INFO] [stdout] 
[INFO] [stdout] failures:
[INFO] [stdout]     tests::test_explicit_service_ok
[INFO] [stdout]     tests::test_extra_output
[INFO] [stdout]     tests::test_host_ok
[INFO] [stdout]     tests::test_implicit_service_ok
[INFO] [stdout]     tests::test_invalid_range
[INFO] [stdout]     tests::test_least_ok_primary_perfdatum
[INFO] [stdout]     tests::test_omit_status_code
[INFO] [stdout]     tests::test_service_critical
[INFO] [stdout]     tests::test_service_warning
[INFO] [stdout]     tests::test_worst_values_printed_first
[INFO] [stdout] 
[INFO] [stdout] test result: FAILED. 0 passed; 10 failed; 0 ignored; 0 measured; 0 filtered out; finished in 0.00s
[INFO] [stdout] 
[INFO] running `Command { std: "docker" "inspect" "e038954567b58fb18b4dc4b957407f35c8a3a163ce4bea02ea9c9a0294d460e5", kill_on_drop: false }`
[INFO] running `Command { std: "docker" "rm" "-f" "e038954567b58fb18b4dc4b957407f35c8a3a163ce4bea02ea9c9a0294d460e5", kill_on_drop: false }`
[INFO] [stdout] e038954567b58fb18b4dc4b957407f35c8a3a163ce4bea02ea9c9a0294d460e5
