[INFO] cloning repository https://github.com/benletchford/stuffit-rs
[INFO] running `Command { std: "git" "-c" "credential.helper=" "-c" "credential.helper=/workspace/cargo-home/bin/git-credential-null" "clone" "--bare" "https://github.com/benletchford/stuffit-rs" "/workspace/cache/git-repos/https%3A%2F%2Fgithub.com%2Fbenletchford%2Fstuffit-rs", kill_on_drop: false }`
[INFO] [stderr] Cloning into bare repository '/workspace/cache/git-repos/https%3A%2F%2Fgithub.com%2Fbenletchford%2Fstuffit-rs'...
[INFO] running `Command { std: "git" "rev-parse" "HEAD", kill_on_drop: false }`
[INFO] [stdout] 4d34ff0b40533bef600a620733033ca8970ecfd1
[INFO] testing benletchford/stuffit-rs against 1.100.0-beta.1+cargoflags=--release for beta-release-1.100-2
[INFO] running `Command { std: "git" "clone" "/workspace/cache/git-repos/https%3A%2F%2Fgithub.com%2Fbenletchford%2Fstuffit-rs" "/workspace/builds/worker-5-tc2/source", kill_on_drop: false }`
[INFO] [stderr] Cloning into '/workspace/builds/worker-5-tc2/source'...
[INFO] [stderr] done.
[INFO] started tweaking git repo https://github.com/benletchford/stuffit-rs
[INFO] finished tweaking git repo https://github.com/benletchford/stuffit-rs
[INFO] tweaked toml for git repo https://github.com/benletchford/stuffit-rs written to /workspace/builds/worker-5-tc2/source/Cargo.toml
[INFO] validating manifest of git repo https://github.com/benletchford/stuffit-rs on toolchain 1.100.0-beta.1
[INFO] running `Command { std: CARGO_HOME="/workspace/cargo-home" RUSTUP_HOME="/workspace/rustup-home" "/workspace/cargo-home/bin/cargo" "+1.100.0-beta.1" "metadata" "--manifest-path" "Cargo.toml" "--no-deps", kill_on_drop: false }`
[INFO] crate git repo https://github.com/benletchford/stuffit-rs already has a lockfile, it will not be regenerated
[INFO] running `Command { std: CARGO_HOME="/workspace/cargo-home" RUSTUP_HOME="/workspace/rustup-home" "/workspace/cargo-home/bin/cargo" "+1.100.0-beta.1" "fetch" "--manifest-path" "Cargo.toml", kill_on_drop: false }`
[INFO] running `Command { std: "docker" "create" "-v" "/var/lib/crater-agent-workspace/builds/worker-5-tc2/source:/opt/rustwide/workdir:ro,Z" "-v" "/var/lib/crater-agent-workspace/builds/worker-5-tc2/target:/opt/rustwide/target:rw,Z" "-v" "/var/lib/crater-agent-workspace/cargo-home:/opt/rustwide/cargo-home:ro,Z" "-v" "/var/lib/crater-agent-workspace/rustup-home:/opt/rustwide/rustup-home:ro,Z" "-m" "1610612736" "--network" "none" "ghcr.io/rust-lang/crates-build-env/linux@sha256:77db811e55d90add9212f6832c23229e3de5f1c1f9905e8cb07319ea15df73ac" "sleep" "infinity", kill_on_drop: false }`
[INFO] [stdout] c9ae998d4295feb4853179562bc4e0b22007c15d92b33fed6e21b09d1d19a1a8
[INFO] running `Command { std: "docker" "start" "c9ae998d4295feb4853179562bc4e0b22007c15d92b33fed6e21b09d1d19a1a8", kill_on_drop: false }`
[INFO] running `Command { std: "docker" "inspect" "c9ae998d4295feb4853179562bc4e0b22007c15d92b33fed6e21b09d1d19a1a8", kill_on_drop: false }`
[INFO] running `Command { std: "docker" "exec" "-e" "SOURCE_DIR=/opt/rustwide/workdir" "-e" "CARGO_HOME=/opt/rustwide/cargo-home" "-e" "RUSTUP_HOME=/opt/rustwide/rustup-home" "-e" "CARGO_TARGET_DIR=/opt/rustwide/target" "-w" "/opt/rustwide/workdir" "--user" "0:0" "c9ae998d4295feb4853179562bc4e0b22007c15d92b33fed6e21b09d1d19a1a8" "/opt/rustwide/cargo-home/bin/cargo" "+1.100.0-beta.1" "metadata" "--no-deps" "--format-version=1", kill_on_drop: false }`
[INFO] running `Command { std: "docker" "inspect" "c9ae998d4295feb4853179562bc4e0b22007c15d92b33fed6e21b09d1d19a1a8", kill_on_drop: false }`
[INFO] running `Command { std: "docker" "exec" "-e" "SOURCE_DIR=/opt/rustwide/workdir" "-e" "CARGO_HOME=/opt/rustwide/cargo-home" "-e" "RUSTUP_HOME=/opt/rustwide/rustup-home" "-e" "CARGO_TARGET_DIR=/opt/rustwide/target" "-e" "CARGO_INCREMENTAL=0" "-e" "RUST_BACKTRACE=full" "-e" "RUSTFLAGS=--cap-lints=warn" "-e" "RUSTDOCFLAGS=--cap-lints=warn" "-w" "/opt/rustwide/workdir" "--user" "0:0" "c9ae998d4295feb4853179562bc4e0b22007c15d92b33fed6e21b09d1d19a1a8" "/opt/rustwide/cargo-home/bin/cargo" "+1.100.0-beta.1" "build" "--frozen" "--message-format=json" "--release", kill_on_drop: false }`
[INFO] [stderr]    Compiling proc-macro2 v1.0.103
[INFO] [stderr]    Compiling quote v1.0.42
[INFO] [stderr]    Compiling unicode-ident v1.0.22
[INFO] [stderr]    Compiling crossbeam-utils v0.8.21
[INFO] [stderr]    Compiling utf8parse v0.2.2
[INFO] [stderr]    Compiling anstyle v1.0.13
[INFO] [stderr]    Compiling anstyle-query v1.1.5
[INFO] [stderr]    Compiling colorchoice v1.0.4
[INFO] [stderr]    Compiling is_terminal_polyfill v1.70.2
[INFO] [stderr]    Compiling rayon-core v1.13.0
[INFO] [stderr]    Compiling crc32fast v1.5.0
[INFO] [stderr]    Compiling thiserror v2.0.17
[INFO] [stderr]    Compiling simd-adler32 v0.3.8
[INFO] [stderr]    Compiling heck v0.5.0
[INFO] [stderr]    Compiling clap_lex v0.7.6
[INFO] [stderr]    Compiling strsim v0.11.1
[INFO] [stderr]    Compiling either v1.15.0
[INFO] [stderr]    Compiling encoding_rs v0.8.35
[INFO] [stderr]    Compiling md5 v0.7.0
[INFO] [stderr]    Compiling anstyle-parse v0.2.7
[INFO] [stderr]    Compiling log v0.4.29
[INFO] [stderr]    Compiling miniz_oxide v0.8.9
[INFO] [stderr]    Compiling anstream v0.6.21
[INFO] [stderr]    Compiling clap_builder v4.5.53
[INFO] [stderr]    Compiling crossbeam-epoch v0.9.18
[INFO] [stderr]    Compiling flate2 v1.1.5
[INFO] [stderr]    Compiling syn v2.0.111
[INFO] [stderr]    Compiling crossbeam-deque v0.8.6
[INFO] [stderr]    Compiling rayon v1.11.0
[INFO] [stderr]    Compiling clap_derive v4.5.49
[INFO] [stderr]    Compiling thiserror-impl v2.0.17
[INFO] [stderr]    Compiling clap v4.5.53
[INFO] [stderr]    Compiling stuffit v0.4.0 (/opt/rustwide/workdir)
[INFO] [stderr]     Finished `release` profile [optimized] target(s) in 27.43s
[INFO] running `Command { std: "docker" "inspect" "c9ae998d4295feb4853179562bc4e0b22007c15d92b33fed6e21b09d1d19a1a8", kill_on_drop: false }`
[INFO] running `Command { std: "docker" "exec" "-e" "SOURCE_DIR=/opt/rustwide/workdir" "-e" "CARGO_HOME=/opt/rustwide/cargo-home" "-e" "RUSTUP_HOME=/opt/rustwide/rustup-home" "-e" "CARGO_TARGET_DIR=/opt/rustwide/target" "-e" "CARGO_INCREMENTAL=0" "-e" "RUST_BACKTRACE=full" "-e" "RUSTFLAGS=--cap-lints=warn" "-e" "RUSTDOCFLAGS=--cap-lints=warn" "-w" "/opt/rustwide/workdir" "--user" "0:0" "c9ae998d4295feb4853179562bc4e0b22007c15d92b33fed6e21b09d1d19a1a8" "/opt/rustwide/cargo-home/bin/cargo" "+1.100.0-beta.1" "test" "--frozen" "--no-run" "--message-format=json" "--release", kill_on_drop: false }`
[INFO] [stderr]    Compiling stuffit v0.4.0 (/opt/rustwide/workdir)
[INFO] [stderr]     Finished `release` profile [optimized] target(s) in 32.65s
[INFO] running `Command { std: "docker" "inspect" "c9ae998d4295feb4853179562bc4e0b22007c15d92b33fed6e21b09d1d19a1a8", kill_on_drop: false }`
[INFO] running `Command { std: "docker" "exec" "-e" "SOURCE_DIR=/opt/rustwide/workdir" "-e" "CARGO_HOME=/opt/rustwide/cargo-home" "-e" "RUSTUP_HOME=/opt/rustwide/rustup-home" "-e" "CARGO_TARGET_DIR=/opt/rustwide/target" "-e" "CARGO_INCREMENTAL=0" "-e" "RUST_BACKTRACE=full" "-e" "RUSTFLAGS=--cap-lints=warn" "-e" "RUSTDOCFLAGS=--cap-lints=warn" "-w" "/opt/rustwide/workdir" "--user" "0:0" "c9ae998d4295feb4853179562bc4e0b22007c15d92b33fed6e21b09d1d19a1a8" "/opt/rustwide/cargo-home/bin/cargo" "+1.100.0-beta.1" "test" "--frozen" "--release", kill_on_drop: false }`
[INFO] [stderr]     Finished `release` profile [optimized] target(s) in 0.09s
[INFO] [stderr]      Running unittests src/lib.rs (/opt/rustwide/target/release/build/stuffit/ab6775a66c442a95/out/stuffit-ab6775a66c442a95)
[INFO] [stdout] 
[INFO] [stdout] running 25 tests
[INFO] [stdout] test tests::test_invalid_data ... ok
[INFO] [stdout] test tests::test_empty_archive ... ok
[INFO] [stdout] test tests::test_bit_reader_zero_extends_unchecked_reads ... ok
[INFO] [stdout] test classic_method14::tests::decodes_literal_block ... ok
[INFO] [stdout] test tests::test_resource_fork ... ok
[INFO] [stdout] test tests::test_nested_folders ... ok
[INFO] [stdout] test tests::test_compression_method_13 ... ok
[INFO] [stdout] test tests::test_single_file_compressed ... ok
[INFO] [stdout] test tests::test_compression_with_matches ... ok
[INFO] [stdout] test tests::test_crc16 ... ok
[INFO] [stdout] test tests::test_finder_metadata ... ok
[INFO] [stdout] test tests::test_folder_structure ... ok
[INFO] [stdout] test tests::test_mac_time_conversions ... ok
[INFO] [stdout] test classic_method14::tests::decodes_overlapping_match_and_limits_output ... ok
[INFO] [stdout] test tests::test_multiple_files_roundtrip ... ok
[INFO] [stdout] test tests::test_compressed_roundtrip ... ok
[INFO] [stdout] test tests::test_arsenic_rle_block_matches_the_decoder_contract ... ok
[INFO] [stdout] test tests::decodes_method_13_codebook_four_from_classic_archive ... ok
[INFO] [stdout] test tests::test_single_file_uncompressed ... ok
[INFO] [stdout] test tests::test_sit13_rejects_missing_header ... ok
[INFO] [stdout] test tests::test_sit13_zero_extends_terminal_stream ... ok
[INFO] [stdout] test tests::test_system_time_accessors ... ok
[INFO] [stdout] test tests::test_timestamp_roundtrip ... ok
[INFO] [stdout] test tests::test_arsenic_roundtrip_runs_of_every_shape ... ok
[INFO] [stdout] test tests::test_arsenic_roundtrip_covers_runs_mtf_and_noise ... ok
[INFO] [stdout] 
[INFO] [stdout] test result: ok. 25 passed; 0 failed; 0 ignored; 0 measured; 0 filtered out; finished in 1.39s
[INFO] [stdout] 
[INFO] [stderr]      Running unittests src/main.rs (/opt/rustwide/target/release/build/stuffit/d0d7ab72f50e02ea/out/stuffit-d0d7ab72f50e02ea)
[INFO] [stdout] 
[INFO] [stdout] running 0 tests
[INFO] [stdout] 
[INFO] [stdout] test result: ok. 0 passed; 0 failed; 0 ignored; 0 measured; 0 filtered out; finished in 0.00s
[INFO] [stdout] 
[INFO] [stderr]      Running tests/integration.rs (/opt/rustwide/target/release/build/stuffit/933079fd82822762/out/integration-933079fd82822762)
[INFO] [stdout] 
[INFO] [stdout] running 26 tests
[INFO] [stdout] test encoding::test_macroman_encoding ... ok
[INFO] [stdout] test fixtures::test_external_fixtures ... ok
[INFO] [stdout] test legacy_compression::test_method_3_huffman_recursive_be_tree_no_panic ... ok
[INFO] [stdout] test installer_signature_uses_classic_archive_layout ... ok
[INFO] [stdout] test cli::test_archive_extract_preserves_timestamps ... FAILED
[INFO] [stdout] test macbinary_wrapped_classic_archive ... ok
[INFO] [stdout] test malformed_classic_method_14_does_not_return_compressed_bytes ... ok
[INFO] [stdout] test roundtrip::test_method_0_store ... ok
[INFO] [stdout] test roundtrip::test_method_15_bwt ... ok
[INFO] [stdout] test roundtrip::test_method_13_compressed ... ok
[INFO] [stdout] test roundtrip::test_method_14_deflate ... ok
[INFO] [stdout] test macbinary_rejects_truncated_data_fork ... ok
[INFO] [stdout] test timestamps::test_classic_timestamps ... ok
[INFO] [stdout] test cli::test_list_command_both_formats ... FAILED
[INFO] [stdout] test legacy_compression::test_method_1_rle ... ok
[INFO] [stdout] test legacy_compression::test_method_2_lzw ... ok
[INFO] [stdout] test unsupported_classic_method_returns_error ... ok
[INFO] [stdout] test timestamps::test_sit5_fixture_timestamps ... ok
[INFO] [stdout] test cli::test_list_command_simple ... FAILED
[INFO] [stdout] test cli::test_list_command_complex_fixture_verbose ... FAILED
[INFO] [stdout] test cli::test_list_command_nonexistent_file ... FAILED
[INFO] [stdout] test cli_lists_macbinary_wrapped_archive ... ok
[INFO] [stdout] test cli::test_list_command_complex_fixture ... FAILED
[INFO] [stdout] test cli::test_list_command_verbose ... FAILED
[INFO] [stdout] test cli_extracts_wrapped_folder_icon_on_host_filesystem ... ok
[INFO] [stdout] test cli_extracts_macbinary_wrapped_archive ... ok
[INFO] [stdout] 
[INFO] [stdout] failures:
[INFO] [stdout] 
[INFO] [stderr] error: test failed, to rerun pass `--test integration`
[INFO] [stdout] ---- cli::test_archive_extract_preserves_timestamps stdout ----
[INFO] [stdout] 
[INFO] [stdout] thread 'cli::test_archive_extract_preserves_timestamps' (1012) panicked at tests/integration.rs:825:14:
[INFO] [stdout] Failed to run archive command: Os { code: 2, kind: NotFound, message: "No such file or directory" }
[INFO] [stdout] stack backtrace:
[INFO] [stdout]    0:     0x5848bd8b16c6 - <<std[617be2ca0a6fd877]::sys::backtrace::BacktraceLock>::print::DisplayBacktrace as core[a373ad73a504971]::fmt::Display>::fmt
[INFO] [stdout]    1:     0x5848bd84249a - core[a373ad73a504971]::fmt::write
[INFO] [stdout]    2:     0x5848bd8b6fdc - <alloc[2e1b2a31b91974c5]::vec::Vec<u8> as core[a373ad73a504971]::io::write::Write>::write_fmt
[INFO] [stdout]    3:     0x5848bd88cd92 - std[617be2ca0a6fd877]::panicking::default_hook::{closure#0}
[INFO] [stdout]    4:     0x5848bd8a8e71 - std[617be2ca0a6fd877]::panicking::default_hook
[INFO] [stdout]    5:     0x5848bd8a9052 - std[617be2ca0a6fd877]::panicking::panic_with_hook
[INFO] [stdout]    6:     0x5848bd88ce42 - std[617be2ca0a6fd877]::panicking::panic_handler::{closure#0}
[INFO] [stdout]    7:     0x5848bd885989 - std[617be2ca0a6fd877]::sys::backtrace::__rust_end_short_backtrace::<std[617be2ca0a6fd877]::panicking::panic_handler::{closure#0}, !>
[INFO] [stdout]    8:     0x5848bd88da5d - __rustc[ea4f61d10b84890b]::rust_begin_unwind
[INFO] [stdout]    9:     0x5848bd842b8c - core[a373ad73a504971]::panicking::panic_fmt
[INFO] [stdout]   10:     0x5848bd842962 - core[a373ad73a504971]::result::unwrap_failed
[INFO] [stdout]   11:     0x5848bd86499d - <integration[7d4931f245024620]::cli::test_archive_extract_preserves_timestamps::{closure#0} as core[a373ad73a504971]::ops::function::FnOnce<()>>::call_once
[INFO] [stdout]   12:     0x5848bd8cf47b - test[aada8e7e76ba119b]::__rust_begin_short_backtrace::<core[a373ad73a504971]::result::Result<(), alloc[2e1b2a31b91974c5]::string::String>, fn() -> core[a373ad73a504971]::result::Result<(), alloc[2e1b2a31b91974c5]::string::String>>
[INFO] [stdout]   13:     0x5848bd8dd324 - test[aada8e7e76ba119b]::run_test::{closure#0}
[INFO] [stdout]   14:     0x5848bd8d6a54 - std[617be2ca0a6fd877]::sys::backtrace::__rust_begin_short_backtrace::<test[aada8e7e76ba119b]::run_test::{closure#1}, ()>
[INFO] [stdout]   15:     0x5848bd8e10e2 - <std[617be2ca0a6fd877]::thread::lifecycle::spawn_unchecked<test[aada8e7e76ba119b]::run_test::{closure#1}, ()>::{closure#1} as core[a373ad73a504971]::ops::function::FnOnce<()>>::call_once::{shim:vtable#0}
[INFO] [stdout]   16:     0x5848bd8b0624 - <std[617be2ca0a6fd877]::sys::thread::unix::Thread>::new::thread_start
[INFO] [stdout]   17:     0x715e1efb0dfa - <unknown>
[INFO] [stdout]   18:     0x715e1f0443d4 - clone
[INFO] [stdout]   19:                0x0 - <unknown>
[INFO] [stdout] 
[INFO] [stdout] ---- cli::test_list_command_both_formats stdout ----
[INFO] [stdout] 
[INFO] [stdout] thread 'cli::test_list_command_both_formats' (1013) panicked at tests/integration.rs:898:14:
[INFO] [stdout] Failed to run list command: Os { code: 2, kind: NotFound, message: "No such file or directory" }
[INFO] [stdout] stack backtrace:
[INFO] [stdout]    0:     0x5848bd8b16c6 - <<std[617be2ca0a6fd877]::sys::backtrace::BacktraceLock>::print::DisplayBacktrace as core[a373ad73a504971]::fmt::Display>::fmt
[INFO] [stdout]    1:     0x5848bd84249a - core[a373ad73a504971]::fmt::write
[INFO] [stdout]    2:     0x5848bd8b6fdc - <alloc[2e1b2a31b91974c5]::vec::Vec<u8> as core[a373ad73a504971]::io::write::Write>::write_fmt
[INFO] [stdout]    3:     0x5848bd88cd92 - std[617be2ca0a6fd877]::panicking::default_hook::{closure#0}
[INFO] [stdout]    4:     0x5848bd8a8e71 - std[617be2ca0a6fd877]::panicking::default_hook
[INFO] [stdout]    5:     0x5848bd8a9052 - std[617be2ca0a6fd877]::panicking::panic_with_hook
[INFO] [stdout]    6:     0x5848bd88ce42 - std[617be2ca0a6fd877]::panicking::panic_handler::{closure#0}
[INFO] [stdout]    7:     0x5848bd885989 - std[617be2ca0a6fd877]::sys::backtrace::__rust_end_short_backtrace::<std[617be2ca0a6fd877]::panicking::panic_handler::{closure#0}, !>
[INFO] [stdout]    8:     0x5848bd88da5d - __rustc[ea4f61d10b84890b]::rust_begin_unwind
[INFO] [stdout]    9:     0x5848bd842b8c - core[a373ad73a504971]::panicking::panic_fmt
[INFO] [stdout]   10:     0x5848bd842962 - core[a373ad73a504971]::result::unwrap_failed
[INFO] [stdout]   11:     0x5848bd8636d9 - <integration[7d4931f245024620]::cli::test_list_command_both_formats::{closure#0} as core[a373ad73a504971]::ops::function::FnOnce<()>>::call_once
[INFO] [stdout]   12:     0x5848bd8cf47b - test[aada8e7e76ba119b]::__rust_begin_short_backtrace::<core[a373ad73a504971]::result::Result<(), alloc[2e1b2a31b91974c5]::string::String>, fn() -> core[a373ad73a504971]::result::Result<(), alloc[2e1b2a31b91974c5]::string::String>>
[INFO] [stdout]   13:     0x5848bd8dd324 - test[aada8e7e76ba119b]::run_test::{closure#0}
[INFO] [stdout]   14:     0x5848bd8d6a54 - std[617be2ca0a6fd877]::sys::backtrace::__rust_begin_short_backtrace::<test[aada8e7e76ba119b]::run_test::{closure#1}, ()>
[INFO] [stdout]   15:     0x5848bd8e10e2 - <std[617be2ca0a6fd877]::thread::lifecycle::spawn_unchecked<test[aada8e7e76ba119b]::run_test::{closure#1}, ()>::{closure#1} as core[a373ad73a504971]::ops::function::FnOnce<()>>::call_once::{shim:vtable#0}
[INFO] [stdout]   16:     0x5848bd8b0624 - <std[617be2ca0a6fd877]::sys::thread::unix::Thread>::new::thread_start
[INFO] [stdout]   17:     0x715e1efb0dfa - <unknown>
[INFO] [stdout]   18:     0x715e1f0443d4 - clone
[INFO] [stdout]   19:                0x0 - <unknown>
[INFO] [stdout] 
[INFO] [stdout] ---- cli::test_list_command_simple stdout ----
[INFO] [stdout] 
[INFO] [stdout] thread 'cli::test_list_command_simple' (1017) panicked at tests/integration.rs:727:14:
[INFO] [stdout] Failed to run list command: Os { code: 2, kind: NotFound, message: "No such file or directory" }
[INFO] [stdout] stack backtrace:
[INFO] [stdout]    0:     0x5848bd8b16c6 - <<std[617be2ca0a6fd877]::sys::backtrace::BacktraceLock>::print::DisplayBacktrace as core[a373ad73a504971]::fmt::Display>::fmt
[INFO] [stdout]    1:     0x5848bd84249a - core[a373ad73a504971]::fmt::write
[INFO] [stdout]    2:     0x5848bd8b6fdc - <alloc[2e1b2a31b91974c5]::vec::Vec<u8> as core[a373ad73a504971]::io::write::Write>::write_fmt
[INFO] [stdout]    3:     0x5848bd88cd92 - std[617be2ca0a6fd877]::panicking::default_hook::{closure#0}
[INFO] [stdout]    4:     0x5848bd8a8e71 - std[617be2ca0a6fd877]::panicking::default_hook
[INFO] [stdout]    5:     0x5848bd8a9052 - std[617be2ca0a6fd877]::panicking::panic_with_hook
[INFO] [stdout]    6:     0x5848bd88ce42 - std[617be2ca0a6fd877]::panicking::panic_handler::{closure#0}
[INFO] [stdout]    7:     0x5848bd885989 - std[617be2ca0a6fd877]::sys::backtrace::__rust_end_short_backtrace::<std[617be2ca0a6fd877]::panicking::panic_handler::{closure#0}, !>
[INFO] [stdout]    8:     0x5848bd88da5d - __rustc[ea4f61d10b84890b]::rust_begin_unwind
[INFO] [stdout]    9:     0x5848bd842b8c - core[a373ad73a504971]::panicking::panic_fmt
[INFO] [stdout]   10:     0x5848bd842962 - core[a373ad73a504971]::result::unwrap_failed
[INFO] [stdout]   11:     0x5848bd863108 - <integration[7d4931f245024620]::cli::test_list_command_simple::{closure#0} as core[a373ad73a504971]::ops::function::FnOnce<()>>::call_once
[INFO] [stdout]   12:     0x5848bd8cf47b - test[aada8e7e76ba119b]::__rust_begin_short_backtrace::<core[a373ad73a504971]::result::Result<(), alloc[2e1b2a31b91974c5]::string::String>, fn() -> core[a373ad73a504971]::result::Result<(), alloc[2e1b2a31b91974c5]::string::String>>
[INFO] [stdout]   13:     0x5848bd8dd324 - test[aada8e7e76ba119b]::run_test::{closure#0}
[INFO] [stdout]   14:     0x5848bd8d6a54 - std[617be2ca0a6fd877]::sys::backtrace::__rust_begin_short_backtrace::<test[aada8e7e76ba119b]::run_test::{closure#1}, ()>
[INFO] [stdout]   15:     0x5848bd8e10e2 - <std[617be2ca0a6fd877]::thread::lifecycle::spawn_unchecked<test[aada8e7e76ba119b]::run_test::{closure#1}, ()>::{closure#1} as core[a373ad73a504971]::ops::function::FnOnce<()>>::call_once::{shim:vtable#0}
[INFO] [stdout]   16:     0x5848bd8b0624 - <std[617be2ca0a6fd877]::sys::thread::unix::Thread>::new::thread_start
[INFO] [stdout]   17:     0x715e1efb0dfa - <unknown>
[INFO] [stdout]   18:     0x715e1f0443d4 - clone
[INFO] [stdout]   19:                0x0 - <unknown>
[INFO] [stdout] 
[INFO] [stdout] ---- cli::test_list_command_complex_fixture_verbose stdout ----
[INFO] [stdout] 
[INFO] [stdout] thread 'cli::test_list_command_complex_fixture_verbose' (1015) panicked at tests/integration.rs:953:14:
[INFO] [stdout] Failed to run list command: Os { code: 2, kind: NotFound, message: "No such file or directory" }
[INFO] [stdout] stack backtrace:
[INFO] [stdout]    0:     0x5848bd8b16c6 - <<std[617be2ca0a6fd877]::sys::backtrace::BacktraceLock>::print::DisplayBacktrace as core[a373ad73a504971]::fmt::Display>::fmt
[INFO] [stdout]    1:     0x5848bd84249a - core[a373ad73a504971]::fmt::write
[INFO] [stdout]    2:     0x5848bd8b6fdc - <alloc[2e1b2a31b91974c5]::vec::Vec<u8> as core[a373ad73a504971]::io::write::Write>::write_fmt
[INFO] [stdout]    3:     0x5848bd88cd92 - std[617be2ca0a6fd877]::panicking::default_hook::{closure#0}
[INFO] [stdout]    4:     0x5848bd8a8e71 - std[617be2ca0a6fd877]::panicking::default_hook
[INFO] [stdout]    5:     0x5848bd8a9052 - std[617be2ca0a6fd877]::panicking::panic_with_hook
[INFO] [stdout]    6:     0x5848bd88ce42 - std[617be2ca0a6fd877]::panicking::panic_handler::{closure#0}
[INFO] [stdout]    7:     0x5848bd885989 - std[617be2ca0a6fd877]::sys::backtrace::__rust_end_short_backtrace::<std[617be2ca0a6fd877]::panicking::panic_handler::{closure#0}, !>
[INFO] [stdout]    8:     0x5848bd88da5d - __rustc[ea4f61d10b84890b]::rust_begin_unwind
[INFO] [stdout]    9:     0x5848bd842b8c - core[a373ad73a504971]::panicking::panic_fmt
[INFO] [stdout]   10:     0x5848bd842962 - core[a373ad73a504971]::result::unwrap_failed
[INFO] [stdout]   11:     0x5848bd865148 - <integration[7d4931f245024620]::cli::test_list_command_complex_fixture_verbose::{closure#0} as core[a373ad73a504971]::ops::function::FnOnce<()>>::call_once
[INFO] [stdout]   12:     0x5848bd8cf47b - test[aada8e7e76ba119b]::__rust_begin_short_backtrace::<core[a373ad73a504971]::result::Result<(), alloc[2e1b2a31b91974c5]::string::String>, fn() -> core[a373ad73a504971]::result::Result<(), alloc[2e1b2a31b91974c5]::string::String>>
[INFO] [stdout]   13:     0x5848bd8dd324 - test[aada8e7e76ba119b]::run_test::{closure#0}
[INFO] [stdout]   14:     0x5848bd8d6a54 - std[617be2ca0a6fd877]::sys::backtrace::__rust_begin_short_backtrace::<test[aada8e7e76ba119b]::run_test::{closure#1}, ()>
[INFO] [stdout]   15:     0x5848bd8e10e2 - <std[617be2ca0a6fd877]::thread::lifecycle::spawn_unchecked<test[aada8e7e76ba119b]::run_test::{closure#1}, ()>::{closure#1} as core[a373ad73a504971]::ops::function::FnOnce<()>>::call_once::{shim:vtable#0}
[INFO] [stdout]   16:     0x5848bd8b0624 - <std[617be2ca0a6fd877]::sys::thread::unix::Thread>::new::thread_start
[INFO] [stdout]   17:     0x715e1efb0dfa - <unknown>
[INFO] [stdout]   18:     0x715e1f0443d4 - clone
[INFO] [stdout]   19:                0x0 - <unknown>
[INFO] [stdout] 
[INFO] [stdout] ---- cli::test_list_command_nonexistent_file stdout ----
[INFO] [stdout] 
[INFO] [stdout] thread 'cli::test_list_command_nonexistent_file' (1016) panicked at tests/integration.rs:878:14:
[INFO] [stdout] Failed to run list command: Os { code: 2, kind: NotFound, message: "No such file or directory" }
[INFO] [stdout] stack backtrace:
[INFO] [stdout]    0:     0x5848bd8b16c6 - <<std[617be2ca0a6fd877]::sys::backtrace::BacktraceLock>::print::DisplayBacktrace as core[a373ad73a504971]::fmt::Display>::fmt
[INFO] [stdout]    1:     0x5848bd84249a - core[a373ad73a504971]::fmt::write
[INFO] [stdout]    2:     0x5848bd8b6fdc - <alloc[2e1b2a31b91974c5]::vec::Vec<u8> as core[a373ad73a504971]::io::write::Write>::write_fmt
[INFO] [stdout]    3:     0x5848bd88cd92 - std[617be2ca0a6fd877]::panicking::default_hook::{closure#0}
[INFO] [stdout]    4:     0x5848bd8a8e71 - std[617be2ca0a6fd877]::panicking::default_hook
[INFO] [stdout]    5:     0x5848bd8a9052 - std[617be2ca0a6fd877]::panicking::panic_with_hook
[INFO] [stdout]    6:     0x5848bd88ce42 - std[617be2ca0a6fd877]::panicking::panic_handler::{closure#0}
[INFO] [stdout]    7:     0x5848bd885989 - std[617be2ca0a6fd877]::sys::backtrace::__rust_end_short_backtrace::<std[617be2ca0a6fd877]::panicking::panic_handler::{closure#0}, !>
[INFO] [stdout]    8:     0x5848bd88da5d - __rustc[ea4f61d10b84890b]::rust_begin_unwind
[INFO] [stdout]    9:     0x5848bd842b8c - core[a373ad73a504971]::panicking::panic_fmt
[INFO] [stdout]   10:     0x5848bd842962 - core[a373ad73a504971]::result::unwrap_failed
[INFO] [stdout]   11:     0x5848bd863c05 - <integration[7d4931f245024620]::cli::test_list_command_nonexistent_file::{closure#0} as core[a373ad73a504971]::ops::function::FnOnce<()>>::call_once
[INFO] [stdout]   12:     0x5848bd8cf47b - test[aada8e7e76ba119b]::__rust_begin_short_backtrace::<core[a373ad73a504971]::result::Result<(), alloc[2e1b2a31b91974c5]::string::String>, fn() -> core[a373ad73a504971]::result::Result<(), alloc[2e1b2a31b91974c5]::string::String>>
[INFO] [stdout]   13:     0x5848bd8dd324 - test[aada8e7e76ba119b]::run_test::{closure#0}
[INFO] [stdout]   14:     0x5848bd8d6a54 - std[617be2ca0a6fd877]::sys::backtrace::__rust_begin_short_backtrace::<test[aada8e7e76ba119b]::run_test::{closure#1}, ()>
[INFO] [stdout]   15:     0x5848bd8e10e2 - <std[617be2ca0a6fd877]::thread::lifecycle::spawn_unchecked<test[aada8e7e76ba119b]::run_test::{closure#1}, ()>::{closure#1} as core[a373ad73a504971]::ops::function::FnOnce<()>>::call_once::{shim:vtable#0}
[INFO] [stdout]   16:     0x5848bd8b0624 - <std[617be2ca0a6fd877]::sys::thread::unix::Thread>::new::thread_start
[INFO] [stdout]   17:     0x715e1efb0dfa - <unknown>
[INFO] [stdout]   18:     0x715e1f0443d4 - clone
[INFO] [stdout]   19:                0x0 - <unknown>
[INFO] [stdout] 
[INFO] [stdout] ---- cli::test_list_command_complex_fixture stdout ----
[INFO] [stdout] 
[INFO] [stdout] thread 'cli::test_list_command_complex_fixture' (1014) panicked at tests/integration.rs:914:14:
[INFO] [stdout] Failed to run list command: Os { code: 2, kind: NotFound, message: "No such file or directory" }
[INFO] [stdout] stack backtrace:
[INFO] [stdout]    0:     0x5848bd8b16c6 - <<std[617be2ca0a6fd877]::sys::backtrace::BacktraceLock>::print::DisplayBacktrace as core[a373ad73a504971]::fmt::Display>::fmt
[INFO] [stdout]    1:     0x5848bd84249a - core[a373ad73a504971]::fmt::write
[INFO] [stdout]    2:     0x5848bd8b6fdc - <alloc[2e1b2a31b91974c5]::vec::Vec<u8> as core[a373ad73a504971]::io::write::Write>::write_fmt
[INFO] [stdout]    3:     0x5848bd88cd92 - std[617be2ca0a6fd877]::panicking::default_hook::{closure#0}
[INFO] [stdout]    4:     0x5848bd8a8e71 - std[617be2ca0a6fd877]::panicking::default_hook
[INFO] [stdout]    5:     0x5848bd8a9052 - std[617be2ca0a6fd877]::panicking::panic_with_hook
[INFO] [stdout]    6:     0x5848bd88ce42 - std[617be2ca0a6fd877]::panicking::panic_handler::{closure#0}
[INFO] [stdout]    7:     0x5848bd885989 - std[617be2ca0a6fd877]::sys::backtrace::__rust_end_short_backtrace::<std[617be2ca0a6fd877]::panicking::panic_handler::{closure#0}, !>
[INFO] [stdout]    8:     0x5848bd88da5d - __rustc[ea4f61d10b84890b]::rust_begin_unwind
[INFO] [stdout]    9:     0x5848bd842b8c - core[a373ad73a504971]::panicking::panic_fmt
[INFO] [stdout]   10:     0x5848bd842962 - core[a373ad73a504971]::result::unwrap_failed
[INFO] [stdout]   11:     0x5848bd8639bf - <integration[7d4931f245024620]::cli::test_list_command_complex_fixture::{closure#0} as core[a373ad73a504971]::ops::function::FnOnce<()>>::call_once
[INFO] [stdout]   12:     0x5848bd8cf47b - test[aada8e7e76ba119b]::__rust_begin_short_backtrace::<core[a373ad73a504971]::result::Result<(), alloc[2e1b2a31b91974c5]::string::String>, fn() -> core[a373ad73a504971]::result::Result<(), alloc[2e1b2a31b91974c5]::string::String>>
[INFO] [stdout]   13:     0x5848bd8dd324 - test[aada8e7e76ba119b]::run_test::{closure#0}
[INFO] [stdout]   14:     0x5848bd8d6a54 - std[617be2ca0a6fd877]::sys::backtrace::__rust_begin_short_backtrace::<test[aada8e7e76ba119b]::run_test::{closure#1}, ()>
[INFO] [stdout]   15:     0x5848bd8e10e2 - <std[617be2ca0a6fd877]::thread::lifecycle::spawn_unchecked<test[aada8e7e76ba119b]::run_test::{closure#1}, ()>::{closure#1} as core[a373ad73a504971]::ops::function::FnOnce<()>>::call_once::{shim:vtable#0}
[INFO] [stdout]   16:     0x5848bd8b0624 - <std[617be2ca0a6fd877]::sys::thread::unix::Thread>::new::thread_start
[INFO] [stdout]   17:     0x715e1efb0dfa - <unknown>
[INFO] [stdout]   18:     0x715e1f0443d4 - clone
[INFO] [stdout]   19:                0x0 - <unknown>
[INFO] [stdout] 
[INFO] [stdout] ---- cli::test_list_command_verbose stdout ----
[INFO] [stdout] 
[INFO] [stdout] thread 'cli::test_list_command_verbose' (1018) panicked at tests/integration.rs:762:14:
[INFO] [stdout] Failed to run list command: Os { code: 2, kind: NotFound, message: "No such file or directory" }
[INFO] [stdout] stack backtrace:
[INFO] [stdout]    0:     0x5848bd8b16c6 - <<std[617be2ca0a6fd877]::sys::backtrace::BacktraceLock>::print::DisplayBacktrace as core[a373ad73a504971]::fmt::Display>::fmt
[INFO] [stdout]    1:     0x5848bd84249a - core[a373ad73a504971]::fmt::write
[INFO] [stdout]    2:     0x5848bd8b6fdc - <alloc[2e1b2a31b91974c5]::vec::Vec<u8> as core[a373ad73a504971]::io::write::Write>::write_fmt
[INFO] [stdout]    3:     0x5848bd88cd92 - std[617be2ca0a6fd877]::panicking::default_hook::{closure#0}
[INFO] [stdout]    4:     0x5848bd8a8e71 - std[617be2ca0a6fd877]::panicking::default_hook
[INFO] [stdout]    5:     0x5848bd8a9052 - std[617be2ca0a6fd877]::panicking::panic_with_hook
[INFO] [stdout]    6:     0x5848bd88ce42 - std[617be2ca0a6fd877]::panicking::panic_handler::{closure#0}
[INFO] [stdout]    7:     0x5848bd885989 - std[617be2ca0a6fd877]::sys::backtrace::__rust_end_short_backtrace::<std[617be2ca0a6fd877]::panicking::panic_handler::{closure#0}, !>
[INFO] [stdout]    8:     0x5848bd88da5d - __rustc[ea4f61d10b84890b]::rust_begin_unwind
[INFO] [stdout]    9:     0x5848bd842b8c - core[a373ad73a504971]::panicking::panic_fmt
[INFO] [stdout]   10:     0x5848bd842962 - core[a373ad73a504971]::result::unwrap_failed
[INFO] [stdout]   11:     0x5848bd863422 - <integration[7d4931f245024620]::cli::test_list_command_verbose::{closure#0} as core[a373ad73a504971]::ops::function::FnOnce<()>>::call_once
[INFO] [stdout]   12:     0x5848bd8cf47b - test[aada8e7e76ba119b]::__rust_begin_short_backtrace::<core[a373ad73a504971]::result::Result<(), alloc[2e1b2a31b91974c5]::string::String>, fn() -> core[a373ad73a504971]::result::Result<(), alloc[2e1b2a31b91974c5]::string::String>>
[INFO] [stdout]   13:     0x5848bd8dd324 - test[aada8e7e76ba119b]::run_test::{closure#0}
[INFO] [stdout]   14:     0x5848bd8d6a54 - std[617be2ca0a6fd877]::sys::backtrace::__rust_begin_short_backtrace::<test[aada8e7e76ba119b]::run_test::{closure#1}, ()>
[INFO] [stdout]   15:     0x5848bd8e10e2 - <std[617be2ca0a6fd877]::thread::lifecycle::spawn_unchecked<test[aada8e7e76ba119b]::run_test::{closure#1}, ()>::{closure#1} as core[a373ad73a504971]::ops::function::FnOnce<()>>::call_once::{shim:vtable#0}
[INFO] [stdout]   16:     0x5848bd8b0624 - <std[617be2ca0a6fd877]::sys::thread::unix::Thread>::new::thread_start
[INFO] [stdout]   17:     0x715e1efb0dfa - <unknown>
[INFO] [stdout]   18:     0x715e1f0443d4 - clone
[INFO] [stdout]   19:                0x0 - <unknown>
[INFO] [stdout] 
[INFO] [stdout] 
[INFO] [stdout] failures:
[INFO] [stdout]     cli::test_archive_extract_preserves_timestamps
[INFO] [stdout]     cli::test_list_command_both_formats
[INFO] [stdout]     cli::test_list_command_complex_fixture
[INFO] [stdout]     cli::test_list_command_complex_fixture_verbose
[INFO] [stdout]     cli::test_list_command_nonexistent_file
[INFO] [stdout]     cli::test_list_command_simple
[INFO] [stdout]     cli::test_list_command_verbose
[INFO] [stdout] 
[INFO] [stdout] test result: FAILED. 19 passed; 7 failed; 0 ignored; 0 measured; 0 filtered out; finished in 0.02s
[INFO] [stdout] 
[INFO] running `Command { std: "docker" "inspect" "c9ae998d4295feb4853179562bc4e0b22007c15d92b33fed6e21b09d1d19a1a8", kill_on_drop: false }`
[INFO] running `Command { std: "docker" "rm" "-f" "c9ae998d4295feb4853179562bc4e0b22007c15d92b33fed6e21b09d1d19a1a8", kill_on_drop: false }`
[INFO] [stdout] c9ae998d4295feb4853179562bc4e0b22007c15d92b33fed6e21b09d1d19a1a8
