[INFO] cloning repository https://github.com/baileyrd/rusty_lines
[INFO] running `Command { std: "git" "-c" "credential.helper=" "-c" "credential.helper=/workspace/cargo-home/bin/git-credential-null" "clone" "--bare" "https://github.com/baileyrd/rusty_lines" "/workspace/cache/git-repos/https%3A%2F%2Fgithub.com%2Fbaileyrd%2Frusty_lines", kill_on_drop: false }`
[INFO] [stderr] Cloning into bare repository '/workspace/cache/git-repos/https%3A%2F%2Fgithub.com%2Fbaileyrd%2Frusty_lines'...
[INFO] running `Command { std: "git" "rev-parse" "HEAD", kill_on_drop: false }`
[INFO] [stdout] 42c3c9201da508e11575bc23d4e5075ea6269bd2
[INFO] testing baileyrd/rusty_lines against 1.100.0-beta.1+cargoflags=--release for beta-release-1.100-2
[INFO] running `Command { std: "git" "clone" "/workspace/cache/git-repos/https%3A%2F%2Fgithub.com%2Fbaileyrd%2Frusty_lines" "/workspace/builds/worker-1-tc2/source", kill_on_drop: false }`
[INFO] [stderr] Cloning into '/workspace/builds/worker-1-tc2/source'...
[INFO] [stderr] done.
[INFO] started tweaking git repo https://github.com/baileyrd/rusty_lines
[INFO] finished tweaking git repo https://github.com/baileyrd/rusty_lines
[INFO] tweaked toml for git repo https://github.com/baileyrd/rusty_lines written to /workspace/builds/worker-1-tc2/source/Cargo.toml
[INFO] validating manifest of git repo https://github.com/baileyrd/rusty_lines on toolchain 1.100.0-beta.1
[INFO] running `Command { std: CARGO_HOME="/workspace/cargo-home" RUSTUP_HOME="/workspace/rustup-home" "/workspace/cargo-home/bin/cargo" "+1.100.0-beta.1" "metadata" "--manifest-path" "Cargo.toml" "--no-deps", kill_on_drop: false }`
[INFO] crate git repo https://github.com/baileyrd/rusty_lines already has a lockfile, it will not be regenerated
[INFO] running `Command { std: CARGO_HOME="/workspace/cargo-home" RUSTUP_HOME="/workspace/rustup-home" "/workspace/cargo-home/bin/cargo" "+1.100.0-beta.1" "fetch" "--manifest-path" "Cargo.toml", kill_on_drop: false }`
[INFO] running `Command { std: "docker" "create" "-v" "/var/lib/crater-agent-workspace/builds/worker-1-tc2/source:/opt/rustwide/workdir:ro,Z" "-v" "/var/lib/crater-agent-workspace/builds/worker-1-tc2/target:/opt/rustwide/target:rw,Z" "-v" "/var/lib/crater-agent-workspace/cargo-home:/opt/rustwide/cargo-home:ro,Z" "-v" "/var/lib/crater-agent-workspace/rustup-home:/opt/rustwide/rustup-home:ro,Z" "-m" "1610612736" "--network" "none" "ghcr.io/rust-lang/crates-build-env/linux@sha256:77db811e55d90add9212f6832c23229e3de5f1c1f9905e8cb07319ea15df73ac" "sleep" "infinity", kill_on_drop: false }`
[INFO] [stdout] 101cc84c010553719ce6a3b681b4433dfa8a9f093c1b7d7009f317a3430d743f
[INFO] running `Command { std: "docker" "start" "101cc84c010553719ce6a3b681b4433dfa8a9f093c1b7d7009f317a3430d743f", kill_on_drop: false }`
[INFO] running `Command { std: "docker" "inspect" "101cc84c010553719ce6a3b681b4433dfa8a9f093c1b7d7009f317a3430d743f", kill_on_drop: false }`
[INFO] running `Command { std: "docker" "exec" "-e" "SOURCE_DIR=/opt/rustwide/workdir" "-e" "CARGO_HOME=/opt/rustwide/cargo-home" "-e" "RUSTUP_HOME=/opt/rustwide/rustup-home" "-e" "CARGO_TARGET_DIR=/opt/rustwide/target" "-w" "/opt/rustwide/workdir" "--user" "0:0" "101cc84c010553719ce6a3b681b4433dfa8a9f093c1b7d7009f317a3430d743f" "/opt/rustwide/cargo-home/bin/cargo" "+1.100.0-beta.1" "metadata" "--no-deps" "--format-version=1", kill_on_drop: false }`
[INFO] running `Command { std: "docker" "inspect" "101cc84c010553719ce6a3b681b4433dfa8a9f093c1b7d7009f317a3430d743f", kill_on_drop: false }`
[INFO] running `Command { std: "docker" "exec" "-e" "SOURCE_DIR=/opt/rustwide/workdir" "-e" "CARGO_HOME=/opt/rustwide/cargo-home" "-e" "RUSTUP_HOME=/opt/rustwide/rustup-home" "-e" "CARGO_TARGET_DIR=/opt/rustwide/target" "-e" "CARGO_INCREMENTAL=0" "-e" "RUST_BACKTRACE=full" "-e" "RUSTFLAGS=--cap-lints=warn" "-e" "RUSTDOCFLAGS=--cap-lints=warn" "-w" "/opt/rustwide/workdir" "--user" "0:0" "101cc84c010553719ce6a3b681b4433dfa8a9f093c1b7d7009f317a3430d743f" "/opt/rustwide/cargo-home/bin/cargo" "+1.100.0-beta.1" "build" "--frozen" "--message-format=json" "--release", kill_on_drop: false }`
[INFO] [stderr]    Compiling unicode-width v0.2.2
[INFO] [stderr]    Compiling rusty_libc v0.0.1 (https://github.com/baileyrd/rusty_libc?rev=73bf01bf20dc8de55a583cbd5719ad829076ccca#73bf01bf)
[INFO] [stderr]    Compiling rusty_lines v0.4.0 (/opt/rustwide/workdir)
[INFO] [stderr]     Finished `release` profile [optimized] target(s) in 4.83s
[INFO] running `Command { std: "docker" "inspect" "101cc84c010553719ce6a3b681b4433dfa8a9f093c1b7d7009f317a3430d743f", kill_on_drop: false }`
[INFO] running `Command { std: "docker" "exec" "-e" "SOURCE_DIR=/opt/rustwide/workdir" "-e" "CARGO_HOME=/opt/rustwide/cargo-home" "-e" "RUSTUP_HOME=/opt/rustwide/rustup-home" "-e" "CARGO_TARGET_DIR=/opt/rustwide/target" "-e" "CARGO_INCREMENTAL=0" "-e" "RUST_BACKTRACE=full" "-e" "RUSTFLAGS=--cap-lints=warn" "-e" "RUSTDOCFLAGS=--cap-lints=warn" "-w" "/opt/rustwide/workdir" "--user" "0:0" "101cc84c010553719ce6a3b681b4433dfa8a9f093c1b7d7009f317a3430d743f" "/opt/rustwide/cargo-home/bin/cargo" "+1.100.0-beta.1" "test" "--frozen" "--no-run" "--message-format=json" "--release", kill_on_drop: false }`
[INFO] [stderr]    Compiling rusty_lines v0.4.0 (/opt/rustwide/workdir)
[INFO] [stderr]     Finished `release` profile [optimized] target(s) in 7.87s
[INFO] running `Command { std: "docker" "inspect" "101cc84c010553719ce6a3b681b4433dfa8a9f093c1b7d7009f317a3430d743f", kill_on_drop: false }`
[INFO] running `Command { std: "docker" "exec" "-e" "SOURCE_DIR=/opt/rustwide/workdir" "-e" "CARGO_HOME=/opt/rustwide/cargo-home" "-e" "RUSTUP_HOME=/opt/rustwide/rustup-home" "-e" "CARGO_TARGET_DIR=/opt/rustwide/target" "-e" "CARGO_INCREMENTAL=0" "-e" "RUST_BACKTRACE=full" "-e" "RUSTFLAGS=--cap-lints=warn" "-e" "RUSTDOCFLAGS=--cap-lints=warn" "-w" "/opt/rustwide/workdir" "--user" "0:0" "101cc84c010553719ce6a3b681b4433dfa8a9f093c1b7d7009f317a3430d743f" "/opt/rustwide/cargo-home/bin/cargo" "+1.100.0-beta.1" "test" "--frozen" "--release", kill_on_drop: false }`
[INFO] [stderr]     Finished `release` profile [optimized] target(s) in 0.04s
[INFO] [stderr]      Running unittests src/lib.rs (/opt/rustwide/target/release/build/rusty_lines/b3ffc10a20e14554/out/rusty_lines-b3ffc10a20e14554)
[INFO] [stdout] 
[INFO] [stdout] running 83 tests
[INFO] [stdout] test tests::alt_multibyte_chords_decode ... ok
[INFO] [stdout] test tests::back_tab_completes_in_vi_normal_mode_too ... ok
[INFO] [stdout] test tests::abbreviation_expands_on_space ... ok
[INFO] [stdout] test tests::action_display_is_the_readline_name ... ok
[INFO] [stdout] 
[INFO] [stdout] Echo     echelon
[INFO] [stdout] test tests::alt_f_accepts_one_hint_word ... ok
[INFO] [stdout] test tests::action_names_round_trip ... ok
[INFO] [stdout] test tests::completion_ignore_case_matches_regardless_of_case ... ok
[INFO] [stdout] test tests::csi_sequences ... ok
[INFO] [stdout] test tests::double_esc_decodes_as_escape ... ok
[INFO] [stdout] test tests::case_insensitive_common_prefix ... ok
[INFO] [stdout] test tests::every_decodable_key_round_trips_through_its_spec ... ok
[INFO] [stdout] test tests::display_width_skips_osc_sequences ... ok
[INFO] [stdout] test tests::history_dedup_erases_earlier_duplicates ... ok
[INFO] [stdout] test tests::common_prefix_plain ... ok
[INFO] [stdout] test tests::back_tab_decodes_and_cycles_backward ... ok
[INFO] [stdout] test tests::history_cap_drops_oldest ... ok
[INFO] [stdout] test tests::hint_is_computed_once_per_buffer ... ok
[INFO] [stdout] test tests::bind_overrides_default_and_unbind_masks_it ... ok
[INFO] [stdout] test tests::c0_bytes_outside_ctrl_letters_decode_as_ctrl_keys ... ok
[INFO] [stdout] test tests::history_dedups_consecutive_only ... ok
[INFO] [stdout] test tests::delete_horizontal_space_removes_blanks_around_cursor ... ok
[INFO] [stdout] test tests::history_joins_multiline_entries ... ok
[INFO] [stdout] test tests::history_edits_stash_and_restore ... ok
[INFO] [stdout] test tests::host_bindings_are_listable ... ok
[INFO] [stdout] test tests::incremental_search_flags_a_failing_query ... ok
[INFO] [stdout] test tests::append_history_writes_only_new_entries ... ok
[INFO] [stdout] test tests::insert_completions_inserts_all_matches ... ok
[INFO] [stdout] test tests::history_ignore_space_skips_space_prefixed_lines ... ok
[INFO] [stdout] test tests::key_specs_parse_readline_spellings ... ok
[INFO] [stdout] test tests::kill_ring_appends_consecutive_kills ... ok
[INFO] [stdout] test tests::kill_whole_line_kills_regardless_of_cursor ... ok
[INFO] [stdout] test tests::operate_and_get_next_accepts_with_recall ... ok
[INFO] [stdout] test tests::paste_inserts_in_vi_normal_mode ... ok
[INFO] [stdout] test tests::prefix_search_reanchors_after_other_keys ... ok
[INFO] [stdout] test tests::case_ops ... ok
[INFO] [stdout] test tests::key_specs_round_trip_through_bindings_listing ... ok
[INFO] [stdout] test tests::kill_ring_cap_rotates_oldest_out ... ok
[INFO] [stdout] test tests::prefix_search_matches_start_only ... ok
[INFO] [stdout] test tests::last_arg_inserts_and_cycles ... ok
[INFO] [stdout] test tests::public_types_have_useful_derives ... ok
[INFO] [stdout] test tests::replace_history_swaps_entries_and_keeps_appends_incremental ... ok
[INFO] [stdout] test tests::revert_line_undoes_everything_at_once ... ok
[INFO] [stdout] test tests::quoted_insert_inserts_the_raw_control_byte ... ok
[INFO] [stdout] test tests::rebound_key_runs_the_new_action ... ok
[INFO] [stdout] test tests::paste_during_search_types_into_the_query ... ok
[INFO] [stdout] test tests::menu_complete_inserts_first_candidate_immediately ... ok
[INFO] [stdout] test tests::resolve_recall_survives_index_shifts ... ok
[INFO] [stdout] test tests::menu_cycling_walks_candidates_and_wraps ... ok
[INFO] [stdout] test tests::malformed_hook_offsets_are_clamped_not_panics ... ok
[INFO] [stdout] test tests::load_history_skips_the_v2_header ... ok
[INFO] [stdout] test tests::dedup_load_matches_sequential_semantics_and_scales ... ok
[INFO] [stdout] test tests::search_moves_the_history_position_and_interrupts ... ok
[INFO] [stdout] test tests::undo_coalesces_delete_runs_like_insert_runs ... ok
[INFO] [stdout] test tests::public_types_are_send_and_sync ... ok
[INFO] [stdout] test tests::search_matchers_respect_ignore_case ... ok
[INFO] [stdout] 
[INFO] [stdout] alpha     alphabet
[INFO] [stdout] test tests::undo_insert_groups_cap_at_20 ... ok
[INFO] [stdout] test tests::undo_restores_snapshots ... ok
[INFO] [stdout] test tests::vi_count_replace_and_paste ... ok
[INFO] [stdout] test tests::search_backspace_stays_position_disciplined ... ok
[INFO] [stdout] test tests::show_all_if_ambiguous_lists_immediately_on_first_tab ... ok
[INFO] [stdout] test tests::vi_delete_key_kills_into_the_ring ... ok
[INFO] [stdout] test tests::unrecognized_csi_sequence_is_consumed_whole ... ok
[INFO] [stdout] test tests::transpose_words_swaps_around_cursor ... ok
[INFO] [stdout] test tests::vi_diw_and_caw_apply_operator_over_word_object ... ok
[INFO] [stdout] test tests::search_exit_places_cursor_on_the_match ... ok
[INFO] [stdout] test tests::search_starts_from_the_current_history_position ... ok
[INFO] [stdout] test tests::unique_completion_appends_the_append_character ... ok
[INFO] [stdout] test tests::history_timestamps_round_trip_both_formats ... ok
[INFO] [stdout] test tests::vi_small_words ... ok
[INFO] [stdout] test tests::vi_g_fetches_history_by_count ... ok
[INFO] [stdout] test tests::vi_find_targets ... ok
[INFO] [stdout] test tests::visualize_keep_sgr_passes_color_and_transforms_the_rest ... ok
[INFO] [stdout] test tests::vi_match_bracket_finds_pairs ... ok
[INFO] [stdout] test tests::word_motion_alnum ... ok
[INFO] [stdout] test tests::yank_pop_rotates_ring ... ok
[INFO] [stdout] test tests::history_file_is_private_and_replaced_atomically ... ok
[INFO] [stdout] test tests::word_motion ... ok
[INFO] [stdout] test tests::width_skips_ansi_and_counts_wide_chars ... ok
[INFO] [stdout] test tests::vi_percent_jumps_and_deletes_inclusively ... ok
[INFO] [stdout] test tests::vi_word_objects ... ok
[INFO] [stdout] test tests::visualize_control_chars ... ok
[INFO] [stdout] test tests::history_entries_that_look_like_comments_round_trip ... ok
[INFO] [stdout] test tests::decoders_survive_byte_soup ... ok
[INFO] [stdout] 
[INFO] [stdout] test result: ok. 83 passed; 0 failed; 0 ignored; 0 measured; 0 filtered out; finished in 0.12s
[INFO] [stdout] 
[INFO] [stderr]      Running tests/pty.rs (/opt/rustwide/target/release/build/rusty_lines/1eb2e97bf7de9e13/out/pty-1eb2e97bf7de9e13)
[INFO] [stdout] 
[INFO] [stdout] running 43 tests
[INFO] [stdout] test burst_ending_in_host_binding_paints_correctly ... FAILED
[INFO] [stdout] test ctrl_l_clears_screen_and_keeps_the_line ... FAILED
[INFO] [stdout] test ctrl_c_interrupts_the_line ... FAILED
[INFO] [stdout] test history_edits_survive_navigation ... FAILED
[INFO] [stdout] test completion_query_items_prompts_above_threshold_and_y_shows_the_list ... FAILED
[INFO] [stdout] test bracketed_paste_multiline_end_to_end ... FAILED
[INFO] [stdout] test burst_ending_in_tab_completion_paints_correctly ... FAILED
[INFO] [stdout] test host_binding_rewrites_the_line ... FAILED
[INFO] [stdout] test alt_f_accepts_one_word_of_hint ... FAILED
[INFO] [stdout] test character_search_moves_to_the_typed_char ... FAILED
[INFO] [stdout] test history_past_end_rings_the_default_audible_bell ... FAILED
[INFO] [stdout] test candidate_columns_print_column_major_not_row_major ... FAILED
[INFO] [stdout] test emacs_editing_home_and_delete ... FAILED
[INFO] [stdout] test edit_in_editor_rewrites_the_line_via_external_editor ... FAILED
[INFO] [stdout] test multiline_prompt_prefix_paints_once_per_region ... FAILED
[INFO] [stdout] test ctrl_o_operate_and_get_next_replays_history ... FAILED
[INFO] [stdout] test read_line_with_initial_timeout_preserves_seeded_and_edited_buffer ... FAILED
[INFO] [stdout] test prepare_external_output_prints_cleanly_while_idle_and_keeps_the_line ... FAILED
[INFO] [stdout] test bracketed_paste_inserts_literally ... FAILED
[INFO] [stdout] test burst_into_search_paints_correctly ... FAILED
[INFO] [stdout] test kill_word_then_yank ... FAILED
[INFO] [stdout] test possible_completions_lists_without_editing ... FAILED
[INFO] [stdout] test bell_style_visible_flashes_reverse_video ... FAILED
[INFO] [stdout] test long_burst_into_enter_paints_correctly ... FAILED
[INFO] [stdout] test completion_query_items_declining_hides_the_list ... FAILED
[INFO] [stdout] test right_arrow_accepts_full_hint ... FAILED
[INFO] [stdout] test resize_while_idle_repaints_and_keeps_the_line ... FAILED
[INFO] [stdout] test quoted_insert_and_edit_in_editor_pty_smoke ... FAILED
[INFO] [stdout] test rebound_key_runs_the_new_action ... FAILED
[INFO] [stdout] test self_heals_raw_mode_after_external_cooked_mode ... FAILED
[INFO] [stdout] test read_line_with_initial_seeds_buffer_and_cursor ... FAILED
[INFO] [stdout] test rprompt_paints_and_hides_when_the_line_grows_into_it ... FAILED
[INFO] [stdout] test very_large_flood_completes_and_is_not_lost ... FAILED
[INFO] [stdout] test read_line_timeout_expires_at_the_prompt ... FAILED
[INFO] [stdout] test vi_count_replace ... FAILED
[INFO] [stdout] test terminal_size_reports_the_pty_dimensions ... FAILED
[INFO] [stdout] test tab_menu_cycles_candidates ... FAILED
[INFO] [stdout] test vi_daw_deletes_a_word_object ... FAILED
[INFO] [stdout] test vi_normal_mode_edits_and_shows_the_mode ... FAILED
[INFO] [stdout] test with_echo_disabled_clears_and_restores_echo_including_after_a_panic ... FAILED
[INFO] [stdout] test wide_char_editing_keeps_cursor_math ... FAILED
[INFO] [stdout] test up_arrow_recalls_history ... FAILED
[INFO] [stdout] test types_a_line_and_gets_it_echoed ... FAILED
[INFO] [stdout] 
[INFO] [stdout] failures:
[INFO] [stdout] 
[INFO] [stdout] ---- burst_ending_in_host_binding_paints_correctly stdout ----
[INFO] [stdout] 
[INFO] [stdout] thread 'burst_ending_in_host_binding_paints_correctly' (699) panicked at tests/pty.rs:64:10:
[INFO] [stdout] spawn demo (is it built? cargo test builds examples): Os { code: 2, kind: NotFound, message: "No such file or directory" }
[INFO] [stdout] stack backtrace:
[INFO] [stdout]    0:     0x62f40e1b10e1 - <<std[617be2ca0a6fd877]::sys::backtrace::BacktraceLock>::print::DisplayBacktrace as core[a373ad73a504971]::fmt::Display>::fmt
[INFO] [stdout]    1:     0x62f40e1c54ba - core[a373ad73a504971]::fmt::write
[INFO] [stdout]    2:     0x62f40e1b574c - <alloc[2e1b2a31b91974c5]::vec::Vec<u8> as core[a373ad73a504971]::io::write::Write>::write_fmt
[INFO] [stdout]    3:     0x62f40e18ba76 - std[617be2ca0a6fd877]::panicking::default_hook::{closure#0}
[INFO] [stdout]    4:     0x62f40e1a8d19 - std[617be2ca0a6fd877]::panicking::default_hook
[INFO] [stdout]    5:     0x62f40e144160 - test[aada8e7e76ba119b]::test_main_inner::{closure#0}
[INFO] [stdout]    6:     0x62f40e1a8ed2 - std[617be2ca0a6fd877]::panicking::panic_with_hook
[INFO] [stdout]    7:     0x62f40e18bb22 - std[617be2ca0a6fd877]::panicking::panic_handler::{closure#0}
[INFO] [stdout]    8:     0x62f40e184719 - std[617be2ca0a6fd877]::sys::backtrace::__rust_end_short_backtrace::<std[617be2ca0a6fd877]::panicking::panic_handler::{closure#0}, !>
[INFO] [stdout]    9:     0x62f40e18c72d - __rustc[ea4f61d10b84890b]::rust_begin_unwind
[INFO] [stdout]   10:     0x62f40e1c5bec - core[a373ad73a504971]::panicking::panic_fmt
[INFO] [stdout]   11:     0x62f40e1c59c2 - core[a373ad73a504971]::result::unwrap_failed
[INFO] [stdout]   12:     0x62f40e12a9dc - pty[b6c520abf75396c]::spawn_example_ext
[INFO] [stdout]   13:     0x62f40e129c07 - pty[b6c520abf75396c]::run_session_in
[INFO] [stdout]   14:     0x62f40e130945 - <pty[b6c520abf75396c]::burst_ending_in_host_binding_paints_correctly::{closure#0} as core[a373ad73a504971]::ops::function::FnOnce<()>>::call_once
[INFO] [stdout]   15:     0x62f40e1375ab - test[aada8e7e76ba119b]::__rust_begin_short_backtrace::<core[a373ad73a504971]::result::Result<(), alloc[2e1b2a31b91974c5]::string::String>, fn() -> core[a373ad73a504971]::result::Result<(), alloc[2e1b2a31b91974c5]::string::String>>
[INFO] [stdout]   16:     0x62f40e144785 - test[aada8e7e76ba119b]::run_test::{closure#0}
[INFO] [stdout]   17:     0x62f40e13e074 - std[617be2ca0a6fd877]::sys::backtrace::__rust_begin_short_backtrace::<test[aada8e7e76ba119b]::run_test::{closure#1}, ()>
[INFO] [stdout]   18:     0x62f40e147812 - <std[617be2ca0a6fd877]::thread::lifecycle::spawn_unchecked<test[aada8e7e76ba119b]::run_test::{closure#1}, ()>::{closure#1} as core[a373ad73a504971]::ops::function::FnOnce<()>>::call_once::{shim:vtable#0}
[INFO] [stdout]   19:     0x62f40e1b075f - <std[617be2ca0a6fd877]::sys::thread::unix::Thread>::new::thread_start
[INFO] [stdout]   20:     0x740c70587dfa - <unknown>
[INFO] [stdout]   21:     0x740c7061b3d4 - clone
[INFO] [stdout]   22:                0x0 - <unknown>
[INFO] [stdout] 
[INFO] [stdout] ---- ctrl_l_clears_screen_and_keeps_the_line stdout ----
[INFO] [stdout] 
[INFO] [stdout] thread 'ctrl_l_clears_screen_and_keeps_the_line' (710) panicked at tests/pty.rs:64:10:
[INFO] [stdout] spawn demo (is it built? cargo test builds examples): Os { code: 2, kind: NotFound, message: "No such file or directory" }
[INFO] [stdout] stack backtrace:
[INFO] [stdout]    0:     0x62f40e1b10e1 - <<std[617be2ca0a6fd877]::sys::backtrace::BacktraceLock>::print::DisplayBacktrace as core[a373ad73a504971]::fmt::Display>::fmt
[INFO] [stdout]    1:     0x62f40e1c54ba - core[a373ad73a504971]::fmt::write
[INFO] [stdout]    2:     0x62f40e1b574c - <alloc[2e1b2a31b91974c5]::vec::Vec<u8> as core[a373ad73a504971]::io::write::Write>::write_fmt
[INFO] [stdout]    3:     0x62f40e18ba76 - std[617be2ca0a6fd877]::panicking::default_hook::{closure#0}
[INFO] [stdout]    4:     0x62f40e1a8d19 - std[617be2ca0a6fd877]::panicking::default_hook
[INFO] [stdout]    5:     0x62f40e144160 - test[aada8e7e76ba119b]::test_main_inner::{closure#0}
[INFO] [stdout]    6:     0x62f40e1a8ed2 - std[617be2ca0a6fd877]::panicking::panic_with_hook
[INFO] [stdout]    7:     0x62f40e18bb22 - std[617be2ca0a6fd877]::panicking::panic_handler::{closure#0}
[INFO] [stdout]    8:     0x62f40e184719 - std[617be2ca0a6fd877]::sys::backtrace::__rust_end_short_backtrace::<std[617be2ca0a6fd877]::panicking::panic_handler::{closure#0}, !>
[INFO] [stdout]    9:     0x62f40e18c72d - __rustc[ea4f61d10b84890b]::rust_begin_unwind
[INFO] [stdout]   10:     0x62f40e1c5bec - core[a373ad73a504971]::panicking::panic_fmt
[INFO] [stdout]   11:     0x62f40e1c59c2 - core[a373ad73a504971]::result::unwrap_failed
[INFO] [stdout]   12:     0x62f40e12a9dc - pty[b6c520abf75396c]::spawn_example_ext
[INFO] [stdout]   13:     0x62f40e129c07 - pty[b6c520abf75396c]::run_session_in
[INFO] [stdout]   14:     0x62f40e12e5e5 - <pty[b6c520abf75396c]::ctrl_l_clears_screen_and_keeps_the_line::{closure#0} as core[a373ad73a504971]::ops::function::FnOnce<()>>::call_once
[INFO] [stdout]   15:     0x62f40e1375ab - test[aada8e7e76ba119b]::__rust_begin_short_backtrace::<core[a373ad73a504971]::result::Result<(), alloc[2e1b2a31b91974c5]::string::String>, fn() -> core[a373ad73a504971]::result::Result<(), alloc[2e1b2a31b91974c5]::string::String>>
[INFO] [stdout]   16:     0x62f40e144785 - test[aada8e7e76ba119b]::run_test::{closure#0}
[INFO] [stdout]   17:     0x62f40e13e074 - std[617be2ca0a6fd877]::sys::backtrace::__rust_begin_short_backtrace::<test[aada8e7e76ba119b]::run_test::{closure#1}, ()>
[INFO] [stdout]   18:     0x62f40e147812 - <std[617be2ca0a6fd877]::thread::lifecycle::spawn_unchecked<test[aada8e7e76ba119b]::run_test::{closure#1}, ()>::{closure#1} as core[a373ad73a504971]::ops::function::FnOnce<()>>::call_once::{shim:vtable#0}
[INFO] [stdout]   19:     0x62f40e1b075f - <std[617be2ca0a6fd877]::sys::thread::unix::Thread>::new::thread_start
[INFO] [stdout]   20:     0x740c70587dfa - <unknown>
[INFO] [stdout]   21:     0x740c7061b3d4 - clone
[INFO] [stdout]   22:                0x0 - <unknown>
[INFO] [stdout] 
[INFO] [stdout] ---- ctrl_c_interrupts_the_line stdout ----
[INFO] [stdout] 
[INFO] [stdout] thread 'ctrl_c_interrupts_the_line' (709) panicked at tests/pty.rs:64:10:
[INFO] [stdout] spawn demo (is it built? cargo test builds examples): Os { code: 2, kind: NotFound, message: "No such file or directory" }
[INFO] [stdout] stack backtrace:
[INFO] [stdout]    0:     0x62f40e1b10e1 - <<std[617be2ca0a6fd877]::sys::backtrace::BacktraceLock>::print::DisplayBacktrace as core[a373ad73a504971]::fmt::Display>::fmt
[INFO] [stdout]    1:     0x62f40e1c54ba - core[a373ad73a504971]::fmt::write
[INFO] [stdout]    2:     0x62f40e1b574c - <alloc[2e1b2a31b91974c5]::vec::Vec<u8> as core[a373ad73a504971]::io::write::Write>::write_fmt
[INFO] [stdout]    3:     0x62f40e18ba76 - std[617be2ca0a6fd877]::panicking::default_hook::{closure#0}
[INFO] [stdout]    4:     0x62f40e1a8d19 - std[617be2ca0a6fd877]::panicking::default_hook
[INFO] [stdout]    5:     0x62f40e144160 - test[aada8e7e76ba119b]::test_main_inner::{closure#0}
[INFO] [stdout]    6:     0x62f40e1a8ed2 - std[617be2ca0a6fd877]::panicking::panic_with_hook
[INFO] [stdout]    7:     0x62f40e18bb22 - std[617be2ca0a6fd877]::panicking::panic_handler::{closure#0}
[INFO] [stdout]    8:     0x62f40e184719 - std[617be2ca0a6fd877]::sys::backtrace::__rust_end_short_backtrace::<std[617be2ca0a6fd877]::panicking::panic_handler::{closure#0}, !>
[INFO] [stdout]    9:     0x62f40e18c72d - __rustc[ea4f61d10b84890b]::rust_begin_unwind
[INFO] [stdout]   10:     0x62f40e1c5bec - core[a373ad73a504971]::panicking::panic_fmt
[INFO] [stdout]   11:     0x62f40e1c59c2 - core[a373ad73a504971]::result::unwrap_failed
[INFO] [stdout]   12:     0x62f40e12a9dc - pty[b6c520abf75396c]::spawn_example_ext
[INFO] [stdout]   13:     0x62f40e129c07 - pty[b6c520abf75396c]::run_session_in
[INFO] [stdout]   14:     0x62f40e12be56 - <pty[b6c520abf75396c]::ctrl_c_interrupts_the_line::{closure#0} as core[a373ad73a504971]::ops::function::FnOnce<()>>::call_once
[INFO] [stdout]   15:     0x62f40e1375ab - test[aada8e7e76ba119b]::__rust_begin_short_backtrace::<core[a373ad73a504971]::result::Result<(), alloc[2e1b2a31b91974c5]::string::String>, fn() -> core[a373ad73a504971]::result::Result<(), alloc[2e1b2a31b91974c5]::string::String>>
[INFO] [stdout]   16:     0x62f40e144785 - test[aada8e7e76ba119b]::run_test::{closure#0}
[INFO] [stdout]   17:     0x62f40e13e074 - std[617be2ca0a6fd877]::sys::backtrace::__rust_begin_short_backtrace::<test[aada8e7e76ba119b]::run_test::{closure#1}, ()>
[INFO] [stdout]   18:     0x62f40e147812 - <std[617be2ca0a6fd877]::thread::lifecycle::spawn_unchecked<test[aada8e7e76ba119b]::run_test::{closure#1}, ()>::{closure#1} as core[a373ad73a504971]::ops::function::FnOnce<()>>::call_once::{shim:vtable#0}
[INFO] [stdout]   19:     0x62f40e1b075f - <std[617be2ca0a6fd877]::sys::thread::unix::Thread>::new::thread_start
[INFO] [stdout]   20:     0x740c70587dfa - <unknown>
[INFO] [stdout]   21:     0x740c7061b3d4 - clone
[INFO] [stdout]   22:                0x0 - <unknown>
[INFO] [stdout] 
[INFO] [stdout] ---- history_edits_survive_navigation stdout ----
[INFO] [stdout] 
[INFO] [stdout] thread 'history_edits_survive_navigation' (722) panicked at tests/pty.rs:64:10:
[INFO] [stdout] spawn demo (is it built? cargo test builds examples): Os { code: 2, kind: NotFound, message: "No such file or directory" }
[INFO] [stdout] stack backtrace:
[INFO] [stdout]    0:     0x62f40e1b10e1 - <<std[617be2ca0a6fd877]::sys::backtrace::BacktraceLock>::print::DisplayBacktrace as core[a373ad73a504971]::fmt::Display>::fmt
[INFO] [stdout]    1:     0x62f40e1c54ba - core[a373ad73a504971]::fmt::write
[INFO] [stdout]    2:     0x62f40e1b574c - <alloc[2e1b2a31b91974c5]::vec::Vec<u8> as core[a373ad73a504971]::io::write::Write>::write_fmt
[INFO] [stdout]    3:     0x62f40e18ba76 - std[617be2ca0a6fd877]::panicking::default_hook::{closure#0}
[INFO] [stdout]    4:     0x62f40e1a8d19 - std[617be2ca0a6fd877]::panicking::default_hook
[INFO] [stdout]    5:     0x62f40e144160 - test[aada8e7e76ba119b]::test_main_inner::{closure#0}
[INFO] [stdout]    6:     0x62f40e1a8ed2 - std[617be2ca0a6fd877]::panicking::panic_with_hook
[INFO] [stdout]    7:     0x62f40e18bb22 - std[617be2ca0a6fd877]::panicking::panic_handler::{closure#0}
[INFO] [stdout]    8:     0x62f40e184719 - std[617be2ca0a6fd877]::sys::backtrace::__rust_end_short_backtrace::<std[617be2ca0a6fd877]::panicking::panic_handler::{closure#0}, !>
[INFO] [stdout]    9:     0x62f40e18c72d - __rustc[ea4f61d10b84890b]::rust_begin_unwind
[INFO] [stdout]   10:     0x62f40e1c5bec - core[a373ad73a504971]::panicking::panic_fmt
[INFO] [stdout]   11:     0x62f40e1c59c2 - core[a373ad73a504971]::result::unwrap_failed
[INFO] [stdout]   12:     0x62f40e12a9dc - pty[b6c520abf75396c]::spawn_example_ext
[INFO] [stdout]   13:     0x62f40e129c07 - pty[b6c520abf75396c]::run_session_in
[INFO] [stdout]   14:     0x62f40e12cdb5 - <pty[b6c520abf75396c]::history_edits_survive_navigation::{closure#0} as core[a373ad73a504971]::ops::function::FnOnce<()>>::call_once
[INFO] [stdout]   15:     0x62f40e1375ab - test[aada8e7e76ba119b]::__rust_begin_short_backtrace::<core[a373ad73a504971]::result::Result<(), alloc[2e1b2a31b91974c5]::string::String>, fn() -> core[a373ad73a504971]::result::Result<(), alloc[2e1b2a31b91974c5]::string::String>>
[INFO] [stdout]   16:     0x62f40e144785 - test[aada8e7e76ba119b]::run_test::{closure#0}
[INFO] [stdout]   17:     0x62f40e13e074 - std[617be2ca0a6fd877]::sys::backtrace::__rust_begin_short_backtrace::<test[aada8e7e76ba119b]::run_test::{closure#1}, ()>
[INFO] [stdout]   18:     0x62f40e147812 - <std[617be2ca0a6fd877]::thread::lifecycle::spawn_unchecked<test[aada8e7e76ba119b]::run_test::{closure#1}, ()>::{closure#1} as core[a373ad73a504971]::ops::function::FnOnce<()>>::call_once::{shim:vtable#0}
[INFO] [stdout]   19:     0x62f40e1b075f - <std[617be2ca0a6fd877]::sys::thread::unix::Thread>::new::thread_start
[INFO] [stdout]   20:     0x740c70587dfa - <unknown>
[INFO] [stdout]   21:     0x740c7061b3d4 - clone
[INFO] [stdout]   22:                0x0 - <unknown>
[INFO] [stdout] 
[INFO] [stdout] ---- completion_query_items_prompts_above_threshold_and_y_shows_the_list stdout ----
[INFO] [stdout] 
[INFO] [stdout] thread 'completion_query_items_prompts_above_threshold_and_y_shows_the_list' (708) panicked at tests/pty.rs:64:10:
[INFO] [stdout] spawn demo (is it built? cargo test builds examples): Os { code: 2, kind: NotFound, message: "No such file or directory" }
[INFO] [stdout] stack backtrace:
[INFO] [stdout]    0:     0x62f40e1b10e1 - <<std[617be2ca0a6fd877]::sys::backtrace::BacktraceLock>::print::DisplayBacktrace as core[a373ad73a504971]::fmt::Display>::fmt
[INFO] [stdout]    1:     0x62f40e1c54ba - core[a373ad73a504971]::fmt::write
[INFO] [stdout]    2:     0x62f40e1b574c - <alloc[2e1b2a31b91974c5]::vec::Vec<u8> as core[a373ad73a504971]::io::write::Write>::write_fmt
[INFO] [stdout]    3:     0x62f40e18ba76 - std[617be2ca0a6fd877]::panicking::default_hook::{closure#0}
[INFO] [stdout]    4:     0x62f40e1a8d19 - std[617be2ca0a6fd877]::panicking::default_hook
[INFO] [stdout]    5:     0x62f40e144160 - test[aada8e7e76ba119b]::test_main_inner::{closure#0}
[INFO] [stdout]    6:     0x62f40e1a8ed2 - std[617be2ca0a6fd877]::panicking::panic_with_hook
[INFO] [stdout]    7:     0x62f40e18bb22 - std[617be2ca0a6fd877]::panicking::panic_handler::{closure#0}
[INFO] [stdout]    8:     0x62f40e184719 - std[617be2ca0a6fd877]::sys::backtrace::__rust_end_short_backtrace::<std[617be2ca0a6fd877]::panicking::panic_handler::{closure#0}, !>
[INFO] [stdout]    9:     0x62f40e18c72d - __rustc[ea4f61d10b84890b]::rust_begin_unwind
[INFO] [stdout]   10:     0x62f40e1c5bec - core[a373ad73a504971]::panicking::panic_fmt
[INFO] [stdout]   11:     0x62f40e1c59c2 - core[a373ad73a504971]::result::unwrap_failed
[INFO] [stdout]   12:     0x62f40e12a9dc - pty[b6c520abf75396c]::spawn_example_ext
[INFO] [stdout]   13:     0x62f40e129c07 - pty[b6c520abf75396c]::run_session_in
[INFO] [stdout]   14:     0x62f40e134b36 - <pty[b6c520abf75396c]::completion_query_items_prompts_above_threshold_and_y_shows_the_list::{closure#0} as core[a373ad73a504971]::ops::function::FnOnce<()>>::call_once
[INFO] [stdout]   15:     0x62f40e1375ab - test[aada8e7e76ba119b]::__rust_begin_short_backtrace::<core[a373ad73a504971]::result::Result<(), alloc[2e1b2a31b91974c5]::string::String>, fn() -> core[a373ad73a504971]::result::Result<(), alloc[2e1b2a31b91974c5]::string::String>>
[INFO] [stdout]   16:     0x62f40e144785 - test[aada8e7e76ba119b]::run_test::{closure#0}
[INFO] [stdout]   17:     0x62f40e13e074 - std[617be2ca0a6fd877]::sys::backtrace::__rust_begin_short_backtrace::<test[aada8e7e76ba119b]::run_test::{closure#1}, ()>
[INFO] [stdout]   18:     0x62f40e147812 - <std[617be2ca0a6fd877]::thread::lifecycle::spawn_unchecked<test[aada8e7e76ba119b]::run_test::{closure#1}, ()>::{closure#1} as core[a373ad73a504971]::ops::function::FnOnce<()>>::call_once::{shim:vtable#0}
[INFO] [stdout]   19:     0x62f40e1b075f - <std[617be2ca0a6fd877]::sys::thread::unix::Thread>::new::thread_start
[INFO] [stdout]   20:     0x740c70587dfa - <unknown>
[INFO] [stdout]   21:     0x740c7061b3d4 - clone
[INFO] [stdout]   22:                0x0 - <unknown>
[INFO] [stdout] 
[INFO] [stdout] ---- bracketed_paste_multiline_end_to_end stdout ----
[INFO] [stdout] 
[INFO] [stdout] thread 'bracketed_paste_multiline_end_to_end' (698) panicked at tests/pty.rs:64:10:
[INFO] [stdout] spawn demo (is it built? cargo test builds examples): Os { code: 2, kind: NotFound, message: "No such file or directory" }
[INFO] [stdout] stack backtrace:
[INFO] [stdout]    0:     0x62f40e1b10e1 - <<std[617be2ca0a6fd877]::sys::backtrace::BacktraceLock>::print::DisplayBacktrace as core[a373ad73a504971]::fmt::Display>::fmt
[INFO] [stdout]    1:     0x62f40e1c54ba - core[a373ad73a504971]::fmt::write
[INFO] [stdout]    2:     0x62f40e1b574c - <alloc[2e1b2a31b91974c5]::vec::Vec<u8> as core[a373ad73a504971]::io::write::Write>::write_fmt
[INFO] [stdout]    3:     0x62f40e18ba76 - std[617be2ca0a6fd877]::panicking::default_hook::{closure#0}
[INFO] [stdout]    4:     0x62f40e1a8d19 - std[617be2ca0a6fd877]::panicking::default_hook
[INFO] [stdout]    5:     0x62f40e144160 - test[aada8e7e76ba119b]::test_main_inner::{closure#0}
[INFO] [stdout]    6:     0x62f40e1a8ed2 - std[617be2ca0a6fd877]::panicking::panic_with_hook
[INFO] [stdout]    7:     0x62f40e18bb22 - std[617be2ca0a6fd877]::panicking::panic_handler::{closure#0}
[INFO] [stdout]    8:     0x62f40e184719 - std[617be2ca0a6fd877]::sys::backtrace::__rust_end_short_backtrace::<std[617be2ca0a6fd877]::panicking::panic_handler::{closure#0}, !>
[INFO] [stdout]    9:     0x62f40e18c72d - __rustc[ea4f61d10b84890b]::rust_begin_unwind
[INFO] [stdout]   10:     0x62f40e1c5bec - core[a373ad73a504971]::panicking::panic_fmt
[INFO] [stdout]   11:     0x62f40e1c59c2 - core[a373ad73a504971]::result::unwrap_failed
[INFO] [stdout]   12:     0x62f40e12a9dc - pty[b6c520abf75396c]::spawn_example_ext
[INFO] [stdout]   13:     0x62f40e12d641 - <pty[b6c520abf75396c]::bracketed_paste_multiline_end_to_end::{closure#0} as core[a373ad73a504971]::ops::function::FnOnce<()>>::call_once
[INFO] [stdout]   14:     0x62f40e1375ab - test[aada8e7e76ba119b]::__rust_begin_short_backtrace::<core[a373ad73a504971]::result::Result<(), alloc[2e1b2a31b91974c5]::string::String>, fn() -> core[a373ad73a504971]::result::Result<(), alloc[2e1b2a31b91974c5]::string::String>>
[INFO] [stdout]   15:     0x62f40e144785 - test[aada8e7e76ba119b]::run_test::{closure#0}
[INFO] [stdout]   16:     0x62f40e13e074 - std[617be2ca0a6fd877]::sys::backtrace::__rust_begin_short_backtrace::<test[aada8e7e76ba119b]::run_test::{closure#1}, ()>
[INFO] [stdout]   17:     0x62f40e147812 - <std[617be2ca0a6fd877]::thread::lifecycle::spawn_unchecked<test[aada8e7e76ba119b]::run_test::{closure#1}, ()>::{closure#1} as core[a373ad73a504971]::ops::function::FnOnce<()>>::call_once::{shim:vtable#0}
[INFO] [stdout]   18:     0x62f40e1b075f - <std[617be2ca0a6fd877]::sys::thread::unix::Thread>::new::thread_start
[INFO] [stdout]   19:     0x740c70587dfa - <unknown>
[INFO] [stdout]   20:     0x740c7061b3d4 - clone
[INFO] [stdout]   21:                0x0 - <unknown>
[INFO] [stdout] 
[INFO] [stdout] ---- burst_ending_in_tab_completion_paints_correctly stdout ----
[INFO] [stdout] 
[INFO] [stdout] thread 'burst_ending_in_tab_completion_paints_correctly' (700) panicked at tests/pty.rs:64:10:
[INFO] [stdout] spawn demo (is it built? cargo test builds examples): Os { code: 2, kind: NotFound, message: "No such file or directory" }
[INFO] [stdout] stack backtrace:
[INFO] [stdout]    0:     0x62f40e1b10e1 - <<std[617be2ca0a6fd877]::sys::backtrace::BacktraceLock>::print::DisplayBacktrace as core[a373ad73a504971]::fmt::Display>::fmt
[INFO] [stdout]    1:     0x62f40e1c54ba - core[a373ad73a504971]::fmt::write
[INFO] [stdout]    2:     0x62f40e1b574c - <alloc[2e1b2a31b91974c5]::vec::Vec<u8> as core[a373ad73a504971]::io::write::Write>::write_fmt
[INFO] [stdout]    3:     0x62f40e18ba76 - std[617be2ca0a6fd877]::panicking::default_hook::{closure#0}
[INFO] [stdout]    4:     0x62f40e1a8d19 - std[617be2ca0a6fd877]::panicking::default_hook
[INFO] [stdout]    5:     0x62f40e144160 - test[aada8e7e76ba119b]::test_main_inner::{closure#0}
[INFO] [stdout]    6:     0x62f40e1a8ed2 - std[617be2ca0a6fd877]::panicking::panic_with_hook
[INFO] [stdout]    7:     0x62f40e18bb22 - std[617be2ca0a6fd877]::panicking::panic_handler::{closure#0}
[INFO] [stdout]    8:     0x62f40e184719 - std[617be2ca0a6fd877]::sys::backtrace::__rust_end_short_backtrace::<std[617be2ca0a6fd877]::panicking::panic_handler::{closure#0}, !>
[INFO] [stdout]    9:     0x62f40e18c72d - __rustc[ea4f61d10b84890b]::rust_begin_unwind
[INFO] [stdout]   10:     0x62f40e1c5bec - core[a373ad73a504971]::panicking::panic_fmt
[INFO] [stdout]   11:     0x62f40e1c59c2 - core[a373ad73a504971]::result::unwrap_failed
[INFO] [stdout]   12:     0x62f40e12a9dc - pty[b6c520abf75396c]::spawn_example_ext
[INFO] [stdout]   13:     0x62f40e129c07 - pty[b6c520abf75396c]::run_session_in
[INFO] [stdout]   14:     0x62f40e132705 - <pty[b6c520abf75396c]::burst_ending_in_tab_completion_paints_correctly::{closure#0} as core[a373ad73a504971]::ops::function::FnOnce<()>>::call_once
[INFO] [stdout]   15:     0x62f40e1375ab - test[aada8e7e76ba119b]::__rust_begin_short_backtrace::<core[a373ad73a504971]::result::Result<(), alloc[2e1b2a31b91974c5]::string::String>, fn() -> core[a373ad73a504971]::result::Result<(), alloc[2e1b2a31b91974c5]::string::String>>
[INFO] [stdout]   16:     0x62f40e144785 - test[aada8e7e76ba119b]::run_test::{closure#0}
[INFO] [stdout]   17:     0x62f40e13e074 - std[617be2ca0a6fd877]::sys::backtrace::__rust_begin_short_backtrace::<test[aada8e7e76ba119b]::run_test::{closure#1}, ()>
[INFO] [stdout]   18:     0x62f40e147812 - <std[617be2ca0a6fd877]::thread::lifecycle::spawn_unchecked<test[aada8e7e76ba119b]::run_test::{closure#1}, ()>::{closure#1} as core[a373ad73a504971]::ops::function::FnOnce<()>>::call_once::{shim:vtable#0}
[INFO] [stdout]   19:     0x62f40e1b075f - <std[617be2ca0a6fd877]::sys::thread::unix::Thread>::new::thread_start
[INFO] [stdout]   20:     0x740c70587dfa - <unknown>
[INFO] [stdout]   21:     0x740c7061b3d4 - clone
[INFO] [stdout]   22:                0x0 - <unknown>
[INFO] [stdout] 
[INFO] [stdout] ---- host_binding_rewrites_the_line stdout ----
[INFO] [stdout] 
[INFO] [stdout] thread 'host_binding_rewrites_the_line' (725) panicked at tests/pty.rs:64:10:
[INFO] [stdout] spawn demo (is it built? cargo test builds examples): Os { code: 2, kind: NotFound, message: "No such file or directory" }
[INFO] [stdout] stack backtrace:
[INFO] [stdout]    0:     0x62f40e1b10e1 - <<std[617be2ca0a6fd877]::sys::backtrace::BacktraceLock>::print::DisplayBacktrace as core[a373ad73a504971]::fmt::Display>::fmt
[INFO] [stdout]    1:     0x62f40e1c54ba - core[a373ad73a504971]::fmt::write
[INFO] [stdout]    2:     0x62f40e1b574c - <alloc[2e1b2a31b91974c5]::vec::Vec<u8> as core[a373ad73a504971]::io::write::Write>::write_fmt
[INFO] [stdout]    3:     0x62f40e18ba76 - std[617be2ca0a6fd877]::panicking::default_hook::{closure#0}
[INFO] [stdout]    4:     0x62f40e1a8d19 - std[617be2ca0a6fd877]::panicking::default_hook
[INFO] [stdout]    5:     0x62f40e144160 - test[aada8e7e76ba119b]::test_main_inner::{closure#0}
[INFO] [stdout]    6:     0x62f40e1a8ed2 - std[617be2ca0a6fd877]::panicking::panic_with_hook
[INFO] [stdout]    7:     0x62f40e18bb22 - std[617be2ca0a6fd877]::panicking::panic_handler::{closure#0}
[INFO] [stdout]    8:     0x62f40e184719 - std[617be2ca0a6fd877]::sys::backtrace::__rust_end_short_backtrace::<std[617be2ca0a6fd877]::panicking::panic_handler::{closure#0}, !>
[INFO] [stdout]    9:     0x62f40e18c72d - __rustc[ea4f61d10b84890b]::rust_begin_unwind
[INFO] [stdout]   10:     0x62f40e1c5bec - core[a373ad73a504971]::panicking::panic_fmt
[INFO] [stdout]   11:     0x62f40e1c59c2 - core[a373ad73a504971]::result::unwrap_failed
[INFO] [stdout]   12:     0x62f40e12a9dc - pty[b6c520abf75396c]::spawn_example_ext
[INFO] [stdout]   13:     0x62f40e129c07 - pty[b6c520abf75396c]::run_session_in
[INFO] [stdout]   14:     0x62f40e12c865 - <pty[b6c520abf75396c]::host_binding_rewrites_the_line::{closure#0} as core[a373ad73a504971]::ops::function::FnOnce<()>>::call_once
[INFO] [stdout]   15:     0x62f40e1375ab - test[aada8e7e76ba119b]::__rust_begin_short_backtrace::<core[a373ad73a504971]::result::Result<(), alloc[2e1b2a31b91974c5]::string::String>, fn() -> core[a373ad73a504971]::result::Result<(), alloc[2e1b2a31b91974c5]::string::String>>
[INFO] [stdout]   16:     0x62f40e144785 - test[aada8e7e76ba119b]::run_test::{closure#0}
[INFO] [stdout]   17:     0x62f40e13e074 - std[617be2ca0a6fd877]::sys::backtrace::__rust_begin_short_backtrace::<test[aada8e7e76ba119b]::run_test::{closure#1}, ()>
[INFO] [stdout]   18:     0x62f40e147812 - <std[617be2ca0a6fd877]::thread::lifecycle::spawn_unchecked<test[aada8e7e76ba119b]::run_test::{closure#1}, ()>::{closure#1} as core[a373ad73a504971]::ops::function::FnOnce<()>>::call_once::{shim:vtable#0}
[INFO] [stdout]   19:     0x62f40e1b075f - <std[617be2ca0a6fd877]::sys::thread::unix::Thread>::new::thread_start
[INFO] [stdout]   20:     0x740c70587dfa - <unknown>
[INFO] [stdout]   21:     0x740c7061b3d4 - clone
[INFO] [stdout]   22:                0x0 - <unknown>
[INFO] [stdout] 
[INFO] [stdout] ---- alt_f_accepts_one_word_of_hint stdout ----
[INFO] [stdout] 
[INFO] [stdout] thread 'alt_f_accepts_one_word_of_hint' (695) panicked at tests/pty.rs:64:10:
[INFO] [stdout] spawn demo (is it built? cargo test builds examples): Os { code: 2, kind: NotFound, message: "No such file or directory" }
[INFO] [stdout] stack backtrace:
[INFO] [stdout]    0:     0x62f40e1b10e1 - <<std[617be2ca0a6fd877]::sys::backtrace::BacktraceLock>::print::DisplayBacktrace as core[a373ad73a504971]::fmt::Display>::fmt
[INFO] [stdout]    1:     0x62f40e1c54ba - core[a373ad73a504971]::fmt::write
[INFO] [stdout]    2:     0x62f40e1b574c - <alloc[2e1b2a31b91974c5]::vec::Vec<u8> as core[a373ad73a504971]::io::write::Write>::write_fmt
[INFO] [stdout]    3:     0x62f40e18ba76 - std[617be2ca0a6fd877]::panicking::default_hook::{closure#0}
[INFO] [stdout]    4:     0x62f40e1a8d19 - std[617be2ca0a6fd877]::panicking::default_hook
[INFO] [stdout]    5:     0x62f40e144160 - test[aada8e7e76ba119b]::test_main_inner::{closure#0}
[INFO] [stdout]    6:     0x62f40e1a8ed2 - std[617be2ca0a6fd877]::panicking::panic_with_hook
[INFO] [stdout]    7:     0x62f40e18bb22 - std[617be2ca0a6fd877]::panicking::panic_handler::{closure#0}
[INFO] [stdout]    8:     0x62f40e184719 - std[617be2ca0a6fd877]::sys::backtrace::__rust_end_short_backtrace::<std[617be2ca0a6fd877]::panicking::panic_handler::{closure#0}, !>
[INFO] [stdout]    9:     0x62f40e18c72d - __rustc[ea4f61d10b84890b]::rust_begin_unwind
[INFO] [stdout]   10:     0x62f40e1c5bec - core[a373ad73a504971]::panicking::panic_fmt
[INFO] [stdout]   11:     0x62f40e1c59c2 - core[a373ad73a504971]::result::unwrap_failed
[INFO] [stdout]   12:     0x62f40e12a9dc - pty[b6c520abf75396c]::spawn_example_ext
[INFO] [stdout]   13:     0x62f40e129c07 - pty[b6c520abf75396c]::run_session_in
[INFO] [stdout]   14:     0x62f40e12c6e5 - <pty[b6c520abf75396c]::alt_f_accepts_one_word_of_hint::{closure#0} as core[a373ad73a504971]::ops::function::FnOnce<()>>::call_once
[INFO] [stdout]   15:     0x62f40e1375ab - test[aada8e7e76ba119b]::__rust_begin_short_backtrace::<core[a373ad73a504971]::result::Result<(), alloc[2e1b2a31b91974c5]::string::String>, fn() -> core[a373ad73a504971]::result::Result<(), alloc[2e1b2a31b91974c5]::string::String>>
[INFO] [stdout]   16:     0x62f40e144785 - test[aada8e7e76ba119b]::run_test::{closure#0}
[INFO] [stdout]   17:     0x62f40e13e074 - std[617be2ca0a6fd877]::sys::backtrace::__rust_begin_short_backtrace::<test[aada8e7e76ba119b]::run_test::{closure#1}, ()>
[INFO] [stdout]   18:     0x62f40e147812 - <std[617be2ca0a6fd877]::thread::lifecycle::spawn_unchecked<test[aada8e7e76ba119b]::run_test::{closure#1}, ()>::{closure#1} as core[a373ad73a504971]::ops::function::FnOnce<()>>::call_once::{shim:vtable#0}
[INFO] [stdout]   19:     0x62f40e1b075f - <std[617be2ca0a6fd877]::sys::thread::unix::Thread>::new::thread_start
[INFO] [stdout]   20:     0x740c70587dfa - <unknown>
[INFO] [stdout]   21:     0x740c7061b3d4 - clone
[INFO] [stdout]   22:                0x0 - <unknown>
[INFO] [stdout] 
[INFO] [stdout] ---- character_search_moves_to_the_typed_char stdout ----
[INFO] [stdout] 
[INFO] [stdout] thread 'character_search_moves_to_the_typed_char' (706) panicked at tests/pty.rs:64:10:
[INFO] [stdout] spawn demo (is it built? cargo test builds examples): Os { code: 2, kind: NotFound, message: "No such file or directory" }
[INFO] [stdout] stack backtrace:
[INFO] [stdout]    0:     0x62f40e1b10e1 - <<std[617be2ca0a6fd877]::sys::backtrace::BacktraceLock>::print::DisplayBacktrace as core[a373ad73a504971]::fmt::Display>::fmt
[INFO] [stdout]    1:     0x62f40e1c54ba - core[a373ad73a504971]::fmt::write
[INFO] [stdout]    2:     0x62f40e1b574c - <alloc[2e1b2a31b91974c5]::vec::Vec<u8> as core[a373ad73a504971]::io::write::Write>::write_fmt
[INFO] [stdout]    3:     0x62f40e18ba76 - std[617be2ca0a6fd877]::panicking::default_hook::{closure#0}
[INFO] [stdout]    4:     0x62f40e1a8d19 - std[617be2ca0a6fd877]::panicking::default_hook
[INFO] [stdout]    5:     0x62f40e144160 - test[aada8e7e76ba119b]::test_main_inner::{closure#0}
[INFO] [stdout]    6:     0x62f40e1a8ed2 - std[617be2ca0a6fd877]::panicking::panic_with_hook
[INFO] [stdout]    7:     0x62f40e18bb22 - std[617be2ca0a6fd877]::panicking::panic_handler::{closure#0}
[INFO] [stdout]    8:     0x62f40e184719 - std[617be2ca0a6fd877]::sys::backtrace::__rust_end_short_backtrace::<std[617be2ca0a6fd877]::panicking::panic_handler::{closure#0}, !>
[INFO] [stdout]    9:     0x62f40e18c72d - __rustc[ea4f61d10b84890b]::rust_begin_unwind
[INFO] [stdout]   10:     0x62f40e1c5bec - core[a373ad73a504971]::panicking::panic_fmt
[INFO] [stdout]   11:     0x62f40e1c59c2 - core[a373ad73a504971]::result::unwrap_failed
[INFO] [stdout]   12:     0x62f40e12a9dc - pty[b6c520abf75396c]::spawn_example_ext
[INFO] [stdout]   13:     0x62f40e129c07 - pty[b6c520abf75396c]::run_session_in
[INFO] [stdout]   14:     0x62f40e12f665 - <pty[b6c520abf75396c]::character_search_moves_to_the_typed_char::{closure#0} as core[a373ad73a504971]::ops::function::FnOnce<()>>::call_once
[INFO] [stdout]   15:     0x62f40e1375ab - test[aada8e7e76ba119b]::__rust_begin_short_backtrace::<core[a373ad73a504971]::result::Result<(), alloc[2e1b2a31b91974c5]::string::String>, fn() -> core[a373ad73a504971]::result::Result<(), alloc[2e1b2a31b91974c5]::string::String>>
[INFO] [stdout]   16:     0x62f40e144785 - test[aada8e7e76ba119b]::run_test::{closure#0}
[INFO] [stdout]   17:     0x62f40e13e074 - std[617be2ca0a6fd877]::sys::backtrace::__rust_begin_short_backtrace::<test[aada8e7e76ba119b]::run_test::{closure#1}, ()>
[INFO] [stdout]   18:     0x62f40e147812 - <std[617be2ca0a6fd877]::thread::lifecycle::spawn_unchecked<test[aada8e7e76ba119b]::run_test::{closure#1}, ()>::{closure#1} as core[a373ad73a504971]::ops::function::FnOnce<()>>::call_once::{shim:vtable#0}
[INFO] [stdout]   19:     0x62f40e1b075f - <std[617be2ca0a6fd877]::sys::thread::unix::Thread>::new::thread_start
[INFO] [stdout]   20:     0x740c70587dfa - <unknown>
[INFO] [stdout]   21:     0x740c7061b3d4 - clone
[INFO] [stdout]   22:                0x0 - <unknown>
[INFO] [stdout] 
[INFO] [stdout] ---- history_past_end_rings_the_default_audible_bell stdout ----
[INFO] [stdout] 
[INFO] [stdout] thread 'history_past_end_rings_the_default_audible_bell' (723) panicked at tests/pty.rs:64:10:
[INFO] [stdout] spawn demo (is it built? cargo test builds examples): Os { code: 2, kind: NotFound, message: "No such file or directory" }
[INFO] [stdout] stack backtrace:
[INFO] [stdout]    0:     0x62f40e1b10e1 - <<std[617be2ca0a6fd877]::sys::backtrace::BacktraceLock>::print::DisplayBacktrace as core[a373ad73a504971]::fmt::Display>::fmt
[INFO] [stdout]    1:     0x62f40e1c54ba - core[a373ad73a504971]::fmt::write
[INFO] [stdout]    2:     0x62f40e1b574c - <alloc[2e1b2a31b91974c5]::vec::Vec<u8> as core[a373ad73a504971]::io::write::Write>::write_fmt
[INFO] [stdout]    3:     0x62f40e18ba76 - std[617be2ca0a6fd877]::panicking::default_hook::{closure#0}
[INFO] [stdout]    4:     0x62f40e1a8d19 - std[617be2ca0a6fd877]::panicking::default_hook
[INFO] [stdout]    5:     0x62f40e144160 - test[aada8e7e76ba119b]::test_main_inner::{closure#0}
[INFO] [stdout]    6:     0x62f40e1a8ed2 - std[617be2ca0a6fd877]::panicking::panic_with_hook
[INFO] [stdout]    7:     0x62f40e18bb22 - std[617be2ca0a6fd877]::panicking::panic_handler::{closure#0}
[INFO] [stdout]    8:     0x62f40e184719 - std[617be2ca0a6fd877]::sys::backtrace::__rust_end_short_backtrace::<std[617be2ca0a6fd877]::panicking::panic_handler::{closure#0}, !>
[INFO] [stdout]    9:     0x62f40e18c72d - __rustc[ea4f61d10b84890b]::rust_begin_unwind
[INFO] [stdout]   10:     0x62f40e1c5bec - core[a373ad73a504971]::panicking::panic_fmt
[INFO] [stdout]   11:     0x62f40e1c59c2 - core[a373ad73a504971]::result::unwrap_failed
[INFO] [stdout]   12:     0x62f40e12a9dc - pty[b6c520abf75396c]::spawn_example_ext
[INFO] [stdout]   13:     0x62f40e1329f3 - <pty[b6c520abf75396c]::history_past_end_rings_the_default_audible_bell::{closure#0} as core[a373ad73a504971]::ops::function::FnOnce<()>>::call_once
[INFO] [stdout]   14:     0x62f40e1375ab - test[aada8e7e76ba119b]::__rust_begin_short_backtrace::<core[a373ad73a504971]::result::Result<(), alloc[2e1b2a31b91974c5]::string::String>, fn() -> core[a373ad73a504971]::result::Result<(), alloc[2e1b2a31b91974c5]::string::String>>
[INFO] [stdout]   15:     0x62f40e144785 - test[aada8e7e76ba119b]::run_test::{closure#0}
[INFO] [stdout]   16:     0x62f40e13e074 - std[617be2ca0a6fd877]::sys::backtrace::__rust_begin_short_backtrace::<test[aada8e7e76ba119b]::run_test::{closure#1}, ()>
[INFO] [stdout]   17:     0x62f40e147812 - <std[617be2ca0a6fd877]::thread::lifecycle::spawn_unchecked<test[aada8e7e76ba119b]::run_test::{closure#1}, ()>::{closure#1} as core[a373ad73a504971]::ops::function::FnOnce<()>>::call_once::{shim:vtable#0}
[INFO] [stdout]   18:     0x62f40e1b075f - <std[617be2ca0a6fd877]::sys::thread::unix::Thread>::new::thread_start
[INFO] [stdout]   19:     0x740c70587dfa - <unknown>
[INFO] [stdout]   20:     0x740c7061b3d4 - clone
[INFO] [stdout]   21:                0x0 - <unknown>
[INFO] [stdout] 
[INFO] [stdout] ---- candidate_columns_print_column_major_not_row_major stdout ----
[INFO] [stdout] 
[INFO] [stdout] thread 'candidate_columns_print_column_major_not_row_major' (702) panicked at tests/pty.rs:64:10:
[INFO] [stdout] spawn demo (is it built? cargo test builds examples): Os { code: 2, kind: NotFound, message: "No such file or directory" }
[INFO] [stdout] stack backtrace:
[INFO] [stdout]    0:     0x62f40e1b10e1 - <<std[617be2ca0a6fd877]::sys::backtrace::BacktraceLock>::print::DisplayBacktrace as core[a373ad73a504971]::fmt::Display>::fmt
[INFO] [stdout]    1:     0x62f40e1c54ba - core[a373ad73a504971]::fmt::write
[INFO] [stdout]    2:     0x62f40e1b574c - <alloc[2e1b2a31b91974c5]::vec::Vec<u8> as core[a373ad73a504971]::io::write::Write>::write_fmt
[INFO] [stdout]    3:     0x62f40e18ba76 - std[617be2ca0a6fd877]::panicking::default_hook::{closure#0}
[INFO] [stdout]    4:     0x62f40e1a8d19 - std[617be2ca0a6fd877]::panicking::default_hook
[INFO] [stdout]    5:     0x62f40e144160 - test[aada8e7e76ba119b]::test_main_inner::{closure#0}
[INFO] [stdout]    6:     0x62f40e1a8ed2 - std[617be2ca0a6fd877]::panicking::panic_with_hook
[INFO] [stdout]    7:     0x62f40e18bb22 - std[617be2ca0a6fd877]::panicking::panic_handler::{closure#0}
[INFO] [stdout]    8:     0x62f40e184719 - std[617be2ca0a6fd877]::sys::backtrace::__rust_end_short_backtrace::<std[617be2ca0a6fd877]::panicking::panic_handler::{closure#0}, !>
[INFO] [stdout]    9:     0x62f40e18c72d - __rustc[ea4f61d10b84890b]::rust_begin_unwind
[INFO] [stdout]   10:     0x62f40e1c5bec - core[a373ad73a504971]::panicking::panic_fmt
[INFO] [stdout]   11:     0x62f40e1c59c2 - core[a373ad73a504971]::result::unwrap_failed
[INFO] [stdout]   12:     0x62f40e12a9dc - pty[b6c520abf75396c]::spawn_example_ext
[INFO] [stdout]   13:     0x62f40e129c07 - pty[b6c520abf75396c]::run_session_in
[INFO] [stdout]   14:     0x62f40e133178 - <pty[b6c520abf75396c]::candidate_columns_print_column_major_not_row_major::{closure#0} as core[a373ad73a504971]::ops::function::FnOnce<()>>::call_once
[INFO] [stdout]   15:     0x62f40e1375ab - test[aada8e7e76ba119b]::__rust_begin_short_backtrace::<core[a373ad73a504971]::result::Result<(), alloc[2e1b2a31b91974c5]::string::String>, fn() -> core[a373ad73a504971]::result::Result<(), alloc[2e1b2a31b91974c5]::string::String>>
[INFO] [stdout]   16:     0x62f40e144785 - test[aada8e7e76ba119b]::run_test::{closure#0}
[INFO] [stdout]   17:     0x62f40e13e074 - std[617be2ca0a6fd877]::sys::backtrace::__rust_begin_short_backtrace::<test[aada8e7e76ba119b]::run_test::{closure#1}, ()>
[INFO] [stdout]   18:     0x62f40e147812 - <std[617be2ca0a6fd877]::thread::lifecycle::spawn_unchecked<test[aada8e7e76ba119b]::run_test::{closure#1}, ()>::{closure#1} as core[a373ad73a504971]::ops::function::FnOnce<()>>::call_once::{shim:vtable#0}
[INFO] [stdout]   19:     0x62f40e1b075f - <std[617be2ca0a6fd877]::sys::thread::unix::Thread>::new::thread_start
[INFO] [stdout]   20:     0x740c70587dfa - <unknown>
[INFO] [stdout]   21:     0x740c7061b3d4 - clone
[INFO] [stdout]   22:                0x0 - <unknown>
[INFO] [stdout] 
[INFO] [stdout] ---- emacs_editing_home_and_delete stdout ----
[INFO] [stdout] 
[INFO] [stdout] thread 'emacs_editing_home_and_delete' (713) panicked at tests/pty.rs:64:10:
[INFO] [stdout] spawn demo (is it built? cargo test builds examples): Os { code: 2, kind: NotFound, message: "No such file or directory" }
[INFO] [stdout] stack backtrace:
[INFO] [stdout]    0:     0x62f40e1b10e1 - <<std[617be2ca0a6fd877]::sys::backtrace::BacktraceLock>::print::DisplayBacktrace as core[a373ad73a504971]::fmt::Display>::fmt
[INFO] [stdout]    1:     0x62f40e1c54ba - core[a373ad73a504971]::fmt::write
[INFO] [stdout]    2:     0x62f40e1b574c - <alloc[2e1b2a31b91974c5]::vec::Vec<u8> as core[a373ad73a504971]::io::write::Write>::write_fmt
[INFO] [stdout]    3:     0x62f40e18ba76 - std[617be2ca0a6fd877]::panicking::default_hook::{closure#0}
[INFO] [stdout]    4:     0x62f40e1a8d19 - std[617be2ca0a6fd877]::panicking::default_hook
[INFO] [stdout]    5:     0x62f40e144160 - test[aada8e7e76ba119b]::test_main_inner::{closure#0}
[INFO] [stdout]    6:     0x62f40e1a8ed2 - std[617be2ca0a6fd877]::panicking::panic_with_hook
[INFO] [stdout]    7:     0x62f40e18bb22 - std[617be2ca0a6fd877]::panicking::panic_handler::{closure#0}
[INFO] [stdout]    8:     0x62f40e184719 - std[617be2ca0a6fd877]::sys::backtrace::__rust_end_short_backtrace::<std[617be2ca0a6fd877]::panicking::panic_handler::{closure#0}, !>
[INFO] [stdout]    9:     0x62f40e18c72d - __rustc[ea4f61d10b84890b]::rust_begin_unwind
[INFO] [stdout]   10:     0x62f40e1c5bec - core[a373ad73a504971]::panicking::panic_fmt
[INFO] [stdout]   11:     0x62f40e1c59c2 - core[a373ad73a504971]::result::unwrap_failed
[INFO] [stdout]   12:     0x62f40e12a9dc - pty[b6c520abf75396c]::spawn_example_ext
[INFO] [stdout]   13:     0x62f40e129c07 - pty[b6c520abf75396c]::run_session_in
[INFO] [stdout]   14:     0x62f40e12c355 - <pty[b6c520abf75396c]::emacs_editing_home_and_delete::{closure#0} as core[a373ad73a504971]::ops::function::FnOnce<()>>::call_once
[INFO] [stdout]   15:     0x62f40e1375ab - test[aada8e7e76ba119b]::__rust_begin_short_backtrace::<core[a373ad73a504971]::result::Result<(), alloc[2e1b2a31b91974c5]::string::String>, fn() -> core[a373ad73a504971]::result::Result<(), alloc[2e1b2a31b91974c5]::string::String>>
[INFO] [stdout]   16:     0x62f40e144785 - test[aada8e7e76ba119b]::run_test::{closure#0}
[INFO] [stdout]   17:     0x62f40e13e074 - std[617be2ca0a6fd877]::sys::backtrace::__rust_begin_short_backtrace::<test[aada8e7e76ba119b]::run_test::{closure#1}, ()>
[INFO] [stdout]   18:     0x62f40e147812 - <std[617be2ca0a6fd877]::thread::lifecycle::spawn_unchecked<test[aada8e7e76ba119b]::run_test::{closure#1}, ()>::{closure#1} as core[a373ad73a504971]::ops::function::FnOnce<()>>::call_once::{shim:vtable#0}
[INFO] [stdout]   19:     0x62f40e1b075f - <std[617be2ca0a6fd877]::sys::thread::unix::Thread>::new::thread_start
[INFO] [stdout]   20:     0x740c70587dfa - <unknown>
[INFO] [stdout]   21:     0x740c7061b3d4 - clone
[INFO] [stdout]   22:                0x0 - <unknown>
[INFO] [stdout] 
[INFO] [stdout] ---- edit_in_editor_rewrites_the_line_via_external_editor stdout ----
[INFO] [stdout] 
[INFO] [stdout] thread 'edit_in_editor_rewrites_the_line_via_external_editor' (712) panicked at tests/pty.rs:64:10:
[INFO] [stdout] spawn demo (is it built? cargo test builds examples): Os { code: 2, kind: NotFound, message: "No such file or directory" }
[INFO] [stdout] stack backtrace:
[INFO] [stdout]    0:     0x62f40e1b10e1 - <<std[617be2ca0a6fd877]::sys::backtrace::BacktraceLock>::print::DisplayBacktrace as core[a373ad73a504971]::fmt::Display>::fmt
[INFO] [stdout]    1:     0x62f40e1c54ba - core[a373ad73a504971]::fmt::write
[INFO] [stdout]    2:     0x62f40e1b574c - <alloc[2e1b2a31b91974c5]::vec::Vec<u8> as core[a373ad73a504971]::io::write::Write>::write_fmt
[INFO] [stdout]    3:     0x62f40e18ba76 - std[617be2ca0a6fd877]::panicking::default_hook::{closure#0}
[INFO] [stdout]    4:     0x62f40e1a8d19 - std[617be2ca0a6fd877]::panicking::default_hook
[INFO] [stdout]    5:     0x62f40e144160 - test[aada8e7e76ba119b]::test_main_inner::{closure#0}
[INFO] [stdout]    6:     0x62f40e1a8ed2 - std[617be2ca0a6fd877]::panicking::panic_with_hook
[INFO] [stdout]    7:     0x62f40e18bb22 - std[617be2ca0a6fd877]::panicking::panic_handler::{closure#0}
[INFO] [stdout]    8:     0x62f40e184719 - std[617be2ca0a6fd877]::sys::backtrace::__rust_end_short_backtrace::<std[617be2ca0a6fd877]::panicking::panic_handler::{closure#0}, !>
[INFO] [stdout]    9:     0x62f40e18c72d - __rustc[ea4f61d10b84890b]::rust_begin_unwind
[INFO] [stdout]   10:     0x62f40e1c5bec - core[a373ad73a504971]::panicking::panic_fmt
[INFO] [stdout]   11:     0x62f40e1c59c2 - core[a373ad73a504971]::result::unwrap_failed
[INFO] [stdout]   12:     0x62f40e12a9dc - pty[b6c520abf75396c]::spawn_example_ext
[INFO] [stdout]   13:     0x62f40e129c07 - pty[b6c520abf75396c]::run_session_in
[INFO] [stdout]   14:     0x62f40e1332f5 - <pty[b6c520abf75396c]::edit_in_editor_rewrites_the_line_via_external_editor::{closure#0} as core[a373ad73a504971]::ops::function::FnOnce<()>>::call_once
[INFO] [stdout]   15:     0x62f40e1375ab - test[aada8e7e76ba119b]::__rust_begin_short_backtrace::<core[a373ad73a504971]::result::Result<(), alloc[2e1b2a31b91974c5]::string::String>, fn() -> core[a373ad73a504971]::result::Result<(), alloc[2e1b2a31b91974c5]::string::String>>
[INFO] [stdout]   16:     0x62f40e144785 - test[aada8e7e76ba119b]::run_test::{closure#0}
[INFO] [stdout]   17:     0x62f40e13e074 - std[617be2ca0a6fd877]::sys::backtrace::__rust_begin_short_backtrace::<test[aada8e7e76ba119b]::run_test::{closure#1}, ()>
[INFO] [stdout]   18:     0x62f40e147812 - <std[617be2ca0a6fd877]::thread::lifecycle::spawn_unchecked<test[aada8e7e76ba119b]::run_test::{closure#1}, ()>::{closure#1} as core[a373ad73a504971]::ops::function::FnOnce<()>>::call_once::{shim:vtable#0}
[INFO] [stdout]   19:     0x62f40e1b075f - <std[617be2ca0a6fd877]::sys::thread::unix::Thread>::new::thread_start
[INFO] [stdout]   20:     0x740c70587dfa - <unknown>
[INFO] [stdout]   21:     0x740c7061b3d4 - clone
[INFO] [stdout]   22:                0x0 - <unknown>
[INFO] [stdout] 
[INFO] [stdout] ---- multiline_prompt_prefix_paints_once_per_region stdout ----
[INFO] [stdout] 
[INFO] [stdout] thread 'multiline_prompt_prefix_paints_once_per_region' (730) panicked at tests/pty.rs:64:10:
[INFO] [stdout] spawn demo (is it built? cargo test builds examples): Os { code: 2, kind: NotFound, message: "No such file or directory" }
[INFO] [stdout] stack backtrace:
[INFO] [stdout]    0:     0x62f40e1b10e1 - <<std[617be2ca0a6fd877]::sys::backtrace::BacktraceLock>::print::DisplayBacktrace as core[a373ad73a504971]::fmt::Display>::fmt
[INFO] [stdout]    1:     0x62f40e1c54ba - core[a373ad73a504971]::fmt::write
[INFO] [stdout]    2:     0x62f40e1b574c - <alloc[2e1b2a31b91974c5]::vec::Vec<u8> as core[a373ad73a504971]::io::write::Write>::write_fmt
[INFO] [stdout]    3:     0x62f40e18ba76 - std[617be2ca0a6fd877]::panicking::default_hook::{closure#0}
[INFO] [stdout]    4:     0x62f40e1a8d19 - std[617be2ca0a6fd877]::panicking::default_hook
[INFO] [stdout]    5:     0x62f40e144160 - test[aada8e7e76ba119b]::test_main_inner::{closure#0}
[INFO] [stdout]    6:     0x62f40e1a8ed2 - std[617be2ca0a6fd877]::panicking::panic_with_hook
[INFO] [stdout]    7:     0x62f40e18bb22 - std[617be2ca0a6fd877]::panicking::panic_handler::{closure#0}
[INFO] [stdout]    8:     0x62f40e184719 - std[617be2ca0a6fd877]::sys::backtrace::__rust_end_short_backtrace::<std[617be2ca0a6fd877]::panicking::panic_handler::{closure#0}, !>
[INFO] [stdout]    9:     0x62f40e18c72d - __rustc[ea4f61d10b84890b]::rust_begin_unwind
[INFO] [stdout]   10:     0x62f40e1c5bec - core[a373ad73a504971]::panicking::panic_fmt
[INFO] [stdout]   11:     0x62f40e1c59c2 - core[a373ad73a504971]::result::unwrap_failed
[INFO] [stdout]   12:     0x62f40e12a9dc - pty[b6c520abf75396c]::spawn_example_ext
[INFO] [stdout]   13:     0x62f40e129c07 - pty[b6c520abf75396c]::run_session_in
[INFO] [stdout]   14:     0x62f40e1312c6 - <pty[b6c520abf75396c]::multiline_prompt_prefix_paints_once_per_region::{closure#0} as core[a373ad73a504971]::ops::function::FnOnce<()>>::call_once
[INFO] [stdout]   15:     0x62f40e1375ab - test[aada8e7e76ba119b]::__rust_begin_short_backtrace::<core[a373ad73a504971]::result::Result<(), alloc[2e1b2a31b91974c5]::string::String>, fn() -> core[a373ad73a504971]::result::Result<(), alloc[2e1b2a31b91974c5]::string::String>>
[INFO] [stdout]   16:     0x62f40e144785 - test[aada8e7e76ba119b]::run_test::{closure#0}
[INFO] [stdout]   17:     0x62f40e13e074 - std[617be2ca0a6fd877]::sys::backtrace::__rust_begin_short_backtrace::<test[aada8e7e76ba119b]::run_test::{closure#1}, ()>
[INFO] [stdout]   18:     0x62f40e147812 - <std[617be2ca0a6fd877]::thread::lifecycle::spawn_unchecked<test[aada8e7e76ba119b]::run_test::{closure#1}, ()>::{closure#1} as core[a373ad73a504971]::ops::function::FnOnce<()>>::call_once::{shim:vtable#0}
[INFO] [stdout]   19:     0x62f40e1b075f - <std[617be2ca0a6fd877]::sys::thread::unix::Thread>::new::thread_start
[INFO] [stdout]   20:     0x740c70587dfa - <unknown>
[INFO] [stdout]   21:     0x740c7061b3d4 - clone
[INFO] [stdout]   22:                0x0 - <unknown>
[INFO] [stdout] 
[INFO] [stdout] ---- ctrl_o_operate_and_get_next_replays_history stdout ----
[INFO] [stdout] 
[INFO] [stdout] thread 'ctrl_o_operate_and_get_next_replays_history' (711) panicked at tests/pty.rs:64:10:
[INFO] [stdout] spawn demo (is it built? cargo test builds examples): Os { code: 2, kind: NotFound, message: "No such file or directory" }
[INFO] [stdout] stack backtrace:
[INFO] [stdout]    0:     0x62f40e1b10e1 - <<std[617be2ca0a6fd877]::sys::backtrace::BacktraceLock>::print::DisplayBacktrace as core[a373ad73a504971]::fmt::Display>::fmt
[INFO] [stdout]    1:     0x62f40e1c54ba - core[a373ad73a504971]::fmt::write
[INFO] [stdout]    2:     0x62f40e1b574c - <alloc[2e1b2a31b91974c5]::vec::Vec<u8> as core[a373ad73a504971]::io::write::Write>::write_fmt
[INFO] [stdout]    3:     0x62f40e18ba76 - std[617be2ca0a6fd877]::panicking::default_hook::{closure#0}
[INFO] [stdout]    4:     0x62f40e1a8d19 - std[617be2ca0a6fd877]::panicking::default_hook
[INFO] [stdout]    5:     0x62f40e144160 - test[aada8e7e76ba119b]::test_main_inner::{closure#0}
[INFO] [stdout]    6:     0x62f40e1a8ed2 - std[617be2ca0a6fd877]::panicking::panic_with_hook
[INFO] [stdout]    7:     0x62f40e18bb22 - std[617be2ca0a6fd877]::panicking::panic_handler::{closure#0}
[INFO] [stdout]    8:     0x62f40e184719 - std[617be2ca0a6fd877]::sys::backtrace::__rust_end_short_backtrace::<std[617be2ca0a6fd877]::panicking::panic_handler::{closure#0}, !>
[INFO] [stdout]    9:     0x62f40e18c72d - __rustc[ea4f61d10b84890b]::rust_begin_unwind
[INFO] [stdout]   10:     0x62f40e1c5bec - core[a373ad73a504971]::panicking::panic_fmt
[INFO] [stdout]   11:     0x62f40e1c59c2 - core[a373ad73a504971]::result::unwrap_failed
[INFO] [stdout]   12:     0x62f40e12a9dc - pty[b6c520abf75396c]::spawn_example_ext
[INFO] [stdout]   13:     0x62f40e129c07 - pty[b6c520abf75396c]::run_session_in
[INFO] [stdout]   14:     0x62f40e1305d8 - <pty[b6c520abf75396c]::ctrl_o_operate_and_get_next_replays_history::{closure#0} as core[a373ad73a504971]::ops::function::FnOnce<()>>::call_once
[INFO] [stdout]   15:     0x62f40e1375ab - test[aada8e7e76ba119b]::__rust_begin_short_backtrace::<core[a373ad73a504971]::result::Result<(), alloc[2e1b2a31b91974c5]::string::String>, fn() -> core[a373ad73a504971]::result::Result<(), alloc[2e1b2a31b91974c5]::string::String>>
[INFO] [stdout]   16:     0x62f40e144785 - test[aada8e7e76ba119b]::run_test::{closure#0}
[INFO] [stdout]   17:     0x62f40e13e074 - std[617be2ca0a6fd877]::sys::backtrace::__rust_begin_short_backtrace::<test[aada8e7e76ba119b]::run_test::{closure#1}, ()>
[INFO] [stdout]   18:     0x62f40e147812 - <std[617be2ca0a6fd877]::thread::lifecycle::spawn_unchecked<test[aada8e7e76ba119b]::run_test::{closure#1}, ()>::{closure#1} as core[a373ad73a504971]::ops::function::FnOnce<()>>::call_once::{shim:vtable#0}
[INFO] [stdout]   19:     0x62f40e1b075f - <std[617be2ca0a6fd877]::sys::thread::unix::Thread>::new::thread_start
[INFO] [stdout]   20:     0x740c70587dfa - <unknown>
[INFO] [stdout]   21:     0x740c7061b3d4 - clone
[INFO] [stdout]   22:                0x0 - <unknown>
[INFO] [stdout] 
[INFO] [stdout] ---- read_line_with_initial_timeout_preserves_seeded_and_edited_buffer stdout ----
[INFO] [stdout] 
[INFO] [stdout] thread 'read_line_with_initial_timeout_preserves_seeded_and_edited_buffer' (742) panicked at tests/pty.rs:64:10:
[INFO] [stdout] spawn demo (is it built? cargo test builds examples): Os { code: 2, kind: NotFound, message: "No such file or directory" }
[INFO] [stdout] stack backtrace:
[INFO] [stdout]    0:     0x62f40e1b10e1 - <<std[617be2ca0a6fd877]::sys::backtrace::BacktraceLock>::print::DisplayBacktrace as core[a373ad73a504971]::fmt::Display>::fmt
[INFO] [stdout]    1:     0x62f40e1c54ba - core[a373ad73a504971]::fmt::write
[INFO] [stdout]    2:     0x62f40e1b574c - <alloc[2e1b2a31b91974c5]::vec::Vec<u8> as core[a373ad73a504971]::io::write::Write>::write_fmt
[INFO] [stdout]    3:     0x62f40e18ba76 - std[617be2ca0a6fd877]::panicking::default_hook::{closure#0}
[INFO] [stdout]    4:     0x62f40e1a8d19 - std[617be2ca0a6fd877]::panicking::default_hook
[INFO] [stdout]    5:     0x62f40e144160 - test[aada8e7e76ba119b]::test_main_inner::{closure#0}
[INFO] [stdout]    6:     0x62f40e1a8ed2 - std[617be2ca0a6fd877]::panicking::panic_with_hook
[INFO] [stdout]    7:     0x62f40e18bb22 - std[617be2ca0a6fd877]::panicking::panic_handler::{closure#0}
[INFO] [stdout]    8:     0x62f40e184719 - std[617be2ca0a6fd877]::sys::backtrace::__rust_end_short_backtrace::<std[617be2ca0a6fd877]::panicking::panic_handler::{closure#0}, !>
[INFO] [stdout]    9:     0x62f40e18c72d - __rustc[ea4f61d10b84890b]::rust_begin_unwind
[INFO] [stdout]   10:     0x62f40e1c5bec - core[a373ad73a504971]::panicking::panic_fmt
[INFO] [stdout]   11:     0x62f40e1c59c2 - core[a373ad73a504971]::result::unwrap_failed
[INFO] [stdout]   12:     0x62f40e12a9dc - pty[b6c520abf75396c]::spawn_example_ext
[INFO] [stdout]   13:     0x62f40e1340ce - <pty[b6c520abf75396c]::read_line_with_initial_timeout_preserves_seeded_and_edited_buffer::{closure#0} as core[a373ad73a504971]::ops::function::FnOnce<()>>::call_once
[INFO] [stdout]   14:     0x62f40e1375ab - test[aada8e7e76ba119b]::__rust_begin_short_backtrace::<core[a373ad73a504971]::result::Result<(), alloc[2e1b2a31b91974c5]::string::String>, fn() -> core[a373ad73a504971]::result::Result<(), alloc[2e1b2a31b91974c5]::string::String>>
[INFO] [stdout]   15:     0x62f40e144785 - test[aada8e7e76ba119b]::run_test::{closure#0}
[INFO] [stdout]   16:     0x62f40e13e074 - std[617be2ca0a6fd877]::sys::backtrace::__rust_begin_short_backtrace::<test[aada8e7e76ba119b]::run_test::{closure#1}, ()>
[INFO] [stdout]   17:     0x62f40e147812 - <std[617be2ca0a6fd877]::thread::lifecycle::spawn_unchecked<test[aada8e7e76ba119b]::run_test::{closure#1}, ()>::{closure#1} as core[a373ad73a504971]::ops::function::FnOnce<()>>::call_once::{shim:vtable#0}
[INFO] [stdout]   18:     0x62f40e1b075f - <std[617be2ca0a6fd877]::sys::thread::unix::Thread>::new::thread_start
[INFO] [stdout]   19:     0x740c70587dfa - <unknown>
[INFO] [stdout]   20:     0x740c7061b3d4 - clone
[INFO] [stdout]   21:                0x0 - <unknown>
[INFO] [stdout] 
[INFO] [stdout] ---- prepare_external_output_prints_cleanly_while_idle_and_keeps_the_line stdout ----
[INFO] [stdout] 
[INFO] [stdout] thread 'prepare_external_output_prints_cleanly_while_idle_and_keeps_the_line' (737) panicked at tests/pty.rs:64:10:
[INFO] [stdout] spawn demo (is it built? cargo test builds examples): Os { code: 2, kind: NotFound, message: "No such file or directory" }
[INFO] [stdout] stack backtrace:
[INFO] [stdout]    0:     0x62f40e1b10e1 - <<std[617be2ca0a6fd877]::sys::backtrace::BacktraceLock>::print::DisplayBacktrace as core[a373ad73a504971]::fmt::Display>::fmt
[INFO] [stdout]    1:     0x62f40e1c54ba - core[a373ad73a504971]::fmt::write
[INFO] [stdout]    2:     0x62f40e1b574c - <alloc[2e1b2a31b91974c5]::vec::Vec<u8> as core[a373ad73a504971]::io::write::Write>::write_fmt
[INFO] [stdout]    3:     0x62f40e18ba76 - std[617be2ca0a6fd877]::panicking::default_hook::{closure#0}
[INFO] [stdout]    4:     0x62f40e1a8d19 - std[617be2ca0a6fd877]::panicking::default_hook
[INFO] [stdout]    5:     0x62f40e144160 - test[aada8e7e76ba119b]::test_main_inner::{closure#0}
[INFO] [stdout]    6:     0x62f40e1a8ed2 - std[617be2ca0a6fd877]::panicking::panic_with_hook
[INFO] [stdout]    7:     0x62f40e18bb22 - std[617be2ca0a6fd877]::panicking::panic_handler::{closure#0}
[INFO] [stdout]    8:     0x62f40e184719 - std[617be2ca0a6fd877]::sys::backtrace::__rust_end_short_backtrace::<std[617be2ca0a6fd877]::panicking::panic_handler::{closure#0}, !>
[INFO] [stdout]    9:     0x62f40e18c72d - __rustc[ea4f61d10b84890b]::rust_begin_unwind
[INFO] [stdout]   10:     0x62f40e1c5bec - core[a373ad73a504971]::panicking::panic_fmt
[INFO] [stdout]   11:     0x62f40e1c59c2 - core[a373ad73a504971]::result::unwrap_failed
[INFO] [stdout]   12:     0x62f40e12a9dc - pty[b6c520abf75396c]::spawn_example_ext
[INFO] [stdout]   13:     0x62f40e135f19 - <pty[b6c520abf75396c]::prepare_external_output_prints_cleanly_while_idle_and_keeps_the_line::{closure#0} as core[a373ad73a504971]::ops::function::FnOnce<()>>::call_once
[INFO] [stdout]   14:     0x62f40e1375ab - test[aada8e7e76ba119b]::__rust_begin_short_backtrace::<core[a373ad73a504971]::result::Result<(), alloc[2e1b2a31b91974c5]::string::String>, fn() -> core[a373ad73a504971]::result::Result<(), alloc[2e1b2a31b91974c5]::string::String>>
[INFO] [stdout]   15:     0x62f40e144785 - test[aada8e7e76ba119b]::run_test::{closure#0}
[INFO] [stdout]   16:     0x62f40e13e074 - std[617be2ca0a6fd877]::sys::backtrace::__rust_begin_short_backtrace::<test[aada8e7e76ba119b]::run_test::{closure#1}, ()>
[INFO] [stdout]   17:     0x62f40e147812 - <std[617be2ca0a6fd877]::thread::lifecycle::spawn_unchecked<test[aada8e7e76ba119b]::run_test::{closure#1}, ()>::{closure#1} as core[a373ad73a504971]::ops::function::FnOnce<()>>::call_once::{shim:vtable#0}
[INFO] [stdout]   18:     0x62f40e1b075f - <std[617be2ca0a6fd877]::sys::thread::unix::Thread>::new::thread_start
[INFO] [stdout]   19:     0x740c70587dfa - <unknown>
[INFO] [stdout]   20:     0x740c7061b3d4 - clone
[INFO] [stdout]   21:                0x0 - <unknown>
[INFO] [stdout] 
[INFO] [stdout] ---- bracketed_paste_inserts_literally stdout ----
[INFO] [stdout] 
[INFO] [stdout] thread 'bracketed_paste_inserts_literally' (697) panicked at tests/pty.rs:64:10:
[INFO] [stdout] spawn demo (is it built? cargo test builds examples): Os { code: 2, kind: NotFound, message: "No such file or directory" }
[INFO] [stdout] stack backtrace:
[INFO] [stdout]    0:     0x62f40e1b10e1 - <<std[617be2ca0a6fd877]::sys::backtrace::BacktraceLock>::print::DisplayBacktrace as core[a373ad73a504971]::fmt::Display>::fmt
[INFO] [stdout]    1:     0x62f40e1c54ba - core[a373ad73a504971]::fmt::write
[INFO] [stdout]    2:     0x62f40e1b574c - <alloc[2e1b2a31b91974c5]::vec::Vec<u8> as core[a373ad73a504971]::io::write::Write>::write_fmt
[INFO] [stdout]    3:     0x62f40e18ba76 - std[617be2ca0a6fd877]::panicking::default_hook::{closure#0}
[INFO] [stdout]    4:     0x62f40e1a8d19 - std[617be2ca0a6fd877]::panicking::default_hook
[INFO] [stdout]    5:     0x62f40e144160 - test[aada8e7e76ba119b]::test_main_inner::{closure#0}
[INFO] [stdout]    6:     0x62f40e1a8ed2 - std[617be2ca0a6fd877]::panicking::panic_with_hook
[INFO] [stdout]    7:     0x62f40e18bb22 - std[617be2ca0a6fd877]::panicking::panic_handler::{closure#0}
[INFO] [stdout]    8:     0x62f40e184719 - std[617be2ca0a6fd877]::sys::backtrace::__rust_end_short_backtrace::<std[617be2ca0a6fd877]::panicking::panic_handler::{closure#0}, !>
[INFO] [stdout]    9:     0x62f40e18c72d - __rustc[ea4f61d10b84890b]::rust_begin_unwind
[INFO] [stdout]   10:     0x62f40e1c5bec - core[a373ad73a504971]::panicking::panic_fmt
[INFO] [stdout]   11:     0x62f40e1c59c2 - core[a373ad73a504971]::result::unwrap_failed
[INFO] [stdout]   12:     0x62f40e12a9dc - pty[b6c520abf75396c]::spawn_example_ext
[INFO] [stdout]   13:     0x62f40e129c07 - pty[b6c520abf75396c]::run_session_in
[INFO] [stdout]   14:     0x62f40e12cf35 - <pty[b6c520abf75396c]::bracketed_paste_inserts_literally::{closure#0} as core[a373ad73a504971]::ops::function::FnOnce<()>>::call_once
[INFO] [stdout]   15:     0x62f40e1375ab - test[aada8e7e76ba119b]::__rust_begin_short_backtrace::<core[a373ad73a504971]::result::Result<(), alloc[2e1b2a31b91974c5]::string::String>, fn() -> core[a373ad73a504971]::result::Result<(), alloc[2e1b2a31b91974c5]::string::String>>
[INFO] [stdout]   16:     0x62f40e144785 - test[aada8e7e76ba119b]::run_test::{closure#0}
[INFO] [stdout]   17:     0x62f40e13e074 - std[617be2ca0a6fd877]::sys::backtrace::__rust_begin_short_backtrace::<test[aada8e7e76ba119b]::run_test::{closure#1}, ()>
[INFO] [stdout]   18:     0x62f40e147812 - <std[617be2ca0a6fd877]::thread::lifecycle::spawn_unchecked<test[aada8e7e76ba119b]::run_test::{closure#1}, ()>::{closure#1} as core[a373ad73a504971]::ops::function::FnOnce<()>>::call_once::{shim:vtable#0}
[INFO] [stderr] error: test failed, to rerun pass `--test pty`
[INFO] [stdout]   19:     0x62f40e1b075f - <std[617be2ca0a6fd877]::sys::thread::unix::Thread>::new::thread_start
[INFO] [stdout]   20:     0x740c70587dfa - <unknown>
[INFO] [stdout]   21:     0x740c7061b3d4 - clone
[INFO] [stdout]   22:                0x0 - <unknown>
[INFO] [stdout] 
[INFO] [stdout] ---- burst_into_search_paints_correctly stdout ----
[INFO] [stdout] 
[INFO] [stdout] thread 'burst_into_search_paints_correctly' (701) panicked at tests/pty.rs:64:10:
[INFO] [stdout] spawn demo (is it built? cargo test builds examples): Os { code: 2, kind: NotFound, message: "No such file or directory" }
[INFO] [stdout] stack backtrace:
[INFO] [stdout]    0:     0x62f40e1b10e1 - <<std[617be2ca0a6fd877]::sys::backtrace::BacktraceLock>::print::DisplayBacktrace as core[a373ad73a504971]::fmt::Display>::fmt
[INFO] [stdout]    1:     0x62f40e1c54ba - core[a373ad73a504971]::fmt::write
[INFO] [stdout]    2:     0x62f40e1b574c - <alloc[2e1b2a31b91974c5]::vec::Vec<u8> as core[a373ad73a504971]::io::write::Write>::write_fmt
[INFO] [stdout]    3:     0x62f40e18ba76 - std[617be2ca0a6fd877]::panicking::default_hook::{closure#0}
[INFO] [stdout]    4:     0x62f40e1a8d19 - std[617be2ca0a6fd877]::panicking::default_hook
[INFO] [stdout]    5:     0x62f40e144160 - test[aada8e7e76ba119b]::test_main_inner::{closure#0}
[INFO] [stdout]    6:     0x62f40e1a8ed2 - std[617be2ca0a6fd877]::panicking::panic_with_hook
[INFO] [stdout]    7:     0x62f40e18bb22 - std[617be2ca0a6fd877]::panicking::panic_handler::{closure#0}
[INFO] [stdout]    8:     0x62f40e184719 - std[617be2ca0a6fd877]::sys::backtrace::__rust_end_short_backtrace::<std[617be2ca0a6fd877]::panicking::panic_handler::{closure#0}, !>
[INFO] [stdout]    9:     0x62f40e18c72d - __rustc[ea4f61d10b84890b]::rust_begin_unwind
[INFO] [stdout]   10:     0x62f40e1c5bec - core[a373ad73a504971]::panicking::panic_fmt
[INFO] [stdout]   11:     0x62f40e1c59c2 - core[a373ad73a504971]::result::unwrap_failed
[INFO] [stdout]   12:     0x62f40e12a9dc - pty[b6c520abf75396c]::spawn_example_ext
[INFO] [stdout]   13:     0x62f40e129c07 - pty[b6c520abf75396c]::run_session_in
[INFO] [stdout]   14:     0x62f40e12d0b9 - <pty[b6c520abf75396c]::burst_into_search_paints_correctly::{closure#0} as core[a373ad73a504971]::ops::function::FnOnce<()>>::call_once
[INFO] [stdout]   15:     0x62f40e1375ab - test[aada8e7e76ba119b]::__rust_begin_short_backtrace::<core[a373ad73a504971]::result::Result<(), alloc[2e1b2a31b91974c5]::string::String>, fn() -> core[a373ad73a504971]::result::Result<(), alloc[2e1b2a31b91974c5]::string::String>>
[INFO] [stdout]   16:     0x62f40e144785 - test[aada8e7e76ba119b]::run_test::{closure#0}
[INFO] [stdout]   17:     0x62f40e13e074 - std[617be2ca0a6fd877]::sys::backtrace::__rust_begin_short_backtrace::<test[aada8e7e76ba119b]::run_test::{closure#1}, ()>
[INFO] [stdout]   18:     0x62f40e147812 - <std[617be2ca0a6fd877]::thread::lifecycle::spawn_unchecked<test[aada8e7e76ba119b]::run_test::{closure#1}, ()>::{closure#1} as core[a373ad73a504971]::ops::function::FnOnce<()>>::call_once::{shim:vtable#0}
[INFO] [stdout]   19:     0x62f40e1b075f - <std[617be2ca0a6fd877]::sys::thread::unix::Thread>::new::thread_start
[INFO] [stdout]   20:     0x740c70587dfa - <unknown>
[INFO] [stdout]   21:     0x740c7061b3d4 - clone
[INFO] [stdout]   22:                0x0 - <unknown>
[INFO] [stdout] 
[INFO] [stdout] ---- kill_word_then_yank stdout ----
[INFO] [stdout] 
[INFO] [stdout] thread 'kill_word_then_yank' (728) panicked at tests/pty.rs:64:10:
[INFO] [stdout] spawn demo (is it built? cargo test builds examples): Os { code: 2, kind: NotFound, message: "No such file or directory" }
[INFO] [stdout] stack backtrace:
[INFO] [stdout]    0:     0x62f40e1b10e1 - <<std[617be2ca0a6fd877]::sys::backtrace::BacktraceLock>::print::DisplayBacktrace as core[a373ad73a504971]::fmt::Display>::fmt
[INFO] [stdout]    1:     0x62f40e1c54ba - core[a373ad73a504971]::fmt::write
[INFO] [stdout]    2:     0x62f40e1b574c - <alloc[2e1b2a31b91974c5]::vec::Vec<u8> as core[a373ad73a504971]::io::write::Write>::write_fmt
[INFO] [stdout]    3:     0x62f40e18ba76 - std[617be2ca0a6fd877]::panicking::default_hook::{closure#0}
[INFO] [stdout]    4:     0x62f40e1a8d19 - std[617be2ca0a6fd877]::panicking::default_hook
[INFO] [stdout]    5:     0x62f40e144160 - test[aada8e7e76ba119b]::test_main_inner::{closure#0}
[INFO] [stdout]    6:     0x62f40e1a8ed2 - std[617be2ca0a6fd877]::panicking::panic_with_hook
[INFO] [stdout]    7:     0x62f40e18bb22 - std[617be2ca0a6fd877]::panicking::panic_handler::{closure#0}
[INFO] [stdout]    8:     0x62f40e184719 - std[617be2ca0a6fd877]::sys::backtrace::__rust_end_short_backtrace::<std[617be2ca0a6fd877]::panicking::panic_handler::{closure#0}, !>
[INFO] [stdout]    9:     0x62f40e18c72d - __rustc[ea4f61d10b84890b]::rust_begin_unwind
[INFO] [stdout]   10:     0x62f40e1c5bec - core[a373ad73a504971]::panicking::panic_fmt
[INFO] [stdout]   11:     0x62f40e1c59c2 - core[a373ad73a504971]::result::unwrap_failed
[INFO] [stdout]   12:     0x62f40e12a9dc - pty[b6c520abf75396c]::spawn_example_ext
[INFO] [stdout]   13:     0x62f40e129c07 - pty[b6c520abf75396c]::run_session_in
[INFO] [stdout]   14:     0x62f40e12bac5 - <pty[b6c520abf75396c]::kill_word_then_yank::{closure#0} as core[a373ad73a504971]::ops::function::FnOnce<()>>::call_once
[INFO] [stdout]   15:     0x62f40e1375ab - test[aada8e7e76ba119b]::__rust_begin_short_backtrace::<core[a373ad73a504971]::result::Result<(), alloc[2e1b2a31b91974c5]::string::String>, fn() -> core[a373ad73a504971]::result::Result<(), alloc[2e1b2a31b91974c5]::string::String>>
[INFO] [stdout]   16:     0x62f40e144785 - test[aada8e7e76ba119b]::run_test::{closure#0}
[INFO] [stdout]   17:     0x62f40e13e074 - std[617be2ca0a6fd877]::sys::backtrace::__rust_begin_short_backtrace::<test[aada8e7e76ba119b]::run_test::{closure#1}, ()>
[INFO] [stdout]   18:     0x62f40e147812 - <std[617be2ca0a6fd877]::thread::lifecycle::spawn_unchecked<test[aada8e7e76ba119b]::run_test::{closure#1}, ()>::{closure#1} as core[a373ad73a504971]::ops::function::FnOnce<()>>::call_once::{shim:vtable#0}
[INFO] [stdout]   19:     0x62f40e1b075f - <std[617be2ca0a6fd877]::sys::thread::unix::Thread>::new::thread_start
[INFO] [stdout]   20:     0x740c70587dfa - <unknown>
[INFO] [stdout]   21:     0x740c7061b3d4 - clone
[INFO] [stdout]   22:                0x0 - <unknown>
[INFO] [stdout] 
[INFO] [stdout] ---- possible_completions_lists_without_editing stdout ----
[INFO] [stdout] 
[INFO] [stdout] thread 'possible_completions_lists_without_editing' (736) panicked at tests/pty.rs:64:10:
[INFO] [stdout] spawn demo (is it built? cargo test builds examples): Os { code: 2, kind: NotFound, message: "No such file or directory" }
[INFO] [stdout] stack backtrace:
[INFO] [stdout]    0:     0x62f40e1b10e1 - <<std[617be2ca0a6fd877]::sys::backtrace::BacktraceLock>::print::DisplayBacktrace as core[a373ad73a504971]::fmt::Display>::fmt
[INFO] [stdout]    1:     0x62f40e1c54ba - core[a373ad73a504971]::fmt::write
[INFO] [stdout]    2:     0x62f40e1b574c - <alloc[2e1b2a31b91974c5]::vec::Vec<u8> as core[a373ad73a504971]::io::write::Write>::write_fmt
[INFO] [stdout]    3:     0x62f40e18ba76 - std[617be2ca0a6fd877]::panicking::default_hook::{closure#0}
[INFO] [stdout]    4:     0x62f40e1a8d19 - std[617be2ca0a6fd877]::panicking::default_hook
[INFO] [stdout]    5:     0x62f40e144160 - test[aada8e7e76ba119b]::test_main_inner::{closure#0}
[INFO] [stdout]    6:     0x62f40e1a8ed2 - std[617be2ca0a6fd877]::panicking::panic_with_hook
[INFO] [stdout]    7:     0x62f40e18bb22 - std[617be2ca0a6fd877]::panicking::panic_handler::{closure#0}
[INFO] [stdout]    8:     0x62f40e184719 - std[617be2ca0a6fd877]::sys::backtrace::__rust_end_short_backtrace::<std[617be2ca0a6fd877]::panicking::panic_handler::{closure#0}, !>
[INFO] [stdout]    9:     0x62f40e18c72d - __rustc[ea4f61d10b84890b]::rust_begin_unwind
[INFO] [stdout]   10:     0x62f40e1c5bec - core[a373ad73a504971]::panicking::panic_fmt
[INFO] [stdout]   11:     0x62f40e1c59c2 - core[a373ad73a504971]::result::unwrap_failed
[INFO] [stdout]   12:     0x62f40e12a9dc - pty[b6c520abf75396c]::spawn_example_ext
[INFO] [stdout]   13:     0x62f40e129c07 - pty[b6c520abf75396c]::run_session_in
[INFO] [stdout]   14:     0x62f40e130006 - <pty[b6c520abf75396c]::possible_completions_lists_without_editing::{closure#0} as core[a373ad73a504971]::ops::function::FnOnce<()>>::call_once
[INFO] [stdout]   15:     0x62f40e1375ab - test[aada8e7e76ba119b]::__rust_begin_short_backtrace::<core[a373ad73a504971]::result::Result<(), alloc[2e1b2a31b91974c5]::string::String>, fn() -> core[a373ad73a504971]::result::Result<(), alloc[2e1b2a31b91974c5]::string::String>>
[INFO] [stdout]   16:     0x62f40e144785 - test[aada8e7e76ba119b]::run_test::{closure#0}
[INFO] [stdout]   17:     0x62f40e13e074 - std[617be2ca0a6fd877]::sys::backtrace::__rust_begin_short_backtrace::<test[aada8e7e76ba119b]::run_test::{closure#1}, ()>
[INFO] [stdout]   18:     0x62f40e147812 - <std[617be2ca0a6fd877]::thread::lifecycle::spawn_unchecked<test[aada8e7e76ba119b]::run_test::{closure#1}, ()>::{closure#1} as core[a373ad73a504971]::ops::function::FnOnce<()>>::call_once::{shim:vtable#0}
[INFO] [stdout]   19:     0x62f40e1b075f - <std[617be2ca0a6fd877]::sys::thread::unix::Thread>::new::thread_start
[INFO] [stdout]   20:     0x740c70587dfa - <unknown>
[INFO] [stdout]   21:     0x740c7061b3d4 - clone
[INFO] [stdout]   22:                0x0 - <unknown>
[INFO] [stdout] 
[INFO] [stdout] ---- bell_style_visible_flashes_reverse_video stdout ----
[INFO] [stdout] 
[INFO] [stdout] thread 'bell_style_visible_flashes_reverse_video' (696) panicked at tests/pty.rs:64:10:
[INFO] [stdout] spawn demo (is it built? cargo test builds examples): Os { code: 2, kind: NotFound, message: "No such file or directory" }
[INFO] [stdout] stack backtrace:
[INFO] [stdout]    0:     0x62f40e1b10e1 - <<std[617be2ca0a6fd877]::sys::backtrace::BacktraceLock>::print::DisplayBacktrace as core[a373ad73a504971]::fmt::Display>::fmt
[INFO] [stdout]    1:     0x62f40e1c54ba - core[a373ad73a504971]::fmt::write
[INFO] [stdout]    2:     0x62f40e1b574c - <alloc[2e1b2a31b91974c5]::vec::Vec<u8> as core[a373ad73a504971]::io::write::Write>::write_fmt
[INFO] [stdout]    3:     0x62f40e18ba76 - std[617be2ca0a6fd877]::panicking::default_hook::{closure#0}
[INFO] [stdout]    4:     0x62f40e1a8d19 - std[617be2ca0a6fd877]::panicking::default_hook
[INFO] [stdout]    5:     0x62f40e144160 - test[aada8e7e76ba119b]::test_main_inner::{closure#0}
[INFO] [stdout]    6:     0x62f40e1a8ed2 - std[617be2ca0a6fd877]::panicking::panic_with_hook
[INFO] [stdout]    7:     0x62f40e18bb22 - std[617be2ca0a6fd877]::panicking::panic_handler::{closure#0}
[INFO] [stdout]    8:     0x62f40e184719 - std[617be2ca0a6fd877]::sys::backtrace::__rust_end_short_backtrace::<std[617be2ca0a6fd877]::panicking::panic_handler::{closure#0}, !>
[INFO] [stdout]    9:     0x62f40e18c72d - __rustc[ea4f61d10b84890b]::rust_begin_unwind
[INFO] [stdout]   10:     0x62f40e1c5bec - core[a373ad73a504971]::panicking::panic_fmt
[INFO] [stdout]   11:     0x62f40e1c59c2 - core[a373ad73a504971]::result::unwrap_failed
[INFO] [stdout]   12:     0x62f40e12a9dc - pty[b6c520abf75396c]::spawn_example_ext
[INFO] [stdout]   13:     0x62f40e12eef1 - <pty[b6c520abf75396c]::bell_style_visible_flashes_reverse_video::{closure#0} as core[a373ad73a504971]::ops::function::FnOnce<()>>::call_once
[INFO] [stdout]   14:     0x62f40e1375ab - test[aada8e7e76ba119b]::__rust_begin_short_backtrace::<core[a373ad73a504971]::result::Result<(), alloc[2e1b2a31b91974c5]::string::String>, fn() -> core[a373ad73a504971]::result::Result<(), alloc[2e1b2a31b91974c5]::string::String>>
[INFO] [stdout]   15:     0x62f40e144785 - test[aada8e7e76ba119b]::run_test::{closure#0}
[INFO] [stdout]   16:     0x62f40e13e074 - std[617be2ca0a6fd877]::sys::backtrace::__rust_begin_short_backtrace::<test[aada8e7e76ba119b]::run_test::{closure#1}, ()>
[INFO] [stdout]   17:     0x62f40e147812 - <std[617be2ca0a6fd877]::thread::lifecycle::spawn_unchecked<test[aada8e7e76ba119b]::run_test::{closure#1}, ()>::{closure#1} as core[a373ad73a504971]::ops::function::FnOnce<()>>::call_once::{shim:vtable#0}
[INFO] [stdout]   18:     0x62f40e1b075f - <std[617be2ca0a6fd877]::sys::thread::unix::Thread>::new::thread_start
[INFO] [stdout]   19:     0x740c70587dfa - <unknown>
[INFO] [stdout]   20:     0x740c7061b3d4 - clone
[INFO] [stdout]   21:                0x0 - <unknown>
[INFO] [stdout] 
[INFO] [stdout] ---- long_burst_into_enter_paints_correctly stdout ----
[INFO] [stdout] 
[INFO] [stdout] thread 'long_burst_into_enter_paints_correctly' (729) panicked at tests/pty.rs:64:10:
[INFO] [stdout] spawn demo (is it built? cargo test builds examples): Os { code: 2, kind: NotFound, message: "No such file or directory" }
[INFO] [stdout] stack backtrace:
[INFO] [stdout]    0:     0x62f40e1b10e1 - <<std[617be2ca0a6fd877]::sys::backtrace::BacktraceLock>::print::DisplayBacktrace as core[a373ad73a504971]::fmt::Display>::fmt
[INFO] [stdout]    1:     0x62f40e1c54ba - core[a373ad73a504971]::fmt::write
[INFO] [stdout]    2:     0x62f40e1b574c - <alloc[2e1b2a31b91974c5]::vec::Vec<u8> as core[a373ad73a504971]::io::write::Write>::write_fmt
[INFO] [stdout]    3:     0x62f40e18ba76 - std[617be2ca0a6fd877]::panicking::default_hook::{closure#0}
[INFO] [stdout]    4:     0x62f40e1a8d19 - std[617be2ca0a6fd877]::panicking::default_hook
[INFO] [stdout]    5:     0x62f40e144160 - test[aada8e7e76ba119b]::test_main_inner::{closure#0}
[INFO] [stdout]    6:     0x62f40e1a8ed2 - std[617be2ca0a6fd877]::panicking::panic_with_hook
[INFO] [stdout]    7:     0x62f40e18bb22 - std[617be2ca0a6fd877]::panicking::panic_handler::{closure#0}
[INFO] [stdout]    8:     0x62f40e184719 - std[617be2ca0a6fd877]::sys::backtrace::__rust_end_short_backtrace::<std[617be2ca0a6fd877]::panicking::panic_handler::{closure#0}, !>
[INFO] [stdout]    9:     0x62f40e18c72d - __rustc[ea4f61d10b84890b]::rust_begin_unwind
[INFO] [stdout]   10:     0x62f40e1c5bec - core[a373ad73a504971]::panicking::panic_fmt
[INFO] [stdout]   11:     0x62f40e1c59c2 - core[a373ad73a504971]::result::unwrap_failed
[INFO] [stdout]   12:     0x62f40e12a9dc - pty[b6c520abf75396c]::spawn_example_ext
[INFO] [stdout]   13:     0x62f40e129c07 - pty[b6c520abf75396c]::run_session_in
[INFO] [stdout]   14:     0x62f40e12e402 - <pty[b6c520abf75396c]::long_burst_into_enter_paints_correctly::{closure#0} as core[a373ad73a504971]::ops::function::FnOnce<()>>::call_once
[INFO] [stdout]   15:     0x62f40e1375ab - test[aada8e7e76ba119b]::__rust_begin_short_backtrace::<core[a373ad73a504971]::result::Result<(), alloc[2e1b2a31b91974c5]::string::String>, fn() -> core[a373ad73a504971]::result::Result<(), alloc[2e1b2a31b91974c5]::string::String>>
[INFO] [stdout]   16:     0x62f40e144785 - test[aada8e7e76ba119b]::run_test::{closure#0}
[INFO] [stdout]   17:     0x62f40e13e074 - std[617be2ca0a6fd877]::sys::backtrace::__rust_begin_short_backtrace::<test[aada8e7e76ba119b]::run_test::{closure#1}, ()>
[INFO] [stdout]   18:     0x62f40e147812 - <std[617be2ca0a6fd877]::thread::lifecycle::spawn_unchecked<test[aada8e7e76ba119b]::run_test::{closure#1}, ()>::{closure#1} as core[a373ad73a504971]::ops::function::FnOnce<()>>::call_once::{shim:vtable#0}
[INFO] [stdout]   19:     0x62f40e1b075f - <std[617be2ca0a6fd877]::sys::thread::unix::Thread>::new::thread_start
[INFO] [stdout]   20:     0x740c70587dfa - <unknown>
[INFO] [stdout]   21:     0x740c7061b3d4 - clone
[INFO] [stdout]   22:                0x0 - <unknown>
[INFO] [stdout] 
[INFO] [stdout] ---- completion_query_items_declining_hides_the_list stdout ----
[INFO] [stdout] 
[INFO] [stdout] thread 'completion_query_items_declining_hides_the_list' (707) panicked at tests/pty.rs:64:10:
[INFO] [stdout] spawn demo (is it built? cargo test builds examples): Os { code: 2, kind: NotFound, message: "No such file or directory" }
[INFO] [stdout] stack backtrace:
[INFO] [stdout]    0:     0x62f40e1b10e1 - <<std[617be2ca0a6fd877]::sys::backtrace::BacktraceLock>::print::DisplayBacktrace as core[a373ad73a504971]::fmt::Display>::fmt
[INFO] [stdout]    1:     0x62f40e1c54ba - core[a373ad73a504971]::fmt::write
[INFO] [stdout]    2:     0x62f40e1b574c - <alloc[2e1b2a31b91974c5]::vec::Vec<u8> as core[a373ad73a504971]::io::write::Write>::write_fmt
[INFO] [stdout]    3:     0x62f40e18ba76 - std[617be2ca0a6fd877]::panicking::default_hook::{closure#0}
[INFO] [stdout]    4:     0x62f40e1a8d19 - std[617be2ca0a6fd877]::panicking::default_hook
[INFO] [stdout]    5:     0x62f40e144160 - test[aada8e7e76ba119b]::test_main_inner::{closure#0}
[INFO] [stdout]    6:     0x62f40e1a8ed2 - std[617be2ca0a6fd877]::panicking::panic_with_hook
[INFO] [stdout]    7:     0x62f40e18bb22 - std[617be2ca0a6fd877]::panicking::panic_handler::{closure#0}
[INFO] [stdout]    8:     0x62f40e184719 - std[617be2ca0a6fd877]::sys::backtrace::__rust_end_short_backtrace::<std[617be2ca0a6fd877]::panicking::panic_handler::{closure#0}, !>
[INFO] [stdout]    9:     0x62f40e18c72d - __rustc[ea4f61d10b84890b]::rust_begin_unwind
[INFO] [stdout]   10:     0x62f40e1c5bec - core[a373ad73a504971]::panicking::panic_fmt
[INFO] [stdout]   11:     0x62f40e1c59c2 - core[a373ad73a504971]::result::unwrap_failed
[INFO] [stdout]   12:     0x62f40e12a9dc - pty[b6c520abf75396c]::spawn_example_ext
[INFO] [stdout]   13:     0x62f40e129c07 - pty[b6c520abf75396c]::run_session_in
[INFO] [stdout]   14:     0x62f40e132886 - <pty[b6c520abf75396c]::completion_query_items_declining_hides_the_list::{closure#0} as core[a373ad73a504971]::ops::function::FnOnce<()>>::call_once
[INFO] [stdout]   15:     0x62f40e1375ab - test[aada8e7e76ba119b]::__rust_begin_short_backtrace::<core[a373ad73a504971]::result::Result<(), alloc[2e1b2a31b91974c5]::string::String>, fn() -> core[a373ad73a504971]::result::Result<(), alloc[2e1b2a31b91974c5]::string::String>>
[INFO] [stdout]   16:     0x62f40e144785 - test[aada8e7e76ba119b]::run_test::{closure#0}
[INFO] [stdout]   17:     0x62f40e13e074 - std[617be2ca0a6fd877]::sys::backtrace::__rust_begin_short_backtrace::<test[aada8e7e76ba119b]::run_test::{closure#1}, ()>
[INFO] [stdout]   18:     0x62f40e147812 - <std[617be2ca0a6fd877]::thread::lifecycle::spawn_unchecked<test[aada8e7e76ba119b]::run_test::{closure#1}, ()>::{closure#1} as core[a373ad73a504971]::ops::function::FnOnce<()>>::call_once::{shim:vtable#0}
[INFO] [stdout]   19:     0x62f40e1b075f - <std[617be2ca0a6fd877]::sys::thread::unix::Thread>::new::thread_start
[INFO] [stdout]   20:     0x740c70587dfa - <unknown>
[INFO] [stdout]   21:     0x740c7061b3d4 - clone
[INFO] [stdout]   22:                0x0 - <unknown>
[INFO] [stdout] 
[INFO] [stdout] ---- right_arrow_accepts_full_hint stdout ----
[INFO] [stdout] 
[INFO] [stdout] thread 'right_arrow_accepts_full_hint' (754) panicked at tests/pty.rs:64:10:
[INFO] [stdout] spawn demo (is it built? cargo test builds examples): Os { code: 2, kind: NotFound, message: "No such file or directory" }
[INFO] [stdout] stack backtrace:
[INFO] [stdout]    0:     0x62f40e1b10e1 - <<std[617be2ca0a6fd877]::sys::backtrace::BacktraceLock>::print::DisplayBacktrace as core[a373ad73a504971]::fmt::Display>::fmt
[INFO] [stdout]    1:     0x62f40e1c54ba - core[a373ad73a504971]::fmt::write
[INFO] [stdout]    2:     0x62f40e1b574c - <alloc[2e1b2a31b91974c5]::vec::Vec<u8> as core[a373ad73a504971]::io::write::Write>::write_fmt
[INFO] [stdout]    3:     0x62f40e18ba76 - std[617be2ca0a6fd877]::panicking::default_hook::{closure#0}
[INFO] [stdout]    4:     0x62f40e1a8d19 - std[617be2ca0a6fd877]::panicking::default_hook
[INFO] [stdout]    5:     0x62f40e144160 - test[aada8e7e76ba119b]::test_main_inner::{closure#0}
[INFO] [stdout]    6:     0x62f40e1a8ed2 - std[617be2ca0a6fd877]::panicking::panic_with_hook
[INFO] [stdout]    7:     0x62f40e18bb22 - std[617be2ca0a6fd877]::panicking::panic_handler::{closure#0}
[INFO] [stdout]    8:     0x62f40e184719 - std[617be2ca0a6fd877]::sys::backtrace::__rust_end_short_backtrace::<std[617be2ca0a6fd877]::panicking::panic_handler::{closure#0}, !>
[INFO] [stdout]    9:     0x62f40e18c72d - __rustc[ea4f61d10b84890b]::rust_begin_unwind
[INFO] [stdout]   10:     0x62f40e1c5bec - core[a373ad73a504971]::panicking::panic_fmt
[INFO] [stdout]   11:     0x62f40e1c59c2 - core[a373ad73a504971]::result::unwrap_failed
[INFO] [stdout]   12:     0x62f40e12a9dc - pty[b6c520abf75396c]::spawn_example_ext
[INFO] [stdout]   13:     0x62f40e129c07 - pty[b6c520abf75396c]::run_session_in
[INFO] [stdout]   14:     0x62f40e12c4d9 - <pty[b6c520abf75396c]::right_arrow_accepts_full_hint::{closure#0} as core[a373ad73a504971]::ops::function::FnOnce<()>>::call_once
[INFO] [stdout]   15:     0x62f40e1375ab - test[aada8e7e76ba119b]::__rust_begin_short_backtrace::<core[a373ad73a504971]::result::Result<(), alloc[2e1b2a31b91974c5]::string::String>, fn() -> core[a373ad73a504971]::result::Result<(), alloc[2e1b2a31b91974c5]::string::String>>
[INFO] [stdout]   16:     0x62f40e144785 - test[aada8e7e76ba119b]::run_test::{closure#0}
[INFO] [stdout]   17:     0x62f40e13e074 - std[617be2ca0a6fd877]::sys::backtrace::__rust_begin_short_backtrace::<test[aada8e7e76ba119b]::run_test::{closure#1}, ()>
[INFO] [stdout]   18:     0x62f40e147812 - <std[617be2ca0a6fd877]::thread::lifecycle::spawn_unchecked<test[aada8e7e76ba119b]::run_test::{closure#1}, ()>::{closure#1} as core[a373ad73a504971]::ops::function::FnOnce<()>>::call_once::{shim:vtable#0}
[INFO] [stdout]   19:     0x62f40e1b075f - <std[617be2ca0a6fd877]::sys::thread::unix::Thread>::new::thread_start
[INFO] [stdout]   20:     0x740c70587dfa - <unknown>
[INFO] [stdout]   21:     0x740c7061b3d4 - clone
[INFO] [stdout]   22:                0x0 - <unknown>
[INFO] [stdout] 
[INFO] [stdout] ---- resize_while_idle_repaints_and_keeps_the_line stdout ----
[INFO] [stdout] 
[INFO] [stdout] thread 'resize_while_idle_repaints_and_keeps_the_line' (753) panicked at tests/pty.rs:64:10:
[INFO] [stdout] spawn demo (is it built? cargo test builds examples): Os { code: 2, kind: NotFound, message: "No such file or directory" }
[INFO] [stdout] stack backtrace:
[INFO] [stdout]    0:     0x62f40e1b10e1 - <<std[617be2ca0a6fd877]::sys::backtrace::BacktraceLock>::print::DisplayBacktrace as core[a373ad73a504971]::fmt::Display>::fmt
[INFO] [stdout]    1:     0x62f40e1c54ba - core[a373ad73a504971]::fmt::write
[INFO] [stdout]    2:     0x62f40e1b574c - <alloc[2e1b2a31b91974c5]::vec::Vec<u8> as core[a373ad73a504971]::io::write::Write>::write_fmt
[INFO] [stdout]    3:     0x62f40e18ba76 - std[617be2ca0a6fd877]::panicking::default_hook::{closure#0}
[INFO] [stdout]    4:     0x62f40e1a8d19 - std[617be2ca0a6fd877]::panicking::default_hook
[INFO] [stdout]    5:     0x62f40e144160 - test[aada8e7e76ba119b]::test_main_inner::{closure#0}
[INFO] [stdout]    6:     0x62f40e1a8ed2 - std[617be2ca0a6fd877]::panicking::panic_with_hook
[INFO] [stdout]    7:     0x62f40e18bb22 - std[617be2ca0a6fd877]::panicking::panic_handler::{closure#0}
[INFO] [stdout]    8:     0x62f40e184719 - std[617be2ca0a6fd877]::sys::backtrace::__rust_end_short_backtrace::<std[617be2ca0a6fd877]::panicking::panic_handler::{closure#0}, !>
[INFO] [stdout]    9:     0x62f40e18c72d - __rustc[ea4f61d10b84890b]::rust_begin_unwind
[INFO] [stdout]   10:     0x62f40e1c5bec - core[a373ad73a504971]::panicking::panic_fmt
[INFO] [stdout]   11:     0x62f40e1c59c2 - core[a373ad73a504971]::result::unwrap_failed
[INFO] [stdout]   12:     0x62f40e12a9dc - pty[b6c520abf75396c]::spawn_example_ext
[INFO] [stdout]   13:     0x62f40e130ad3 - <pty[b6c520abf75396c]::resize_while_idle_repaints_and_keeps_the_line::{closure#0} as core[a373ad73a504971]::ops::function::FnOnce<()>>::call_once
[INFO] [stdout]   14:     0x62f40e1375ab - test[aada8e7e76ba119b]::__rust_begin_short_backtrace::<core[a373ad73a504971]::result::Result<(), alloc[2e1b2a31b91974c5]::string::String>, fn() -> core[a373ad73a504971]::result::Result<(), alloc[2e1b2a31b91974c5]::string::String>>
[INFO] [stdout]   15:     0x62f40e144785 - test[aada8e7e76ba119b]::run_test::{closure#0}
[INFO] [stdout]   16:     0x62f40e13e074 - std[617be2ca0a6fd877]::sys::backtrace::__rust_begin_short_backtrace::<test[aada8e7e76ba119b]::run_test::{closure#1}, ()>
[INFO] [stdout]   17:     0x62f40e147812 - <std[617be2ca0a6fd877]::thread::lifecycle::spawn_unchecked<test[aada8e7e76ba119b]::run_test::{closure#1}, ()>::{closure#1} as core[a373ad73a504971]::ops::function::FnOnce<()>>::call_once::{shim:vtable#0}
[INFO] [stdout]   18:     0x62f40e1b075f - <std[617be2ca0a6fd877]::sys::thread::unix::Thread>::new::thread_start
[INFO] [stdout]   19:     0x740c70587dfa - <unknown>
[INFO] [stdout]   20:     0x740c7061b3d4 - clone
[INFO] [stdout]   21:                0x0 - <unknown>
[INFO] [stdout] 
[INFO] [stdout] ---- quoted_insert_and_edit_in_editor_pty_smoke stdout ----
[INFO] [stdout] 
[INFO] [stdout] thread 'quoted_insert_and_edit_in_editor_pty_smoke' (738) panicked at tests/pty.rs:64:10:
[INFO] [stdout] spawn demo (is it built? cargo test builds examples): Os { code: 2, kind: NotFound, message: "No such file or directory" }
[INFO] [stdout] stack backtrace:
[INFO] [stdout]    0:     0x62f40e1b10e1 - <<std[617be2ca0a6fd877]::sys::backtrace::BacktraceLock>::print::DisplayBacktrace as core[a373ad73a504971]::fmt::Display>::fmt
[INFO] [stdout]    1:     0x62f40e1c54ba - core[a373ad73a504971]::fmt::write
[INFO] [stdout]    2:     0x62f40e1b574c - <alloc[2e1b2a31b91974c5]::vec::Vec<u8> as core[a373ad73a504971]::io::write::Write>::write_fmt
[INFO] [stdout]    3:     0x62f40e18ba76 - std[617be2ca0a6fd877]::panicking::default_hook::{closure#0}
[INFO] [stdout]    4:     0x62f40e1a8d19 - std[617be2ca0a6fd877]::panicking::default_hook
[INFO] [stdout]    5:     0x62f40e144160 - test[aada8e7e76ba119b]::test_main_inner::{closure#0}
[INFO] [stdout]    6:     0x62f40e1a8ed2 - std[617be2ca0a6fd877]::panicking::panic_with_hook
[INFO] [stdout]    7:     0x62f40e18bb22 - std[617be2ca0a6fd877]::panicking::panic_handler::{closure#0}
[INFO] [stdout]    8:     0x62f40e184719 - std[617be2ca0a6fd877]::sys::backtrace::__rust_end_short_backtrace::<std[617be2ca0a6fd877]::panicking::panic_handler::{closure#0}, !>
[INFO] [stdout]    9:     0x62f40e18c72d - __rustc[ea4f61d10b84890b]::rust_begin_unwind
[INFO] [stdout]   10:     0x62f40e1c5bec - core[a373ad73a504971]::panicking::panic_fmt
[INFO] [stdout]   11:     0x62f40e1c59c2 - core[a373ad73a504971]::result::unwrap_failed
[INFO] [stdout]   12:     0x62f40e12a9dc - pty[b6c520abf75396c]::spawn_example_ext
[INFO] [stdout]   13:     0x62f40e129c07 - pty[b6c520abf75396c]::run_session_in
[INFO] [stdout]   14:     0x62f40e1301c1 - <pty[b6c520abf75396c]::quoted_insert_and_edit_in_editor_pty_smoke::{closure#0} as core[a373ad73a504971]::ops::function::FnOnce<()>>::call_once
[INFO] [stdout]   15:     0x62f40e1375ab - test[aada8e7e76ba119b]::__rust_begin_short_backtrace::<core[a373ad73a504971]::result::Result<(), alloc[2e1b2a31b91974c5]::string::String>, fn() -> core[a373ad73a504971]::result::Result<(), alloc[2e1b2a31b91974c5]::string::String>>
[INFO] [stdout]   16:     0x62f40e144785 - test[aada8e7e76ba119b]::run_test::{closure#0}
[INFO] [stdout]   17:     0x62f40e13e074 - std[617be2ca0a6fd877]::sys::backtrace::__rust_begin_short_backtrace::<test[aada8e7e76ba119b]::run_test::{closure#1}, ()>
[INFO] [stdout]   18:     0x62f40e147812 - <std[617be2ca0a6fd877]::thread::lifecycle::spawn_unchecked<test[aada8e7e76ba119b]::run_test::{closure#1}, ()>::{closure#1} as core[a373ad73a504971]::ops::function::FnOnce<()>>::call_once::{shim:vtable#0}
[INFO] [stdout]   19:     0x62f40e1b075f - <std[617be2ca0a6fd877]::sys::thread::unix::Thread>::new::thread_start
[INFO] [stdout]   20:     0x740c70587dfa - <unknown>
[INFO] [stdout]   21:     0x740c7061b3d4 - clone
[INFO] [stdout]   22:                0x0 - <unknown>
[INFO] [stdout] 
[INFO] [stdout] ---- rebound_key_runs_the_new_action stdout ----
[INFO] [stdout] 
[INFO] [stdout] thread 'rebound_key_runs_the_new_action' (743) panicked at tests/pty.rs:64:10:
[INFO] [stdout] spawn demo (is it built? cargo test builds examples): Os { code: 2, kind: NotFound, message: "No such file or directory" }
[INFO] [stdout] stack backtrace:
[INFO] [stdout]    0:     0x62f40e1b10e1 - <<std[617be2ca0a6fd877]::sys::backtrace::BacktraceLock>::print::DisplayBacktrace as core[a373ad73a504971]::fmt::Display>::fmt
[INFO] [stdout]    1:     0x62f40e1c54ba - core[a373ad73a504971]::fmt::write
[INFO] [stdout]    2:     0x62f40e1b574c - <alloc[2e1b2a31b91974c5]::vec::Vec<u8> as core[a373ad73a504971]::io::write::Write>::write_fmt
[INFO] [stdout]    3:     0x62f40e18ba76 - std[617be2ca0a6fd877]::panicking::default_hook::{closure#0}
[INFO] [stdout]    4:     0x62f40e1a8d19 - std[617be2ca0a6fd877]::panicking::default_hook
[INFO] [stdout]    5:     0x62f40e144160 - test[aada8e7e76ba119b]::test_main_inner::{closure#0}
[INFO] [stdout]    6:     0x62f40e1a8ed2 - std[617be2ca0a6fd877]::panicking::panic_with_hook
[INFO] [stdout]    7:     0x62f40e18bb22 - std[617be2ca0a6fd877]::panicking::panic_handler::{closure#0}
[INFO] [stdout]    8:     0x62f40e184719 - std[617be2ca0a6fd877]::sys::backtrace::__rust_end_short_backtrace::<std[617be2ca0a6fd877]::panicking::panic_handler::{closure#0}, !>
[INFO] [stdout]    9:     0x62f40e18c72d - __rustc[ea4f61d10b84890b]::rust_begin_unwind
[INFO] [stdout]   10:     0x62f40e1c5bec - core[a373ad73a504971]::panicking::panic_fmt
[INFO] [stdout]   11:     0x62f40e1c59c2 - core[a373ad73a504971]::result::unwrap_failed
[INFO] [stdout]   12:     0x62f40e12a9dc - pty[b6c520abf75396c]::spawn_example_ext
[INFO] [stdout]   13:     0x62f40e129c07 - pty[b6c520abf75396c]::run_session_in
[INFO] [stdout]   14:     0x62f40e12c9e5 - <pty[b6c520abf75396c]::rebound_key_runs_the_new_action::{closure#0} as core[a373ad73a504971]::ops::function::FnOnce<()>>::call_once
[INFO] [stdout]   15:     0x62f40e1375ab - test[aada8e7e76ba119b]::__rust_begin_short_backtrace::<core[a373ad73a504971]::result::Result<(), alloc[2e1b2a31b91974c5]::string::String>, fn() -> core[a373ad73a504971]::result::Result<(), alloc[2e1b2a31b91974c5]::string::String>>
[INFO] [stdout]   16:     0x62f40e144785 - test[aada8e7e76ba119b]::run_test::{closure#0}
[INFO] [stdout]   17:     0x62f40e13e074 - std[617be2ca0a6fd877]::sys::backtrace::__rust_begin_short_backtrace::<test[aada8e7e76ba119b]::run_test::{closure#1}, ()>
[INFO] [stdout]   18:     0x62f40e147812 - <std[617be2ca0a6fd877]::thread::lifecycle::spawn_unchecked<test[aada8e7e76ba119b]::run_test::{closure#1}, ()>::{closure#1} as core[a373ad73a504971]::ops::function::FnOnce<()>>::call_once::{shim:vtable#0}
[INFO] [stdout]   19:     0x62f40e1b075f - <std[617be2ca0a6fd877]::sys::thread::unix::Thread>::new::thread_start
[INFO] [stdout]   20:     0x740c70587dfa - <unknown>
[INFO] [stdout]   21:     0x740c7061b3d4 - clone
[INFO] [stdout]   22:                0x0 - <unknown>
[INFO] [stdout] 
[INFO] [stdout] ---- self_heals_raw_mode_after_external_cooked_mode stdout ----
[INFO] [stdout] 
[INFO] [stdout] thread 'self_heals_raw_mode_after_external_cooked_mode' (756) panicked at tests/pty.rs:64:10:
[INFO] [stdout] spawn demo (is it built? cargo test builds examples): Os { code: 2, kind: NotFound, message: "No such file or directory" }
[INFO] [stdout] stack backtrace:
[INFO] [stdout]    0:     0x62f40e1b10e1 - <<std[617be2ca0a6fd877]::sys::backtrace::BacktraceLock>::print::DisplayBacktrace as core[a373ad73a504971]::fmt::Display>::fmt
[INFO] [stdout]    1:     0x62f40e1c54ba - core[a373ad73a504971]::fmt::write
[INFO] [stdout]    2:     0x62f40e1b574c - <alloc[2e1b2a31b91974c5]::vec::Vec<u8> as core[a373ad73a504971]::io::write::Write>::write_fmt
[INFO] [stdout]    3:     0x62f40e18ba76 - std[617be2ca0a6fd877]::panicking::default_hook::{closure#0}
[INFO] [stdout]    4:     0x62f40e1a8d19 - std[617be2ca0a6fd877]::panicking::default_hook
[INFO] [stdout]    5:     0x62f40e144160 - test[aada8e7e76ba119b]::test_main_inner::{closure#0}
[INFO] [stdout]    6:     0x62f40e1a8ed2 - std[617be2ca0a6fd877]::panicking::panic_with_hook
[INFO] [stdout]    7:     0x62f40e18bb22 - std[617be2ca0a6fd877]::panicking::panic_handler::{closure#0}
[INFO] [stdout]    8:     0x62f40e184719 - std[617be2ca0a6fd877]::sys::backtrace::__rust_end_short_backtrace::<std[617be2ca0a6fd877]::panicking::panic_handler::{closure#0}, !>
[INFO] [stdout]    9:     0x62f40e18c72d - __rustc[ea4f61d10b84890b]::rust_begin_unwind
[INFO] [stdout]   10:     0x62f40e1c5bec - core[a373ad73a504971]::panicking::panic_fmt
[INFO] [stdout]   11:     0x62f40e1c59c2 - core[a373ad73a504971]::result::unwrap_failed
[INFO] [stdout]   12:     0x62f40e12a9dc - pty[b6c520abf75396c]::spawn_example_ext
[INFO] [stdout]   13:     0x62f40e131ea1 - <pty[b6c520abf75396c]::self_heals_raw_mode_after_external_cooked_mode::{closure#0} as core[a373ad73a504971]::ops::function::FnOnce<()>>::call_once
[INFO] [stdout]   14:     0x62f40e1375ab - test[aada8e7e76ba119b]::__rust_begin_short_backtrace::<core[a373ad73a504971]::result::Result<(), alloc[2e1b2a31b91974c5]::string::String>, fn() -> core[a373ad73a504971]::result::Result<(), alloc[2e1b2a31b91974c5]::string::String>>
[INFO] [stdout]   15:     0x62f40e144785 - test[aada8e7e76ba119b]::run_test::{closure#0}
[INFO] [stdout]   16:     0x62f40e13e074 - std[617be2ca0a6fd877]::sys::backtrace::__rust_begin_short_backtrace::<test[aada8e7e76ba119b]::run_test::{closure#1}, ()>
[INFO] [stdout]   17:     0x62f40e147812 - <std[617be2ca0a6fd877]::thread::lifecycle::spawn_unchecked<test[aada8e7e76ba119b]::run_test::{closure#1}, ()>::{closure#1} as core[a373ad73a504971]::ops::function::FnOnce<()>>::call_once::{shim:vtable#0}
[INFO] [stdout]   18:     0x62f40e1b075f - <std[617be2ca0a6fd877]::sys::thread::unix::Thread>::new::thread_start
[INFO] [stdout]   19:     0x740c70587dfa - <unknown>
[INFO] [stdout]   20:     0x740c7061b3d4 - clone
[INFO] [stdout]   21:                0x0 - <unknown>
[INFO] [stdout] 
[INFO] [stdout] ---- read_line_with_initial_seeds_buffer_and_cursor stdout ----
[INFO] [stdout] 
[INFO] [stdout] thread 'read_line_with_initial_seeds_buffer_and_cursor' (740) panicked at tests/pty.rs:64:10:
[INFO] [stdout] spawn demo (is it built? cargo test builds examples): Os { code: 2, kind: NotFound, message: "No such file or directory" }
[INFO] [stdout] stack backtrace:
[INFO] [stdout]    0:     0x62f40e1b10e1 - <<std[617be2ca0a6fd877]::sys::backtrace::BacktraceLock>::print::DisplayBacktrace as core[a373ad73a504971]::fmt::Display>::fmt
[INFO] [stdout]    1:     0x62f40e1c54ba - core[a373ad73a504971]::fmt::write
[INFO] [stdout]    2:     0x62f40e1b574c - <alloc[2e1b2a31b91974c5]::vec::Vec<u8> as core[a373ad73a504971]::io::write::Write>::write_fmt
[INFO] [stdout]    3:     0x62f40e18ba76 - std[617be2ca0a6fd877]::panicking::default_hook::{closure#0}
[INFO] [stdout]    4:     0x62f40e1a8d19 - std[617be2ca0a6fd877]::panicking::default_hook
[INFO] [stdout]    5:     0x62f40e144160 - test[aada8e7e76ba119b]::test_main_inner::{closure#0}
[INFO] [stdout]    6:     0x62f40e1a8ed2 - std[617be2ca0a6fd877]::panicking::panic_with_hook
[INFO] [stdout]    7:     0x62f40e18bb22 - std[617be2ca0a6fd877]::panicking::panic_handler::{closure#0}
[INFO] [stdout]    8:     0x62f40e184719 - std[617be2ca0a6fd877]::sys::backtrace::__rust_end_short_backtrace::<std[617be2ca0a6fd877]::panicking::panic_handler::{closure#0}, !>
[INFO] [stdout]    9:     0x62f40e18c72d - __rustc[ea4f61d10b84890b]::rust_begin_unwind
[INFO] [stdout]   10:     0x62f40e1c5bec - core[a373ad73a504971]::panicking::panic_fmt
[INFO] [stdout]   11:     0x62f40e1c59c2 - core[a373ad73a504971]::result::unwrap_failed
[INFO] [stdout]   12:     0x62f40e12a9dc - pty[b6c520abf75396c]::spawn_example_ext
[INFO] [stdout]   13:     0x62f40e131571 - <pty[b6c520abf75396c]::read_line_with_initial_seeds_buffer_and_cursor::{closure#0} as core[a373ad73a504971]::ops::function::FnOnce<()>>::call_once
[INFO] [stdout]   14:     0x62f40e1375ab - test[aada8e7e76ba119b]::__rust_begin_short_backtrace::<core[a373ad73a504971]::result::Result<(), alloc[2e1b2a31b91974c5]::string::String>, fn() -> core[a373ad73a504971]::result::Result<(), alloc[2e1b2a31b91974c5]::string::String>>
[INFO] [stdout]   15:     0x62f40e144785 - test[aada8e7e76ba119b]::run_test::{closure#0}
[INFO] [stdout]   16:     0x62f40e13e074 - std[617be2ca0a6fd877]::sys::backtrace::__rust_begin_short_backtrace::<test[aada8e7e76ba119b]::run_test::{closure#1}, ()>
[INFO] [stdout]   17:     0x62f40e147812 - <std[617be2ca0a6fd877]::thread::lifecycle::spawn_unchecked<test[aada8e7e76ba119b]::run_test::{closure#1}, ()>::{closure#1} as core[a373ad73a504971]::ops::function::FnOnce<()>>::call_once::{shim:vtable#0}
[INFO] [stdout]   18:     0x62f40e1b075f - <std[617be2ca0a6fd877]::sys::thread::unix::Thread>::new::thread_start
[INFO] [stdout]   19:     0x740c70587dfa - <unknown>
[INFO] [stdout]   20:     0x740c7061b3d4 - clone
[INFO] [stdout]   21:                0x0 - <unknown>
[INFO] [stdout] 
[INFO] [stdout] ---- rprompt_paints_and_hides_when_the_line_grows_into_it stdout ----
[INFO] [stdout] 
[INFO] [stdout] thread 'rprompt_paints_and_hides_when_the_line_grows_into_it' (755) panicked at tests/pty.rs:64:10:
[INFO] [stdout] spawn demo (is it built? cargo test builds examples): Os { code: 2, kind: NotFound, message: "No such file or directory" }
[INFO] [stdout] stack backtrace:
[INFO] [stdout]    0:     0x62f40e1b10e1 - <<std[617be2ca0a6fd877]::sys::backtrace::BacktraceLock>::print::DisplayBacktrace as core[a373ad73a504971]::fmt::Display>::fmt
[INFO] [stdout]    1:     0x62f40e1c54ba - core[a373ad73a504971]::fmt::write
[INFO] [stdout]    2:     0x62f40e1b574c - <alloc[2e1b2a31b91974c5]::vec::Vec<u8> as core[a373ad73a504971]::io::write::Write>::write_fmt
[INFO] [stdout]    3:     0x62f40e18ba76 - std[617be2ca0a6fd877]::panicking::default_hook::{closure#0}
[INFO] [stdout]    4:     0x62f40e1a8d19 - std[617be2ca0a6fd877]::panicking::default_hook
[INFO] [stdout]    5:     0x62f40e144160 - test[aada8e7e76ba119b]::test_main_inner::{closure#0}
[INFO] [stdout]    6:     0x62f40e1a8ed2 - std[617be2ca0a6fd877]::panicking::panic_with_hook
[INFO] [stdout]    7:     0x62f40e18bb22 - std[617be2ca0a6fd877]::panicking::panic_handler::{closure#0}
[INFO] [stdout]    8:     0x62f40e184719 - std[617be2ca0a6fd877]::sys::backtrace::__rust_end_short_backtrace::<std[617be2ca0a6fd877]::panicking::panic_handler::{closure#0}, !>
[INFO] [stdout]    9:     0x62f40e18c72d - __rustc[ea4f61d10b84890b]::rust_begin_unwind
[INFO] [stdout]   10:     0x62f40e1c5bec - core[a373ad73a504971]::panicking::panic_fmt
[INFO] [stdout]   11:     0x62f40e1c59c2 - core[a373ad73a504971]::result::unwrap_failed
[INFO] [stdout]   12:     0x62f40e12a9dc - pty[b6c520abf75396c]::spawn_example_ext
[INFO] [stdout]   13:     0x62f40e133481 - <pty[b6c520abf75396c]::rprompt_paints_and_hides_when_the_line_grows_into_it::{closure#0} as core[a373ad73a504971]::ops::function::FnOnce<()>>::call_once
[INFO] [stdout]   14:     0x62f40e1375ab - test[aada8e7e76ba119b]::__rust_begin_short_backtrace::<core[a373ad73a504971]::result::Result<(), alloc[2e1b2a31b91974c5]::string::String>, fn() -> core[a373ad73a504971]::result::Result<(), alloc[2e1b2a31b91974c5]::string::String>>
[INFO] [stdout]   15:     0x62f40e144785 - test[aada8e7e76ba119b]::run_test::{closure#0}
[INFO] [stdout]   16:     0x62f40e13e074 - std[617be2ca0a6fd877]::sys::backtrace::__rust_begin_short_backtrace::<test[aada8e7e76ba119b]::run_test::{closure#1}, ()>
[INFO] [stdout]   17:     0x62f40e147812 - <std[617be2ca0a6fd877]::thread::lifecycle::spawn_unchecked<test[aada8e7e76ba119b]::run_test::{closure#1}, ()>::{closure#1} as core[a373ad73a504971]::ops::function::FnOnce<()>>::call_once::{shim:vtable#0}
[INFO] [stdout]   18:     0x62f40e1b075f - <std[617be2ca0a6fd877]::sys::thread::unix::Thread>::new::thread_start
[INFO] [stdout]   19:     0x740c70587dfa - <unknown>
[INFO] [stdout]   20:     0x740c7061b3d4 - clone
[INFO] [stdout]   21:                0x0 - <unknown>
[INFO] [stdout] 
[INFO] [stdout] ---- very_large_flood_completes_and_is_not_lost stdout ----
[INFO] [stdout] 
[INFO] [stdout] thread 'very_large_flood_completes_and_is_not_lost' (766) panicked at tests/pty.rs:64:10:
[INFO] [stdout] spawn demo (is it built? cargo test builds examples): Os { code: 2, kind: NotFound, message: "No such file or directory" }
[INFO] [stdout] stack backtrace:
[INFO] [stdout]    0:     0x62f40e1b10e1 - <<std[617be2ca0a6fd877]::sys::backtrace::BacktraceLock>::print::DisplayBacktrace as core[a373ad73a504971]::fmt::Display>::fmt
[INFO] [stdout]    1:     0x62f40e1c54ba - core[a373ad73a504971]::fmt::write
[INFO] [stdout]    2:     0x62f40e1b574c - <alloc[2e1b2a31b91974c5]::vec::Vec<u8> as core[a373ad73a504971]::io::write::Write>::write_fmt
[INFO] [stdout]    3:     0x62f40e18ba76 - std[617be2ca0a6fd877]::panicking::default_hook::{closure#0}
[INFO] [stdout]    4:     0x62f40e1a8d19 - std[617be2ca0a6fd877]::panicking::default_hook
[INFO] [stdout]    5:     0x62f40e144160 - test[aada8e7e76ba119b]::test_main_inner::{closure#0}
[INFO] [stdout]    6:     0x62f40e1a8ed2 - std[617be2ca0a6fd877]::panicking::panic_with_hook
[INFO] [stdout]    7:     0x62f40e18bb22 - std[617be2ca0a6fd877]::panicking::panic_handler::{closure#0}
[INFO] [stdout]    8:     0x62f40e184719 - std[617be2ca0a6fd877]::sys::backtrace::__rust_end_short_backtrace::<std[617be2ca0a6fd877]::panicking::panic_handler::{closure#0}, !>
[INFO] [stdout]    9:     0x62f40e18c72d - __rustc[ea4f61d10b84890b]::rust_begin_unwind
[INFO] [stdout]   10:     0x62f40e1c5bec - core[a373ad73a504971]::panicking::panic_fmt
[INFO] [stdout]   11:     0x62f40e1c59c2 - core[a373ad73a504971]::result::unwrap_failed
[INFO] [stdout]   12:     0x62f40e12a9dc - pty[b6c520abf75396c]::spawn_example_ext
[INFO] [stdout]   13:     0x62f40e129c07 - pty[b6c520abf75396c]::run_session_in
[INFO] [stdout]   14:     0x62f40e1303ea - <pty[b6c520abf75396c]::very_large_flood_completes_and_is_not_lost::{closure#0} as core[a373ad73a504971]::ops::function::FnOnce<()>>::call_once
[INFO] [stdout]   15:     0x62f40e1375ab - test[aada8e7e76ba119b]::__rust_begin_short_backtrace::<core[a373ad73a504971]::result::Result<(), alloc[2e1b2a31b91974c5]::string::String>, fn() -> core[a373ad73a504971]::result::Result<(), alloc[2e1b2a31b91974c5]::string::String>>
[INFO] [stdout]   16:     0x62f40e144785 - test[aada8e7e76ba119b]::run_test::{closure#0}
[INFO] [stdout]   17:     0x62f40e13e074 - std[617be2ca0a6fd877]::sys::backtrace::__rust_begin_short_backtrace::<test[aada8e7e76ba119b]::run_test::{closure#1}, ()>
[INFO] [stdout]   18:     0x62f40e147812 - <std[617be2ca0a6fd877]::thread::lifecycle::spawn_unchecked<test[aada8e7e76ba119b]::run_test::{closure#1}, ()>::{closure#1} as core[a373ad73a504971]::ops::function::FnOnce<()>>::call_once::{shim:vtable#0}
[INFO] [stdout]   19:     0x62f40e1b075f - <std[617be2ca0a6fd877]::sys::thread::unix::Thread>::new::thread_start
[INFO] [stdout]   20:     0x740c70587dfa - <unknown>
[INFO] [stdout]   21:     0x740c7061b3d4 - clone
[INFO] [stdout]   22:                0x0 - <unknown>
[INFO] [stdout] 
[INFO] [stdout] ---- read_line_timeout_expires_at_the_prompt stdout ----
[INFO] [stdout] 
[INFO] [stdout] thread 'read_line_timeout_expires_at_the_prompt' (739) panicked at tests/pty.rs:64:10:
[INFO] [stdout] spawn demo (is it built? cargo test builds examples): Os { code: 2, kind: NotFound, message: "No such file or directory" }
[INFO] [stdout] stack backtrace:
[INFO] [stdout]    0:     0x62f40e1b10e1 - <<std[617be2ca0a6fd877]::sys::backtrace::BacktraceLock>::print::DisplayBacktrace as core[a373ad73a504971]::fmt::Display>::fmt
[INFO] [stdout]    1:     0x62f40e1c54ba - core[a373ad73a504971]::fmt::write
[INFO] [stdout]    2:     0x62f40e1b574c - <alloc[2e1b2a31b91974c5]::vec::Vec<u8> as core[a373ad73a504971]::io::write::Write>::write_fmt
[INFO] [stdout]    3:     0x62f40e18ba76 - std[617be2ca0a6fd877]::panicking::default_hook::{closure#0}
[INFO] [stdout]    4:     0x62f40e1a8d19 - std[617be2ca0a6fd877]::panicking::default_hook
[INFO] [stdout]    5:     0x62f40e144160 - test[aada8e7e76ba119b]::test_main_inner::{closure#0}
[INFO] [stdout]    6:     0x62f40e1a8ed2 - std[617be2ca0a6fd877]::panicking::panic_with_hook
[INFO] [stdout]    7:     0x62f40e18bb22 - std[617be2ca0a6fd877]::panicking::panic_handler::{closure#0}
[INFO] [stdout]    8:     0x62f40e184719 - std[617be2ca0a6fd877]::sys::backtrace::__rust_end_short_backtrace::<std[617be2ca0a6fd877]::panicking::panic_handler::{closure#0}, !>
[INFO] [stdout]    9:     0x62f40e18c72d - __rustc[ea4f61d10b84890b]::rust_begin_unwind
[INFO] [stdout]   10:     0x62f40e1c5bec - core[a373ad73a504971]::panicking::panic_fmt
[INFO] [stdout]   11:     0x62f40e1c59c2 - core[a373ad73a504971]::result::unwrap_failed
[INFO] [stdout]   12:     0x62f40e12a9dc - pty[b6c520abf75396c]::spawn_example_ext
[INFO] [stdout]   13:     0x62f40e12e770 - <pty[b6c520abf75396c]::read_line_timeout_expires_at_the_prompt::{closure#0} as core[a373ad73a504971]::ops::function::FnOnce<()>>::call_once
[INFO] [stdout]   14:     0x62f40e1375ab - test[aada8e7e76ba119b]::__rust_begin_short_backtrace::<core[a373ad73a504971]::result::Result<(), alloc[2e1b2a31b91974c5]::string::String>, fn() -> core[a373ad73a504971]::result::Result<(), alloc[2e1b2a31b91974c5]::string::String>>
[INFO] [stdout]   15:     0x62f40e144785 - test[aada8e7e76ba119b]::run_test::{closure#0}
[INFO] [stdout]   16:     0x62f40e13e074 - std[617be2ca0a6fd877]::sys::backtrace::__rust_begin_short_backtrace::<test[aada8e7e76ba119b]::run_test::{closure#1}, ()>
[INFO] [stdout]   17:     0x62f40e147812 - <std[617be2ca0a6fd877]::thread::lifecycle::spawn_unchecked<test[aada8e7e76ba119b]::run_test::{closure#1}, ()>::{closure#1} as core[a373ad73a504971]::ops::function::FnOnce<()>>::call_once::{shim:vtable#0}
[INFO] [stdout]   18:     0x62f40e1b075f - <std[617be2ca0a6fd877]::sys::thread::unix::Thread>::new::thread_start
[INFO] [stdout]   19:     0x740c70587dfa - <unknown>
[INFO] [stdout]   20:     0x740c7061b3d4 - clone
[INFO] [stdout]   21:                0x0 - <unknown>
[INFO] [stdout] 
[INFO] [stdout] ---- vi_count_replace stdout ----
[INFO] [stdout] 
[INFO] [stdout] thread 'vi_count_replace' (767) panicked at tests/pty.rs:64:10:
[INFO] [stdout] spawn demo (is it built? cargo test builds examples): Os { code: 2, kind: NotFound, message: "No such file or directory" }
[INFO] [stdout] stack backtrace:
[INFO] [stdout]    0:     0x62f40e1b10e1 - <<std[617be2ca0a6fd877]::sys::backtrace::BacktraceLock>::print::DisplayBacktrace as core[a373ad73a504971]::fmt::Display>::fmt
[INFO] [stdout]    1:     0x62f40e1c54ba - core[a373ad73a504971]::fmt::write
[INFO] [stdout]    2:     0x62f40e1b574c - <alloc[2e1b2a31b91974c5]::vec::Vec<u8> as core[a373ad73a504971]::io::write::Write>::write_fmt
[INFO] [stdout]    3:     0x62f40e18ba76 - std[617be2ca0a6fd877]::panicking::default_hook::{closure#0}
[INFO] [stdout]    4:     0x62f40e1a8d19 - std[617be2ca0a6fd877]::panicking::default_hook
[INFO] [stdout]    5:     0x62f40e144160 - test[aada8e7e76ba119b]::test_main_inner::{closure#0}
[INFO] [stdout]    6:     0x62f40e1a8ed2 - std[617be2ca0a6fd877]::panicking::panic_with_hook
[INFO] [stdout]    7:     0x62f40e18bb22 - std[617be2ca0a6fd877]::panicking::panic_handler::{closure#0}
[INFO] [stdout]    8:     0x62f40e184719 - std[617be2ca0a6fd877]::sys::backtrace::__rust_end_short_backtrace::<std[617be2ca0a6fd877]::panicking::panic_handler::{closure#0}, !>
[INFO] [stdout]    9:     0x62f40e18c72d - __rustc[ea4f61d10b84890b]::rust_begin_unwind
[INFO] [stdout]   10:     0x62f40e1c5bec - core[a373ad73a504971]::panicking::panic_fmt
[INFO] [stdout]   11:     0x62f40e1c59c2 - core[a373ad73a504971]::result::unwrap_failed
[INFO] [stdout]   12:     0x62f40e12a9dc - pty[b6c520abf75396c]::spawn_example_ext
[INFO] [stdout]   13:     0x62f40e129c07 - pty[b6c520abf75396c]::run_session_in
[INFO] [stdout]   14:     0x62f40e12b945 - <pty[b6c520abf75396c]::vi_count_replace::{closure#0} as core[a373ad73a504971]::ops::function::FnOnce<()>>::call_once
[INFO] [stdout]   15:     0x62f40e1375ab - test[aada8e7e76ba119b]::__rust_begin_short_backtrace::<core[a373ad73a504971]::result::Result<(), alloc[2e1b2a31b91974c5]::string::String>, fn() -> core[a373ad73a504971]::result::Result<(), alloc[2e1b2a31b91974c5]::string::String>>
[INFO] [stdout]   16:     0x62f40e144785 - test[aada8e7e76ba119b]::run_test::{closure#0}
[INFO] [stdout]   17:     0x62f40e13e074 - std[617be2ca0a6fd877]::sys::backtrace::__rust_begin_short_backtrace::<test[aada8e7e76ba119b]::run_test::{closure#1}, ()>
[INFO] [stdout]   18:     0x62f40e147812 - <std[617be2ca0a6fd877]::thread::lifecycle::spawn_unchecked<test[aada8e7e76ba119b]::run_test::{closure#1}, ()>::{closure#1} as core[a373ad73a504971]::ops::function::FnOnce<()>>::call_once::{shim:vtable#0}
[INFO] [stdout]   19:     0x62f40e1b075f - <std[617be2ca0a6fd877]::sys::thread::unix::Thread>::new::thread_start
[INFO] [stdout]   20:     0x740c70587dfa - <unknown>
[INFO] [stdout]   21:     0x740c7061b3d4 - clone
[INFO] [stdout]   22:                0x0 - <unknown>
[INFO] [stdout] 
[INFO] [stdout] ---- terminal_size_reports_the_pty_dimensions stdout ----
[INFO] [stdout] 
[INFO] [stdout] thread 'terminal_size_reports_the_pty_dimensions' (763) panicked at tests/pty.rs:64:10:
[INFO] [stdout] spawn demo (is it built? cargo test builds examples): Os { code: 2, kind: NotFound, message: "No such file or directory" }
[INFO] [stdout] stack backtrace:
[INFO] [stdout]    0:     0x62f40e1b10e1 - <<std[617be2ca0a6fd877]::sys::backtrace::BacktraceLock>::print::DisplayBacktrace as core[a373ad73a504971]::fmt::Display>::fmt
[INFO] [stdout]    1:     0x62f40e1c54ba - core[a373ad73a504971]::fmt::write
[INFO] [stdout]    2:     0x62f40e1b574c - <alloc[2e1b2a31b91974c5]::vec::Vec<u8> as core[a373ad73a504971]::io::write::Write>::write_fmt
[INFO] [stdout]    3:     0x62f40e18ba76 - std[617be2ca0a6fd877]::panicking::default_hook::{closure#0}
[INFO] [stdout]    4:     0x62f40e1a8d19 - std[617be2ca0a6fd877]::panicking::default_hook
[INFO] [stdout]    5:     0x62f40e144160 - test[aada8e7e76ba119b]::test_main_inner::{closure#0}
[INFO] [stdout]    6:     0x62f40e1a8ed2 - std[617be2ca0a6fd877]::panicking::panic_with_hook
[INFO] [stdout]    7:     0x62f40e18bb22 - std[617be2ca0a6fd877]::panicking::panic_handler::{closure#0}
[INFO] [stdout]    8:     0x62f40e184719 - std[617be2ca0a6fd877]::sys::backtrace::__rust_end_short_backtrace::<std[617be2ca0a6fd877]::panicking::panic_handler::{closure#0}, !>
[INFO] [stdout]    9:     0x62f40e18c72d - __rustc[ea4f61d10b84890b]::rust_begin_unwind
[INFO] [stdout]   10:     0x62f40e1c5bec - core[a373ad73a504971]::panicking::panic_fmt
[INFO] [stdout]   11:     0x62f40e1c59c2 - core[a373ad73a504971]::result::unwrap_failed
[INFO] [stdout]   12:     0x62f40e12a9dc - pty[b6c520abf75396c]::spawn_example_ext
[INFO] [stdout]   13:     0x62f40e12f849 - <pty[b6c520abf75396c]::terminal_size_reports_the_pty_dimensions::{closure#0} as core[a373ad73a504971]::ops::function::FnOnce<()>>::call_once
[INFO] [stdout]   14:     0x62f40e1375ab - test[aada8e7e76ba119b]::__rust_begin_short_backtrace::<core[a373ad73a504971]::result::Result<(), alloc[2e1b2a31b91974c5]::string::String>, fn() -> core[a373ad73a504971]::result::Result<(), alloc[2e1b2a31b91974c5]::string::String>>
[INFO] [stdout]   15:     0x62f40e144785 - test[aada8e7e76ba119b]::run_test::{closure#0}
[INFO] [stdout]   16:     0x62f40e13e074 - std[617be2ca0a6fd877]::sys::backtrace::__rust_begin_short_backtrace::<test[aada8e7e76ba119b]::run_test::{closure#1}, ()>
[INFO] [stdout]   17:     0x62f40e147812 - <std[617be2ca0a6fd877]::thread::lifecycle::spawn_unchecked<test[aada8e7e76ba119b]::run_test::{closure#1}, ()>::{closure#1} as core[a373ad73a504971]::ops::function::FnOnce<()>>::call_once::{shim:vtable#0}
[INFO] [stdout]   18:     0x62f40e1b075f - <std[617be2ca0a6fd877]::sys::thread::unix::Thread>::new::thread_start
[INFO] [stdout]   19:     0x740c70587dfa - <unknown>
[INFO] [stdout]   20:     0x740c7061b3d4 - clone
[INFO] [stdout]   21:                0x0 - <unknown>
[INFO] [stdout] 
[INFO] [stdout] ---- tab_menu_cycles_candidates stdout ----
[INFO] [stdout] 
[INFO] [stdout] thread 'tab_menu_cycles_candidates' (760) panicked at tests/pty.rs:64:10:
[INFO] [stdout] spawn demo (is it built? cargo test builds examples): Os { code: 2, kind: NotFound, message: "No such file or directory" }
[INFO] [stdout] stack backtrace:
[INFO] [stdout]    0:     0x62f40e1b10e1 - <<std[617be2ca0a6fd877]::sys::backtrace::BacktraceLock>::print::DisplayBacktrace as core[a373ad73a504971]::fmt::Display>::fmt
[INFO] [stdout]    1:     0x62f40e1c54ba - core[a373ad73a504971]::fmt::write
[INFO] [stdout]    2:     0x62f40e1b574c - <alloc[2e1b2a31b91974c5]::vec::Vec<u8> as core[a373ad73a504971]::io::write::Write>::write_fmt
[INFO] [stdout]    3:     0x62f40e18ba76 - std[617be2ca0a6fd877]::panicking::default_hook::{closure#0}
[INFO] [stdout]    4:     0x62f40e1a8d19 - std[617be2ca0a6fd877]::panicking::default_hook
[INFO] [stdout]    5:     0x62f40e144160 - test[aada8e7e76ba119b]::test_main_inner::{closure#0}
[INFO] [stdout]    6:     0x62f40e1a8ed2 - std[617be2ca0a6fd877]::panicking::panic_with_hook
[INFO] [stdout]    7:     0x62f40e18bb22 - std[617be2ca0a6fd877]::panicking::panic_handler::{closure#0}
[INFO] [stdout]    8:     0x62f40e184719 - std[617be2ca0a6fd877]::sys::backtrace::__rust_end_short_backtrace::<std[617be2ca0a6fd877]::panicking::panic_handler::{closure#0}, !>
[INFO] [stdout]    9:     0x62f40e18c72d - __rustc[ea4f61d10b84890b]::rust_begin_unwind
[INFO] [stdout]   10:     0x62f40e1c5bec - core[a373ad73a504971]::panicking::panic_fmt
[INFO] [stdout]   11:     0x62f40e1c59c2 - core[a373ad73a504971]::result::unwrap_failed
[INFO] [stdout]   12:     0x62f40e12a9dc - pty[b6c520abf75396c]::spawn_example_ext
[INFO] [stdout]   13:     0x62f40e129c07 - pty[b6c520abf75396c]::run_session_in
[INFO] [stdout]   14:     0x62f40e12c016 - <pty[b6c520abf75396c]::tab_menu_cycles_candidates::{closure#0} as core[a373ad73a504971]::ops::function::FnOnce<()>>::call_once
[INFO] [stdout]   15:     0x62f40e1375ab - test[aada8e7e76ba119b]::__rust_begin_short_backtrace::<core[a373ad73a504971]::result::Result<(), alloc[2e1b2a31b91974c5]::string::String>, fn() -> core[a373ad73a504971]::result::Result<(), alloc[2e1b2a31b91974c5]::string::String>>
[INFO] [stdout]   16:     0x62f40e144785 - test[aada8e7e76ba119b]::run_test::{closure#0}
[INFO] [stdout]   17:     0x62f40e13e074 - std[617be2ca0a6fd877]::sys::backtrace::__rust_begin_short_backtrace::<test[aada8e7e76ba119b]::run_test::{closure#1}, ()>
[INFO] [stdout]   18:     0x62f40e147812 - <std[617be2ca0a6fd877]::thread::lifecycle::spawn_unchecked<test[aada8e7e76ba119b]::run_test::{closure#1}, ()>::{closure#1} as core[a373ad73a504971]::ops::function::FnOnce<()>>::call_once::{shim:vtable#0}
[INFO] [stdout]   19:     0x62f40e1b075f - <std[617be2ca0a6fd877]::sys::thread::unix::Thread>::new::thread_start
[INFO] [stdout]   20:     0x740c70587dfa - <unknown>
[INFO] [stdout]   21:     0x740c7061b3d4 - clone
[INFO] [stdout]   22:                0x0 - <unknown>
[INFO] [stdout] 
[INFO] [stdout] ---- vi_daw_deletes_a_word_object stdout ----
[INFO] [stdout] 
[INFO] [stdout] thread 'vi_daw_deletes_a_word_object' (768) panicked at tests/pty.rs:64:10:
[INFO] [stdout] spawn demo (is it built? cargo test builds examples): Os { code: 2, kind: NotFound, message: "No such file or directory" }
[INFO] [stdout] stack backtrace:
[INFO] [stdout]    0:     0x62f40e1b10e1 - <<std[617be2ca0a6fd877]::sys::backtrace::BacktraceLock>::print::DisplayBacktrace as core[a373ad73a504971]::fmt::Display>::fmt
[INFO] [stdout]    1:     0x62f40e1c54ba - core[a373ad73a504971]::fmt::write
[INFO] [stdout]    2:     0x62f40e1b574c - <alloc[2e1b2a31b91974c5]::vec::Vec<u8> as core[a373ad73a504971]::io::write::Write>::write_fmt
[INFO] [stdout]    3:     0x62f40e18ba76 - std[617be2ca0a6fd877]::panicking::default_hook::{closure#0}
[INFO] [stdout]    4:     0x62f40e1a8d19 - std[617be2ca0a6fd877]::panicking::default_hook
[INFO] [stdout]    5:     0x62f40e144160 - test[aada8e7e76ba119b]::test_main_inner::{closure#0}
[INFO] [stdout]    6:     0x62f40e1a8ed2 - std[617be2ca0a6fd877]::panicking::panic_with_hook
[INFO] [stdout]    7:     0x62f40e18bb22 - std[617be2ca0a6fd877]::panicking::panic_handler::{closure#0}
[INFO] [stdout]    8:     0x62f40e184719 - std[617be2ca0a6fd877]::sys::backtrace::__rust_end_short_backtrace::<std[617be2ca0a6fd877]::panicking::panic_handler::{closure#0}, !>
[INFO] [stdout]    9:     0x62f40e18c72d - __rustc[ea4f61d10b84890b]::rust_begin_unwind
[INFO] [stdout]   10:     0x62f40e1c5bec - core[a373ad73a504971]::panicking::panic_fmt
[INFO] [stdout]   11:     0x62f40e1c59c2 - core[a373ad73a504971]::result::unwrap_failed
[INFO] [stdout]   12:     0x62f40e12a9dc - pty[b6c520abf75396c]::spawn_example_ext
[INFO] [stdout]   13:     0x62f40e129c07 - pty[b6c520abf75396c]::run_session_in
[INFO] [stdout]   14:     0x62f40e12c1d5 - <pty[b6c520abf75396c]::vi_daw_deletes_a_word_object::{closure#0} as core[a373ad73a504971]::ops::function::FnOnce<()>>::call_once
[INFO] [stdout]   15:     0x62f40e1375ab - test[aada8e7e76ba119b]::__rust_begin_short_backtrace::<core[a373ad73a504971]::result::Result<(), alloc[2e1b2a31b91974c5]::string::String>, fn() -> core[a373ad73a504971]::result::Result<(), alloc[2e1b2a31b91974c5]::string::String>>
[INFO] [stdout]   16:     0x62f40e144785 - test[aada8e7e76ba119b]::run_test::{closure#0}
[INFO] [stdout]   17:     0x62f40e13e074 - std[617be2ca0a6fd877]::sys::backtrace::__rust_begin_short_backtrace::<test[aada8e7e76ba119b]::run_test::{closure#1}, ()>
[INFO] [stdout]   18:     0x62f40e147812 - <std[617be2ca0a6fd877]::thread::lifecycle::spawn_unchecked<test[aada8e7e76ba119b]::run_test::{closure#1}, ()>::{closure#1} as core[a373ad73a504971]::ops::function::FnOnce<()>>::call_once::{shim:vtable#0}
[INFO] [stdout]   19:     0x62f40e1b075f - <std[617be2ca0a6fd877]::sys::thread::unix::Thread>::new::thread_start
[INFO] [stdout]   20:     0x740c70587dfa - <unknown>
[INFO] [stdout]   21:     0x740c7061b3d4 - clone
[INFO] [stdout]   22:                0x0 - <unknown>
[INFO] [stdout] 
[INFO] [stdout] ---- vi_normal_mode_edits_and_shows_the_mode stdout ----
[INFO] [stdout] 
[INFO] [stdout] thread 'vi_normal_mode_edits_and_shows_the_mode' (769) panicked at tests/pty.rs:64:10:
[INFO] [stdout] spawn demo (is it built? cargo test builds examples): Os { code: 2, kind: NotFound, message: "No such file or directory" }
[INFO] [stdout] stack backtrace:
[INFO] [stdout]    0:     0x62f40e1b10e1 - <<std[617be2ca0a6fd877]::sys::backtrace::BacktraceLock>::print::DisplayBacktrace as core[a373ad73a504971]::fmt::Display>::fmt
[INFO] [stdout]    1:     0x62f40e1c54ba - core[a373ad73a504971]::fmt::write
[INFO] [stdout]    2:     0x62f40e1b574c - <alloc[2e1b2a31b91974c5]::vec::Vec<u8> as core[a373ad73a504971]::io::write::Write>::write_fmt
[INFO] [stdout]    3:     0x62f40e18ba76 - std[617be2ca0a6fd877]::panicking::default_hook::{closure#0}
[INFO] [stdout]    4:     0x62f40e1a8d19 - std[617be2ca0a6fd877]::panicking::default_hook
[INFO] [stdout]    5:     0x62f40e144160 - test[aada8e7e76ba119b]::test_main_inner::{closure#0}
[INFO] [stdout]    6:     0x62f40e1a8ed2 - std[617be2ca0a6fd877]::panicking::panic_with_hook
[INFO] [stdout]    7:     0x62f40e18bb22 - std[617be2ca0a6fd877]::panicking::panic_handler::{closure#0}
[INFO] [stdout]    8:     0x62f40e184719 - std[617be2ca0a6fd877]::sys::backtrace::__rust_end_short_backtrace::<std[617be2ca0a6fd877]::panicking::panic_handler::{closure#0}, !>
[INFO] [stdout]    9:     0x62f40e18c72d - __rustc[ea4f61d10b84890b]::rust_begin_unwind
[INFO] [stdout]   10:     0x62f40e1c5bec - core[a373ad73a504971]::panicking::panic_fmt
[INFO] [stdout]   11:     0x62f40e1c59c2 - core[a373ad73a504971]::result::unwrap_failed
[INFO] [stdout]   12:     0x62f40e12a9dc - pty[b6c520abf75396c]::spawn_example_ext
[INFO] [stdout]   13:     0x62f40e129c07 - pty[b6c520abf75396c]::run_session_in
[INFO] [stdout]   14:     0x62f40e12ed06 - <pty[b6c520abf75396c]::vi_normal_mode_edits_and_shows_the_mode::{closure#0} as core[a373ad73a504971]::ops::function::FnOnce<()>>::call_once
[INFO] [stdout]   15:     0x62f40e1375ab - test[aada8e7e76ba119b]::__rust_begin_short_backtrace::<core[a373ad73a504971]::result::Result<(), alloc[2e1b2a31b91974c5]::string::String>, fn() -> core[a373ad73a504971]::result::Result<(), alloc[2e1b2a31b91974c5]::string::String>>
[INFO] [stdout]   16:     0x62f40e144785 - test[aada8e7e76ba119b]::run_test::{closure#0}
[INFO] [stdout]   17:     0x62f40e13e074 - std[617be2ca0a6fd877]::sys::backtrace::__rust_begin_short_backtrace::<test[aada8e7e76ba119b]::run_test::{closure#1}, ()>
[INFO] [stdout]   18:     0x62f40e147812 - <std[617be2ca0a6fd877]::thread::lifecycle::spawn_unchecked<test[aada8e7e76ba119b]::run_test::{closure#1}, ()>::{closure#1} as core[a373ad73a504971]::ops::function::FnOnce<()>>::call_once::{shim:vtable#0}
[INFO] [stdout]   19:     0x62f40e1b075f - <std[617be2ca0a6fd877]::sys::thread::unix::Thread>::new::thread_start
[INFO] [stdout]   20:     0x740c70587dfa - <unknown>
[INFO] [stdout]   21:     0x740c7061b3d4 - clone
[INFO] [stdout]   22:                0x0 - <unknown>
[INFO] [stdout] 
[INFO] [stdout] ---- with_echo_disabled_clears_and_restores_echo_including_after_a_panic stdout ----
[INFO] [stdout] 
[INFO] [stdout] thread 'with_echo_disabled_clears_and_restores_echo_including_after_a_panic' (771) panicked at tests/pty.rs:64:10:
[INFO] [stdout] spawn demo (is it built? cargo test builds examples): Os { code: 2, kind: NotFound, message: "No such file or directory" }
[INFO] [stdout] stack backtrace:
[INFO] [stdout]    0:     0x62f40e1b10e1 - <<std[617be2ca0a6fd877]::sys::backtrace::BacktraceLock>::print::DisplayBacktrace as core[a373ad73a504971]::fmt::Display>::fmt
[INFO] [stdout]    1:     0x62f40e1c54ba - core[a373ad73a504971]::fmt::write
[INFO] [stdout]    2:     0x62f40e1b574c - <alloc[2e1b2a31b91974c5]::vec::Vec<u8> as core[a373ad73a504971]::io::write::Write>::write_fmt
[INFO] [stdout]    3:     0x62f40e18ba76 - std[617be2ca0a6fd877]::panicking::default_hook::{closure#0}
[INFO] [stdout]    4:     0x62f40e1a8d19 - std[617be2ca0a6fd877]::panicking::default_hook
[INFO] [stdout]    5:     0x62f40e144160 - test[aada8e7e76ba119b]::test_main_inner::{closure#0}
[INFO] [stdout]    6:     0x62f40e1a8ed2 - std[617be2ca0a6fd877]::panicking::panic_with_hook
[INFO] [stdout]    7:     0x62f40e18bb22 - std[617be2ca0a6fd877]::panicking::panic_handler::{closure#0}
[INFO] [stdout]    8:     0x62f40e184719 - std[617be2ca0a6fd877]::sys::backtrace::__rust_end_short_backtrace::<std[617be2ca0a6fd877]::panicking::panic_handler::{closure#0}, !>
[INFO] [stdout]    9:     0x62f40e18c72d - __rustc[ea4f61d10b84890b]::rust_begin_unwind
[INFO] [stdout]   10:     0x62f40e1c5bec - core[a373ad73a504971]::panicking::panic_fmt
[INFO] [stdout]   11:     0x62f40e1c59c2 - core[a373ad73a504971]::result::unwrap_failed
[INFO] [stdout]   12:     0x62f40e12a9dc - pty[b6c520abf75396c]::spawn_example_ext
[INFO] [stdout]   13:     0x62f40e134d43 - <pty[b6c520abf75396c]::with_echo_disabled_clears_and_restores_echo_including_after_a_panic::{closure#0} as core[a373ad73a504971]::ops::function::FnOnce<()>>::call_once
[INFO] [stdout]   14:     0x62f40e1375ab - test[aada8e7e76ba119b]::__rust_begin_short_backtrace::<core[a373ad73a504971]::result::Result<(), alloc[2e1b2a31b91974c5]::string::String>, fn() -> core[a373ad73a504971]::result::Result<(), alloc[2e1b2a31b91974c5]::string::String>>
[INFO] [stdout]   15:     0x62f40e144785 - test[aada8e7e76ba119b]::run_test::{closure#0}
[INFO] [stdout]   16:     0x62f40e13e074 - std[617be2ca0a6fd877]::sys::backtrace::__rust_begin_short_backtrace::<test[aada8e7e76ba119b]::run_test::{closure#1}, ()>
[INFO] [stdout]   17:     0x62f40e147812 - <std[617be2ca0a6fd877]::thread::lifecycle::spawn_unchecked<test[aada8e7e76ba119b]::run_test::{closure#1}, ()>::{closure#1} as core[a373ad73a504971]::ops::function::FnOnce<()>>::call_once::{shim:vtable#0}
[INFO] [stdout]   18:     0x62f40e1b075f - <std[617be2ca0a6fd877]::sys::thread::unix::Thread>::new::thread_start
[INFO] [stdout]   19:     0x740c70587dfa - <unknown>
[INFO] [stdout]   20:     0x740c7061b3d4 - clone
[INFO] [stdout]   21:                0x0 - <unknown>
[INFO] [stdout] 
[INFO] [stdout] ---- wide_char_editing_keeps_cursor_math stdout ----
[INFO] [stdout] 
[INFO] [stdout] thread 'wide_char_editing_keeps_cursor_math' (770) panicked at tests/pty.rs:64:10:
[INFO] [stdout] spawn demo (is it built? cargo test builds examples): Os { code: 2, kind: NotFound, message: "No such file or directory" }
[INFO] [stdout] stack backtrace:
[INFO] [stdout]    0:     0x62f40e1b10e1 - <<std[617be2ca0a6fd877]::sys::backtrace::BacktraceLock>::print::DisplayBacktrace as core[a373ad73a504971]::fmt::Display>::fmt
[INFO] [stdout]    1:     0x62f40e1c54ba - core[a373ad73a504971]::fmt::write
[INFO] [stdout]    2:     0x62f40e1b574c - <alloc[2e1b2a31b91974c5]::vec::Vec<u8> as core[a373ad73a504971]::io::write::Write>::write_fmt
[INFO] [stdout]    3:     0x62f40e18ba76 - std[617be2ca0a6fd877]::panicking::default_hook::{closure#0}
[INFO] [stdout]    4:     0x62f40e1a8d19 - std[617be2ca0a6fd877]::panicking::default_hook
[INFO] [stdout]    5:     0x62f40e144160 - test[aada8e7e76ba119b]::test_main_inner::{closure#0}
[INFO] [stdout]    6:     0x62f40e1a8ed2 - std[617be2ca0a6fd877]::panicking::panic_with_hook
[INFO] [stdout]    7:     0x62f40e18bb22 - std[617be2ca0a6fd877]::panicking::panic_handler::{closure#0}
[INFO] [stdout]    8:     0x62f40e184719 - std[617be2ca0a6fd877]::sys::backtrace::__rust_end_short_backtrace::<std[617be2ca0a6fd877]::panicking::panic_handler::{closure#0}, !>
[INFO] [stdout]    9:     0x62f40e18c72d - __rustc[ea4f61d10b84890b]::rust_begin_unwind
[INFO] [stdout]   10:     0x62f40e1c5bec - core[a373ad73a504971]::panicking::panic_fmt
[INFO] [stdout]   11:     0x62f40e1c59c2 - core[a373ad73a504971]::result::unwrap_failed
[INFO] [stdout]   12:     0x62f40e12a9dc - pty[b6c520abf75396c]::spawn_example_ext
[INFO] [stdout]   13:     0x62f40e129c07 - pty[b6c520abf75396c]::run_session_in
[INFO] [stdout]   14:     0x62f40e12d318 - <pty[b6c520abf75396c]::wide_char_editing_keeps_cursor_math::{closure#0} as core[a373ad73a504971]::ops::function::FnOnce<()>>::call_once
[INFO] [stdout]   15:     0x62f40e1375ab - test[aada8e7e76ba119b]::__rust_begin_short_backtrace::<core[a373ad73a504971]::result::Result<(), alloc[2e1b2a31b91974c5]::string::String>, fn() -> core[a373ad73a504971]::result::Result<(), alloc[2e1b2a31b91974c5]::string::String>>
[INFO] [stdout]   16:     0x62f40e144785 - test[aada8e7e76ba119b]::run_test::{closure#0}
[INFO] [stdout]   17:     0x62f40e13e074 - std[617be2ca0a6fd877]::sys::backtrace::__rust_begin_short_backtrace::<test[aada8e7e76ba119b]::run_test::{closure#1}, ()>
[INFO] [stdout]   18:     0x62f40e147812 - <std[617be2ca0a6fd877]::thread::lifecycle::spawn_unchecked<test[aada8e7e76ba119b]::run_test::{closure#1}, ()>::{closure#1} as core[a373ad73a504971]::ops::function::FnOnce<()>>::call_once::{shim:vtable#0}
[INFO] [stdout]   19:     0x62f40e1b075f - <std[617be2ca0a6fd877]::sys::thread::unix::Thread>::new::thread_start
[INFO] [stdout]   20:     0x740c70587dfa - <unknown>
[INFO] [stdout]   21:     0x740c7061b3d4 - clone
[INFO] [stdout]   22:                0x0 - <unknown>
[INFO] [stdout] 
[INFO] [stdout] ---- up_arrow_recalls_history stdout ----
[INFO] [stdout] 
[INFO] [stdout] thread 'up_arrow_recalls_history' (765) panicked at tests/pty.rs:64:10:
[INFO] [stdout] spawn demo (is it built? cargo test builds examples): Os { code: 2, kind: NotFound, message: "No such file or directory" }
[INFO] [stdout] stack backtrace:
[INFO] [stdout]    0:     0x62f40e1b10e1 - <<std[617be2ca0a6fd877]::sys::backtrace::BacktraceLock>::print::DisplayBacktrace as core[a373ad73a504971]::fmt::Display>::fmt
[INFO] [stdout]    1:     0x62f40e1c54ba - core[a373ad73a504971]::fmt::write
[INFO] [stdout]    2:     0x62f40e1b574c - <alloc[2e1b2a31b91974c5]::vec::Vec<u8> as core[a373ad73a504971]::io::write::Write>::write_fmt
[INFO] [stdout]    3:     0x62f40e18ba76 - std[617be2ca0a6fd877]::panicking::default_hook::{closure#0}
[INFO] [stdout]    4:     0x62f40e1a8d19 - std[617be2ca0a6fd877]::panicking::default_hook
[INFO] [stdout]    5:     0x62f40e144160 - test[aada8e7e76ba119b]::test_main_inner::{closure#0}
[INFO] [stdout]    6:     0x62f40e1a8ed2 - std[617be2ca0a6fd877]::panicking::panic_with_hook
[INFO] [stdout]    7:     0x62f40e18bb22 - std[617be2ca0a6fd877]::panicking::panic_handler::{closure#0}
[INFO] [stdout]    8:     0x62f40e184719 - std[617be2ca0a6fd877]::sys::backtrace::__rust_end_short_backtrace::<std[617be2ca0a6fd877]::panicking::panic_handler::{closure#0}, !>
[INFO] [stdout]    9:     0x62f40e18c72d - __rustc[ea4f61d10b84890b]::rust_begin_unwind
[INFO] [stdout]   10:     0x62f40e1c5bec - core[a373ad73a504971]::panicking::panic_fmt
[INFO] [stdout]   11:     0x62f40e1c59c2 - core[a373ad73a504971]::result::unwrap_failed
[INFO] [stdout]   12:     0x62f40e12a9dc - pty[b6c520abf75396c]::spawn_example_ext
[INFO] [stdout]   13:     0x62f40e129c07 - pty[b6c520abf75396c]::run_session_in
[INFO] [stdout]   14:     0x62f40e12bc49 - <pty[b6c520abf75396c]::up_arrow_recalls_history::{closure#0} as core[a373ad73a504971]::ops::function::FnOnce<()>>::call_once
[INFO] [stdout]   15:     0x62f40e1375ab - test[aada8e7e76ba119b]::__rust_begin_short_backtrace::<core[a373ad73a504971]::result::Result<(), alloc[2e1b2a31b91974c5]::string::String>, fn() -> core[a373ad73a504971]::result::Result<(), alloc[2e1b2a31b91974c5]::string::String>>
[INFO] [stdout]   16:     0x62f40e144785 - test[aada8e7e76ba119b]::run_test::{closure#0}
[INFO] [stdout]   17:     0x62f40e13e074 - std[617be2ca0a6fd877]::sys::backtrace::__rust_begin_short_backtrace::<test[aada8e7e76ba119b]::run_test::{closure#1}, ()>
[INFO] [stdout]   18:     0x62f40e147812 - <std[617be2ca0a6fd877]::thread::lifecycle::spawn_unchecked<test[aada8e7e76ba119b]::run_test::{closure#1}, ()>::{closure#1} as core[a373ad73a504971]::ops::function::FnOnce<()>>::call_once::{shim:vtable#0}
[INFO] [stdout]   19:     0x62f40e1b075f - <std[617be2ca0a6fd877]::sys::thread::unix::Thread>::new::thread_start
[INFO] [stdout]   20:     0x740c70587dfa - <unknown>
[INFO] [stdout]   21:     0x740c7061b3d4 - clone
[INFO] [stdout]   22:                0x0 - <unknown>
[INFO] [stdout] 
[INFO] [stdout] ---- types_a_line_and_gets_it_echoed stdout ----
[INFO] [stdout] 
[INFO] [stdout] thread 'types_a_line_and_gets_it_echoed' (764) panicked at tests/pty.rs:64:10:
[INFO] [stdout] spawn demo (is it built? cargo test builds examples): Os { code: 2, kind: NotFound, message: "No such file or directory" }
[INFO] [stdout] stack backtrace:
[INFO] [stdout]    0:     0x62f40e1b10e1 - <<std[617be2ca0a6fd877]::sys::backtrace::BacktraceLock>::print::DisplayBacktrace as core[a373ad73a504971]::fmt::Display>::fmt
[INFO] [stdout]    1:     0x62f40e1c54ba - core[a373ad73a504971]::fmt::write
[INFO] [stdout]    2:     0x62f40e1b574c - <alloc[2e1b2a31b91974c5]::vec::Vec<u8> as core[a373ad73a504971]::io::write::Write>::write_fmt
[INFO] [stdout]    3:     0x62f40e18ba76 - std[617be2ca0a6fd877]::panicking::default_hook::{closure#0}
[INFO] [stdout]    4:     0x62f40e1a8d19 - std[617be2ca0a6fd877]::panicking::default_hook
[INFO] [stdout]    5:     0x62f40e144160 - test[aada8e7e76ba119b]::test_main_inner::{closure#0}
[INFO] [stdout]    6:     0x62f40e1a8ed2 - std[617be2ca0a6fd877]::panicking::panic_with_hook
[INFO] [stdout]    7:     0x62f40e18bb22 - std[617be2ca0a6fd877]::panicking::panic_handler::{closure#0}
[INFO] [stdout]    8:     0x62f40e184719 - std[617be2ca0a6fd877]::sys::backtrace::__rust_end_short_backtrace::<std[617be2ca0a6fd877]::panicking::panic_handler::{closure#0}, !>
[INFO] [stdout]    9:     0x62f40e18c72d - __rustc[ea4f61d10b84890b]::rust_begin_unwind
[INFO] [stdout]   10:     0x62f40e1c5bec - core[a373ad73a504971]::panicking::panic_fmt
[INFO] [stdout]   11:     0x62f40e1c59c2 - core[a373ad73a504971]::result::unwrap_failed
[INFO] [stdout]   12:     0x62f40e12a9dc - pty[b6c520abf75396c]::spawn_example_ext
[INFO] [stdout]   13:     0x62f40e129c07 - pty[b6c520abf75396c]::run_session_in
[INFO] [stdout]   14:     0x62f40e12cc09 - <pty[b6c520abf75396c]::types_a_line_and_gets_it_echoed::{closure#0} as core[a373ad73a504971]::ops::function::FnOnce<()>>::call_once
[INFO] [stdout]   15:     0x62f40e1375ab - test[aada8e7e76ba119b]::__rust_begin_short_backtrace::<core[a373ad73a504971]::result::Result<(), alloc[2e1b2a31b91974c5]::string::String>, fn() -> core[a373ad73a504971]::result::Result<(), alloc[2e1b2a31b91974c5]::string::String>>
[INFO] [stdout]   16:     0x62f40e144785 - test[aada8e7e76ba119b]::run_test::{closure#0}
[INFO] [stdout]   17:     0x62f40e13e074 - std[617be2ca0a6fd877]::sys::backtrace::__rust_begin_short_backtrace::<test[aada8e7e76ba119b]::run_test::{closure#1}, ()>
[INFO] [stdout]   18:     0x62f40e147812 - <std[617be2ca0a6fd877]::thread::lifecycle::spawn_unchecked<test[aada8e7e76ba119b]::run_test::{closure#1}, ()>::{closure#1} as core[a373ad73a504971]::ops::function::FnOnce<()>>::call_once::{shim:vtable#0}
[INFO] [stdout]   19:     0x62f40e1b075f - <std[617be2ca0a6fd877]::sys::thread::unix::Thread>::new::thread_start
[INFO] [stdout]   20:     0x740c70587dfa - <unknown>
[INFO] [stdout]   21:     0x740c7061b3d4 - clone
[INFO] [stdout]   22:                0x0 - <unknown>
[INFO] [stdout] 
[INFO] [stdout] 
[INFO] [stdout] failures:
[INFO] [stdout]     alt_f_accepts_one_word_of_hint
[INFO] [stdout]     bell_style_visible_flashes_reverse_video
[INFO] [stdout]     bracketed_paste_inserts_literally
[INFO] [stdout]     bracketed_paste_multiline_end_to_end
[INFO] [stdout]     burst_ending_in_host_binding_paints_correctly
[INFO] [stdout]     burst_ending_in_tab_completion_paints_correctly
[INFO] [stdout]     burst_into_search_paints_correctly
[INFO] [stdout]     candidate_columns_print_column_major_not_row_major
[INFO] [stdout]     character_search_moves_to_the_typed_char
[INFO] [stdout]     completion_query_items_declining_hides_the_list
[INFO] [stdout]     completion_query_items_prompts_above_threshold_and_y_shows_the_list
[INFO] [stdout]     ctrl_c_interrupts_the_line
[INFO] [stdout]     ctrl_l_clears_screen_and_keeps_the_line
[INFO] [stdout]     ctrl_o_operate_and_get_next_replays_history
[INFO] [stdout]     edit_in_editor_rewrites_the_line_via_external_editor
[INFO] [stdout]     emacs_editing_home_and_delete
[INFO] [stdout]     history_edits_survive_navigation
[INFO] [stdout]     history_past_end_rings_the_default_audible_bell
[INFO] [stdout]     host_binding_rewrites_the_line
[INFO] [stdout]     kill_word_then_yank
[INFO] [stdout]     long_burst_into_enter_paints_correctly
[INFO] [stdout]     multiline_prompt_prefix_paints_once_per_region
[INFO] [stdout]     possible_completions_lists_without_editing
[INFO] [stdout]     prepare_external_output_prints_cleanly_while_idle_and_keeps_the_line
[INFO] [stdout]     quoted_insert_and_edit_in_editor_pty_smoke
[INFO] [stdout]     read_line_timeout_expires_at_the_prompt
[INFO] [stdout]     read_line_with_initial_seeds_buffer_and_cursor
[INFO] [stdout]     read_line_with_initial_timeout_preserves_seeded_and_edited_buffer
[INFO] [stdout]     rebound_key_runs_the_new_action
[INFO] [stdout]     resize_while_idle_repaints_and_keeps_the_line
[INFO] [stdout]     right_arrow_accepts_full_hint
[INFO] [stdout]     rprompt_paints_and_hides_when_the_line_grows_into_it
[INFO] [stdout]     self_heals_raw_mode_after_external_cooked_mode
[INFO] [stdout]     tab_menu_cycles_candidates
[INFO] [stdout]     terminal_size_reports_the_pty_dimensions
[INFO] [stdout]     types_a_line_and_gets_it_echoed
[INFO] [stdout]     up_arrow_recalls_history
[INFO] [stdout]     very_large_flood_completes_and_is_not_lost
[INFO] [stdout]     vi_count_replace
[INFO] [stdout]     vi_daw_deletes_a_word_object
[INFO] [stdout]     vi_normal_mode_edits_and_shows_the_mode
[INFO] [stdout]     wide_char_editing_keeps_cursor_math
[INFO] [stdout]     with_echo_disabled_clears_and_restores_echo_including_after_a_panic
[INFO] [stdout] 
[INFO] [stdout] test result: FAILED. 0 passed; 43 failed; 0 ignored; 0 measured; 0 filtered out; finished in 0.04s
[INFO] [stdout] 
[INFO] running `Command { std: "docker" "inspect" "101cc84c010553719ce6a3b681b4433dfa8a9f093c1b7d7009f317a3430d743f", kill_on_drop: false }`
[INFO] running `Command { std: "docker" "rm" "-f" "101cc84c010553719ce6a3b681b4433dfa8a9f093c1b7d7009f317a3430d743f", kill_on_drop: false }`
[INFO] [stdout] 101cc84c010553719ce6a3b681b4433dfa8a9f093c1b7d7009f317a3430d743f
