[INFO] cloning repository https://github.com/aymenhmaidiwastaken/gitviz
[INFO] running `Command { std: "git" "-c" "credential.helper=" "-c" "credential.helper=/workspace/cargo-home/bin/git-credential-null" "clone" "--bare" "https://github.com/aymenhmaidiwastaken/gitviz" "/workspace/cache/git-repos/https%3A%2F%2Fgithub.com%2Faymenhmaidiwastaken%2Fgitviz", kill_on_drop: false }`
[INFO] [stderr] Cloning into bare repository '/workspace/cache/git-repos/https%3A%2F%2Fgithub.com%2Faymenhmaidiwastaken%2Fgitviz'...
[INFO] running `Command { std: "git" "rev-parse" "HEAD", kill_on_drop: false }`
[INFO] [stdout] 63ac304852ec356ef946e557e520933dae97c60d
[INFO] testing aymenhmaidiwastaken/gitviz against 1.100.0-beta.1+cargoflags=--release for beta-release-1.100-2
[INFO] running `Command { std: "git" "clone" "/workspace/cache/git-repos/https%3A%2F%2Fgithub.com%2Faymenhmaidiwastaken%2Fgitviz" "/workspace/builds/worker-0-tc2/source", kill_on_drop: false }`
[INFO] [stderr] Cloning into '/workspace/builds/worker-0-tc2/source'...
[INFO] [stderr] done.
[INFO] started tweaking git repo https://github.com/aymenhmaidiwastaken/gitviz
[INFO] finished tweaking git repo https://github.com/aymenhmaidiwastaken/gitviz
[INFO] tweaked toml for git repo https://github.com/aymenhmaidiwastaken/gitviz written to /workspace/builds/worker-0-tc2/source/Cargo.toml
[INFO] validating manifest of git repo https://github.com/aymenhmaidiwastaken/gitviz on toolchain 1.100.0-beta.1
[INFO] running `Command { std: CARGO_HOME="/workspace/cargo-home" RUSTUP_HOME="/workspace/rustup-home" "/workspace/cargo-home/bin/cargo" "+1.100.0-beta.1" "metadata" "--manifest-path" "Cargo.toml" "--no-deps", kill_on_drop: false }`
[INFO] crate git repo https://github.com/aymenhmaidiwastaken/gitviz already has a lockfile, it will not be regenerated
[INFO] running `Command { std: CARGO_HOME="/workspace/cargo-home" RUSTUP_HOME="/workspace/rustup-home" "/workspace/cargo-home/bin/cargo" "+1.100.0-beta.1" "fetch" "--manifest-path" "Cargo.toml", kill_on_drop: false }`
[INFO] [stderr]     Blocking waiting for file lock on package cache
[INFO] [stderr]     Blocking waiting for file lock on package cache
[INFO] running `Command { std: "docker" "create" "-v" "/var/lib/crater-agent-workspace/builds/worker-0-tc2/source:/opt/rustwide/workdir:ro,Z" "-v" "/var/lib/crater-agent-workspace/builds/worker-0-tc2/target:/opt/rustwide/target:rw,Z" "-v" "/var/lib/crater-agent-workspace/cargo-home:/opt/rustwide/cargo-home:ro,Z" "-v" "/var/lib/crater-agent-workspace/rustup-home:/opt/rustwide/rustup-home:ro,Z" "-m" "1610612736" "--network" "none" "ghcr.io/rust-lang/crates-build-env/linux@sha256:77db811e55d90add9212f6832c23229e3de5f1c1f9905e8cb07319ea15df73ac" "sleep" "infinity", kill_on_drop: false }`
[INFO] [stdout] 95a3b0d95472bf52db0c410eeee17635d0bd209d9340cc66c5e1b0784cd0f4ca
[INFO] running `Command { std: "docker" "start" "95a3b0d95472bf52db0c410eeee17635d0bd209d9340cc66c5e1b0784cd0f4ca", kill_on_drop: false }`
[INFO] running `Command { std: "docker" "inspect" "95a3b0d95472bf52db0c410eeee17635d0bd209d9340cc66c5e1b0784cd0f4ca", kill_on_drop: false }`
[INFO] running `Command { std: "docker" "exec" "-e" "SOURCE_DIR=/opt/rustwide/workdir" "-e" "CARGO_HOME=/opt/rustwide/cargo-home" "-e" "RUSTUP_HOME=/opt/rustwide/rustup-home" "-e" "CARGO_TARGET_DIR=/opt/rustwide/target" "-w" "/opt/rustwide/workdir" "--user" "0:0" "95a3b0d95472bf52db0c410eeee17635d0bd209d9340cc66c5e1b0784cd0f4ca" "/opt/rustwide/cargo-home/bin/cargo" "+1.100.0-beta.1" "metadata" "--no-deps" "--format-version=1", kill_on_drop: false }`
[INFO] running `Command { std: "docker" "inspect" "95a3b0d95472bf52db0c410eeee17635d0bd209d9340cc66c5e1b0784cd0f4ca", kill_on_drop: false }`
[INFO] running `Command { std: "docker" "exec" "-e" "SOURCE_DIR=/opt/rustwide/workdir" "-e" "CARGO_HOME=/opt/rustwide/cargo-home" "-e" "RUSTUP_HOME=/opt/rustwide/rustup-home" "-e" "CARGO_TARGET_DIR=/opt/rustwide/target" "-e" "CARGO_INCREMENTAL=0" "-e" "RUST_BACKTRACE=full" "-e" "RUSTFLAGS=--cap-lints=warn" "-e" "RUSTDOCFLAGS=--cap-lints=warn" "-w" "/opt/rustwide/workdir" "--user" "0:0" "95a3b0d95472bf52db0c410eeee17635d0bd209d9340cc66c5e1b0784cd0f4ca" "/opt/rustwide/cargo-home/bin/cargo" "+1.100.0-beta.1" "build" "--frozen" "--message-format=json" "--release", kill_on_drop: false }`
[INFO] [stderr]    Compiling proc-macro2 v1.0.106
[INFO] [stderr]    Compiling unicode-ident v1.0.24
[INFO] [stderr]    Compiling quote v1.0.45
[INFO] [stderr]    Compiling libc v0.2.183
[INFO] [stderr]    Compiling shlex v1.3.0
[INFO] [stderr]    Compiling stable_deref_trait v1.2.1
[INFO] [stderr]    Compiling find-msvc-tools v0.1.9
[INFO] [stderr]    Compiling pkg-config v0.3.32
[INFO] [stderr]    Compiling vcpkg v0.2.15
[INFO] [stderr]    Compiling smallvec v1.15.1
[INFO] [stderr]    Compiling litemap v0.8.1
[INFO] [stderr]    Compiling writeable v0.6.2
[INFO] [stderr]    Compiling icu_normalizer_data v2.1.1
[INFO] [stderr]    Compiling icu_properties_data v2.1.2
[INFO] [stderr]    Compiling crossbeam-utils v0.8.21
[INFO] [stderr]    Compiling cfg-if v1.0.4
[INFO] [stderr]    Compiling parking_lot_core v0.9.12
[INFO] [stderr]    Compiling bitflags v2.11.0
[INFO] [stderr]    Compiling rustix v1.1.4
[INFO] [stderr]    Compiling serde_core v1.0.228
[INFO] [stderr]    Compiling scopeguard v1.2.0
[INFO] [stderr]    Compiling linux-raw-sys v0.12.1
[INFO] [stderr]    Compiling utf8parse v0.2.2
[INFO] [stderr]    Compiling autocfg v1.5.0
[INFO] [stderr]    Compiling zmij v1.0.21
[INFO] [stderr]    Compiling getrandom v0.3.4
[INFO] [stderr]    Compiling anstyle-parse v1.0.0
[INFO] [stderr]    Compiling is_terminal_polyfill v1.70.2
[INFO] [stderr]    Compiling percent-encoding v2.3.2
[INFO] [stderr]    Compiling lock_api v0.4.14
[INFO] [stderr]    Compiling anstyle v1.0.14
[INFO] [stderr]    Compiling portable-atomic v1.13.1
[INFO] [stderr]    Compiling memchr v2.8.0
[INFO] [stderr]    Compiling serde v1.0.228
[INFO] [stderr]    Compiling anstyle-query v1.1.5
[INFO] [stderr]    Compiling num-traits v0.2.19
[INFO] [stderr]    Compiling once_cell v1.21.4
[INFO] [stderr]    Compiling utf8_iter v1.0.4
[INFO] [stderr]    Compiling rayon-core v1.13.0
[INFO] [stderr]    Compiling unicode-width v0.2.2
[INFO] [stderr]    Compiling colorchoice v1.0.5
[INFO] [stderr]    Compiling litrs v1.0.0
[INFO] [stderr]    Compiling anstream v1.0.0
[INFO] [stderr]    Compiling form_urlencoded v1.2.2
[INFO] [stderr]    Compiling anyhow v1.0.102
[INFO] [stderr]    Compiling regex-automata v0.4.14
[INFO] [stderr]    Compiling clap_lex v1.1.0
[INFO] [stderr]    Compiling heck v0.5.0
[INFO] [stderr]    Compiling serde_json v1.0.149
[INFO] [stderr]    Compiling strsim v0.11.1
[INFO] [stderr]    Compiling fastrand v2.3.0
[INFO] [stderr]    Compiling iana-time-zone v0.1.65
[INFO] [stderr]    Compiling jobserver v0.1.34
[INFO] [stderr]    Compiling crossbeam-epoch v0.9.18
[INFO] [stderr]    Compiling document-features v0.2.12
[INFO] [stderr]    Compiling syn v2.0.117
[INFO] [stderr]    Compiling clap_builder v4.6.0
[INFO] [stderr]    Compiling itoa v1.0.17
[INFO] [stderr]    Compiling unicode-segmentation v1.12.0
[INFO] [stderr]    Compiling log v0.4.29
[INFO] [stderr]    Compiling either v1.15.0
[INFO] [stderr]    Compiling openssl-probe v0.1.6
[INFO] [stderr]    Compiling cc v1.2.57
[INFO] [stderr]    Compiling number_prefix v0.4.0
[INFO] [stderr]    Compiling colored v3.1.1
[INFO] [stderr]    Compiling crossbeam-deque v0.8.6
[INFO] [stderr]    Compiling console v0.15.11
[INFO] [stderr]    Compiling parking_lot v0.12.5
[INFO] [stderr]    Compiling bstr v1.12.1
[INFO] [stderr]    Compiling indicatif v0.17.11
[INFO] [stderr]    Compiling openssl-sys v0.9.112
[INFO] [stderr]    Compiling libz-sys v1.1.25
[INFO] [stderr]    Compiling libssh2-sys v0.3.1
[INFO] [stderr]    Compiling libgit2-sys v0.18.3+1.9.2
[INFO] [stderr]    Compiling rayon v1.11.0
[INFO] [stderr]    Compiling opener v0.7.2
[INFO] [stderr]    Compiling crossterm v0.29.0
[INFO] [stderr]    Compiling tempfile v3.27.0
[INFO] [stderr]    Compiling comfy-table v7.2.2
[INFO] [stderr]    Compiling synstructure v0.13.2
[INFO] [stderr]    Compiling zerofrom-derive v0.1.6
[INFO] [stderr]    Compiling yoke-derive v0.8.1
[INFO] [stderr]    Compiling zerovec-derive v0.11.2
[INFO] [stderr]    Compiling displaydoc v0.2.5
[INFO] [stderr]    Compiling serde_derive v1.0.228
[INFO] [stderr]    Compiling clap_derive v4.6.0
[INFO] [stderr]    Compiling zerofrom v0.1.6
[INFO] [stderr]    Compiling yoke v0.8.1
[INFO] [stderr]    Compiling zerovec v0.11.5
[INFO] [stderr]    Compiling zerotrie v0.2.3
[INFO] [stderr]    Compiling tinystr v0.8.2
[INFO] [stderr]    Compiling potential_utf v0.1.4
[INFO] [stderr]    Compiling icu_locale_core v2.1.1
[INFO] [stderr]    Compiling icu_collections v2.1.1
[INFO] [stderr]    Compiling clap v4.6.0
[INFO] [stderr]    Compiling icu_provider v2.1.1
[INFO] [stderr]    Compiling icu_normalizer v2.1.1
[INFO] [stderr]    Compiling icu_properties v2.1.2
[INFO] [stderr]    Compiling chrono v0.4.44
[INFO] [stderr]    Compiling idna_adapter v1.2.1
[INFO] [stderr]    Compiling idna v1.1.0
[INFO] [stderr]    Compiling url v2.5.8
[INFO] [stderr]    Compiling git2 v0.20.4
[INFO] [stderr]    Compiling gitviz v0.1.0 (/opt/rustwide/workdir)
[INFO] [stderr]     Finished `release` profile [optimized] target(s) in 1m 26s
[INFO] running `Command { std: "docker" "inspect" "95a3b0d95472bf52db0c410eeee17635d0bd209d9340cc66c5e1b0784cd0f4ca", kill_on_drop: false }`
[INFO] running `Command { std: "docker" "exec" "-e" "SOURCE_DIR=/opt/rustwide/workdir" "-e" "CARGO_HOME=/opt/rustwide/cargo-home" "-e" "RUSTUP_HOME=/opt/rustwide/rustup-home" "-e" "CARGO_TARGET_DIR=/opt/rustwide/target" "-e" "CARGO_INCREMENTAL=0" "-e" "RUST_BACKTRACE=full" "-e" "RUSTFLAGS=--cap-lints=warn" "-e" "RUSTDOCFLAGS=--cap-lints=warn" "-w" "/opt/rustwide/workdir" "--user" "0:0" "95a3b0d95472bf52db0c410eeee17635d0bd209d9340cc66c5e1b0784cd0f4ca" "/opt/rustwide/cargo-home/bin/cargo" "+1.100.0-beta.1" "test" "--frozen" "--no-run" "--message-format=json" "--release", kill_on_drop: false }`
[INFO] [stderr]    Compiling gitviz v0.1.0 (/opt/rustwide/workdir)
[INFO] [stderr]     Finished `release` profile [optimized] target(s) in 6.91s
[INFO] running `Command { std: "docker" "inspect" "95a3b0d95472bf52db0c410eeee17635d0bd209d9340cc66c5e1b0784cd0f4ca", kill_on_drop: false }`
[INFO] running `Command { std: "docker" "exec" "-e" "SOURCE_DIR=/opt/rustwide/workdir" "-e" "CARGO_HOME=/opt/rustwide/cargo-home" "-e" "RUSTUP_HOME=/opt/rustwide/rustup-home" "-e" "CARGO_TARGET_DIR=/opt/rustwide/target" "-e" "CARGO_INCREMENTAL=0" "-e" "RUST_BACKTRACE=full" "-e" "RUSTFLAGS=--cap-lints=warn" "-e" "RUSTDOCFLAGS=--cap-lints=warn" "-w" "/opt/rustwide/workdir" "--user" "0:0" "95a3b0d95472bf52db0c410eeee17635d0bd209d9340cc66c5e1b0784cd0f4ca" "/opt/rustwide/cargo-home/bin/cargo" "+1.100.0-beta.1" "test" "--frozen" "--release", kill_on_drop: false }`
[INFO] [stderr]     Finished `release` profile [optimized] target(s) in 0.07s
[INFO] [stderr]      Running unittests src/main.rs (/opt/rustwide/target/release/build/gitviz/c8463d4abc87ca16/out/gitviz-c8463d4abc87ca16)
[INFO] [stdout] 
[INFO] [stdout] running 7 tests
[INFO] [stdout] test git::filter::tests::excludes_build_dirs ... ok
[INFO] [stdout] test git::filter::tests::excludes_binary_files ... ok
[INFO] [stdout] test git::filter::tests::excludes_node_modules ... ok
[INFO] [stdout] test git::filter::tests::excludes_minified_files ... ok
[INFO] [stdout] test git::filter::tests::includes_config_and_docs ... ok
[INFO] [stdout] test git::filter::tests::includes_source_files ... ok
[INFO] [stdout] test git::filter::tests::excludes_lock_files ... ok
[INFO] [stdout] 
[INFO] [stdout] test result: ok. 7 passed; 0 failed; 0 ignored; 0 measured; 0 filtered out; finished in 0.00s
[INFO] [stdout] 
[INFO] [stderr]      Running tests/integration_test.rs (/opt/rustwide/target/release/build/gitviz/0a2183d6a4cc21dc/out/integration_test-0a2183d6a4cc21dc)
[INFO] [stdout] 
[INFO] [stdout] running 9 tests
[INFO] [stdout] test test_date_range_filtering ... FAILED
[INFO] [stdout] test test_export_generates_json ... FAILED
[INFO] [stdout] test test_invalid_date_format ... FAILED
[INFO] [stdout] test test_help_flag ... FAILED
[INFO] [stdout] test test_invalid_month_date ... FAILED
[INFO] [stdout] test test_invalid_repo_path ... FAILED
[INFO] [stdout] test test_version_flag ... FAILED
[INFO] [stdout] test test_report_generates_html ... FAILED
[INFO] [stdout] test test_summary_on_self ... FAILED
[INFO] [stdout] 
[INFO] [stdout] failures:
[INFO] [stdout] 
[INFO] [stdout] ---- test_date_range_filtering stdout ----
[INFO] [stdout] 
[INFO] [stdout] thread 'test_date_range_filtering' (2680) panicked at tests/integration_test.rs:122:10:
[INFO] [stdout] failed to run gitviz: Os { code: 2, kind: NotFound, message: "No such file or directory" }
[INFO] [stdout] stack backtrace:
[INFO] [stdout]    0:     0x593796bebe67 - <<std[617be2ca0a6fd877]::sys::backtrace::BacktraceLock>::print::DisplayBacktrace as core[a373ad73a504971]::fmt::Display>::fmt
[INFO] [stdout]    1:     0x593796bcbf4a - core[a373ad73a504971]::fmt::write
[INFO] [stdout]    2:     0x593796beb41b - <alloc[2e1b2a31b91974c5]::vec::Vec<u8> as core[a373ad73a504971]::io::write::Write>::write_fmt
[INFO] [stdout]    3:     0x593796beaeff - std[617be2ca0a6fd877]::panicking::default_hook::{closure#0}
[INFO] [stdout]    4:     0x593796beab2a - std[617be2ca0a6fd877]::panicking::default_hook
[INFO] [stdout]    5:     0x593796bea665 - std[617be2ca0a6fd877]::panicking::panic_with_hook
[INFO] [stdout]    6:     0x593796c11411 - std[617be2ca0a6fd877]::panicking::panic_handler::{closure#0}
[INFO] [stdout]    7:     0x593796c113c9 - std[617be2ca0a6fd877]::sys::backtrace::__rust_end_short_backtrace::<std[617be2ca0a6fd877]::panicking::panic_handler::{closure#0}, !>
[INFO] [stdout]    8:     0x593796c118cc - __rustc[ea4f61d10b84890b]::rust_begin_unwind
[INFO] [stdout]    9:     0x593796bcbddb - core[a373ad73a504971]::panicking::panic_fmt
[INFO] [stdout]   10:     0x593796bcf041 - core[a373ad73a504971]::result::unwrap_failed
[INFO] [stdout]   11:     0x593796bddf26 - <integration_test[dd913e576cf6cf98]::test_date_range_filtering::{closure#0} as core[a373ad73a504971]::ops::function::FnOnce<()>>::call_once
[INFO] [stdout]   12:     0x593796c2a3fb - test[aada8e7e76ba119b]::__rust_begin_short_backtrace::<core[a373ad73a504971]::result::Result<(), alloc[2e1b2a31b91974c5]::string::String>, fn() -> core[a373ad73a504971]::result::Result<(), alloc[2e1b2a31b91974c5]::string::String>>
[INFO] [stdout]   13:     0x593796c263c1 - test[aada8e7e76ba119b]::run_test::{closure#0}
[INFO] [stdout]   14:     0x593796c25bac - std[617be2ca0a6fd877]::sys::backtrace::__rust_begin_short_backtrace::<test[aada8e7e76ba119b]::run_test::{closure#1}, ()>
[INFO] [stdout]   15:     0x593796c4584c - <std[617be2ca0a6fd877]::thread::lifecycle::spawn_unchecked<test[aada8e7e76ba119b]::run_test::{closure#1}, ()>::{closure#1} as core[a373ad73a504971]::ops::function::FnOnce<()>>::call_once::{shim:vtable#0}
[INFO] [stdout]   16:     0x593796c13154 - <std[617be2ca0a6fd877]::sys::thread::unix::Thread>::new::thread_start
[INFO] [stdout]   17:     0x7a8931ccddfa - <unknown>
[INFO] [stdout]   18:     0x7a8931d613d4 - clone
[INFO] [stdout]   19:                0x0 - <unknown>
[INFO] [stdout] 
[INFO] [stdout] ---- test_export_generates_json stdout ----
[INFO] [stdout] 
[INFO] [stdout] thread 'test_export_generates_json' (2681) panicked at tests/integration_test.rs:77:10:
[INFO] [stdout] failed to run gitviz: Os { code: 2, kind: NotFound, message: "No such file or directory" }
[INFO] [stdout] stack backtrace:
[INFO] [stdout]    0:     0x593796bebe67 - <<std[617be2ca0a6fd877]::sys::backtrace::BacktraceLock>::print::DisplayBacktrace as core[a373ad73a504971]::fmt::Display>::fmt
[INFO] [stdout]    1:     0x593796bcbf4a - core[a373ad73a504971]::fmt::write
[INFO] [stdout]    2:     0x593796beb41b - <alloc[2e1b2a31b91974c5]::vec::Vec<u8> as core[a373ad73a504971]::io::write::Write>::write_fmt
[INFO] [stdout]    3:     0x593796beaeff - std[617be2ca0a6fd877]::panicking::default_hook::{closure#0}
[INFO] [stdout]    4:     0x593796beab2a - std[617be2ca0a6fd877]::panicking::default_hook
[INFO] [stdout]    5:     0x593796bea665 - std[617be2ca0a6fd877]::panicking::panic_with_hook
[INFO] [stdout]    6:     0x593796c11411 - std[617be2ca0a6fd877]::panicking::panic_handler::{closure#0}
[INFO] [stdout]    7:     0x593796c113c9 - std[617be2ca0a6fd877]::sys::backtrace::__rust_end_short_backtrace::<std[617be2ca0a6fd877]::panicking::panic_handler::{closure#0}, !>
[INFO] [stdout]    8:     0x593796c118cc - __rustc[ea4f61d10b84890b]::rust_begin_unwind
[INFO] [stdout]    9:     0x593796bcbddb - core[a373ad73a504971]::panicking::panic_fmt
[INFO] [stdout]   10:     0x593796bcf041 - core[a373ad73a504971]::result::unwrap_failed
[INFO] [stdout]   11:     0x593796bdd8bb - <integration_test[dd913e576cf6cf98]::test_export_generates_json::{closure#0} as core[a373ad73a504971]::ops::function::FnOnce<()>>::call_once
[INFO] [stdout]   12:     0x593796c2a3fb - test[aada8e7e76ba119b]::__rust_begin_short_backtrace::<core[a373ad73a504971]::result::Result<(), alloc[2e1b2a31b91974c5]::string::String>, fn() -> core[a373ad73a504971]::result::Result<(), alloc[2e1b2a31b91974c5]::string::String>>
[INFO] [stdout]   13:     0x593796c263c1 - test[aada8e7e76ba119b]::run_test::{closure#0}
[INFO] [stdout]   14:     0x593796c25bac - std[617be2ca0a6fd877]::sys::backtrace::__rust_begin_short_backtrace::<test[aada8e7e76ba119b]::run_test::{closure#1}, ()>
[INFO] [stdout]   15:     0x593796c4584c - <std[617be2ca0a6fd877]::thread::lifecycle::spawn_unchecked<test[aada8e7e76ba119b]::run_test::{closure#1}, ()>::{closure#1} as core[a373ad73a504971]::ops::function::FnOnce<()>>::call_once::{shim:vtable#0}
[INFO] [stdout]   16:     0x593796c13154 - <std[617be2ca0a6fd877]::sys::thread::unix::Thread>::new::thread_start
[INFO] [stdout]   17:     0x7a8931ccddfa - <unknown>
[INFO] [stdout]   18:     0x7a8931d613d4 - clone
[INFO] [stdout]   19:                0x0 - <unknown>
[INFO] [stdout] 
[INFO] [stdout] ---- test_invalid_date_format stdout ----
[INFO] [stdout] 
[INFO] [stdout] thread 'test_invalid_date_format' (2683) panicked at tests/integration_test.rs:166:10:
[INFO] [stdout] failed to run gitviz: Os { code: 2, kind: NotFound, message: "No such file or directory" }
[INFO] [stdout] stack backtrace:
[INFO] [stdout]    0:     0x593796bebe67 - <<std[617be2ca0a6fd877]::sys::backtrace::BacktraceLock>::print::DisplayBacktrace as core[a373ad73a504971]::fmt::Display>::fmt
[INFO] [stdout]    1:     0x593796bcbf4a - core[a373ad73a504971]::fmt::write
[INFO] [stdout]    2:     0x593796beb41b - <alloc[2e1b2a31b91974c5]::vec::Vec<u8> as core[a373ad73a504971]::io::write::Write>::write_fmt
[INFO] [stdout]    3:     0x593796beaeff - std[617be2ca0a6fd877]::panicking::default_hook::{closure#0}
[INFO] [stdout]    4:     0x593796beab2a - std[617be2ca0a6fd877]::panicking::default_hook
[INFO] [stdout]    5:     0x593796bea665 - std[617be2ca0a6fd877]::panicking::panic_with_hook
[INFO] [stdout]    6:     0x593796c11411 - std[617be2ca0a6fd877]::panicking::panic_handler::{closure#0}
[INFO] [stdout]    7:     0x593796c113c9 - std[617be2ca0a6fd877]::sys::backtrace::__rust_end_short_backtrace::<std[617be2ca0a6fd877]::panicking::panic_handler::{closure#0}, !>
[INFO] [stdout]    8:     0x593796c118cc - __rustc[ea4f61d10b84890b]::rust_begin_unwind
[INFO] [stdout]    9:     0x593796bcbddb - core[a373ad73a504971]::panicking::panic_fmt
[INFO] [stdout]   10:     0x593796bcf041 - core[a373ad73a504971]::result::unwrap_failed
[INFO] [stdout]   11:     0x593796bdca21 - <integration_test[dd913e576cf6cf98]::test_invalid_date_format::{closure#0} as core[a373ad73a504971]::ops::function::FnOnce<()>>::call_once
[INFO] [stdout]   12:     0x593796c2a3fb - test[aada8e7e76ba119b]::__rust_begin_short_backtrace::<core[a373ad73a504971]::result::Result<(), alloc[2e1b2a31b91974c5]::string::String>, fn() -> core[a373ad73a504971]::result::Result<(), alloc[2e1b2a31b91974c5]::string::String>>
[INFO] [stdout]   13:     0x593796c263c1 - test[aada8e7e76ba119b]::run_test::{closure#0}
[INFO] [stdout]   14:     0x593796c25bac - std[617be2ca0a6fd877]::sys::backtrace::__rust_begin_short_backtrace::<test[aada8e7e76ba119b]::run_test::{closure#1}, ()>
[INFO] [stdout]   15:     0x593796c4584c - <std[617be2ca0a6fd877]::thread::lifecycle::spawn_unchecked<test[aada8e7e76ba119b]::run_test::{closure#1}, ()>::{closure#1} as core[a373ad73a504971]::ops::function::FnOnce<()>>::call_once::{shim:vtable#0}
[INFO] [stdout]   16:     0x593796c13154 - <std[617be2ca0a6fd877]::sys::thread::unix::Thread>::new::thread_start
[INFO] [stdout]   17:     0x7a8931ccddfa - <unknown>
[INFO] [stdout]   18:     0x7a8931d613d4 - clone
[INFO] [stdout]   19:                0x0 - <unknown>
[INFO] [stdout] 
[INFO] [stdout] ---- test_help_flag stdout ----
[INFO] [stdout] 
[INFO] [stdout] thread 'test_help_flag' (2682) panicked at tests/integration_test.rs:139:10:
[INFO] [stdout] failed to run gitviz: Os { code: 2, kind: NotFound, message: "No such file or directory" }
[INFO] [stdout] stack backtrace:
[INFO] [stdout]    0:     0x593796bebe67 - <<std[617be2ca0a6fd877]::sys::backtrace::BacktraceLock>::print::DisplayBacktrace as core[a373ad73a504971]::fmt::Display>::fmt
[INFO] [stdout]    1:     0x593796bcbf4a - core[a373ad73a504971]::fmt::write
[INFO] [stdout]    2:     0x593796beb41b - <alloc[2e1b2a31b91974c5]::vec::Vec<u8> as core[a373ad73a504971]::io::write::Write>::write_fmt
[INFO] [stdout]    3:     0x593796beaeff - std[617be2ca0a6fd877]::panicking::default_hook::{closure#0}
[INFO] [stderr] error: test failed, to rerun pass `--test integration_test`
[INFO] [stdout]    4:     0x593796beab2a - std[617be2ca0a6fd877]::panicking::default_hook
[INFO] [stdout]    5:     0x593796bea665 - std[617be2ca0a6fd877]::panicking::panic_with_hook
[INFO] [stdout]    6:     0x593796c11411 - std[617be2ca0a6fd877]::panicking::panic_handler::{closure#0}
[INFO] [stdout]    7:     0x593796c113c9 - std[617be2ca0a6fd877]::sys::backtrace::__rust_end_short_backtrace::<std[617be2ca0a6fd877]::panicking::panic_handler::{closure#0}, !>
[INFO] [stdout]    8:     0x593796c118cc - __rustc[ea4f61d10b84890b]::rust_begin_unwind
[INFO] [stdout]    9:     0x593796bcbddb - core[a373ad73a504971]::panicking::panic_fmt
[INFO] [stdout]   10:     0x593796bcf041 - core[a373ad73a504971]::result::unwrap_failed
[INFO] [stdout]   11:     0x593796bdccfd - <integration_test[dd913e576cf6cf98]::test_help_flag::{closure#0} as core[a373ad73a504971]::ops::function::FnOnce<()>>::call_once
[INFO] [stdout]   12:     0x593796c2a3fb - test[aada8e7e76ba119b]::__rust_begin_short_backtrace::<core[a373ad73a504971]::result::Result<(), alloc[2e1b2a31b91974c5]::string::String>, fn() -> core[a373ad73a504971]::result::Result<(), alloc[2e1b2a31b91974c5]::string::String>>
[INFO] [stdout]   13:     0x593796c263c1 - test[aada8e7e76ba119b]::run_test::{closure#0}
[INFO] [stdout]   14:     0x593796c25bac - std[617be2ca0a6fd877]::sys::backtrace::__rust_begin_short_backtrace::<test[aada8e7e76ba119b]::run_test::{closure#1}, ()>
[INFO] [stdout]   15:     0x593796c4584c - <std[617be2ca0a6fd877]::thread::lifecycle::spawn_unchecked<test[aada8e7e76ba119b]::run_test::{closure#1}, ()>::{closure#1} as core[a373ad73a504971]::ops::function::FnOnce<()>>::call_once::{shim:vtable#0}
[INFO] [stdout]   16:     0x593796c13154 - <std[617be2ca0a6fd877]::sys::thread::unix::Thread>::new::thread_start
[INFO] [stdout]   17:     0x7a8931ccddfa - <unknown>
[INFO] [stdout]   18:     0x7a8931d613d4 - clone
[INFO] [stdout]   19:                0x0 - <unknown>
[INFO] [stdout] 
[INFO] [stdout] ---- test_invalid_month_date stdout ----
[INFO] [stdout] 
[INFO] [stdout] thread 'test_invalid_month_date' (2684) panicked at tests/integration_test.rs:182:10:
[INFO] [stdout] failed to run gitviz: Os { code: 2, kind: NotFound, message: "No such file or directory" }
[INFO] [stdout] stack backtrace:
[INFO] [stdout]    0:     0x593796bebe67 - <<std[617be2ca0a6fd877]::sys::backtrace::BacktraceLock>::print::DisplayBacktrace as core[a373ad73a504971]::fmt::Display>::fmt
[INFO] [stdout]    1:     0x593796bcbf4a - core[a373ad73a504971]::fmt::write
[INFO] [stdout]    2:     0x593796beb41b - <alloc[2e1b2a31b91974c5]::vec::Vec<u8> as core[a373ad73a504971]::io::write::Write>::write_fmt
[INFO] [stdout]    3:     0x593796beaeff - std[617be2ca0a6fd877]::panicking::default_hook::{closure#0}
[INFO] [stdout]    4:     0x593796beab2a - std[617be2ca0a6fd877]::panicking::default_hook
[INFO] [stdout]    5:     0x593796bea665 - std[617be2ca0a6fd877]::panicking::panic_with_hook
[INFO] [stdout]    6:     0x593796c11411 - std[617be2ca0a6fd877]::panicking::panic_handler::{closure#0}
[INFO] [stdout]    7:     0x593796c113c9 - std[617be2ca0a6fd877]::sys::backtrace::__rust_end_short_backtrace::<std[617be2ca0a6fd877]::panicking::panic_handler::{closure#0}, !>
[INFO] [stdout]    8:     0x593796c118cc - __rustc[ea4f61d10b84890b]::rust_begin_unwind
[INFO] [stdout]    9:     0x593796bcbddb - core[a373ad73a504971]::panicking::panic_fmt
[INFO] [stdout]   10:     0x593796bcf041 - core[a373ad73a504971]::result::unwrap_failed
[INFO] [stdout]   11:     0x593796bdc7c2 - <integration_test[dd913e576cf6cf98]::test_invalid_month_date::{closure#0} as core[a373ad73a504971]::ops::function::FnOnce<()>>::call_once
[INFO] [stdout]   12:     0x593796c2a3fb - test[aada8e7e76ba119b]::__rust_begin_short_backtrace::<core[a373ad73a504971]::result::Result<(), alloc[2e1b2a31b91974c5]::string::String>, fn() -> core[a373ad73a504971]::result::Result<(), alloc[2e1b2a31b91974c5]::string::String>>
[INFO] [stdout]   13:     0x593796c263c1 - test[aada8e7e76ba119b]::run_test::{closure#0}
[INFO] [stdout]   14:     0x593796c25bac - std[617be2ca0a6fd877]::sys::backtrace::__rust_begin_short_backtrace::<test[aada8e7e76ba119b]::run_test::{closure#1}, ()>
[INFO] [stdout]   15:     0x593796c4584c - <std[617be2ca0a6fd877]::thread::lifecycle::spawn_unchecked<test[aada8e7e76ba119b]::run_test::{closure#1}, ()>::{closure#1} as core[a373ad73a504971]::ops::function::FnOnce<()>>::call_once::{shim:vtable#0}
[INFO] [stdout]   16:     0x593796c13154 - <std[617be2ca0a6fd877]::sys::thread::unix::Thread>::new::thread_start
[INFO] [stdout]   17:     0x7a8931ccddfa - <unknown>
[INFO] [stdout]   18:     0x7a8931d613d4 - clone
[INFO] [stdout]   19:                0x0 - <unknown>
[INFO] [stdout] 
[INFO] [stdout] ---- test_invalid_repo_path stdout ----
[INFO] [stdout] 
[INFO] [stdout] thread 'test_invalid_repo_path' (2685) panicked at tests/integration_test.rs:105:10:
[INFO] [stdout] failed to run gitviz: Os { code: 2, kind: NotFound, message: "No such file or directory" }
[INFO] [stdout] stack backtrace:
[INFO] [stdout]    0:     0x593796bebe67 - <<std[617be2ca0a6fd877]::sys::backtrace::BacktraceLock>::print::DisplayBacktrace as core[a373ad73a504971]::fmt::Display>::fmt
[INFO] [stdout]    1:     0x593796bcbf4a - core[a373ad73a504971]::fmt::write
[INFO] [stdout]    2:     0x593796beb41b - <alloc[2e1b2a31b91974c5]::vec::Vec<u8> as core[a373ad73a504971]::io::write::Write>::write_fmt
[INFO] [stdout]    3:     0x593796beaeff - std[617be2ca0a6fd877]::panicking::default_hook::{closure#0}
[INFO] [stdout]    4:     0x593796beab2a - std[617be2ca0a6fd877]::panicking::default_hook
[INFO] [stdout]    5:     0x593796bea665 - std[617be2ca0a6fd877]::panicking::panic_with_hook
[INFO] [stdout]    6:     0x593796c11411 - std[617be2ca0a6fd877]::panicking::panic_handler::{closure#0}
[INFO] [stdout]    7:     0x593796c113c9 - std[617be2ca0a6fd877]::sys::backtrace::__rust_end_short_backtrace::<std[617be2ca0a6fd877]::panicking::panic_handler::{closure#0}, !>
[INFO] [stdout]    8:     0x593796c118cc - __rustc[ea4f61d10b84890b]::rust_begin_unwind
[INFO] [stdout]    9:     0x593796bcbddb - core[a373ad73a504971]::panicking::panic_fmt
[INFO] [stdout]   10:     0x593796bcf041 - core[a373ad73a504971]::result::unwrap_failed
[INFO] [stdout]   11:     0x593796bdc5c0 - <integration_test[dd913e576cf6cf98]::test_invalid_repo_path::{closure#0} as core[a373ad73a504971]::ops::function::FnOnce<()>>::call_once
[INFO] [stdout]   12:     0x593796c2a3fb - test[aada8e7e76ba119b]::__rust_begin_short_backtrace::<core[a373ad73a504971]::result::Result<(), alloc[2e1b2a31b91974c5]::string::String>, fn() -> core[a373ad73a504971]::result::Result<(), alloc[2e1b2a31b91974c5]::string::String>>
[INFO] [stdout]   13:     0x593796c263c1 - test[aada8e7e76ba119b]::run_test::{closure#0}
[INFO] [stdout]   14:     0x593796c25bac - std[617be2ca0a6fd877]::sys::backtrace::__rust_begin_short_backtrace::<test[aada8e7e76ba119b]::run_test::{closure#1}, ()>
[INFO] [stdout]   15:     0x593796c4584c - <std[617be2ca0a6fd877]::thread::lifecycle::spawn_unchecked<test[aada8e7e76ba119b]::run_test::{closure#1}, ()>::{closure#1} as core[a373ad73a504971]::ops::function::FnOnce<()>>::call_once::{shim:vtable#0}
[INFO] [stdout]   16:     0x593796c13154 - <std[617be2ca0a6fd877]::sys::thread::unix::Thread>::new::thread_start
[INFO] [stdout]   17:     0x7a8931ccddfa - <unknown>
[INFO] [stdout]   18:     0x7a8931d613d4 - clone
[INFO] [stdout]   19:                0x0 - <unknown>
[INFO] [stdout] 
[INFO] [stdout] ---- test_version_flag stdout ----
[INFO] [stdout] 
[INFO] [stdout] thread 'test_version_flag' (2692) panicked at tests/integration_test.rs:154:10:
[INFO] [stdout] failed to run gitviz: Os { code: 2, kind: NotFound, message: "No such file or directory" }
[INFO] [stdout] stack backtrace:
[INFO] [stdout]    0:     0x593796bebe67 - <<std[617be2ca0a6fd877]::sys::backtrace::BacktraceLock>::print::DisplayBacktrace as core[a373ad73a504971]::fmt::Display>::fmt
[INFO] [stdout]    1:     0x593796bcbf4a - core[a373ad73a504971]::fmt::write
[INFO] [stdout]    2:     0x593796beb41b - <alloc[2e1b2a31b91974c5]::vec::Vec<u8> as core[a373ad73a504971]::io::write::Write>::write_fmt
[INFO] [stdout]    3:     0x593796beaeff - std[617be2ca0a6fd877]::panicking::default_hook::{closure#0}
[INFO] [stdout]    4:     0x593796beab2a - std[617be2ca0a6fd877]::panicking::default_hook
[INFO] [stdout]    5:     0x593796bea665 - std[617be2ca0a6fd877]::panicking::panic_with_hook
[INFO] [stdout]    6:     0x593796c11411 - std[617be2ca0a6fd877]::panicking::panic_handler::{closure#0}
[INFO] [stdout]    7:     0x593796c113c9 - std[617be2ca0a6fd877]::sys::backtrace::__rust_end_short_backtrace::<std[617be2ca0a6fd877]::panicking::panic_handler::{closure#0}, !>
[INFO] [stdout]    8:     0x593796c118cc - __rustc[ea4f61d10b84890b]::rust_begin_unwind
[INFO] [stdout]    9:     0x593796bcbddb - core[a373ad73a504971]::panicking::panic_fmt
[INFO] [stdout]   10:     0x593796bcf041 - core[a373ad73a504971]::result::unwrap_failed
[INFO] [stdout]   11:     0x593796bdad0f - <integration_test[dd913e576cf6cf98]::test_version_flag::{closure#0} as core[a373ad73a504971]::ops::function::FnOnce<()>>::call_once
[INFO] [stdout]   12:     0x593796c2a3fb - test[aada8e7e76ba119b]::__rust_begin_short_backtrace::<core[a373ad73a504971]::result::Result<(), alloc[2e1b2a31b91974c5]::string::String>, fn() -> core[a373ad73a504971]::result::Result<(), alloc[2e1b2a31b91974c5]::string::String>>
[INFO] [stdout]   13:     0x593796c263c1 - test[aada8e7e76ba119b]::run_test::{closure#0}
[INFO] [stdout]   14:     0x593796c25bac - std[617be2ca0a6fd877]::sys::backtrace::__rust_begin_short_backtrace::<test[aada8e7e76ba119b]::run_test::{closure#1}, ()>
[INFO] [stdout]   15:     0x593796c4584c - <std[617be2ca0a6fd877]::thread::lifecycle::spawn_unchecked<test[aada8e7e76ba119b]::run_test::{closure#1}, ()>::{closure#1} as core[a373ad73a504971]::ops::function::FnOnce<()>>::call_once::{shim:vtable#0}
[INFO] [stdout]   16:     0x593796c13154 - <std[617be2ca0a6fd877]::sys::thread::unix::Thread>::new::thread_start
[INFO] [stdout]   17:     0x7a8931ccddfa - <unknown>
[INFO] [stdout]   18:     0x7a8931d613d4 - clone
[INFO] [stdout]   19:                0x0 - <unknown>
[INFO] [stdout] 
[INFO] [stdout] ---- test_report_generates_html stdout ----
[INFO] [stdout] 
[INFO] [stdout] thread 'test_report_generates_html' (2686) panicked at tests/integration_test.rs:52:10:
[INFO] [stdout] failed to run gitviz: Os { code: 2, kind: NotFound, message: "No such file or directory" }
[INFO] [stdout] stack backtrace:
[INFO] [stdout]    0:     0x593796bebe67 - <<std[617be2ca0a6fd877]::sys::backtrace::BacktraceLock>::print::DisplayBacktrace as core[a373ad73a504971]::fmt::Display>::fmt
[INFO] [stdout]    1:     0x593796bcbf4a - core[a373ad73a504971]::fmt::write
[INFO] [stdout]    2:     0x593796beb41b - <alloc[2e1b2a31b91974c5]::vec::Vec<u8> as core[a373ad73a504971]::io::write::Write>::write_fmt
[INFO] [stdout]    3:     0x593796beaeff - std[617be2ca0a6fd877]::panicking::default_hook::{closure#0}
[INFO] [stdout]    4:     0x593796beab2a - std[617be2ca0a6fd877]::panicking::default_hook
[INFO] [stdout]    5:     0x593796bea665 - std[617be2ca0a6fd877]::panicking::panic_with_hook
[INFO] [stdout]    6:     0x593796c11411 - std[617be2ca0a6fd877]::panicking::panic_handler::{closure#0}
[INFO] [stdout]    7:     0x593796c113c9 - std[617be2ca0a6fd877]::sys::backtrace::__rust_end_short_backtrace::<std[617be2ca0a6fd877]::panicking::panic_handler::{closure#0}, !>
[INFO] [stdout]    8:     0x593796c118cc - __rustc[ea4f61d10b84890b]::rust_begin_unwind
[INFO] [stdout]    9:     0x593796bcbddb - core[a373ad73a504971]::panicking::panic_fmt
[INFO] [stdout]   10:     0x593796bcf041 - core[a373ad73a504971]::result::unwrap_failed
[INFO] [stdout]   11:     0x593796bdc24d - <integration_test[dd913e576cf6cf98]::test_report_generates_html::{closure#0} as core[a373ad73a504971]::ops::function::FnOnce<()>>::call_once
[INFO] [stdout]   12:     0x593796c2a3fb - test[aada8e7e76ba119b]::__rust_begin_short_backtrace::<core[a373ad73a504971]::result::Result<(), alloc[2e1b2a31b91974c5]::string::String>, fn() -> core[a373ad73a504971]::result::Result<(), alloc[2e1b2a31b91974c5]::string::String>>
[INFO] [stdout]   13:     0x593796c263c1 - test[aada8e7e76ba119b]::run_test::{closure#0}
[INFO] [stdout]   14:     0x593796c25bac - std[617be2ca0a6fd877]::sys::backtrace::__rust_begin_short_backtrace::<test[aada8e7e76ba119b]::run_test::{closure#1}, ()>
[INFO] [stdout]   15:     0x593796c4584c - <std[617be2ca0a6fd877]::thread::lifecycle::spawn_unchecked<test[aada8e7e76ba119b]::run_test::{closure#1}, ()>::{closure#1} as core[a373ad73a504971]::ops::function::FnOnce<()>>::call_once::{shim:vtable#0}
[INFO] [stdout]   16:     0x593796c13154 - <std[617be2ca0a6fd877]::sys::thread::unix::Thread>::new::thread_start
[INFO] [stdout]   17:     0x7a8931ccddfa - <unknown>
[INFO] [stdout]   18:     0x7a8931d613d4 - clone
[INFO] [stdout]   19:                0x0 - <unknown>
[INFO] [stdout] 
[INFO] [stdout] ---- test_summary_on_self stdout ----
[INFO] [stdout] 
[INFO] [stdout] thread 'test_summary_on_self' (2690) panicked at tests/integration_test.rs:20:10:
[INFO] [stdout] failed to run gitviz: Os { code: 2, kind: NotFound, message: "No such file or directory" }
[INFO] [stdout] stack backtrace:
[INFO] [stdout]    0:     0x593796bebe67 - <<std[617be2ca0a6fd877]::sys::backtrace::BacktraceLock>::print::DisplayBacktrace as core[a373ad73a504971]::fmt::Display>::fmt
[INFO] [stdout]    1:     0x593796bcbf4a - core[a373ad73a504971]::fmt::write
[INFO] [stdout]    2:     0x593796beb41b - <alloc[2e1b2a31b91974c5]::vec::Vec<u8> as core[a373ad73a504971]::io::write::Write>::write_fmt
[INFO] [stdout]    3:     0x593796beaeff - std[617be2ca0a6fd877]::panicking::default_hook::{closure#0}
[INFO] [stdout]    4:     0x593796beab2a - std[617be2ca0a6fd877]::panicking::default_hook
[INFO] [stdout]    5:     0x593796bea665 - std[617be2ca0a6fd877]::panicking::panic_with_hook
[INFO] [stdout]    6:     0x593796c11411 - std[617be2ca0a6fd877]::panicking::panic_handler::{closure#0}
[INFO] [stdout]    7:     0x593796c113c9 - std[617be2ca0a6fd877]::sys::backtrace::__rust_end_short_backtrace::<std[617be2ca0a6fd877]::panicking::panic_handler::{closure#0}, !>
[INFO] [stdout]    8:     0x593796c118cc - __rustc[ea4f61d10b84890b]::rust_begin_unwind
[INFO] [stdout]    9:     0x593796bcbddb - core[a373ad73a504971]::panicking::panic_fmt
[INFO] [stdout]   10:     0x593796bcf041 - core[a373ad73a504971]::result::unwrap_failed
[INFO] [stdout]   11:     0x593796bdbdb8 - <integration_test[dd913e576cf6cf98]::test_summary_on_self::{closure#0} as core[a373ad73a504971]::ops::function::FnOnce<()>>::call_once
[INFO] [stdout]   12:     0x593796c2a3fb - test[aada8e7e76ba119b]::__rust_begin_short_backtrace::<core[a373ad73a504971]::result::Result<(), alloc[2e1b2a31b91974c5]::string::String>, fn() -> core[a373ad73a504971]::result::Result<(), alloc[2e1b2a31b91974c5]::string::String>>
[INFO] [stdout]   13:     0x593796c263c1 - test[aada8e7e76ba119b]::run_test::{closure#0}
[INFO] [stdout]   14:     0x593796c25bac - std[617be2ca0a6fd877]::sys::backtrace::__rust_begin_short_backtrace::<test[aada8e7e76ba119b]::run_test::{closure#1}, ()>
[INFO] [stdout]   15:     0x593796c4584c - <std[617be2ca0a6fd877]::thread::lifecycle::spawn_unchecked<test[aada8e7e76ba119b]::run_test::{closure#1}, ()>::{closure#1} as core[a373ad73a504971]::ops::function::FnOnce<()>>::call_once::{shim:vtable#0}
[INFO] [stdout]   16:     0x593796c13154 - <std[617be2ca0a6fd877]::sys::thread::unix::Thread>::new::thread_start
[INFO] [stdout]   17:     0x7a8931ccddfa - <unknown>
[INFO] [stdout]   18:     0x7a8931d613d4 - clone
[INFO] [stdout]   19:                0x0 - <unknown>
[INFO] [stdout] 
[INFO] [stdout] 
[INFO] [stdout] failures:
[INFO] [stdout]     test_date_range_filtering
[INFO] [stdout]     test_export_generates_json
[INFO] [stdout]     test_help_flag
[INFO] [stdout]     test_invalid_date_format
[INFO] [stdout]     test_invalid_month_date
[INFO] [stdout]     test_invalid_repo_path
[INFO] [stdout]     test_report_generates_html
[INFO] [stdout]     test_summary_on_self
[INFO] [stdout]     test_version_flag
[INFO] [stdout] 
[INFO] [stdout] test result: FAILED. 0 passed; 9 failed; 0 ignored; 0 measured; 0 filtered out; finished in 0.00s
[INFO] [stdout] 
[INFO] running `Command { std: "docker" "inspect" "95a3b0d95472bf52db0c410eeee17635d0bd209d9340cc66c5e1b0784cd0f4ca", kill_on_drop: false }`
[INFO] running `Command { std: "docker" "rm" "-f" "95a3b0d95472bf52db0c410eeee17635d0bd209d9340cc66c5e1b0784cd0f4ca", kill_on_drop: false }`
[INFO] [stdout] 95a3b0d95472bf52db0c410eeee17635d0bd209d9340cc66c5e1b0784cd0f4ca
