[INFO] cloning repository https://github.com/awdemos/merlin
[INFO] running `Command { std: "git" "-c" "credential.helper=" "-c" "credential.helper=/workspace/cargo-home/bin/git-credential-null" "clone" "--bare" "https://github.com/awdemos/merlin" "/workspace/cache/git-repos/https%3A%2F%2Fgithub.com%2Fawdemos%2Fmerlin", kill_on_drop: false }`
[INFO] [stderr] Cloning into bare repository '/workspace/cache/git-repos/https%3A%2F%2Fgithub.com%2Fawdemos%2Fmerlin'...
[INFO] running `Command { std: "git" "rev-parse" "HEAD", kill_on_drop: false }`
[INFO] [stdout] 84abfb980f61fb7cb913e3f252cdb38c485f73b2
[INFO] testing awdemos/merlin against 1.99.0-beta.8+cargoflags=--release for beta-release-1.100-2
[INFO] running `Command { std: "git" "clone" "/workspace/cache/git-repos/https%3A%2F%2Fgithub.com%2Fawdemos%2Fmerlin" "/workspace/builds/worker-1-tc1/source", kill_on_drop: false }`
[INFO] [stderr] Cloning into '/workspace/builds/worker-1-tc1/source'...
[INFO] [stderr] done.
[INFO] removed /workspace/builds/worker-1-tc1/source/.cargo/config.toml
[INFO] started tweaking git repo https://github.com/awdemos/merlin
[INFO] finished tweaking git repo https://github.com/awdemos/merlin
[INFO] tweaked toml for git repo https://github.com/awdemos/merlin written to /workspace/builds/worker-1-tc1/source/Cargo.toml
[INFO] validating manifest of git repo https://github.com/awdemos/merlin on toolchain 1.99.0-beta.8
[INFO] running `Command { std: CARGO_HOME="/workspace/cargo-home" RUSTUP_HOME="/workspace/rustup-home" "/workspace/cargo-home/bin/cargo" "+1.99.0-beta.8" "metadata" "--manifest-path" "Cargo.toml" "--no-deps", kill_on_drop: false }`
[INFO] crate git repo https://github.com/awdemos/merlin already has a lockfile, it will not be regenerated
[INFO] running `Command { std: CARGO_HOME="/workspace/cargo-home" RUSTUP_HOME="/workspace/rustup-home" "/workspace/cargo-home/bin/cargo" "+1.99.0-beta.8" "fetch" "--manifest-path" "Cargo.toml", kill_on_drop: false }`
[INFO] [stderr]     Updating crates.io index
[INFO] [stderr]  Downloading crates ...
[INFO] [stderr]   Downloaded opentelemetry_sdk v0.23.0
[INFO] [stderr]   Downloaded arc-swap v1.8.2
[INFO] [stderr]   Downloaded opentelemetry-prometheus v0.16.0
[INFO] [stderr]   Downloaded opentelemetry v0.23.0
[INFO] [stderr]   Downloaded tracing-opentelemetry v0.24.0
[INFO] running `Command { std: "docker" "create" "-v" "/var/lib/crater-agent-workspace/builds/worker-1-tc1/source:/opt/rustwide/workdir:ro,Z" "-v" "/var/lib/crater-agent-workspace/builds/worker-1-tc1/target:/opt/rustwide/target:rw,Z" "-v" "/var/lib/crater-agent-workspace/cargo-home:/opt/rustwide/cargo-home:ro,Z" "-v" "/var/lib/crater-agent-workspace/rustup-home:/opt/rustwide/rustup-home:ro,Z" "-m" "1610612736" "--network" "none" "ghcr.io/rust-lang/crates-build-env/linux@sha256:77db811e55d90add9212f6832c23229e3de5f1c1f9905e8cb07319ea15df73ac" "sleep" "infinity", kill_on_drop: false }`
[INFO] [stdout] adce1c97fc9dd413273850f4820a5233b00cd85245843be2eef0af2923f86521
[INFO] running `Command { std: "docker" "start" "adce1c97fc9dd413273850f4820a5233b00cd85245843be2eef0af2923f86521", kill_on_drop: false }`
[INFO] running `Command { std: "docker" "inspect" "adce1c97fc9dd413273850f4820a5233b00cd85245843be2eef0af2923f86521", kill_on_drop: false }`
[INFO] running `Command { std: "docker" "exec" "-e" "SOURCE_DIR=/opt/rustwide/workdir" "-e" "CARGO_HOME=/opt/rustwide/cargo-home" "-e" "RUSTUP_HOME=/opt/rustwide/rustup-home" "-e" "CARGO_TARGET_DIR=/opt/rustwide/target" "-w" "/opt/rustwide/workdir" "--user" "0:0" "adce1c97fc9dd413273850f4820a5233b00cd85245843be2eef0af2923f86521" "/opt/rustwide/cargo-home/bin/cargo" "+1.99.0-beta.8" "metadata" "--no-deps" "--format-version=1", kill_on_drop: false }`
[INFO] running `Command { std: "docker" "inspect" "adce1c97fc9dd413273850f4820a5233b00cd85245843be2eef0af2923f86521", kill_on_drop: false }`
[INFO] running `Command { std: "docker" "exec" "-e" "SOURCE_DIR=/opt/rustwide/workdir" "-e" "CARGO_HOME=/opt/rustwide/cargo-home" "-e" "RUSTUP_HOME=/opt/rustwide/rustup-home" "-e" "CARGO_TARGET_DIR=/opt/rustwide/target" "-e" "CARGO_INCREMENTAL=0" "-e" "RUST_BACKTRACE=full" "-e" "RUSTFLAGS=--cap-lints=warn" "-e" "RUSTDOCFLAGS=--cap-lints=warn" "-w" "/opt/rustwide/workdir" "--user" "0:0" "adce1c97fc9dd413273850f4820a5233b00cd85245843be2eef0af2923f86521" "/opt/rustwide/cargo-home/bin/cargo" "+1.99.0-beta.8" "build" "--frozen" "--message-format=json" "--release", kill_on_drop: false }`
[INFO] [stderr]    Compiling smallvec v1.15.1
[INFO] [stderr]    Compiling quote v1.0.45
[INFO] [stderr]    Compiling once_cell v1.21.3
[INFO] [stderr]    Compiling shlex v1.3.0
[INFO] [stderr]    Compiling log v0.4.29
[INFO] [stderr]    Compiling slab v0.4.12
[INFO] [stderr]    Compiling futures-io v0.3.32
[INFO] [stderr]    Compiling zerocopy v0.8.40
[INFO] [stderr]    Compiling cc v1.2.56
[INFO] [stderr]    Compiling http-body v1.0.1
[INFO] [stderr]    Compiling pkg-config v0.3.32
[INFO] [stderr]    Compiling tracing-core v0.1.36
[INFO] [stderr]    Compiling syn v2.0.117
[INFO] [stderr]    Compiling parking_lot_core v0.9.12
[INFO] [stderr]    Compiling tower-service v0.3.3
[INFO] [stderr]    Compiling num-traits v0.2.19
[INFO] [stderr]    Compiling httparse v1.10.1
[INFO] [stderr]    Compiling try-lock v0.2.5
[INFO] [stderr]    Compiling atomic-waker v1.1.2
[INFO] [stderr]    Compiling zeroize v1.8.2
[INFO] [stderr]    Compiling tower-layer v0.3.3
[INFO] [stderr]    Compiling parking_lot v0.12.5
[INFO] [stderr]    Compiling rustls-pki-types v1.15.1
[INFO] [stderr]    Compiling want v0.3.1
[INFO] [stderr]    Compiling form_urlencoded v1.2.2
[INFO] [stderr]    Compiling openssl v0.10.75
[INFO] [stderr]    Compiling httpdate v1.0.3
[INFO] [stderr]    Compiling http-body-util v0.1.3
[INFO] [stderr]    Compiling sync_wrapper v1.0.2
[INFO] [stderr]    Compiling native-tls v0.2.18
[INFO] [stderr]    Compiling rustls v0.23.43
[INFO] [stderr]    Compiling ipnet v2.12.0
[INFO] [stderr]    Compiling openssl-sys v0.9.111
[INFO] [stderr]    Compiling ring v0.17.14
[INFO] [stderr]    Compiling regex-syntax v0.8.10
[INFO] [stderr]    Compiling openssl-probe v0.2.1
[INFO] [stderr]    Compiling protobuf v2.28.0
[INFO] [stderr]    Compiling anstyle-parse v0.2.7
[INFO] [stderr]    Compiling ordered-float v4.6.0
[INFO] [stderr]    Compiling anstyle v1.0.13
[INFO] [stderr]    Compiling mime v0.3.17
[INFO] [stderr]    Compiling prometheus v0.13.4
[INFO] [stderr]    Compiling colorchoice v1.0.4
[INFO] [stderr]    Compiling glob v0.3.4
[INFO] [stderr]    Compiling anstream v0.6.21
[INFO] [stderr]    Compiling getrandom v0.4.2
[INFO] [stderr]    Compiling serde_json v1.0.149
[INFO] [stderr]    Compiling regex-automata v0.4.14
[INFO] [stderr]    Compiling sharded-slab v0.1.7
[INFO] [stderr]    Compiling webpki-roots v1.0.9
[INFO] [stderr]    Compiling tracing-log v0.2.0
[INFO] [stderr]    Compiling thread_local v1.1.9
[INFO] [stderr]    Compiling nu-ansi-term v0.50.3
[INFO] [stderr]    Compiling synstructure v0.13.2
[INFO] [stderr]    Compiling ppv-lite86 v0.2.21
[INFO] [stderr]    Compiling clap_lex v1.0.0
[INFO] [stderr]    Compiling rand_chacha v0.3.1
[INFO] [stderr]    Compiling clap_builder v4.5.60
[INFO] [stderr]    Compiling rand v0.8.5
[INFO] [stderr]    Compiling tokio-macros v2.6.1
[INFO] [stderr]    Compiling zerofrom-derive v0.1.6
[INFO] [stderr]    Compiling tokio v1.50.0
[INFO] [stderr]    Compiling yoke-derive v0.8.1
[INFO] [stderr]    Compiling zerofrom v0.1.6
[INFO] [stderr]    Compiling futures-macro v0.3.32
[INFO] [stderr]    Compiling yoke v0.8.1
[INFO] [stderr]    Compiling tracing-attributes v0.1.31
[INFO] [stderr]    Compiling futures-util v0.3.32
[INFO] [stderr]    Compiling zerovec-derive v0.11.2
[INFO] [stderr]    Compiling tracing v0.1.44
[INFO] [stderr]    Compiling displaydoc v0.2.5
[INFO] [stderr]    Compiling zerovec v0.11.5
[INFO] [stderr]    Compiling zerotrie v0.2.3
[INFO] [stderr]    Compiling serde_derive v1.0.228
[INFO] [stderr]    Compiling tinystr v0.8.2
[INFO] [stderr]    Compiling icu_locale_core v2.1.1
[INFO] [stderr]    Compiling potential_utf v0.1.4
[INFO] [stderr]    Compiling icu_collections v2.1.1
[INFO] [stderr]    Compiling icu_provider v2.1.1
[INFO] [stderr]    Compiling async-trait v0.1.89
[INFO] [stderr]    Compiling icu_properties v2.1.2
[INFO] [stderr]    Compiling tokio-util v0.7.18
[INFO] [stderr]    Compiling icu_normalizer v2.1.1
[INFO] [stderr]    Compiling serde v1.0.228
[INFO] [stderr]    Compiling h2 v0.4.19
[INFO] [stderr]    Compiling thiserror-impl v1.0.69
[INFO] [stderr]    Compiling idna_adapter v1.2.1
[INFO] [stderr]    Compiling futures-executor v0.3.32
[INFO] [stderr]    Compiling openssl-macros v0.1.1
[INFO] [stderr]    Compiling idna v1.1.0
[INFO] [stderr]    Compiling thiserror v1.0.69
[INFO] [stderr]    Compiling pin-project-internal v1.1.11
[INFO] [stderr]    Compiling rustls-webpki v0.103.15
[INFO] [stderr]    Compiling pin-project v1.1.11
[INFO] [stderr]    Compiling opentelemetry v0.23.0
[INFO] [stderr]    Compiling hyper v1.8.1
[INFO] [stderr]    Compiling url v2.5.8
[INFO] [stderr]    Compiling tower v0.5.3
[INFO] [stderr]    Compiling tokio-stream v0.1.18
[INFO] [stderr]    Compiling tokio-native-tls v0.3.1
[INFO] [stderr]    Compiling hyper-util v0.1.20
[INFO] [stderr]    Compiling opentelemetry_sdk v0.23.0
[INFO] [stderr]    Compiling tokio-rustls v0.26.4
[INFO] [stderr]    Compiling toml_datetime v0.6.11
[INFO] [stderr]    Compiling serde_spanned v0.6.9
[INFO] [stderr]    Compiling serde_urlencoded v0.7.1
[INFO] [stderr]    Compiling matchers v0.2.0
[INFO] [stderr]    Compiling tracing-subscriber v0.3.22
[INFO] [stderr]    Compiling toml_edit v0.22.27
[INFO] [stderr]    Compiling hyper-tls v0.6.0
[INFO] [stderr]    Compiling hyper-rustls v0.27.9
[INFO] [stderr]    Compiling tower-http v0.6.11
[INFO] [stderr]    Compiling tokio-retry v0.3.0
[INFO] [stderr]    Compiling futures v0.3.32
[INFO] [stderr]    Compiling combine v4.6.7
[INFO] [stderr]    Compiling axum-core v0.4.5
[INFO] [stderr]    Compiling clap_derive v4.5.55
[INFO] [stderr]    Compiling arc-swap v1.8.2
[INFO] [stderr]    Compiling serde_path_to_error v0.1.20
[INFO] [stderr]    Compiling socket2 v0.5.10
[INFO] [stderr]    Compiling sha1_smol v1.0.1
[INFO] [stderr]    Compiling matchit v0.7.3
[INFO] [stderr]    Compiling chrono v0.4.44
[INFO] [stderr]    Compiling axum v0.7.9
[INFO] [stderr]    Compiling redis v0.25.4
[INFO] [stderr]    Compiling reqwest v0.12.28
[INFO] [stderr]    Compiling clap v4.5.60
[INFO] [stderr]    Compiling uuid v1.22.0
[INFO] [stderr]    Compiling opentelemetry-prometheus v0.16.0
[INFO] [stderr]    Compiling toml v0.8.23
[INFO] [stderr]    Compiling tracing-opentelemetry v0.24.0
[INFO] [stderr]    Compiling tower v0.4.13
[INFO] [stderr]    Compiling tower-http v0.5.2
[INFO] [stderr]    Compiling rand_distr v0.4.3
[INFO] [stderr]    Compiling merlin v0.2.0 (/opt/rustwide/workdir)
[INFO] [stderr]     Finished `release` profile [optimized] target(s) in 6m 13s
[INFO] [stderr] warning: the following packages contain code that will be rejected by a future version of Rust: redis v0.25.4
[INFO] [stderr] note: to see what the problems were, use the option `--future-incompat-report`, or run `cargo report future-incompatibilities --id 4`
[INFO] running `Command { std: "docker" "inspect" "adce1c97fc9dd413273850f4820a5233b00cd85245843be2eef0af2923f86521", kill_on_drop: false }`
[INFO] running `Command { std: "docker" "exec" "-e" "SOURCE_DIR=/opt/rustwide/workdir" "-e" "CARGO_HOME=/opt/rustwide/cargo-home" "-e" "RUSTUP_HOME=/opt/rustwide/rustup-home" "-e" "CARGO_TARGET_DIR=/opt/rustwide/target" "-e" "CARGO_INCREMENTAL=0" "-e" "RUST_BACKTRACE=full" "-e" "RUSTFLAGS=--cap-lints=warn" "-e" "RUSTDOCFLAGS=--cap-lints=warn" "-w" "/opt/rustwide/workdir" "--user" "0:0" "adce1c97fc9dd413273850f4820a5233b00cd85245843be2eef0af2923f86521" "/opt/rustwide/cargo-home/bin/cargo" "+1.99.0-beta.8" "test" "--frozen" "--no-run" "--message-format=json" "--release", kill_on_drop: false }`
[INFO] [stderr]    Compiling tokio v1.50.0
[INFO] [stderr]    Compiling bitflags v2.11.0
[INFO] [stderr]    Compiling regex-automata v0.4.14
[INFO] [stderr]    Compiling syn v1.0.109
[INFO] [stderr]    Compiling predicates-core v1.0.10
[INFO] [stderr]    Compiling either v1.15.0
[INFO] [stderr]    Compiling float-cmp v0.9.0
[INFO] [stderr]    Compiling num_cpus v1.17.0
[INFO] [stderr]    Compiling normalize-line-endings v0.3.0
[INFO] [stderr]    Compiling openssl v0.10.75
[INFO] [stderr]    Compiling termtree v0.5.1
[INFO] [stderr]    Compiling itertools v0.10.5
[INFO] [stderr]    Compiling difflib v0.4.0
[INFO] [stderr]    Compiling deadpool-runtime v0.1.4
[INFO] [stderr]    Compiling predicates-tree v1.0.13
[INFO] [stderr]    Compiling rustix v1.1.4
[INFO] [stderr]    Compiling assert-json-diff v2.0.2
[INFO] [stderr]    Compiling fastrand v2.3.0
[INFO] [stderr]    Compiling fragile v2.0.1
[INFO] [stderr]    Compiling downcast v0.11.0
[INFO] [stderr]    Compiling tempfile v3.26.0
[INFO] [stderr]    Compiling native-tls v0.2.18
[INFO] [stderr]    Compiling matchers v0.2.0
[INFO] [stderr]    Compiling regex v1.12.3
[INFO] [stderr]    Compiling tracing-subscriber v0.3.22
[INFO] [stderr]    Compiling mockall_derive v0.11.4
[INFO] [stderr]    Compiling predicates v2.1.5
[INFO] [stderr]    Compiling tokio-util v0.7.18
[INFO] [stderr]    Compiling h2 v0.4.19
[INFO] [stderr]    Compiling tokio-stream v0.1.18
[INFO] [stderr]    Compiling tower v0.5.3
[INFO] [stderr]    Compiling opentelemetry_sdk v0.23.0
[INFO] [stderr]    Compiling tokio-rustls v0.26.4
[INFO] [stderr]    Compiling tokio-native-tls v0.3.1
[INFO] [stderr]    Compiling tower-http v0.6.11
[INFO] [stderr]    Compiling combine v4.6.7
[INFO] [stderr]    Compiling tokio-retry v0.3.0
[INFO] [stderr]    Compiling tower v0.4.13
[INFO] [stderr]    Compiling tower-http v0.5.2
[INFO] [stderr]    Compiling deadpool v0.12.3
[INFO] [stderr]    Compiling tokio-test v0.4.5
[INFO] [stderr]    Compiling mockall v0.11.4
[INFO] [stderr]    Compiling opentelemetry-prometheus v0.16.0
[INFO] [stderr]    Compiling tracing-opentelemetry v0.24.0
[INFO] [stderr]    Compiling hyper v1.8.1
[INFO] [stderr]    Compiling redis v0.25.4
[INFO] [stderr]    Compiling hyper-util v0.1.20
[INFO] [stderr]    Compiling hyper-rustls v0.27.9
[INFO] [stderr]    Compiling hyper-tls v0.6.0
[INFO] [stderr]    Compiling axum v0.7.9
[INFO] [stderr]    Compiling wiremock v0.6.5
[INFO] [stderr]    Compiling reqwest v0.12.28
[INFO] [stderr]    Compiling merlin v0.2.0 (/opt/rustwide/workdir)
[INFO] [stderr]     Finished `release` profile [optimized] target(s) in 3m 53s
[INFO] [stderr] warning: the following packages contain code that will be rejected by a future version of Rust: redis v0.25.4
[INFO] [stderr] note: to see what the problems were, use the option `--future-incompat-report`, or run `cargo report future-incompatibilities --id 4`
[INFO] running `Command { std: "docker" "inspect" "adce1c97fc9dd413273850f4820a5233b00cd85245843be2eef0af2923f86521", kill_on_drop: false }`
[INFO] running `Command { std: "docker" "exec" "-e" "SOURCE_DIR=/opt/rustwide/workdir" "-e" "CARGO_HOME=/opt/rustwide/cargo-home" "-e" "RUSTUP_HOME=/opt/rustwide/rustup-home" "-e" "CARGO_TARGET_DIR=/opt/rustwide/target" "-e" "CARGO_INCREMENTAL=0" "-e" "RUST_BACKTRACE=full" "-e" "RUSTFLAGS=--cap-lints=warn" "-e" "RUSTDOCFLAGS=--cap-lints=warn" "-w" "/opt/rustwide/workdir" "--user" "0:0" "adce1c97fc9dd413273850f4820a5233b00cd85245843be2eef0af2923f86521" "/opt/rustwide/cargo-home/bin/cargo" "+1.99.0-beta.8" "test" "--frozen" "--release", kill_on_drop: false }`
[INFO] [stderr]     Finished `release` profile [optimized] target(s) in 0.38s
[INFO] [stderr] warning: the following packages contain code that will be rejected by a future version of Rust: redis v0.25.4
[INFO] [stderr] note: to see what the problems were, use the option `--future-incompat-report`, or run `cargo report future-incompatibilities --id 4`
[INFO] [stderr]      Running unittests src/lib.rs (/opt/rustwide/target/release/deps/merlin-a3cd0e2e6e2c0fc8)
[INFO] [stdout] 
[INFO] [stdout] running 0 tests
[INFO] [stdout] 
[INFO] [stdout] test result: ok. 0 passed; 0 failed; 0 ignored; 0 measured; 0 filtered out; finished in 0.00s
[INFO] [stdout] 
[INFO] [stderr]      Running unittests src/main.rs (/opt/rustwide/target/release/deps/merlin-093328de65321d07)
[INFO] [stdout] 
[INFO] [stdout] running 0 tests
[INFO] [stdout] 
[INFO] [stdout] test result: ok. 0 passed; 0 failed; 0 ignored; 0 measured; 0 filtered out; finished in 0.00s
[INFO] [stdout] 
[INFO] [stderr]      Running tests/integration_test.rs (/opt/rustwide/target/release/deps/integration_test-a733d4207d5f9956)
[INFO] [stdout] 
[INFO] [stdout] running 3 tests
[INFO] [stdout] test tests::engine_execute_openai_non_streaming ... FAILED
[INFO] [stdout] test tests::openai_passthrough_returns_completion ... FAILED
[INFO] [stdout] test tests::fallback_activates_on_upstream_failure ... FAILED
[INFO] [stdout] 
[INFO] [stdout] failures:
[INFO] [stdout] 
[INFO] [stdout] ---- tests::engine_execute_openai_non_streaming stdout ----
[INFO] [stdout] 
[INFO] [stdout] thread 'tests::engine_execute_openai_non_streaming' (3775) panicked at tests/integration_test.rs:146:61:
[INFO] [stdout] called `Result::unwrap()` on an `Err` value: upstream error 404 Not Found: 
[INFO] [stdout] 
[INFO] [stdout] Stack backtrace:
[INFO] [stdout]    0: <anyhow::Error>::msg::<alloc::string::String>
[INFO] [stdout]    1: <merlin::clients::translating::TranslatingLlmClient as merlin::clients::LlmClient>::execute::{closure#0}
[INFO] [stdout]    2: <merlin::engine::RouterEngine>::execute::{closure#0}
[INFO] [stdout]    3: integration_test::tests::engine_execute_openai_non_streaming::{closure#0}
[INFO] [stdout]    4: <tokio::runtime::scheduler::current_thread::Context>::enter::<core::task::poll::Poll<()>, <tokio::runtime::scheduler::current_thread::CoreGuard>::block_on<core::pin::Pin<&mut core::pin::Pin<&mut dyn core::future::future::Future<Output = ()>>>>::{closure#0}::{closure#0}>
[INFO] [stdout]    5: <tokio::runtime::context::scoped::Scoped<tokio::runtime::scheduler::Context>>::set::<<tokio::runtime::scheduler::current_thread::CoreGuard>::enter<<tokio::runtime::scheduler::current_thread::CoreGuard>::block_on<core::pin::Pin<&mut core::pin::Pin<&mut dyn core::future::future::Future<Output = ()>>>>::{closure#0}, core::option::Option<()>>::{closure#0}, (alloc::boxed::Box<tokio::runtime::scheduler::current_thread::Core>, core::option::Option<()>)>
[INFO] [stdout]    6: <tokio::runtime::scheduler::current_thread::CoreGuard>::block_on::<core::pin::Pin<&mut core::pin::Pin<&mut dyn core::future::future::Future<Output = ()>>>>
[INFO] [stdout]    7: tokio::runtime::context::runtime::enter_runtime::<<tokio::runtime::scheduler::current_thread::CurrentThread>::block_on<core::pin::Pin<&mut dyn core::future::future::Future<Output = ()>>>::{closure#0}, ()>
[INFO] [stdout]    8: <tokio::runtime::runtime::Runtime>::block_on::<core::pin::Pin<&mut dyn core::future::future::Future<Output = ()>>>
[INFO] [stdout]    9: integration_test::tests::engine_execute_openai_non_streaming
[INFO] [stdout]   10: <integration_test::tests::engine_execute_openai_non_streaming::{closure#0} as core::ops::function::FnOnce<()>>::call_once
[INFO] [stdout]   11: test::__rust_begin_short_backtrace::<core::result::Result<(), alloc::string::String>, fn() -> core::result::Result<(), alloc::string::String>>
[INFO] [stdout]   12: test::run_test::{closure#0}
[INFO] [stdout]   13: std::sys::backtrace::__rust_begin_short_backtrace::<test::run_test::{closure#1}, ()>
[INFO] [stdout]   14: <std::thread::lifecycle::spawn_unchecked<test::run_test::{closure#1}, ()>::{closure#1} as core::ops::function::FnOnce<()>>::call_once::{shim:vtable#0}
[INFO] [stdout]   15: <std::sys::thread::unix::Thread>::new::thread_start
[INFO] [stdout]   16: <unknown>
[INFO] [stdout]   17: clone
[INFO] [stdout] stack backtrace:
[INFO] [stdout]    0:     0x573e94090321 - <<std[70759c8f55707aa4]::sys::backtrace::BacktraceLock>::print::DisplayBacktrace as core[df12db4294e9bfd3]::fmt::Display>::fmt
[INFO] [stdout]    1:     0x573e940a8fea - core[df12db4294e9bfd3]::fmt::write
[INFO] [stdout]    2:     0x573e940957fc - <alloc[2182bb758b4b3781]::vec::Vec<u8> as core[df12db4294e9bfd3]::io::write::Write>::write_fmt
[INFO] [stdout]    3:     0x573e9406a646 - std[70759c8f55707aa4]::panicking::default_hook::{closure#0}
[INFO] [stdout]    4:     0x573e94087fd9 - std[70759c8f55707aa4]::panicking::default_hook
[INFO] [stdout]    5:     0x573e93c2e5e0 - test[9d35eded1c95d3be]::test_main_inner::<test[9d35eded1c95d3be]::test_main_static::{closure#0}>::{closure#0}
[INFO] [stdout]    6:     0x573e94088302 - std[70759c8f55707aa4]::panicking::panic_with_hook
[INFO] [stdout]    7:     0x573e9406a6f2 - std[70759c8f55707aa4]::panicking::panic_handler::{closure#0}
[INFO] [stdout]    8:     0x573e94062e09 - std[70759c8f55707aa4]::sys::backtrace::__rust_end_short_backtrace::<std[70759c8f55707aa4]::panicking::panic_handler::{closure#0}, !>
[INFO] [stdout]    9:     0x573e9406b5ed - __rustc[8fa7c3cbc660c2b3]::rust_begin_unwind
[INFO] [stdout]   10:     0x573e940a974c - core[df12db4294e9bfd3]::panicking::panic_fmt
[INFO] [stdout]   11:     0x573e940a9522 - core[df12db4294e9bfd3]::result::unwrap_failed
[INFO] [stdout]   12:     0x573e93b9f66e - integration_test[6f0aef1a66495df5]::tests::engine_execute_openai_non_streaming::{closure#0}
[INFO] [stdout]   13:     0x573e93c1a3e3 - <tokio[521fe8f449762428]::runtime::scheduler::current_thread::Context>::enter::<core[df12db4294e9bfd3]::task::poll::Poll<()>, <tokio[521fe8f449762428]::runtime::scheduler::current_thread::CoreGuard>::block_on<core[df12db4294e9bfd3]::pin::Pin<&mut core[df12db4294e9bfd3]::pin::Pin<&mut dyn core[df12db4294e9bfd3]::future::future::Future<Output = ()>>>>::{closure#0}::{closure#0}>
[INFO] [stdout]   14:     0x573e93bba65c - <tokio[521fe8f449762428]::runtime::context::scoped::Scoped<tokio[521fe8f449762428]::runtime::scheduler::Context>>::set::<<tokio[521fe8f449762428]::runtime::scheduler::current_thread::CoreGuard>::enter<<tokio[521fe8f449762428]::runtime::scheduler::current_thread::CoreGuard>::block_on<core[df12db4294e9bfd3]::pin::Pin<&mut core[df12db4294e9bfd3]::pin::Pin<&mut dyn core[df12db4294e9bfd3]::future::future::Future<Output = ()>>>>::{closure#0}, core[df12db4294e9bfd3]::option::Option<()>>::{closure#0}, (alloc[2182bb758b4b3781]::boxed::Box<tokio[521fe8f449762428]::runtime::scheduler::current_thread::Core>, core[df12db4294e9bfd3]::option::Option<()>)>
[INFO] [stdout]   15:     0x573e93c1b0f7 - <tokio[521fe8f449762428]::runtime::scheduler::current_thread::CoreGuard>::block_on::<core[df12db4294e9bfd3]::pin::Pin<&mut core[df12db4294e9bfd3]::pin::Pin<&mut dyn core[df12db4294e9bfd3]::future::future::Future<Output = ()>>>>
[INFO] [stdout]   16:     0x573e93c0dcc7 - tokio[521fe8f449762428]::runtime::context::runtime::enter_runtime::<<tokio[521fe8f449762428]::runtime::scheduler::current_thread::CurrentThread>::block_on<core[df12db4294e9bfd3]::pin::Pin<&mut dyn core[df12db4294e9bfd3]::future::future::Future<Output = ()>>>::{closure#0}, ()>
[INFO] [stdout]   17:     0x573e93c0885a - <tokio[521fe8f449762428]::runtime::runtime::Runtime>::block_on::<core[df12db4294e9bfd3]::pin::Pin<&mut dyn core[df12db4294e9bfd3]::future::future::Future<Output = ()>>>
[INFO] [stdout]   18:     0x573e93ba54eb - integration_test[6f0aef1a66495df5]::tests::engine_execute_openai_non_streaming
[INFO] [stdout]   19:     0x573e93c086f9 - <integration_test[6f0aef1a66495df5]::tests::engine_execute_openai_non_streaming::{closure#0} as core[df12db4294e9bfd3]::ops::function::FnOnce<()>>::call_once
[INFO] [stdout]   20:     0x573e93c218cb - test[9d35eded1c95d3be]::__rust_begin_short_backtrace::<core[df12db4294e9bfd3]::result::Result<(), alloc[2182bb758b4b3781]::string::String>, fn() -> core[df12db4294e9bfd3]::result::Result<(), alloc[2182bb758b4b3781]::string::String>>
[INFO] [stdout]   21:     0x573e93c2ef35 - test[9d35eded1c95d3be]::run_test::{closure#0}
[INFO] [stdout]   22:     0x573e93c287f4 - std[70759c8f55707aa4]::sys::backtrace::__rust_begin_short_backtrace::<test[9d35eded1c95d3be]::run_test::{closure#1}, ()>
[INFO] [stdout]   23:     0x573e93c32092 - <std[70759c8f55707aa4]::thread::lifecycle::spawn_unchecked<test[9d35eded1c95d3be]::run_test::{closure#1}, ()>::{closure#1} as core[df12db4294e9bfd3]::ops::function::FnOnce<()>>::call_once::{shim:vtable#0}
[INFO] [stdout]   24:     0x573e9408f5f9 - <std[70759c8f55707aa4]::sys::thread::unix::Thread>::new::thread_start
[INFO] [stdout]   25:     0x765d6a5bcdfa - <unknown>
[INFO] [stdout]   26:     0x765d6a6503d4 - clone
[INFO] [stdout]   27:                0x0 - <unknown>
[INFO] [stdout] 
[INFO] [stdout] ---- tests::openai_passthrough_returns_completion stdout ----
[INFO] [stdout] 
[INFO] [stdout] thread 'tests::openai_passthrough_returns_completion' (3777) panicked at tests/integration_test.rs:109:9:
[INFO] [stdout] assertion `left == right` failed
[INFO] [stdout]   left: 502
[INFO] [stdout]  right: 200
[INFO] [stdout] stack backtrace:
[INFO] [stdout]    0:     0x573e94090321 - <<std[70759c8f55707aa4]::sys::backtrace::BacktraceLock>::print::DisplayBacktrace as core[df12db4294e9bfd3]::fmt::Display>::fmt
[INFO] [stdout]    1:     0x573e940a8fea - core[df12db4294e9bfd3]::fmt::write
[INFO] [stdout]    2:     0x573e940957fc - <alloc[2182bb758b4b3781]::vec::Vec<u8> as core[df12db4294e9bfd3]::io::write::Write>::write_fmt
[INFO] [stdout]    3:     0x573e9406a646 - std[70759c8f55707aa4]::panicking::default_hook::{closure#0}
[INFO] [stdout]    4:     0x573e94087fd9 - std[70759c8f55707aa4]::panicking::default_hook
[INFO] [stdout]    5:     0x573e93c2e5e0 - test[9d35eded1c95d3be]::test_main_inner::<test[9d35eded1c95d3be]::test_main_static::{closure#0}>::{closure#0}
[INFO] [stdout]    6:     0x573e94088302 - std[70759c8f55707aa4]::panicking::panic_with_hook
[INFO] [stdout]    7:     0x573e9406a6f2 - std[70759c8f55707aa4]::panicking::panic_handler::{closure#0}
[INFO] [stdout]    8:     0x573e94062e09 - std[70759c8f55707aa4]::sys::backtrace::__rust_end_short_backtrace::<std[70759c8f55707aa4]::panicking::panic_handler::{closure#0}, !>
[INFO] [stdout]    9:     0x573e9406b5ed - __rustc[8fa7c3cbc660c2b3]::rust_begin_unwind
[INFO] [stdout]   10:     0x573e940a974c - core[df12db4294e9bfd3]::panicking::panic_fmt
[INFO] [stdout]   11:     0x573e940a9663 - core[df12db4294e9bfd3]::panicking::assert_failed_inner
[INFO] [stdout]   12:     0x573e93c1f93d - core[df12db4294e9bfd3]::panicking::assert_failed::<http[ddb812b53ffbd839]::status::StatusCode, http[ddb812b53ffbd839]::status::StatusCode>
[INFO] [stdout]   13:     0x573e93ba19cb - integration_test[6f0aef1a66495df5]::tests::openai_passthrough_returns_completion::{closure#0}
[INFO] [stdout]   14:     0x573e93c1a3e3 - <tokio[521fe8f449762428]::runtime::scheduler::current_thread::Context>::enter::<core[df12db4294e9bfd3]::task::poll::Poll<()>, <tokio[521fe8f449762428]::runtime::scheduler::current_thread::CoreGuard>::block_on<core[df12db4294e9bfd3]::pin::Pin<&mut core[df12db4294e9bfd3]::pin::Pin<&mut dyn core[df12db4294e9bfd3]::future::future::Future<Output = ()>>>>::{closure#0}::{closure#0}>
[INFO] [stdout]   15:     0x573e93bba65c - <tokio[521fe8f449762428]::runtime::context::scoped::Scoped<tokio[521fe8f449762428]::runtime::scheduler::Context>>::set::<<tokio[521fe8f449762428]::runtime::scheduler::current_thread::CoreGuard>::enter<<tokio[521fe8f449762428]::runtime::scheduler::current_thread::CoreGuard>::block_on<core[df12db4294e9bfd3]::pin::Pin<&mut core[df12db4294e9bfd3]::pin::Pin<&mut dyn core[df12db4294e9bfd3]::future::future::Future<Output = ()>>>>::{closure#0}, core[df12db4294e9bfd3]::option::Option<()>>::{closure#0}, (alloc[2182bb758b4b3781]::boxed::Box<tokio[521fe8f449762428]::runtime::scheduler::current_thread::Core>, core[df12db4294e9bfd3]::option::Option<()>)>
[INFO] [stdout]   16:     0x573e93c1b0f7 - <tokio[521fe8f449762428]::runtime::scheduler::current_thread::CoreGuard>::block_on::<core[df12db4294e9bfd3]::pin::Pin<&mut core[df12db4294e9bfd3]::pin::Pin<&mut dyn core[df12db4294e9bfd3]::future::future::Future<Output = ()>>>>
[INFO] [stdout]   17:     0x573e93c0dcc7 - tokio[521fe8f449762428]::runtime::context::runtime::enter_runtime::<<tokio[521fe8f449762428]::runtime::scheduler::current_thread::CurrentThread>::block_on<core[df12db4294e9bfd3]::pin::Pin<&mut dyn core[df12db4294e9bfd3]::future::future::Future<Output = ()>>>::{closure#0}, ()>
[INFO] [stdout]   18:     0x573e93c0885a - <tokio[521fe8f449762428]::runtime::runtime::Runtime>::block_on::<core[df12db4294e9bfd3]::pin::Pin<&mut dyn core[df12db4294e9bfd3]::future::future::Future<Output = ()>>>
[INFO] [stdout]   19:     0x573e93ba563b - integration_test[6f0aef1a66495df5]::tests::openai_passthrough_returns_completion
[INFO] [stdout]   20:     0x573e93c08719 - <integration_test[6f0aef1a66495df5]::tests::openai_passthrough_returns_completion::{closure#0} as core[df12db4294e9bfd3]::ops::function::FnOnce<()>>::call_once
[INFO] [stdout]   21:     0x573e93c218cb - test[9d35eded1c95d3be]::__rust_begin_short_backtrace::<core[df12db4294e9bfd3]::result::Result<(), alloc[2182bb758b4b3781]::string::String>, fn() -> core[df12db4294e9bfd3]::result::Result<(), alloc[2182bb758b4b3781]::string::String>>
[INFO] [stdout]   22:     0x573e93c2ef35 - test[9d35eded1c95d3be]::run_test::{closure#0}
[INFO] [stdout]   23:     0x573e93c287f4 - std[70759c8f55707aa4]::sys::backtrace::__rust_begin_short_backtrace::<test[9d35eded1c95d3be]::run_test::{closure#1}, ()>
[INFO] [stdout]   24:     0x573e93c32092 - <std[70759c8f55707aa4]::thread::lifecycle::spawn_unchecked<test[9d35eded1c95d3be]::run_test::{closure#1}, ()>::{closure#1} as core[df12db4294e9bfd3]::ops::function::FnOnce<()>>::call_once::{shim:vtable#0}
[INFO] [stdout]   25:     0x573e9408f5f9 - <std[70759c8f55707aa4]::sys::thread::unix::Thread>::new::thread_start
[INFO] [stdout]   26:     0x765d6a5bcdfa - <unknown>
[INFO] [stdout]   27:     0x765d6a6503d4 - clone
[INFO] [stdout]   28:                0x0 - <unknown>
[INFO] [stdout] 
[INFO] [stdout] ---- tests::fallback_activates_on_upstream_failure stdout ----
[INFO] [stdout] 
[INFO] [stdout] thread 'tests::fallback_activates_on_upstream_failure' (3776) panicked at tests/integration_test.rs:244:61:
[INFO] [stdout] called `Result::unwrap()` on an `Err` value: upstream error 404 Not Found: 
[INFO] [stdout] 
[INFO] [stdout] Stack backtrace:
[INFO] [stdout]    0: <anyhow::Error>::msg::<alloc::string::String>
[INFO] [stdout]    1: <merlin::clients::translating::TranslatingLlmClient as merlin::clients::LlmClient>::execute::{closure#0}
[INFO] [stdout]    2: <merlin::engine::RouterEngine>::execute::{closure#0}
[INFO] [stdout]    3: integration_test::tests::fallback_activates_on_upstream_failure::{closure#0}
[INFO] [stdout]    4: <tokio::runtime::scheduler::current_thread::Context>::enter::<core::task::poll::Poll<()>, <tokio::runtime::scheduler::current_thread::CoreGuard>::block_on<core::pin::Pin<&mut core::pin::Pin<&mut dyn core::future::future::Future<Output = ()>>>>::{closure#0}::{closure#0}>
[INFO] [stdout]    5: <tokio::runtime::context::scoped::Scoped<tokio::runtime::scheduler::Context>>::set::<<tokio::runtime::scheduler::current_thread::CoreGuard>::enter<<tokio::runtime::scheduler::current_thread::CoreGuard>::block_on<core::pin::Pin<&mut core::pin::Pin<&mut dyn core::future::future::Future<Output = ()>>>>::{closure#0}, core::option::Option<()>>::{closure#0}, (alloc::boxed::Box<tokio::runtime::scheduler::current_thread::Core>, core::option::Option<()>)>
[INFO] [stdout]    6: <tokio::runtime::scheduler::current_thread::CoreGuard>::block_on::<core::pin::Pin<&mut core::pin::Pin<&mut dyn core::future::future::Future<Output = ()>>>>
[INFO] [stdout]    7: tokio::runtime::context::runtime::enter_runtime::<<tokio::runtime::scheduler::current_thread::CurrentThread>::block_on<core::pin::Pin<&mut dyn core::future::future::Future<Output = ()>>>::{closure#0}, ()>
[INFO] [stdout]    8: <tokio::runtime::runtime::Runtime>::block_on::<core::pin::Pin<&mut dyn core::future::future::Future<Output = ()>>>
[INFO] [stdout]    9: integration_test::tests::fallback_activates_on_upstream_failure
[INFO] [stdout]   10: <integration_test::tests::fallback_activates_on_upstream_failure::{closure#0} as core::ops::function::FnOnce<()>>::call_once
[INFO] [stdout]   11: test::__rust_begin_short_backtrace::<core::result::Result<(), alloc::string::String>, fn() -> core::result::Result<(), alloc::string::String>>
[INFO] [stdout]   12: test::run_test::{closure#0}
[INFO] [stdout]   13: std::sys::backtrace::__rust_begin_short_backtrace::<test::run_test::{closure#1}, ()>
[INFO] [stdout]   14: <std::thread::lifecycle::spawn_unchecked<test::run_test::{closure#1}, ()>::{closure#1} as core::ops::function::FnOnce<()>>::call_once::{shim:vtable#0}
[INFO] [stdout]   15: <std::sys::thread::unix::Thread>::new::thread_start
[INFO] [stdout]   16: <unknown>
[INFO] [stdout]   17: clone
[INFO] [stdout] stack backtrace:
[INFO] [stdout]    0:     0x573e94090321 - <<std[70759c8f55707aa4]::sys::backtrace::BacktraceLock>::print::DisplayBacktrace as core[df12db4294e9bfd3]::fmt::Display>::fmt
[INFO] [stdout]    1:     0x573e940a8fea - core[df12db4294e9bfd3]::fmt::write
[INFO] [stdout]    2:     0x573e940957fc - <alloc[2182bb758b4b3781]::vec::Vec<u8> as core[df12db4294e9bfd3]::io::write::Write>::write_fmt
[INFO] [stdout]    3:     0x573e9406a646 - std[70759c8f55707aa4]::panicking::default_hook::{closure#0}
[INFO] [stdout]    4:     0x573e94087fd9 - std[70759c8f55707aa4]::panicking::default_hook
[INFO] [stdout]    5:     0x573e93c2e5e0 - test[9d35eded1c95d3be]::test_main_inner::<test[9d35eded1c95d3be]::test_main_static::{closure#0}>::{closure#0}
[INFO] [stdout]    6:     0x573e94088302 - std[70759c8f55707aa4]::panicking::panic_with_hook
[INFO] [stdout]    7:     0x573e9406a6f2 - std[70759c8f55707aa4]::panicking::panic_handler::{closure#0}
[INFO] [stdout]    8:     0x573e94062e09 - std[70759c8f55707aa4]::sys::backtrace::__rust_end_short_backtrace::<std[70759c8f55707aa4]::panicking::panic_handler::{closure#0}, !>
[INFO] [stdout]    9:     0x573e9406b5ed - __rustc[8fa7c3cbc660c2b3]::rust_begin_unwind
[INFO] [stdout]   10:     0x573e940a974c - core[df12db4294e9bfd3]::panicking::panic_fmt
[INFO] [stdout]   11:     0x573e940a9522 - core[df12db4294e9bfd3]::result::unwrap_failed
[INFO] [stdout]   12:     0x573e93ba4741 - integration_test[6f0aef1a66495df5]::tests::fallback_activates_on_upstream_failure::{closure#0}
[INFO] [stdout]   13:     0x573e93c1a3e3 - <tokio[521fe8f449762428]::runtime::scheduler::current_thread::Context>::enter::<core[df12db4294e9bfd3]::task::poll::Poll<()>, <tokio[521fe8f449762428]::runtime::scheduler::current_thread::CoreGuard>::block_on<core[df12db4294e9bfd3]::pin::Pin<&mut core[df12db4294e9bfd3]::pin::Pin<&mut dyn core[df12db4294e9bfd3]::future::future::Future<Output = ()>>>>::{closure#0}::{closure#0}>
[INFO] [stdout]   14:     0x573e93bba65c - <tokio[521fe8f449762428]::runtime::context::scoped::Scoped<tokio[521fe8f449762428]::runtime::scheduler::Context>>::set::<<tokio[521fe8f449762428]::runtime::scheduler::current_thread::CoreGuard>::enter<<tokio[521fe8f449762428]::runtime::scheduler::current_thread::CoreGuard>::block_on<core[df12db4294e9bfd3]::pin::Pin<&mut core[df12db4294e9bfd3]::pin::Pin<&mut dyn core[df12db4294e9bfd3]::future::future::Future<Output = ()>>>>::{closure#0}, core[df12db4294e9bfd3]::option::Option<()>>::{closure#0}, (alloc[2182bb758b4b3781]::boxed::Box<tokio[521fe8f449762428]::runtime::scheduler::current_thread::Core>, core[df12db4294e9bfd3]::option::Option<()>)>
[INFO] [stdout]   15:     0x573e93c1b0f7 - <tokio[521fe8f449762428]::runtime::scheduler::current_thread::CoreGuard>::block_on::<core[df12db4294e9bfd3]::pin::Pin<&mut core[df12db4294e9bfd3]::pin::Pin<&mut dyn core[df12db4294e9bfd3]::future::future::Future<Output = ()>>>>
[INFO] [stdout]   16:     0x573e93c0dcc7 - tokio[521fe8f449762428]::runtime::context::runtime::enter_runtime::<<tokio[521fe8f449762428]::runtime::scheduler::current_thread::CurrentThread>::block_on<core[df12db4294e9bfd3]::pin::Pin<&mut dyn core[df12db4294e9bfd3]::future::future::Future<Output = ()>>>::{closure#0}, ()>
[INFO] [stdout]   17:     0x573e93c0885a - <tokio[521fe8f449762428]::runtime::runtime::Runtime>::block_on::<core[df12db4294e9bfd3]::pin::Pin<&mut dyn core[df12db4294e9bfd3]::future::future::Future<Output = ()>>>
[INFO] [stdout]   18:     0x573e93ba5797 - integration_test[6f0aef1a66495df5]::tests::fallback_activates_on_upstream_failure
[INFO] [stdout]   19:     0x573e93c08739 - <integration_test[6f0aef1a66495df5]::tests::fallback_activates_on_upstream_failure::{closure#0} as core[df12db4294e9bfd3]::ops::function::FnOnce<()>>::call_once
[INFO] [stdout]   20:     0x573e93c218cb - test[9d35eded1c95d3be]::__rust_begin_short_backtrace::<core[df12db4294e9bfd3]::result::Result<(), alloc[2182bb758b4b3781]::string::String>, fn() -> core[df12db4294e9bfd3]::result::Result<(), alloc[2182bb758b4b3781]::string::String>>
[INFO] [stdout]   21:     0x573e93c2ef35 - test[9d35eded1c95d3be]::run_test::{closure#0}
[INFO] [stdout]   22:     0x573e93c287f4 - std[70759c8f55707aa4]::sys::backtrace::__rust_begin_short_backtrace::<test[9d35eded1c95d3be]::run_test::{closure#1}, ()>
[INFO] [stdout]   23:     0x573e93c32092 - <std[70759c8f55707aa4]::thread::lifecycle::spawn_unchecked<test[9d35eded1c95d3be]::run_test::{closure#1}, ()>::{closure#1} as core[df12db4294e9bfd3]::ops::function::FnOnce<()>>::call_once::{shim:vtable#0}
[INFO] [stdout]   24:     0x573e9408f5f9 - <std[70759c8f55707aa4]::sys::thread::unix::Thread>::new::thread_start
[INFO] [stdout]   25:     0x765d6a5bcdfa - <unknown>
[INFO] [stdout]   26:     0x765d6a6503d4 - clone
[INFO] [stdout]   27:                0x0 - <unknown>
[INFO] [stdout] 
[INFO] [stdout] 
[INFO] [stdout] failures:
[INFO] [stdout]     tests::engine_execute_openai_non_streaming
[INFO] [stdout]     tests::fallback_activates_on_upstream_failure
[INFO] [stdout]     tests::openai_passthrough_returns_completion
[INFO] [stdout] 
[INFO] [stdout] test result: FAILED. 0 passed; 3 failed; 0 ignored; 0 measured; 0 filtered out; finished in 0.21s
[INFO] [stdout] 
[INFO] [stderr] error: test failed, to rerun pass `--test integration_test`
[INFO] running `Command { std: "docker" "inspect" "adce1c97fc9dd413273850f4820a5233b00cd85245843be2eef0af2923f86521", kill_on_drop: false }`
[INFO] running `Command { std: "docker" "rm" "-f" "adce1c97fc9dd413273850f4820a5233b00cd85245843be2eef0af2923f86521", kill_on_drop: false }`
[INFO] [stdout] adce1c97fc9dd413273850f4820a5233b00cd85245843be2eef0af2923f86521
