[INFO] cloning repository https://github.com/auralinktherapeute/dpe-radar-ai
[INFO] running `Command { std: "git" "-c" "credential.helper=" "-c" "credential.helper=/workspace/cargo-home/bin/git-credential-null" "clone" "--bare" "https://github.com/auralinktherapeute/dpe-radar-ai" "/workspace/cache/git-repos/https%3A%2F%2Fgithub.com%2Fauralinktherapeute%2Fdpe-radar-ai", kill_on_drop: false }`
[INFO] [stderr] Cloning into bare repository '/workspace/cache/git-repos/https%3A%2F%2Fgithub.com%2Fauralinktherapeute%2Fdpe-radar-ai'...
[INFO] running `Command { std: "git" "rev-parse" "HEAD", kill_on_drop: false }`
[INFO] [stdout] 4dce7019f8362a207ea28e72abb648af02038c83
[INFO] testing auralinktherapeute/dpe-radar-ai against 1.99.0-beta.8+cargoflags=--release for beta-release-1.100-2
[INFO] running `Command { std: "git" "clone" "/workspace/cache/git-repos/https%3A%2F%2Fgithub.com%2Fauralinktherapeute%2Fdpe-radar-ai" "/workspace/builds/worker-5-tc1/source", kill_on_drop: false }`
[INFO] [stderr] Cloning into '/workspace/builds/worker-5-tc1/source'...
[INFO] [stderr] done.
[INFO] started tweaking git repo https://github.com/auralinktherapeute/dpe-radar-ai
[INFO] finished tweaking git repo https://github.com/auralinktherapeute/dpe-radar-ai
[INFO] tweaked toml for git repo https://github.com/auralinktherapeute/dpe-radar-ai written to /workspace/builds/worker-5-tc1/source/Cargo.toml
[INFO] validating manifest of git repo https://github.com/auralinktherapeute/dpe-radar-ai on toolchain 1.99.0-beta.8
[INFO] running `Command { std: CARGO_HOME="/workspace/cargo-home" RUSTUP_HOME="/workspace/rustup-home" "/workspace/cargo-home/bin/cargo" "+1.99.0-beta.8" "metadata" "--manifest-path" "Cargo.toml" "--no-deps", kill_on_drop: false }`
[INFO] crate git repo https://github.com/auralinktherapeute/dpe-radar-ai already has a lockfile, it will not be regenerated
[INFO] running `Command { std: CARGO_HOME="/workspace/cargo-home" RUSTUP_HOME="/workspace/rustup-home" "/workspace/cargo-home/bin/cargo" "+1.99.0-beta.8" "fetch" "--manifest-path" "Cargo.toml", kill_on_drop: false }`
[INFO] [stderr]     Updating crates.io index
[INFO] [stderr]  Downloading crates ...
[INFO] [stderr]   Downloaded uuid v1.24.1
[INFO] [stderr]   Downloaded data-encoding v2.11.1
[INFO] [stderr]   Downloaded winreg v0.50.0
[INFO] [stderr]   Downloaded rand v0.8.7
[INFO] [stderr]   Downloaded system-configuration v0.5.1
[INFO] [stderr]   Downloaded system-configuration-sys v0.5.0
[INFO] [stderr]   Downloaded hyper-tls v0.5.0
[INFO] [stderr]   Downloaded tokio-tungstenite v0.21.0
[INFO] [stderr]   Downloaded find-msvc-tools v0.1.11
[INFO] [stderr]   Downloaded tungstenite v0.21.0
[INFO] [stderr]   Downloaded crc v3.4.0
[INFO] [stderr]   Downloaded rustls-pemfile v1.0.4
[INFO] [stderr]   Downloaded socket2 v0.5.10
[INFO] [stderr]   Downloaded futures-executor v0.3.34
[INFO] [stderr]   Downloaded crc-catalog v2.5.0
[INFO] [stderr]   Downloaded libredox v0.1.20
[INFO] [stderr]   Downloaded futures v0.3.34
[INFO] [stderr]   Downloaded whoami v1.6.1
[INFO] [stderr]   Downloaded plain v0.2.3
[INFO] [stderr]   Downloaded openssl-sys v0.9.117
[INFO] [stderr]   Downloaded spin v0.9.9
[INFO] [stderr]   Downloaded tokio-stream v0.1.19
[INFO] [stderr]   Downloaded redox_syscall v0.9.2
[INFO] [stderr]   Downloaded cc v1.4.4
[INFO] [stderr]   Downloaded tokio-retry v0.3.2
[INFO] [stderr]   Downloaded rsa v0.9.10
[INFO] [stderr]   Downloaded reqwest v0.11.27
[INFO] [stderr]   Downloaded sha1_smol v1.0.1
[INFO] [stderr]   Downloaded tokio-test v0.4.5
[INFO] [stderr]   Downloaded num-bigint-dig v0.8.6
[INFO] [stderr]   Downloaded arc-swap v1.9.2
[INFO] [stderr]   Downloaded dashmap v5.5.3
[INFO] [stderr]   Downloaded openssl v0.10.81
[INFO] [stderr]   Downloaded redis v0.24.1
[INFO] running `Command { std: "docker" "create" "-v" "/var/lib/crater-agent-workspace/builds/worker-5-tc1/source:/opt/rustwide/workdir:ro,Z" "-v" "/var/lib/crater-agent-workspace/builds/worker-5-tc1/target:/opt/rustwide/target:rw,Z" "-v" "/var/lib/crater-agent-workspace/cargo-home:/opt/rustwide/cargo-home:ro,Z" "-v" "/var/lib/crater-agent-workspace/rustup-home:/opt/rustwide/rustup-home:ro,Z" "-m" "1610612736" "--network" "none" "ghcr.io/rust-lang/crates-build-env/linux@sha256:77db811e55d90add9212f6832c23229e3de5f1c1f9905e8cb07319ea15df73ac" "sleep" "infinity", kill_on_drop: false }`
[INFO] [stdout] 27de2b1e49b392b1bc5520d7121b4d07986d44d7bbc1aa81aac8749b6c2bfcfa
[INFO] running `Command { std: "docker" "start" "27de2b1e49b392b1bc5520d7121b4d07986d44d7bbc1aa81aac8749b6c2bfcfa", kill_on_drop: false }`
[INFO] running `Command { std: "docker" "inspect" "27de2b1e49b392b1bc5520d7121b4d07986d44d7bbc1aa81aac8749b6c2bfcfa", kill_on_drop: false }`
[INFO] running `Command { std: "docker" "exec" "-e" "SOURCE_DIR=/opt/rustwide/workdir" "-e" "CARGO_HOME=/opt/rustwide/cargo-home" "-e" "RUSTUP_HOME=/opt/rustwide/rustup-home" "-e" "CARGO_TARGET_DIR=/opt/rustwide/target" "-w" "/opt/rustwide/workdir" "--user" "0:0" "27de2b1e49b392b1bc5520d7121b4d07986d44d7bbc1aa81aac8749b6c2bfcfa" "/opt/rustwide/cargo-home/bin/cargo" "+1.99.0-beta.8" "metadata" "--no-deps" "--format-version=1", kill_on_drop: false }`
[INFO] running `Command { std: "docker" "inspect" "27de2b1e49b392b1bc5520d7121b4d07986d44d7bbc1aa81aac8749b6c2bfcfa", kill_on_drop: false }`
[INFO] running `Command { std: "docker" "exec" "-e" "SOURCE_DIR=/opt/rustwide/workdir" "-e" "CARGO_HOME=/opt/rustwide/cargo-home" "-e" "RUSTUP_HOME=/opt/rustwide/rustup-home" "-e" "CARGO_TARGET_DIR=/opt/rustwide/target" "-e" "CARGO_INCREMENTAL=0" "-e" "RUST_BACKTRACE=full" "-e" "RUSTFLAGS=--cap-lints=warn" "-e" "RUSTDOCFLAGS=--cap-lints=warn" "-w" "/opt/rustwide/workdir" "--user" "0:0" "27de2b1e49b392b1bc5520d7121b4d07986d44d7bbc1aa81aac8749b6c2bfcfa" "/opt/rustwide/cargo-home/bin/cargo" "+1.99.0-beta.8" "build" "--frozen" "--message-format=json" "--release", kill_on_drop: false }`
[INFO] [stderr]    Compiling proc-macro2 v1.0.107
[INFO] [stderr]    Compiling quote v1.0.47
[INFO] [stderr]    Compiling unicode-ident v1.0.24
[INFO] [stderr]    Compiling libc v0.2.189
[INFO] [stderr]    Compiling cfg-if v1.0.4
[INFO] [stderr]    Compiling version_check v0.9.5
[INFO] [stderr]    Compiling parking_lot_core v0.9.12
[INFO] [stderr]    Compiling smallvec v1.15.2
[INFO] [stderr]    Compiling zerocopy v0.8.56
[INFO] [stderr]    Compiling serde_core v1.0.229
[INFO] [stderr]    Compiling icu_properties_data v2.3.0
[INFO] [stderr]    Compiling icu_normalizer_data v2.3.0
[INFO] [stderr]    Compiling memchr v2.8.3
[INFO] [stderr]    Compiling generic-array v0.14.7
[INFO] [stderr]    Compiling pin-project-lite v0.2.17
[INFO] [stderr]    Compiling stable_deref_trait v1.2.1
[INFO] [stderr]    Compiling bytes v1.12.1
[INFO] [stderr]    Compiling serde v1.0.229
[INFO] [stderr]    Compiling scopeguard v1.2.0
[INFO] [stderr]    Compiling lock_api v0.4.14
[INFO] [stderr]    Compiling futures-core v0.3.34
[INFO] [stderr]    Compiling getrandom v0.3.4
[INFO] [stderr]    Compiling itoa v1.0.18
[INFO] [stderr]    Compiling once_cell v1.21.4
[INFO] [stderr]    Compiling futures-sink v0.3.34
[INFO] [stderr]    Compiling zmij v1.0.23
[INFO] [stderr]    Compiling ahash v0.8.12
[INFO] [stderr]    Compiling writeable v0.6.4
[INFO] [stderr]    Compiling litemap v0.8.3
[INFO] [stderr]    Compiling syn v3.0.3
[INFO] [stderr]    Compiling syn v2.0.119
[INFO] [stderr]    Compiling log v0.4.33
[INFO] [stderr]    Compiling autocfg v1.5.1
[INFO] [stderr]    Compiling num-traits v0.2.19
[INFO] [stderr]    Compiling errno v0.3.14
[INFO] [stderr]    Compiling socket2 v0.6.5
[INFO] [stderr]    Compiling mio v1.2.2
[INFO] [stderr]    Compiling signal-hook-registry v1.4.8
[INFO] [stderr]    Compiling thiserror v1.0.69
[INFO] [stderr]    Compiling parking_lot v0.12.5
[INFO] [stderr]    Compiling serde_json v1.0.151
[INFO] [stderr]    Compiling typenum v1.20.1
[INFO] [stderr]    Compiling utf8_iter v1.0.4
[INFO] [stderr]    Compiling futures-channel v0.3.34
[INFO] [stderr]    Compiling slab v0.4.12
[INFO] [stderr]    Compiling futures-task v0.3.34
[INFO] [stderr]    Compiling futures-io v0.3.34
[INFO] [stderr]    Compiling tracing-core v0.1.36
[INFO] [stderr]    Compiling shlex v2.0.1
[INFO] [stderr]    Compiling find-msvc-tools v0.1.11
[INFO] [stderr]    Compiling cc v1.4.4
[INFO] [stderr]    Compiling block-buffer v0.10.4
[INFO] [stderr]    Compiling crypto-common v0.1.7
[INFO] [stderr]    Compiling percent-encoding v2.3.2
[INFO] [stderr]    Compiling subtle v2.6.1
[INFO] [stderr]    Compiling pkg-config v0.3.34
[INFO] [stderr]    Compiling vcpkg v0.2.15
[INFO] [stderr]    Compiling digest v0.10.7
[INFO] [stderr]    Compiling form_urlencoded v1.2.2
[INFO] [stderr]    Compiling hashbrown v0.17.1
[INFO] [stderr]    Compiling getrandom v0.4.3
[INFO] [stderr]    Compiling crossbeam-utils v0.8.22
[INFO] [stderr]    Compiling equivalent v1.0.2
[INFO] [stderr]    Compiling openssl-sys v0.9.117
[INFO] [stderr]    Compiling rand_core v0.10.1
[INFO] [stderr]    Compiling paste v1.0.15
[INFO] [stderr]    Compiling httparse v1.10.1
[INFO] [stderr]    Compiling bitflags v2.13.1
[INFO] [stderr]    Compiling synstructure v0.13.2
[INFO] [stderr]    Compiling indexmap v2.14.0
[INFO] [stderr]    Compiling getrandom v0.2.17
[INFO] [stderr]    Compiling openssl v0.10.81
[INFO] [stderr]    Compiling fnv v1.0.7
[INFO] [stderr]    Compiling foreign-types-shared v0.1.1
[INFO] [stderr]    Compiling cpufeatures v0.2.17
[INFO] [stderr]    Compiling foreign-types v0.3.2
[INFO] [stderr]    Compiling http v0.2.12
[INFO] [stderr]    Compiling rand_core v0.6.4
[INFO] [stderr]    Compiling zerovec-derive v0.11.6
[INFO] [stderr]    Compiling displaydoc v0.2.7
[INFO] [stderr]    Compiling zerofrom-derive v0.1.7
[INFO] [stderr]    Compiling yoke-derive v0.8.2
[INFO] [stderr]    Compiling serde_derive v1.0.229
[INFO] [stderr]    Compiling tokio-macros v2.7.2
[INFO] [stderr]    Compiling tracing-attributes v0.1.31
[INFO] [stderr]    Compiling zerofrom v0.1.8
[INFO] [stderr]    Compiling futures-macro v0.3.34
[INFO] [stderr]    Compiling yoke v0.8.3
[INFO] [stderr]    Compiling tokio v1.53.1
[INFO] [stderr]    Compiling zerovec v0.11.8
[INFO] [stderr]    Compiling zerotrie v0.2.5
[INFO] [stderr]    Compiling futures-util v0.3.34
[INFO] [stderr]    Compiling thiserror-impl v1.0.69
[INFO] [stderr]    Compiling tinystr v0.8.4
[INFO] [stderr]    Compiling potential_utf v0.1.6
[INFO] [stderr]    Compiling icu_collections v2.3.0
[INFO] [stderr]    Compiling icu_locale_core v2.3.0
[INFO] [stderr]    Compiling tracing v0.1.44
[INFO] [stderr]    Compiling ppv-lite86 v0.2.21
[INFO] [stderr]    Compiling openssl-macros v0.1.1
[INFO] [stderr]    Compiling icu_provider v2.3.1
[INFO] [stderr]    Compiling icu_properties v2.3.0
[INFO] [stderr]    Compiling icu_normalizer v2.3.0
[INFO] [stderr]    Compiling idna_adapter v1.2.2
[INFO] [stderr]    Compiling idna v1.1.0
[INFO] [stderr]    Compiling minimal-lexical v0.2.1
[INFO] [stderr]    Compiling allocator-api2 v0.2.21
[INFO] [stderr]    Compiling url v2.5.8
[INFO] [stderr]    Compiling tinyvec_macros v0.1.1
[INFO] [stderr]    Compiling native-tls v0.2.18
[INFO] [stderr]    Compiling tinyvec v1.12.0
[INFO] [stderr]    Compiling nom v7.1.3
[INFO] [stderr]    Compiling hashbrown v0.14.5
[INFO] [stderr]    Compiling rand_chacha v0.3.1
[INFO] [stderr]    Compiling tokio-util v0.7.19
[INFO] [stderr]    Compiling byteorder v1.5.0
[INFO] [stderr]    Compiling try-lock v0.2.5
[INFO] [stderr]    Compiling base64 v0.21.7
[INFO] [stderr]    Compiling openssl-probe v0.2.1
[INFO] [stderr]    Compiling unicode_categories v0.1.1
[INFO] [stderr]    Compiling rustix v1.1.4
[INFO] [stderr]    Compiling crc-catalog v2.5.0
[INFO] [stderr]    Compiling crc v3.4.0
[INFO] [stderr]    Compiling sqlformat v0.2.6
[INFO] [stderr]    Compiling sha2 v0.10.9
[INFO] [stderr]    Compiling h2 v0.3.27
[INFO] [stderr]    Compiling want v0.3.1
[INFO] [stderr]    Compiling tokio-stream v0.1.19
[INFO] [stderr]    Compiling crossbeam-queue v0.3.13
[INFO] [stderr]    Compiling futures-intrusive v0.5.0
[INFO] [stderr]    Compiling atoi v2.0.0
[INFO] [stderr]    Compiling rand v0.8.7
[INFO] [stderr]    Compiling hashlink v0.8.4
[INFO] [stderr]    Compiling either v1.18.0
[INFO] [stderr]    Compiling unicode-normalization v0.1.25
[INFO] [stderr]    Compiling http-body v0.4.6
[INFO] [stderr]    Compiling hmac v0.12.1
[INFO] [stderr]    Compiling socket2 v0.5.10
[INFO] [stderr]    Compiling aho-corasick v1.1.5
[INFO] [stderr]    Compiling linux-raw-sys v0.12.1
[INFO] [stderr]    Compiling hex v0.4.3
[INFO] [stderr]    Compiling tower-service v0.3.3
[INFO] [stderr]    Compiling event-listener v2.5.3
[INFO] [stderr]    Compiling ryu v1.0.23
[INFO] [stderr]    Compiling unicode-properties v0.1.4
[INFO] [stderr]    Compiling unicode-bidi v0.3.18
[INFO] [stderr]    Compiling httpdate v1.0.3
[INFO] [stderr]    Compiling syn v1.0.109
[INFO] [stderr]    Compiling uuid v1.24.1
[INFO] [stderr]    Compiling crossbeam-epoch v0.9.20
[INFO] [stderr]    Compiling regex-syntax v0.8.11
[INFO] [stderr]    Compiling sqlx-core v0.7.4
[INFO] [stderr]    Compiling stringprep v0.1.5
[INFO] [stderr]    Compiling hkdf v0.12.4
[INFO] [stderr]    Compiling tokio-native-tls v0.3.1
[INFO] [stderr]    Compiling hyper v0.14.32
[INFO] [stderr]    Compiling regex-automata v0.4.18
[INFO] [stderr]    Compiling md-5 v0.10.6
[INFO] [stderr]    Compiling unicode-segmentation v1.13.3
[INFO] [stderr]    Compiling cpufeatures v0.3.0
[INFO] [stderr]    Compiling dotenvy v0.15.7
[INFO] [stderr]    Compiling anyhow v1.0.104
[INFO] [stderr]    Compiling home v0.5.12
[INFO] [stderr]    Compiling crossbeam-deque v0.8.7
[INFO] [stderr]    Compiling rustversion v1.0.23
[INFO] [stderr]    Compiling whoami v1.6.1
[INFO] [stderr]    Compiling fastrand v2.5.0
[INFO] [stderr]    Compiling sqlx-postgres v0.7.4
[INFO] [stderr]    Compiling tempfile v3.27.0
[INFO] [stderr]    Compiling heck v0.4.1
[INFO] [stderr]    Compiling chacha20 v0.10.1
[INFO] [stderr]    Compiling hyper-tls v0.5.0
[INFO] [stderr]    Compiling serde_urlencoded v0.7.1
[INFO] [stderr]    Compiling rustls-pemfile v1.0.4
[INFO] [stderr]    Compiling futures-executor v0.3.34
[INFO] [stderr]    Compiling encoding_rs v0.8.35
[INFO] [stderr]    Compiling lazy_static v1.5.0
[INFO] [stderr]    Compiling mime v0.3.17
[INFO] [stderr]    Compiling sync_wrapper v0.1.2
[INFO] [stderr]    Compiling rayon-core v1.13.0
[INFO] [stderr]    Compiling ipnet v2.12.1
[INFO] [stderr]    Compiling reqwest v0.11.27
[INFO] [stderr]    Compiling sqlx-macros-core v0.7.4
[INFO] [stderr]    Compiling futures v0.3.34
[INFO] [stderr]    Compiling rand v0.10.2
[INFO] [stderr]    Compiling sha1 v0.10.7
[INFO] [stderr]    Compiling http v1.5.0
[INFO] [stderr]    Compiling utf-8 v0.7.6
[INFO] [stderr]    Compiling iana-time-zone v0.1.65
[INFO] [stderr]    Compiling data-encoding v2.11.1
[INFO] [stderr]    Compiling chrono v0.4.45
[INFO] [stderr]    Compiling arc-swap v1.9.2
[INFO] [stderr]    Compiling tungstenite v0.21.0
[INFO] [stderr]    Compiling sqlx-macros v0.7.4
[INFO] [stderr]    Compiling tokio-retry v0.3.2
[INFO] [stderr]    Compiling sharded-slab v0.1.7
[INFO] [stderr]    Compiling regex v1.13.1
[INFO] [stderr]    Compiling matchers v0.2.0
[INFO] [stderr]    Compiling combine v4.6.7
[INFO] [stderr]    Compiling tracing-serde v0.2.0
[INFO] [stderr]    Compiling async-trait v0.1.92
[INFO] [stderr]    Compiling tracing-log v0.2.0
[INFO] [stderr]    Compiling socket2 v0.4.10
[INFO] [stderr]    Compiling thread_local v1.1.10
[INFO] [stderr]    Compiling nu-ansi-term v0.50.3
[INFO] [stderr]    Compiling sha1_smol v1.0.1
[INFO] [stderr]    Compiling urlencoding v2.1.3
[INFO] [stderr]    Compiling obscura-dpe v0.1.0 (/opt/rustwide/workdir/obscura-dpe)
[INFO] [stderr]    Compiling tracing-subscriber v0.3.23
[INFO] [stderr]    Compiling sqlx v0.7.4
[INFO] [stderr]    Compiling rayon v1.12.0
[INFO] [stderr]    Compiling tokio-tungstenite v0.21.0
[INFO] [stderr]    Compiling dashmap v5.5.3
[INFO] [stderr]    Compiling base64 v0.22.1
[INFO] [stderr]    Compiling obscura-client v0.1.0 (/opt/rustwide/workdir/obscura-client)
[INFO] [stderr]    Compiling redis v0.24.1
[INFO] [stderr]    Compiling dpe-radar-workers v0.1.0 (/opt/rustwide/workdir/workers)
[INFO] [stdout] warning: struct `Task` is never constructed
[INFO] [stdout]    --> workers/src/queue.rs:116:12
[INFO] [stdout]     |
[INFO] [stdout] 116 | pub struct Task {
[INFO] [stdout]     |            ^^^^
[INFO] [stdout]     |
[INFO] [stdout]     = note: `#[warn(dead_code)]` (part of `#[warn(unused)]`) on by default
[INFO] [stdout] 
[INFO] [stdout] 
[INFO] [stderr]     Finished `release` profile [optimized] target(s) in 6m 44s
[INFO] [stderr] warning: the following packages contain code that will be rejected by a future version of Rust: sqlx-postgres v0.7.4
[INFO] [stderr] note: to see what the problems were, use the option `--future-incompat-report`, or run `cargo report future-incompatibilities --id 2`
[INFO] running `Command { std: "docker" "inspect" "27de2b1e49b392b1bc5520d7121b4d07986d44d7bbc1aa81aac8749b6c2bfcfa", kill_on_drop: false }`
[INFO] running `Command { std: "docker" "exec" "-e" "SOURCE_DIR=/opt/rustwide/workdir" "-e" "CARGO_HOME=/opt/rustwide/cargo-home" "-e" "RUSTUP_HOME=/opt/rustwide/rustup-home" "-e" "CARGO_TARGET_DIR=/opt/rustwide/target" "-e" "CARGO_INCREMENTAL=0" "-e" "RUST_BACKTRACE=full" "-e" "RUSTFLAGS=--cap-lints=warn" "-e" "RUSTDOCFLAGS=--cap-lints=warn" "-w" "/opt/rustwide/workdir" "--user" "0:0" "27de2b1e49b392b1bc5520d7121b4d07986d44d7bbc1aa81aac8749b6c2bfcfa" "/opt/rustwide/cargo-home/bin/cargo" "+1.99.0-beta.8" "test" "--frozen" "--no-run" "--message-format=json" "--release", kill_on_drop: false }`
[INFO] [stderr]    Compiling tokio v1.53.1
[INFO] [stderr]    Compiling tokio-util v0.7.19
[INFO] [stderr]    Compiling tokio-native-tls v0.3.1
[INFO] [stderr]    Compiling tokio-stream v0.1.19
[INFO] [stderr]    Compiling tokio-tungstenite v0.21.0
[INFO] [stderr]    Compiling tokio-retry v0.3.2
[INFO] [stderr]    Compiling sqlx-core v0.7.4
[INFO] [stderr]    Compiling h2 v0.3.27
[INFO] [stderr]    Compiling combine v4.6.7
[INFO] [stderr]    Compiling tokio-test v0.4.5
[INFO] [stderr]    Compiling sqlx-postgres v0.7.4
[INFO] [stderr]    Compiling hyper v0.14.32
[INFO] [stderr]    Compiling redis v0.24.1
[INFO] [stderr]    Compiling sqlx v0.7.4
[INFO] [stderr]    Compiling hyper-tls v0.5.0
[INFO] [stderr]    Compiling reqwest v0.11.27
[INFO] [stderr]    Compiling obscura-dpe v0.1.0 (/opt/rustwide/workdir/obscura-dpe)
[INFO] [stderr]    Compiling obscura-client v0.1.0 (/opt/rustwide/workdir/obscura-client)
[INFO] [stderr]    Compiling dpe-radar-workers v0.1.0 (/opt/rustwide/workdir/workers)
[INFO] [stdout] warning: unused import: `super::*`
[INFO] [stdout]   --> obscura-dpe/src/lib.rs:39:9
[INFO] [stdout]    |
[INFO] [stdout] 39 |     use super::*;
[INFO] [stdout]    |         ^^^^^^^^
[INFO] [stdout]    |
[INFO] [stdout]    = note: `#[warn(unused_imports)]` (part of `#[warn(unused)]`) on by default
[INFO] [stdout] 
[INFO] [stdout] 
[INFO] [stdout] warning: struct `Task` is never constructed
[INFO] [stdout]    --> workers/src/queue.rs:116:12
[INFO] [stdout]     |
[INFO] [stdout] 116 | pub struct Task {
[INFO] [stdout]     |            ^^^^
[INFO] [stdout]     |
[INFO] [stdout]     = note: `#[warn(dead_code)]` (part of `#[warn(unused)]`) on by default
[INFO] [stdout] 
[INFO] [stdout] 
[INFO] [stderr]     Finished `release` profile [optimized] target(s) in 1m 46s
[INFO] [stderr] warning: the following packages contain code that will be rejected by a future version of Rust: sqlx-postgres v0.7.4
[INFO] [stderr] note: to see what the problems were, use the option `--future-incompat-report`, or run `cargo report future-incompatibilities --id 2`
[INFO] running `Command { std: "docker" "inspect" "27de2b1e49b392b1bc5520d7121b4d07986d44d7bbc1aa81aac8749b6c2bfcfa", kill_on_drop: false }`
[INFO] running `Command { std: "docker" "exec" "-e" "SOURCE_DIR=/opt/rustwide/workdir" "-e" "CARGO_HOME=/opt/rustwide/cargo-home" "-e" "RUSTUP_HOME=/opt/rustwide/rustup-home" "-e" "CARGO_TARGET_DIR=/opt/rustwide/target" "-e" "CARGO_INCREMENTAL=0" "-e" "RUST_BACKTRACE=full" "-e" "RUSTFLAGS=--cap-lints=warn" "-e" "RUSTDOCFLAGS=--cap-lints=warn" "-w" "/opt/rustwide/workdir" "--user" "0:0" "27de2b1e49b392b1bc5520d7121b4d07986d44d7bbc1aa81aac8749b6c2bfcfa" "/opt/rustwide/cargo-home/bin/cargo" "+1.99.0-beta.8" "test" "--frozen" "--release", kill_on_drop: false }`
[INFO] [stderr] warning: unused import: `super::*`
[INFO] [stderr]   --> obscura-dpe/src/lib.rs:39:9
[INFO] [stderr]    |
[INFO] [stderr] 39 |     use super::*;
[INFO] [stderr]    |         ^^^^^^^^
[INFO] [stderr]    |
[INFO] [stderr]    = note: `#[warn(unused_imports)]` (part of `#[warn(unused)]`) on by default
[INFO] [stderr] 
[INFO] [stderr] warning: `obscura-dpe` (lib test) generated 1 warning (run `cargo fix --lib -p obscura-dpe --tests` to apply 1 suggestion)
[INFO] [stderr] warning: struct `Task` is never constructed
[INFO] [stderr]    --> workers/src/queue.rs:116:12
[INFO] [stderr]     |
[INFO] [stderr] 116 | pub struct Task {
[INFO] [stderr]     |            ^^^^
[INFO] [stderr]     |
[INFO] [stderr]     = note: `#[warn(dead_code)]` (part of `#[warn(unused)]`) on by default
[INFO] [stderr] 
[INFO] [stderr] warning: `dpe-radar-workers` (bin "dpe-radar-workers" test) generated 1 warning
[INFO] [stderr]     Finished `release` profile [optimized] target(s) in 0.39s
[INFO] [stderr] warning: the following packages contain code that will be rejected by a future version of Rust: sqlx-postgres v0.7.4
[INFO] [stderr] note: to see what the problems were, use the option `--future-incompat-report`, or run `cargo report future-incompatibilities --id 2`
[INFO] [stderr]      Running unittests src/main.rs (/opt/rustwide/target/release/deps/dpe_radar_workers-41316c5950f8fc05)
[INFO] [stdout] 
[INFO] [stdout] running 0 tests
[INFO] [stdout] 
[INFO] [stdout] test result: ok. 0 passed; 0 failed; 0 ignored; 0 measured; 0 filtered out; finished in 0.00s
[INFO] [stdout] 
[INFO] [stderr]      Running unittests src/lib.rs (/opt/rustwide/target/release/deps/obscura_client-0fc76452b77bc14e)
[INFO] [stdout] 
[INFO] [stdout] running 1 test
[INFO] [stderr]      Running unittests src/lib.rs (/opt/rustwide/target/release/deps/obscura_dpe-e596ed5ac8f49e29)
[INFO] [stdout] test tests::test_client_creation ... ok
[INFO] [stdout] 
[INFO] [stdout] test result: ok. 1 passed; 0 failed; 0 ignored; 0 measured; 0 filtered out; finished in 0.12s
[INFO] [stdout] 
[INFO] [stdout] 
[INFO] [stdout] running 5 tests
[INFO] [stdout] test parser::tests::test_grade_from_score ... FAILED
[INFO] [stderr] error: test failed, to rerun pass `-p obscura-dpe --lib`
[INFO] [stdout] test tests::test_dpe_module_loads ... ok
[INFO] [stdout] test parser::tests::test_severity_ratio ... ok
[INFO] [stdout] test geo::tests::test_neighborhood_trend ... ok
[INFO] [stdout] test scoring::tests::test_scoring_engine ... ok
[INFO] [stdout] 
[INFO] [stdout] failures:
[INFO] [stdout] 
[INFO] [stdout] ---- parser::tests::test_grade_from_score stdout ----
[INFO] [stdout] 
[INFO] [stdout] thread 'parser::tests::test_grade_from_score' (5014) panicked at obscura-dpe/src/parser.rs:58:9:
[INFO] [stdout] assertion `left == right` failed
[INFO] [stdout]   left: "C"
[INFO] [stdout]  right: "B"
[INFO] [stdout] stack backtrace:
[INFO] [stdout]    0:     0x60dcebf6ae81 - <<std[70759c8f55707aa4]::sys::backtrace::BacktraceLock>::print::DisplayBacktrace as core[df12db4294e9bfd3]::fmt::Display>::fmt
[INFO] [stdout]    1:     0x60dcebf7f05a - core[df12db4294e9bfd3]::fmt::write
[INFO] [stdout]    2:     0x60dcebf6f31c - <alloc[2182bb758b4b3781]::vec::Vec<u8> as core[df12db4294e9bfd3]::io::write::Write>::write_fmt
[INFO] [stdout]    3:     0x60dcebf47476 - std[70759c8f55707aa4]::panicking::default_hook::{closure#0}
[INFO] [stdout]    4:     0x60dcebf635e9 - std[70759c8f55707aa4]::panicking::default_hook
[INFO] [stdout]    5:     0x60dcebeffa70 - test[9d35eded1c95d3be]::test_main_inner::<test[9d35eded1c95d3be]::test_main_static::{closure#0}>::{closure#0}
[INFO] [stdout]    6:     0x60dcebf637a2 - std[70759c8f55707aa4]::panicking::panic_with_hook
[INFO] [stdout]    7:     0x60dcebf47522 - std[70759c8f55707aa4]::panicking::panic_handler::{closure#0}
[INFO] [stdout]    8:     0x60dcebf402a9 - std[70759c8f55707aa4]::sys::backtrace::__rust_end_short_backtrace::<std[70759c8f55707aa4]::panicking::panic_handler::{closure#0}, !>
[INFO] [stdout]    9:     0x60dcebf4811d - __rustc[8fa7c3cbc660c2b3]::rust_begin_unwind
[INFO] [stdout]   10:     0x60dcebf7f78c - core[df12db4294e9bfd3]::panicking::panic_fmt
[INFO] [stdout]   11:     0x60dcebf7f6a3 - core[df12db4294e9bfd3]::panicking::assert_failed_inner
[INFO] [stdout]   12:     0x60dcebef2c35 - core[df12db4294e9bfd3]::panicking::assert_failed::<&str, &str>
[INFO] [stdout]   13:     0x60dcebef2cd3 - <obscura_dpe[5d6ed84e7961ce75]::parser::tests::test_grade_from_score::{closure#0} as core[df12db4294e9bfd3]::ops::function::FnOnce<()>>::call_once
[INFO] [stdout]   14:     0x60dcebef2d5b - test[9d35eded1c95d3be]::__rust_begin_short_backtrace::<core[df12db4294e9bfd3]::result::Result<(), alloc[2182bb758b4b3781]::string::String>, fn() -> core[df12db4294e9bfd3]::result::Result<(), alloc[2182bb758b4b3781]::string::String>>
[INFO] [stdout]   15:     0x60dcebf003c5 - test[9d35eded1c95d3be]::run_test::{closure#0}
[INFO] [stdout]   16:     0x60dcebef9c84 - std[70759c8f55707aa4]::sys::backtrace::__rust_begin_short_backtrace::<test[9d35eded1c95d3be]::run_test::{closure#1}, ()>
[INFO] [stdout]   17:     0x60dcebf03522 - <std[70759c8f55707aa4]::thread::lifecycle::spawn_unchecked<test[9d35eded1c95d3be]::run_test::{closure#1}, ()>::{closure#1} as core[df12db4294e9bfd3]::ops::function::FnOnce<()>>::call_once::{shim:vtable#0}
[INFO] [stdout]   18:     0x60dcebf6a759 - <std[70759c8f55707aa4]::sys::thread::unix::Thread>::new::thread_start
[INFO] [stdout]   19:     0x7803cb9dddfa - <unknown>
[INFO] [stdout]   20:     0x7803cba713d4 - clone
[INFO] [stdout]   21:                0x0 - <unknown>
[INFO] [stdout] 
[INFO] [stdout] 
[INFO] [stdout] failures:
[INFO] [stdout]     parser::tests::test_grade_from_score
[INFO] [stdout] 
[INFO] [stdout] test result: FAILED. 4 passed; 1 failed; 0 ignored; 0 measured; 0 filtered out; finished in 0.01s
[INFO] [stdout] 
[INFO] running `Command { std: "docker" "inspect" "27de2b1e49b392b1bc5520d7121b4d07986d44d7bbc1aa81aac8749b6c2bfcfa", kill_on_drop: false }`
[INFO] running `Command { std: "docker" "rm" "-f" "27de2b1e49b392b1bc5520d7121b4d07986d44d7bbc1aa81aac8749b6c2bfcfa", kill_on_drop: false }`
[INFO] [stdout] 27de2b1e49b392b1bc5520d7121b4d07986d44d7bbc1aa81aac8749b6c2bfcfa
