[INFO] cloning repository https://github.com/antoinehoriot/zd
[INFO] running `Command { std: "git" "-c" "credential.helper=" "-c" "credential.helper=/workspace/cargo-home/bin/git-credential-null" "clone" "--bare" "https://github.com/antoinehoriot/zd" "/workspace/cache/git-repos/https%3A%2F%2Fgithub.com%2Fantoinehoriot%2Fzd", kill_on_drop: false }`
[INFO] [stderr] Cloning into bare repository '/workspace/cache/git-repos/https%3A%2F%2Fgithub.com%2Fantoinehoriot%2Fzd'...
[INFO] running `Command { std: "git" "rev-parse" "HEAD", kill_on_drop: false }`
[INFO] [stdout] 353047d4b6248ea3de9067ae3ac0e29b501c2ab8
[INFO] testing antoinehoriot/zd against 1.100.0-beta.1+cargoflags=--release for beta-release-1.100-2
[INFO] running `Command { std: "git" "clone" "/workspace/cache/git-repos/https%3A%2F%2Fgithub.com%2Fantoinehoriot%2Fzd" "/workspace/builds/worker-3-tc2/source", kill_on_drop: false }`
[INFO] [stderr] Cloning into '/workspace/builds/worker-3-tc2/source'...
[INFO] [stderr] done.
[INFO] started tweaking git repo https://github.com/antoinehoriot/zd
[INFO] finished tweaking git repo https://github.com/antoinehoriot/zd
[INFO] tweaked toml for git repo https://github.com/antoinehoriot/zd written to /workspace/builds/worker-3-tc2/source/Cargo.toml
[INFO] validating manifest of git repo https://github.com/antoinehoriot/zd on toolchain 1.100.0-beta.1
[INFO] running `Command { std: CARGO_HOME="/workspace/cargo-home" RUSTUP_HOME="/workspace/rustup-home" "/workspace/cargo-home/bin/cargo" "+1.100.0-beta.1" "metadata" "--manifest-path" "Cargo.toml" "--no-deps", kill_on_drop: false }`
[INFO] crate git repo https://github.com/antoinehoriot/zd already has a lockfile, it will not be regenerated
[INFO] running `Command { std: CARGO_HOME="/workspace/cargo-home" RUSTUP_HOME="/workspace/rustup-home" "/workspace/cargo-home/bin/cargo" "+1.100.0-beta.1" "fetch" "--manifest-path" "Cargo.toml", kill_on_drop: false }`
[INFO] [stderr] warning: `package.homepage` is redundant with `package.repository`
[INFO] [stderr]   --> Cargo.toml:18:12
[INFO] [stderr]    |
[INFO] [stderr] 18 | homepage = "https://github.com/antoinehoriot/zd"
[INFO] [stderr]    |            ^^^^^^^^^^^^^^^^^^^^^^^^^^^^^^^^^^^^^
[INFO] [stderr] ...
[INFO] [stderr] 23 | repository = "https://github.com/antoinehoriot/zd"
[INFO] [stderr]    |              -------------------------------------
[INFO] [stderr]    |
[INFO] [stderr]    = note: `cargo::redundant_homepage` is set to `warn` by default
[INFO] [stderr] help: consider removing `package.homepage`
[INFO] [stderr] warning: `zd` (manifest) generated 1 warning
[INFO] running `Command { std: "docker" "create" "-v" "/var/lib/crater-agent-workspace/builds/worker-3-tc2/source:/opt/rustwide/workdir:ro,Z" "-v" "/var/lib/crater-agent-workspace/builds/worker-3-tc2/target:/opt/rustwide/target:rw,Z" "-v" "/var/lib/crater-agent-workspace/cargo-home:/opt/rustwide/cargo-home:ro,Z" "-v" "/var/lib/crater-agent-workspace/rustup-home:/opt/rustwide/rustup-home:ro,Z" "-m" "1610612736" "--network" "none" "ghcr.io/rust-lang/crates-build-env/linux@sha256:77db811e55d90add9212f6832c23229e3de5f1c1f9905e8cb07319ea15df73ac" "sleep" "infinity", kill_on_drop: false }`
[INFO] [stdout] 1b33c68c8b2bc4b7151d06c4cbfe2ea0c14a3a099c4f2ed9e43be7d3bbf4919d
[INFO] running `Command { std: "docker" "start" "1b33c68c8b2bc4b7151d06c4cbfe2ea0c14a3a099c4f2ed9e43be7d3bbf4919d", kill_on_drop: false }`
[INFO] running `Command { std: "docker" "inspect" "1b33c68c8b2bc4b7151d06c4cbfe2ea0c14a3a099c4f2ed9e43be7d3bbf4919d", kill_on_drop: false }`
[INFO] running `Command { std: "docker" "exec" "-e" "SOURCE_DIR=/opt/rustwide/workdir" "-e" "CARGO_HOME=/opt/rustwide/cargo-home" "-e" "RUSTUP_HOME=/opt/rustwide/rustup-home" "-e" "CARGO_TARGET_DIR=/opt/rustwide/target" "-w" "/opt/rustwide/workdir" "--user" "0:0" "1b33c68c8b2bc4b7151d06c4cbfe2ea0c14a3a099c4f2ed9e43be7d3bbf4919d" "/opt/rustwide/cargo-home/bin/cargo" "+1.100.0-beta.1" "metadata" "--no-deps" "--format-version=1", kill_on_drop: false }`
[INFO] running `Command { std: "docker" "inspect" "1b33c68c8b2bc4b7151d06c4cbfe2ea0c14a3a099c4f2ed9e43be7d3bbf4919d", kill_on_drop: false }`
[INFO] running `Command { std: "docker" "exec" "-e" "SOURCE_DIR=/opt/rustwide/workdir" "-e" "CARGO_HOME=/opt/rustwide/cargo-home" "-e" "RUSTUP_HOME=/opt/rustwide/rustup-home" "-e" "CARGO_TARGET_DIR=/opt/rustwide/target" "-e" "CARGO_INCREMENTAL=0" "-e" "RUST_BACKTRACE=full" "-e" "RUSTFLAGS=--cap-lints=warn" "-e" "RUSTDOCFLAGS=--cap-lints=warn" "-w" "/opt/rustwide/workdir" "--user" "0:0" "1b33c68c8b2bc4b7151d06c4cbfe2ea0c14a3a099c4f2ed9e43be7d3bbf4919d" "/opt/rustwide/cargo-home/bin/cargo" "+1.100.0-beta.1" "build" "--frozen" "--message-format=json" "--release", kill_on_drop: false }`
[INFO] [stderr] warning: `package.homepage` is redundant with `package.repository`
[INFO] [stderr]   --> Cargo.toml:18:12
[INFO] [stderr]    |
[INFO] [stderr] 18 | homepage = "https://github.com/antoinehoriot/zd"
[INFO] [stderr]    |            ^^^^^^^^^^^^^^^^^^^^^^^^^^^^^^^^^^^^^
[INFO] [stderr] ...
[INFO] [stderr] 23 | repository = "https://github.com/antoinehoriot/zd"
[INFO] [stderr]    |              -------------------------------------
[INFO] [stderr]    |
[INFO] [stderr]    = note: `cargo::redundant_homepage` is set to `warn` by default
[INFO] [stderr] help: consider removing `package.homepage`
[INFO] [stderr] warning: `zd` (manifest) generated 1 warning
[INFO] [stderr]    Compiling libc v0.2.183
[INFO] [stderr]    Compiling proc-macro2 v1.0.106
[INFO] [stderr]    Compiling log v0.4.29
[INFO] [stderr]    Compiling quote v1.0.45
[INFO] [stderr]    Compiling unicode-ident v1.0.24
[INFO] [stderr]    Compiling memchr v2.8.0
[INFO] [stderr]    Compiling crossbeam-utils v0.8.21
[INFO] [stderr]    Compiling utf8parse v0.2.2
[INFO] [stderr]    Compiling parking_lot_core v0.9.12
[INFO] [stderr]    Compiling signal-hook v0.3.18
[INFO] [stderr]    Compiling anstyle-query v1.1.5
[INFO] [stderr]    Compiling is_terminal_polyfill v1.70.2
[INFO] [stderr]    Compiling cfg-if v1.0.4
[INFO] [stderr]    Compiling regex-syntax v0.8.10
[INFO] [stderr]    Compiling smallvec v1.15.1
[INFO] [stderr]    Compiling colorchoice v1.0.5
[INFO] [stderr]    Compiling rustix v0.38.44
[INFO] [stderr]    Compiling scopeguard v1.2.0
[INFO] [stderr]    Compiling anstyle v1.0.14
[INFO] [stderr]    Compiling lock_api v0.4.14
[INFO] [stderr]    Compiling anstyle-parse v1.0.0
[INFO] [stderr]    Compiling clap_lex v1.1.0
[INFO] [stderr]    Compiling strsim v0.11.1
[INFO] [stderr]    Compiling bitflags v2.11.0
[INFO] [stderr]    Compiling same-file v1.0.6
[INFO] [stderr]    Compiling heck v0.5.0
[INFO] [stderr]    Compiling linux-raw-sys v0.4.15
[INFO] [stderr]    Compiling walkdir v2.5.0
[INFO] [stderr]    Compiling anstream v1.0.0
[INFO] [stderr]    Compiling clap_builder v4.6.0
[INFO] [stderr]    Compiling crossbeam-epoch v0.9.18
[INFO] [stderr]    Compiling aho-corasick v1.1.4
[INFO] [stderr]    Compiling bstr v1.12.1
[INFO] [stderr]    Compiling errno v0.3.14
[INFO] [stderr]    Compiling mio v1.1.1
[INFO] [stderr]    Compiling syn v2.0.117
[INFO] [stderr]    Compiling signal-hook-registry v1.4.8
[INFO] [stderr]    Compiling parking_lot v0.12.5
[INFO] [stderr]    Compiling crossbeam-deque v0.8.6
[INFO] [stderr]    Compiling signal-hook-mio v0.2.5
[INFO] [stderr]    Compiling crossterm v0.28.1
[INFO] [stderr]    Compiling regex-automata v0.4.14
[INFO] [stderr]    Compiling clap_derive v4.6.0
[INFO] [stderr]    Compiling clap v4.6.0
[INFO] [stderr]    Compiling globset v0.4.18
[INFO] [stderr]    Compiling ignore v0.4.25
[INFO] [stderr]    Compiling zd v0.1.0 (/opt/rustwide/workdir)
[INFO] [stderr]     Finished `release` profile [optimized] target(s) in 34.83s
[INFO] running `Command { std: "docker" "inspect" "1b33c68c8b2bc4b7151d06c4cbfe2ea0c14a3a099c4f2ed9e43be7d3bbf4919d", kill_on_drop: false }`
[INFO] running `Command { std: "docker" "exec" "-e" "SOURCE_DIR=/opt/rustwide/workdir" "-e" "CARGO_HOME=/opt/rustwide/cargo-home" "-e" "RUSTUP_HOME=/opt/rustwide/rustup-home" "-e" "CARGO_TARGET_DIR=/opt/rustwide/target" "-e" "CARGO_INCREMENTAL=0" "-e" "RUST_BACKTRACE=full" "-e" "RUSTFLAGS=--cap-lints=warn" "-e" "RUSTDOCFLAGS=--cap-lints=warn" "-w" "/opt/rustwide/workdir" "--user" "0:0" "1b33c68c8b2bc4b7151d06c4cbfe2ea0c14a3a099c4f2ed9e43be7d3bbf4919d" "/opt/rustwide/cargo-home/bin/cargo" "+1.100.0-beta.1" "test" "--frozen" "--no-run" "--message-format=json" "--release", kill_on_drop: false }`
[INFO] [stderr] warning: `package.homepage` is redundant with `package.repository`
[INFO] [stderr]   --> Cargo.toml:18:12
[INFO] [stderr]    |
[INFO] [stderr] 18 | homepage = "https://github.com/antoinehoriot/zd"
[INFO] [stderr]    |            ^^^^^^^^^^^^^^^^^^^^^^^^^^^^^^^^^^^^^
[INFO] [stderr] ...
[INFO] [stderr] 23 | repository = "https://github.com/antoinehoriot/zd"
[INFO] [stderr]    |              -------------------------------------
[INFO] [stderr]    |
[INFO] [stderr]    = note: `cargo::redundant_homepage` is set to `warn` by default
[INFO] [stderr] help: consider removing `package.homepage`
[INFO] [stderr] warning: `zd` (manifest) generated 1 warning
[INFO] [stderr]    Compiling zd v0.1.0 (/opt/rustwide/workdir)
[INFO] [stderr]     Finished `release` profile [optimized] target(s) in 1.07s
[INFO] running `Command { std: "docker" "inspect" "1b33c68c8b2bc4b7151d06c4cbfe2ea0c14a3a099c4f2ed9e43be7d3bbf4919d", kill_on_drop: false }`
[INFO] running `Command { std: "docker" "exec" "-e" "SOURCE_DIR=/opt/rustwide/workdir" "-e" "CARGO_HOME=/opt/rustwide/cargo-home" "-e" "RUSTUP_HOME=/opt/rustwide/rustup-home" "-e" "CARGO_TARGET_DIR=/opt/rustwide/target" "-e" "CARGO_INCREMENTAL=0" "-e" "RUST_BACKTRACE=full" "-e" "RUSTFLAGS=--cap-lints=warn" "-e" "RUSTDOCFLAGS=--cap-lints=warn" "-w" "/opt/rustwide/workdir" "--user" "0:0" "1b33c68c8b2bc4b7151d06c4cbfe2ea0c14a3a099c4f2ed9e43be7d3bbf4919d" "/opt/rustwide/cargo-home/bin/cargo" "+1.100.0-beta.1" "test" "--frozen" "--release", kill_on_drop: false }`
[INFO] [stderr] warning: `package.homepage` is redundant with `package.repository`
[INFO] [stderr]   --> Cargo.toml:18:12
[INFO] [stderr]    |
[INFO] [stderr] 18 | homepage = "https://github.com/antoinehoriot/zd"
[INFO] [stderr]    |            ^^^^^^^^^^^^^^^^^^^^^^^^^^^^^^^^^^^^^
[INFO] [stderr] ...
[INFO] [stderr] 23 | repository = "https://github.com/antoinehoriot/zd"
[INFO] [stderr]    |              -------------------------------------
[INFO] [stderr]    |
[INFO] [stderr]    = note: `cargo::redundant_homepage` is set to `warn` by default
[INFO] [stderr] help: consider removing `package.homepage`
[INFO] [stderr] warning: `zd` (manifest) generated 1 warning
[INFO] [stderr]     Finished `release` profile [optimized] target(s) in 0.11s
[INFO] [stderr]      Running unittests src/main.rs (/opt/rustwide/target/release/build/zd/c4b0e70f11231dc8/out/zd-c4b0e70f11231dc8)
[INFO] [stdout] 
[INFO] [stdout] running 12 tests
[INFO] [stdout] test scorer::tests::display_no_home_prefix ... ok
[INFO] [stdout] test scorer::tests::display_substitutes_home ... ok
[INFO] [stdout] test scorer::tests::exact_scores_higher_than_prefix ... ok
[INFO] [stdout] test scorer::tests::no_match_excluded ... ok
[INFO] [stdout] test scorer::tests::prefix_scores_higher_than_contains ... ok
[INFO] [stdout] test shell::tests::quote_plain_path ... ok
[INFO] [stdout] test scorer::tests::depth_penalty ... ok
[INFO] [stdout] test scorer::tests::case_insensitive ... ok
[INFO] [stdout] test scorer::tests::contains_scores_higher_than_segment ... ok
[INFO] [stdout] test shell::tests::quote_path_with_single_quote ... ok
[INFO] [stdout] test shell::tests::quote_path_with_spaces ... ok
[INFO] [stderr]      Running tests/integration.rs (/opt/rustwide/target/release/build/zd/44a3df0f9c353886/out/integration-44a3df0f9c353886)
[INFO] [stdout] test shell::tests::broadcast_cd_does_not_panic_when_osascript_unavailable ... ok
[INFO] [stdout] 
[INFO] [stdout] test result: ok. 12 passed; 0 failed; 0 ignored; 0 measured; 0 filtered out; finished in 0.01s
[INFO] [stdout] 
[INFO] [stdout] 
[INFO] [stdout] running 7 tests
[INFO] [stderr] error: test failed, to rerun pass `--test integration`
[INFO] [stdout] test best_flag_returns_exact_match ... FAILED
[INFO] [stdout] test all_flag_returns_matches ... FAILED
[INFO] [stdout] test no_match_exits_nonzero_and_no_stdout ... FAILED
[INFO] [stdout] test init_fish_prints_shell_function ... FAILED
[INFO] [stdout] test single_match_prints_path_directly ... FAILED
[INFO] [stdout] test init_bash_prints_shell_function ... FAILED
[INFO] [stdout] test no_query_exits_nonzero ... FAILED
[INFO] [stdout] 
[INFO] [stdout] failures:
[INFO] [stdout] 
[INFO] [stdout] ---- best_flag_returns_exact_match stdout ----
[INFO] [stdout] 
[INFO] [stdout] thread 'best_flag_returns_exact_match' (1095) panicked at tests/integration.rs:51:10:
[INFO] [stdout] zd failed: Os { code: 2, kind: NotFound, message: "No such file or directory" }
[INFO] [stdout] stack backtrace:
[INFO] [stdout]    0:     0x5fadd3fcdf01 - <unknown>
[INFO] [stdout]    1:     0x5fadd3fe22ba - <unknown>
[INFO] [stdout]    2:     0x5fadd3fd23cc - <unknown>
[INFO] [stdout]    3:     0x5fadd3fa8ea6 - <unknown>
[INFO] [stdout]    4:     0x5fadd3fc5eb9 - <unknown>
[INFO] [stdout]    5:     0x5fadd3f61590 - <unknown>
[INFO] [stdout]    6:     0x5fadd3fc6072 - <unknown>
[INFO] [stdout]    7:     0x5fadd3fa8f52 - <unknown>
[INFO] [stdout]    8:     0x5fadd3fa1b49 - <unknown>
[INFO] [stdout]    9:     0x5fadd3fa9b5d - <unknown>
[INFO] [stdout]   10:     0x5fadd3fe29ec - <unknown>
[INFO] [stdout]   11:     0x5fadd3fe27c2 - <unknown>
[INFO] [stdout]   12:     0x5fadd3f53a40 - <unknown>
[INFO] [stdout]   13:     0x5fadd3f549db - <unknown>
[INFO] [stdout]   14:     0x5fadd3f61bb5 - <unknown>
[INFO] [stdout]   15:     0x5fadd3f5b4a4 - <unknown>
[INFO] [stdout]   16:     0x5fadd3f64c42 - <unknown>
[INFO] [stdout]   17:     0x5fadd3fcd75f - <unknown>
[INFO] [stdout]   18:     0x7abfb3008dfa - <unknown>
[INFO] [stdout]   19:     0x7abfb309c3d4 - clone
[INFO] [stdout]   20:                0x0 - <unknown>
[INFO] [stdout] 
[INFO] [stdout] ---- all_flag_returns_matches stdout ----
[INFO] [stdout] 
[INFO] [stdout] thread 'all_flag_returns_matches' (1093) panicked at tests/integration.rs:68:10:
[INFO] [stdout] zd failed: Os { code: 2, kind: NotFound, message: "No such file or directory" }
[INFO] [stdout] stack backtrace:
[INFO] [stdout]    0:     0x5fadd3fcdf01 - <unknown>
[INFO] [stdout]    1:     0x5fadd3fe22ba - <unknown>
[INFO] [stdout]    2:     0x5fadd3fd23cc - <unknown>
[INFO] [stdout]    3:     0x5fadd3fa8ea6 - <unknown>
[INFO] [stdout]    4:     0x5fadd3fc5eb9 - <unknown>
[INFO] [stdout]    5:     0x5fadd3f61590 - <unknown>
[INFO] [stdout]    6:     0x5fadd3fc6072 - <unknown>
[INFO] [stdout]    7:     0x5fadd3fa8f52 - <unknown>
[INFO] [stdout]    8:     0x5fadd3fa1b49 - <unknown>
[INFO] [stdout]    9:     0x5fadd3fa9b5d - <unknown>
[INFO] [stdout]   10:     0x5fadd3fe29ec - <unknown>
[INFO] [stdout]   11:     0x5fadd3fe27c2 - <unknown>
[INFO] [stdout]   12:     0x5fadd3f53571 - <unknown>
[INFO] [stdout]   13:     0x5fadd3f549db - <unknown>
[INFO] [stdout]   14:     0x5fadd3f61bb5 - <unknown>
[INFO] [stdout]   15:     0x5fadd3f5b4a4 - <unknown>
[INFO] [stdout]   16:     0x5fadd3f64c42 - <unknown>
[INFO] [stdout]   17:     0x5fadd3fcd75f - <unknown>
[INFO] [stdout]   18:     0x7abfb3008dfa - <unknown>
[INFO] [stdout]   19:     0x7abfb309c3d4 - clone
[INFO] [stdout]   20:                0x0 - <unknown>
[INFO] [stdout] 
[INFO] [stdout] ---- no_match_exits_nonzero_and_no_stdout stdout ----
[INFO] [stdout] 
[INFO] [stdout] thread 'no_match_exits_nonzero_and_no_stdout' (1098) panicked at tests/integration.rs:83:10:
[INFO] [stdout] zd failed: Os { code: 2, kind: NotFound, message: "No such file or directory" }
[INFO] [stdout] stack backtrace:
[INFO] [stdout]    0:     0x5fadd3fcdf01 - <unknown>
[INFO] [stdout]    1:     0x5fadd3fe22ba - <unknown>
[INFO] [stdout]    2:     0x5fadd3fd23cc - <unknown>
[INFO] [stdout]    3:     0x5fadd3fa8ea6 - <unknown>
[INFO] [stdout]    4:     0x5fadd3fc5eb9 - <unknown>
[INFO] [stdout]    5:     0x5fadd3f61590 - <unknown>
[INFO] [stdout]    6:     0x5fadd3fc6072 - <unknown>
[INFO] [stdout]    7:     0x5fadd3fa8f52 - <unknown>
[INFO] [stdout]    8:     0x5fadd3fa1b49 - <unknown>
[INFO] [stdout]    9:     0x5fadd3fa9b5d - <unknown>
[INFO] [stdout]   10:     0x5fadd3fe29ec - <unknown>
[INFO] [stdout]   11:     0x5fadd3fe27c2 - <unknown>
[INFO] [stdout]   12:     0x5fadd3f548b0 - <unknown>
[INFO] [stdout]   13:     0x5fadd3f549db - <unknown>
[INFO] [stdout]   14:     0x5fadd3f61bb5 - <unknown>
[INFO] [stdout]   15:     0x5fadd3f5b4a4 - <unknown>
[INFO] [stdout]   16:     0x5fadd3f64c42 - <unknown>
[INFO] [stdout]   17:     0x5fadd3fcd75f - <unknown>
[INFO] [stdout]   18:     0x7abfb3008dfa - <unknown>
[INFO] [stdout]   19:     0x7abfb309c3d4 - clone
[INFO] [stdout]   20:                0x0 - <unknown>
[INFO] [stdout] 
[INFO] [stdout] ---- init_fish_prints_shell_function stdout ----
[INFO] [stdout] 
[INFO] [stdout] thread 'init_fish_prints_shell_function' (1097) panicked at tests/integration.rs:108:10:
[INFO] [stdout] zd failed: Os { code: 2, kind: NotFound, message: "No such file or directory" }
[INFO] [stdout] stack backtrace:
[INFO] [stdout]    0:     0x5fadd3fcdf01 - <unknown>
[INFO] [stdout]    1:     0x5fadd3fe22ba - <unknown>
[INFO] [stdout]    2:     0x5fadd3fd23cc - <unknown>
[INFO] [stdout]    3:     0x5fadd3fa8ea6 - <unknown>
[INFO] [stdout]    4:     0x5fadd3fc5eb9 - <unknown>
[INFO] [stdout]    5:     0x5fadd3f61590 - <unknown>
[INFO] [stdout]    6:     0x5fadd3fc6072 - <unknown>
[INFO] [stdout]    7:     0x5fadd3fa8f52 - <unknown>
[INFO] [stdout]    8:     0x5fadd3fa1b49 - <unknown>
[INFO] [stdout]    9:     0x5fadd3fa9b5d - <unknown>
[INFO] [stdout]   10:     0x5fadd3fe29ec - <unknown>
[INFO] [stdout]   11:     0x5fadd3fe27c2 - <unknown>
[INFO] [stdout]   12:     0x5fadd3f540bc - <unknown>
[INFO] [stdout]   13:     0x5fadd3f549db - <unknown>
[INFO] [stdout]   14:     0x5fadd3f61bb5 - <unknown>
[INFO] [stdout]   15:     0x5fadd3f5b4a4 - <unknown>
[INFO] [stdout]   16:     0x5fadd3f64c42 - <unknown>
[INFO] [stdout]   17:     0x5fadd3fcd75f - <unknown>
[INFO] [stdout]   18:     0x7abfb3008dfa - <unknown>
[INFO] [stdout]   19:     0x7abfb309c3d4 - clone
[INFO] [stdout]   20:                0x0 - <unknown>
[INFO] [stdout] 
[INFO] [stdout] ---- single_match_prints_path_directly stdout ----
[INFO] [stdout] 
[INFO] [stdout] thread 'single_match_prints_path_directly' (1100) panicked at tests/integration.rs:124:10:
[INFO] [stdout] zd failed: Os { code: 2, kind: NotFound, message: "No such file or directory" }
[INFO] [stdout] stack backtrace:
[INFO] [stdout]    0:     0x5fadd3fcdf01 - <unknown>
[INFO] [stdout]    1:     0x5fadd3fe22ba - <unknown>
[INFO] [stdout]    2:     0x5fadd3fd23cc - <unknown>
[INFO] [stdout]    3:     0x5fadd3fa8ea6 - <unknown>
[INFO] [stdout]    4:     0x5fadd3fc5eb9 - <unknown>
[INFO] [stdout]    5:     0x5fadd3f61590 - <unknown>
[INFO] [stdout]    6:     0x5fadd3fc6072 - <unknown>
[INFO] [stdout]    7:     0x5fadd3fa8f52 - <unknown>
[INFO] [stdout]    8:     0x5fadd3fa1b49 - <unknown>
[INFO] [stdout]    9:     0x5fadd3fa9b5d - <unknown>
[INFO] [stdout]   10:     0x5fadd3fe29ec - <unknown>
[INFO] [stdout]   11:     0x5fadd3fe27c2 - <unknown>
[INFO] [stdout]   12:     0x5fadd3f544ff - <unknown>
[INFO] [stdout]   13:     0x5fadd3f549db - <unknown>
[INFO] [stdout]   14:     0x5fadd3f61bb5 - <unknown>
[INFO] [stdout]   15:     0x5fadd3f5b4a4 - <unknown>
[INFO] [stdout]   16:     0x5fadd3f64c42 - <unknown>
[INFO] [stdout]   17:     0x5fadd3fcd75f - <unknown>
[INFO] [stdout]   18:     0x7abfb3008dfa - <unknown>
[INFO] [stdout]   19:     0x7abfb309c3d4 - clone
[INFO] [stdout]   20:                0x0 - <unknown>
[INFO] [stdout] 
[INFO] [stdout] ---- init_bash_prints_shell_function stdout ----
[INFO] [stdout] 
[INFO] [stdout] thread 'init_bash_prints_shell_function' (1096) panicked at tests/integration.rs:94:10:
[INFO] [stdout] zd failed: Os { code: 2, kind: NotFound, message: "No such file or directory" }
[INFO] [stdout] stack backtrace:
[INFO] [stdout]    0:     0x5fadd3fcdf01 - <unknown>
[INFO] [stdout]    1:     0x5fadd3fe22ba - <unknown>
[INFO] [stdout]    2:     0x5fadd3fd23cc - <unknown>
[INFO] [stdout]    3:     0x5fadd3fa8ea6 - <unknown>
[INFO] [stdout]    4:     0x5fadd3fc5eb9 - <unknown>
[INFO] [stdout]    5:     0x5fadd3f61590 - <unknown>
[INFO] [stdout]    6:     0x5fadd3fc6072 - <unknown>
[INFO] [stdout]    7:     0x5fadd3fa8f52 - <unknown>
[INFO] [stdout]    8:     0x5fadd3fa1b49 - <unknown>
[INFO] [stdout]    9:     0x5fadd3fa9b5d - <unknown>
[INFO] [stdout]   10:     0x5fadd3fe29ec - <unknown>
[INFO] [stdout]   11:     0x5fadd3fe27c2 - <unknown>
[INFO] [stdout]   12:     0x5fadd3f53dcb - <unknown>
[INFO] [stdout]   13:     0x5fadd3f549db - <unknown>
[INFO] [stdout]   14:     0x5fadd3f61bb5 - <unknown>
[INFO] [stdout]   15:     0x5fadd3f5b4a4 - <unknown>
[INFO] [stdout]   16:     0x5fadd3f64c42 - <unknown>
[INFO] [stdout]   17:     0x5fadd3fcd75f - <unknown>
[INFO] [stdout]   18:     0x7abfb3008dfa - <unknown>
[INFO] [stdout]   19:     0x7abfb309c3d4 - clone
[INFO] [stdout]   20:                0x0 - <unknown>
[INFO] [stdout] 
[INFO] [stdout] ---- no_query_exits_nonzero stdout ----
[INFO] [stdout] 
[INFO] [stdout] thread 'no_query_exits_nonzero' (1099) panicked at tests/integration.rs:138:10:
[INFO] [stdout] zd failed: Os { code: 2, kind: NotFound, message: "No such file or directory" }
[INFO] [stdout] stack backtrace:
[INFO] [stdout]    0:     0x5fadd3fcdf01 - <unknown>
[INFO] [stdout]    1:     0x5fadd3fe22ba - <unknown>
[INFO] [stdout]    2:     0x5fadd3fd23cc - <unknown>
[INFO] [stdout]    3:     0x5fadd3fa8ea6 - <unknown>
[INFO] [stdout]    4:     0x5fadd3fc5eb9 - <unknown>
[INFO] [stdout]    5:     0x5fadd3f61590 - <unknown>
[INFO] [stdout]    6:     0x5fadd3fc6072 - <unknown>
[INFO] [stdout]    7:     0x5fadd3fa8f52 - <unknown>
[INFO] [stdout]    8:     0x5fadd3fa1b49 - <unknown>
[INFO] [stdout]    9:     0x5fadd3fa9b5d - <unknown>
[INFO] [stdout]   10:     0x5fadd3fe29ec - <unknown>
[INFO] [stdout]   11:     0x5fadd3fe27c2 - <unknown>
[INFO] [stdout]   12:     0x5fadd3f5318a - <unknown>
[INFO] [stdout]   13:     0x5fadd3f549db - <unknown>
[INFO] [stdout]   14:     0x5fadd3f61bb5 - <unknown>
[INFO] [stdout]   15:     0x5fadd3f5b4a4 - <unknown>
[INFO] [stdout]   16:     0x5fadd3f64c42 - <unknown>
[INFO] [stdout]   17:     0x5fadd3fcd75f - <unknown>
[INFO] [stdout]   18:     0x7abfb3008dfa - <unknown>
[INFO] [stdout]   19:     0x7abfb309c3d4 - clone
[INFO] [stdout]   20:                0x0 - <unknown>
[INFO] [stdout] 
[INFO] [stdout] 
[INFO] [stdout] failures:
[INFO] [stdout]     all_flag_returns_matches
[INFO] [stdout]     best_flag_returns_exact_match
[INFO] [stdout]     init_bash_prints_shell_function
[INFO] [stdout]     init_fish_prints_shell_function
[INFO] [stdout]     no_match_exits_nonzero_and_no_stdout
[INFO] [stdout]     no_query_exits_nonzero
[INFO] [stdout]     single_match_prints_path_directly
[INFO] [stdout] 
[INFO] [stdout] test result: FAILED. 0 passed; 7 failed; 0 ignored; 0 measured; 0 filtered out; finished in 0.01s
[INFO] [stdout] 
[INFO] running `Command { std: "docker" "inspect" "1b33c68c8b2bc4b7151d06c4cbfe2ea0c14a3a099c4f2ed9e43be7d3bbf4919d", kill_on_drop: false }`
[INFO] running `Command { std: "docker" "rm" "-f" "1b33c68c8b2bc4b7151d06c4cbfe2ea0c14a3a099c4f2ed9e43be7d3bbf4919d", kill_on_drop: false }`
[INFO] [stdout] 1b33c68c8b2bc4b7151d06c4cbfe2ea0c14a3a099c4f2ed9e43be7d3bbf4919d
