[INFO] cloning repository https://github.com/angelnicolasc/meridian
[INFO] running `Command { std: "git" "-c" "credential.helper=" "-c" "credential.helper=/workspace/cargo-home/bin/git-credential-null" "clone" "--bare" "https://github.com/angelnicolasc/meridian" "/workspace/cache/git-repos/https%3A%2F%2Fgithub.com%2Fangelnicolasc%2Fmeridian", kill_on_drop: false }`
[INFO] [stderr] Cloning into bare repository '/workspace/cache/git-repos/https%3A%2F%2Fgithub.com%2Fangelnicolasc%2Fmeridian'...
[INFO] running `Command { std: "git" "rev-parse" "HEAD", kill_on_drop: false }`
[INFO] [stdout] f3e7cd2c127d6188c423bce18c9d4ace4454d323
[INFO] testing angelnicolasc/meridian against 1.100.0-beta.1+cargoflags=--release for beta-release-1.100-2
[INFO] running `Command { std: "git" "clone" "/workspace/cache/git-repos/https%3A%2F%2Fgithub.com%2Fangelnicolasc%2Fmeridian" "/workspace/builds/worker-3-tc2/source", kill_on_drop: false }`
[INFO] [stderr] Cloning into '/workspace/builds/worker-3-tc2/source'...
[INFO] [stderr] done.
[INFO] removed /workspace/builds/worker-3-tc2/source/.cargo/config.toml
[INFO] removed /workspace/builds/worker-3-tc2/source/rust-toolchain.toml
[INFO] started tweaking git repo https://github.com/angelnicolasc/meridian
[INFO] finished tweaking git repo https://github.com/angelnicolasc/meridian
[INFO] tweaked toml for git repo https://github.com/angelnicolasc/meridian written to /workspace/builds/worker-3-tc2/source/Cargo.toml
[INFO] validating manifest of git repo https://github.com/angelnicolasc/meridian on toolchain 1.100.0-beta.1
[INFO] running `Command { std: CARGO_HOME="/workspace/cargo-home" RUSTUP_HOME="/workspace/rustup-home" "/workspace/cargo-home/bin/cargo" "+1.100.0-beta.1" "metadata" "--manifest-path" "Cargo.toml" "--no-deps", kill_on_drop: false }`
[INFO] crate git repo https://github.com/angelnicolasc/meridian already has a lockfile, it will not be regenerated
[INFO] running `Command { std: CARGO_HOME="/workspace/cargo-home" RUSTUP_HOME="/workspace/rustup-home" "/workspace/cargo-home/bin/cargo" "+1.100.0-beta.1" "fetch" "--manifest-path" "Cargo.toml", kill_on_drop: false }`
[INFO] [stderr] warning: unused workspace dependency `anyhow`
[INFO] [stderr]   --> Cargo.toml:27:1
[INFO] [stderr]    |
[INFO] [stderr] 27 | anyhow = "1.0"
[INFO] [stderr]    | ^^^^^^
[INFO] [stderr]    |
[INFO] [stderr]    = note: `cargo::unused_workspace_dependencies` is set to `warn` by default
[INFO] [stderr] help: consider removing the workspace dependency `anyhow`
[INFO] [stderr] warning: unused workspace dependency `bindgen`
[INFO] [stderr]   --> Cargo.toml:28:1
[INFO] [stderr]    |
[INFO] [stderr] 28 | bindgen = "0.71"
[INFO] [stderr]    | ^^^^^^^
[INFO] [stderr]    |
[INFO] [stderr] help: consider removing the workspace dependency `bindgen`
[INFO] [stderr] warning: unused workspace dependency `cc`
[INFO] [stderr]   --> Cargo.toml:29:1
[INFO] [stderr]    |
[INFO] [stderr] 29 | cc = "1.2"
[INFO] [stderr]    | ^^
[INFO] [stderr]    |
[INFO] [stderr] help: consider removing the workspace dependency `cc`
[INFO] [stderr] warning: workspace (manifest) generated 3 warnings
[INFO] [stderr] warning: `package.homepage` is redundant with `package.repository`
[INFO] [stderr]   --> crates/meridian-core/Cargo.toml:10:17
[INFO] [stderr]    |
[INFO] [stderr]  9 | repository    = { workspace = true }
[INFO] [stderr]    |                 --------------------
[INFO] [stderr] 10 | homepage      = { workspace = true }
[INFO] [stderr]    |                 ^^^^^^^^^^^^^^^^^^^^
[INFO] [stderr]    |
[INFO] [stderr]    = note: `cargo::redundant_homepage` is set to `warn` by default
[INFO] [stderr] help: consider removing `package.homepage`
[INFO] [stderr] warning: `meridian-core` (manifest) generated 1 warning
[INFO] running `Command { std: "docker" "create" "-v" "/var/lib/crater-agent-workspace/builds/worker-3-tc2/source:/opt/rustwide/workdir:ro,Z" "-v" "/var/lib/crater-agent-workspace/builds/worker-3-tc2/target:/opt/rustwide/target:rw,Z" "-v" "/var/lib/crater-agent-workspace/cargo-home:/opt/rustwide/cargo-home:ro,Z" "-v" "/var/lib/crater-agent-workspace/rustup-home:/opt/rustwide/rustup-home:ro,Z" "-m" "1610612736" "--network" "none" "ghcr.io/rust-lang/crates-build-env/linux@sha256:77db811e55d90add9212f6832c23229e3de5f1c1f9905e8cb07319ea15df73ac" "sleep" "infinity", kill_on_drop: false }`
[INFO] [stdout] 98a4ecc112b1882cd97dafe0b0984235c7d55d9835484d0fe51a9a9db97214cf
[INFO] running `Command { std: "docker" "start" "98a4ecc112b1882cd97dafe0b0984235c7d55d9835484d0fe51a9a9db97214cf", kill_on_drop: false }`
[INFO] running `Command { std: "docker" "inspect" "98a4ecc112b1882cd97dafe0b0984235c7d55d9835484d0fe51a9a9db97214cf", kill_on_drop: false }`
[INFO] running `Command { std: "docker" "exec" "-e" "SOURCE_DIR=/opt/rustwide/workdir" "-e" "CARGO_HOME=/opt/rustwide/cargo-home" "-e" "RUSTUP_HOME=/opt/rustwide/rustup-home" "-e" "CARGO_TARGET_DIR=/opt/rustwide/target" "-w" "/opt/rustwide/workdir" "--user" "0:0" "98a4ecc112b1882cd97dafe0b0984235c7d55d9835484d0fe51a9a9db97214cf" "/opt/rustwide/cargo-home/bin/cargo" "+1.100.0-beta.1" "metadata" "--no-deps" "--format-version=1", kill_on_drop: false }`
[INFO] running `Command { std: "docker" "inspect" "98a4ecc112b1882cd97dafe0b0984235c7d55d9835484d0fe51a9a9db97214cf", kill_on_drop: false }`
[INFO] running `Command { std: "docker" "exec" "-e" "SOURCE_DIR=/opt/rustwide/workdir" "-e" "CARGO_HOME=/opt/rustwide/cargo-home" "-e" "RUSTUP_HOME=/opt/rustwide/rustup-home" "-e" "CARGO_TARGET_DIR=/opt/rustwide/target" "-e" "CARGO_INCREMENTAL=0" "-e" "RUST_BACKTRACE=full" "-e" "RUSTFLAGS=--cap-lints=warn" "-e" "RUSTDOCFLAGS=--cap-lints=warn" "-w" "/opt/rustwide/workdir" "--user" "0:0" "98a4ecc112b1882cd97dafe0b0984235c7d55d9835484d0fe51a9a9db97214cf" "/opt/rustwide/cargo-home/bin/cargo" "+1.100.0-beta.1" "build" "--frozen" "--message-format=json" "--release", kill_on_drop: false }`
[INFO] [stderr] warning: unused workspace dependency `anyhow`
[INFO] [stderr]   --> Cargo.toml:27:1
[INFO] [stderr]    |
[INFO] [stderr] 27 | anyhow = "1.0"
[INFO] [stderr]    | ^^^^^^
[INFO] [stderr]    |
[INFO] [stderr]    = note: `cargo::unused_workspace_dependencies` is set to `warn` by default
[INFO] [stderr] help: consider removing the workspace dependency `anyhow`
[INFO] [stderr] warning: unused workspace dependency `bindgen`
[INFO] [stderr]   --> Cargo.toml:28:1
[INFO] [stderr]    |
[INFO] [stderr] 28 | bindgen = "0.71"
[INFO] [stderr]    | ^^^^^^^
[INFO] [stderr]    |
[INFO] [stderr] help: consider removing the workspace dependency `bindgen`
[INFO] [stderr] warning: unused workspace dependency `cc`
[INFO] [stderr]   --> Cargo.toml:29:1
[INFO] [stderr]    |
[INFO] [stderr] 29 | cc = "1.2"
[INFO] [stderr]    | ^^
[INFO] [stderr]    |
[INFO] [stderr] help: consider removing the workspace dependency `cc`
[INFO] [stderr] warning: workspace (manifest) generated 3 warnings
[INFO] [stderr] warning: `package.homepage` is redundant with `package.repository`
[INFO] [stderr]   --> crates/meridian-core/Cargo.toml:10:17
[INFO] [stderr]    |
[INFO] [stderr]  9 | repository    = { workspace = true }
[INFO] [stderr]    |                 --------------------
[INFO] [stderr] 10 | homepage      = { workspace = true }
[INFO] [stderr]    |                 ^^^^^^^^^^^^^^^^^^^^
[INFO] [stderr]    |
[INFO] [stderr]    = note: `cargo::redundant_homepage` is set to `warn` by default
[INFO] [stderr] help: consider removing `package.homepage`
[INFO] [stderr] warning: `meridian-core` (manifest) generated 1 warning
[INFO] [stderr]    Compiling proc-macro2 v1.0.106
[INFO] [stderr]    Compiling quote v1.0.45
[INFO] [stderr]    Compiling unicode-ident v1.0.24
[INFO] [stderr]    Compiling crossbeam-utils v0.8.21
[INFO] [stderr]    Compiling serde_core v1.0.228
[INFO] [stderr]    Compiling libc v0.2.186
[INFO] [stderr]    Compiling serde v1.0.228
[INFO] [stderr]    Compiling cfg-if v1.0.4
[INFO] [stderr]    Compiling once_cell v1.21.4
[INFO] [stderr]    Compiling rustversion v1.0.22
[INFO] [stderr]    Compiling parking_lot_core v0.9.12
[INFO] [stderr]    Compiling zerocopy v0.8.48
[INFO] [stderr]    Compiling version_check v0.9.5
[INFO] [stderr]    Compiling equivalent v1.0.2
[INFO] [stderr]    Compiling scopeguard v1.2.0
[INFO] [stderr]    Compiling getrandom v0.3.4
[INFO] [stderr]    Compiling hashbrown v0.17.1
[INFO] [stderr]    Compiling smallvec v1.15.1
[INFO] [stderr]    Compiling lock_api v0.4.14
[INFO] [stderr]    Compiling ahash v0.8.12
[INFO] [stderr]    Compiling crossbeam-epoch v0.9.18
[INFO] [stderr]    Compiling winnow v0.7.15
[INFO] [stderr]    Compiling syn v2.0.117
[INFO] [stderr]    Compiling thiserror v2.0.18
[INFO] [stderr]    Compiling toml_write v0.1.2
[INFO] [stderr]    Compiling rapidhash v4.4.1
[INFO] [stderr]    Compiling crossbeam-deque v0.8.6
[INFO] [stderr]    Compiling crossbeam-channel v0.5.15
[INFO] [stderr]    Compiling indexmap v2.14.0
[INFO] [stderr]    Compiling crossbeam-queue v0.3.12
[INFO] [stderr]    Compiling tracing-core v0.1.36
[INFO] [stderr]    Compiling pin-project-lite v0.2.17
[INFO] [stderr]    Compiling hashbrown v0.14.5
[INFO] [stderr]    Compiling parking_lot v0.12.5
[INFO] [stderr]    Compiling crossbeam v0.8.4
[INFO] [stderr]    Compiling metrics v0.24.6
[INFO] [stderr]    Compiling dashmap v6.2.1
[INFO] [stderr]    Compiling serde_derive v1.0.228
[INFO] [stderr]    Compiling thiserror-impl v2.0.18
[INFO] [stderr]    Compiling tracing-attributes v0.1.31
[INFO] [stderr]    Compiling tracing v0.1.44
[INFO] [stderr]    Compiling serde_spanned v0.6.9
[INFO] [stderr]    Compiling toml_datetime v0.6.11
[INFO] [stderr]    Compiling toml_edit v0.22.27
[INFO] [stderr]    Compiling toml v0.8.23
[INFO] [stderr]    Compiling meridian-core v0.2.0 (/opt/rustwide/workdir/crates/meridian-core)
[INFO] [stderr] warning: unused dependency `ahash`
[INFO] [stderr]   --> crates/meridian-core/Cargo.toml:23:1
[INFO] [stderr]    |
[INFO] [stderr] 23 | ahash                       = { workspace = true }
[INFO] [stderr]    | ^^^^^^^^^^^^^^^^^^^^^^^^^^^^^^^^^^^^^^^^^^^^^^^^^^
[INFO] [stderr]    |
[INFO] [stderr]    = note: `cargo::unused_dependencies` is set to `warn` by default
[INFO] [stderr] help: consider removing the dependency on `ahash`
[INFO] [stderr] warning: unused dependency `crossbeam`
[INFO] [stderr]   --> crates/meridian-core/Cargo.toml:21:1
[INFO] [stderr]    |
[INFO] [stderr] 21 | crossbeam                   = { workspace = true }
[INFO] [stderr]    | ^^^^^^^^^^^^^^^^^^^^^^^^^^^^^^^^^^^^^^^^^^^^^^^^^^
[INFO] [stderr]    |
[INFO] [stderr] help: consider removing the dependency on `crossbeam`
[INFO] [stderr] warning: `meridian-core` (manifest) generated 2 warnings
[INFO] [stderr]     Finished `release` profile [optimized + debuginfo] target(s) in 51.85s
[INFO] running `Command { std: "docker" "inspect" "98a4ecc112b1882cd97dafe0b0984235c7d55d9835484d0fe51a9a9db97214cf", kill_on_drop: false }`
[INFO] running `Command { std: "docker" "exec" "-e" "SOURCE_DIR=/opt/rustwide/workdir" "-e" "CARGO_HOME=/opt/rustwide/cargo-home" "-e" "RUSTUP_HOME=/opt/rustwide/rustup-home" "-e" "CARGO_TARGET_DIR=/opt/rustwide/target" "-e" "CARGO_INCREMENTAL=0" "-e" "RUST_BACKTRACE=full" "-e" "RUSTFLAGS=--cap-lints=warn" "-e" "RUSTDOCFLAGS=--cap-lints=warn" "-w" "/opt/rustwide/workdir" "--user" "0:0" "98a4ecc112b1882cd97dafe0b0984235c7d55d9835484d0fe51a9a9db97214cf" "/opt/rustwide/cargo-home/bin/cargo" "+1.100.0-beta.1" "test" "--frozen" "--no-run" "--message-format=json" "--release", kill_on_drop: false }`
[INFO] [stderr] warning: unused workspace dependency `anyhow`
[INFO] [stderr]   --> Cargo.toml:27:1
[INFO] [stderr]    |
[INFO] [stderr] 27 | anyhow = "1.0"
[INFO] [stderr]    | ^^^^^^
[INFO] [stderr]    |
[INFO] [stderr]    = note: `cargo::unused_workspace_dependencies` is set to `warn` by default
[INFO] [stderr] help: consider removing the workspace dependency `anyhow`
[INFO] [stderr] warning: unused workspace dependency `bindgen`
[INFO] [stderr]   --> Cargo.toml:28:1
[INFO] [stderr]    |
[INFO] [stderr] 28 | bindgen = "0.71"
[INFO] [stderr]    | ^^^^^^^
[INFO] [stderr]    |
[INFO] [stderr] help: consider removing the workspace dependency `bindgen`
[INFO] [stderr] warning: unused workspace dependency `cc`
[INFO] [stderr]   --> Cargo.toml:29:1
[INFO] [stderr]    |
[INFO] [stderr] 29 | cc = "1.2"
[INFO] [stderr]    | ^^
[INFO] [stderr]    |
[INFO] [stderr] help: consider removing the workspace dependency `cc`
[INFO] [stderr] warning: workspace (manifest) generated 3 warnings
[INFO] [stderr] warning: `package.homepage` is redundant with `package.repository`
[INFO] [stderr]   --> crates/meridian-core/Cargo.toml:10:17
[INFO] [stderr]    |
[INFO] [stderr]  9 | repository    = { workspace = true }
[INFO] [stderr]    |                 --------------------
[INFO] [stderr] 10 | homepage      = { workspace = true }
[INFO] [stderr]    |                 ^^^^^^^^^^^^^^^^^^^^
[INFO] [stderr]    |
[INFO] [stderr]    = note: `cargo::redundant_homepage` is set to `warn` by default
[INFO] [stderr] help: consider removing `package.homepage`
[INFO] [stderr] warning: `meridian-core` (manifest) generated 1 warning
[INFO] [stderr]    Compiling cfg-if v1.0.4
[INFO] [stderr]    Compiling serde_core v1.0.228
[INFO] [stderr]    Compiling once_cell v1.21.4
[INFO] [stderr]    Compiling serde v1.0.228
[INFO] [stderr]    Compiling libc v0.2.186
[INFO] [stderr]    Compiling zerocopy v0.8.48
[INFO] [stderr]    Compiling crossbeam-utils v0.8.21
[INFO] [stderr]    Compiling syn v2.0.117
[INFO] [stderr]    Compiling getrandom v0.3.4
[INFO] [stderr]    Compiling memchr v2.8.0
[INFO] [stderr]    Compiling pin-project-lite v0.2.17
[INFO] [stderr]    Compiling autocfg v1.5.0
[INFO] [stderr]    Compiling regex-syntax v0.8.10
[INFO] [stderr]    Compiling zmij v1.0.21
[INFO] [stderr]    Compiling tracing-core v0.1.36
[INFO] [stderr]    Compiling num-traits v0.2.19
[INFO] [stderr]    Compiling smallvec v1.15.1
[INFO] [stderr]    Compiling crossbeam-epoch v0.9.18
[INFO] [stderr]    Compiling crossbeam-deque v0.8.6
[INFO] [stderr]    Compiling futures-core v0.3.32
[INFO] [stderr]    Compiling rustix v1.1.4
[INFO] [stderr]    Compiling getrandom v0.4.2
[INFO] [stderr]    Compiling serde_json v1.0.149
[INFO] [stderr]    Compiling hashbrown v0.17.1
[INFO] [stderr]    Compiling equivalent v1.0.2
[INFO] [stderr]    Compiling futures-sink v0.3.32
[INFO] [stderr]    Compiling winnow v1.0.3
[INFO] [stderr]    Compiling semver v1.0.28
[INFO] [stderr]    Compiling futures-channel v0.3.32
[INFO] [stderr]    Compiling rand_core v0.9.5
[INFO] [stderr]    Compiling rustc_version v0.4.1
[INFO] [stderr]    Compiling aho-corasick v1.1.4
[INFO] [stderr]    Compiling linux-raw-sys v0.12.1
[INFO] [stderr]    Compiling indexmap v2.14.0
[INFO] [stderr]    Compiling slab v0.4.12
[INFO] [stderr]    Compiling bitflags v2.11.1
[INFO] [stderr]    Compiling itoa v1.0.18
[INFO] [stderr]    Compiling futures-task v0.3.32
[INFO] [stderr]    Compiling toml_parser v1.1.2+spec-1.1.0
[INFO] [stderr]    Compiling rayon-core v1.13.0
[INFO] [stderr]    Compiling regex-automata v0.4.14
[INFO] [stderr]    Compiling either v1.15.0
[INFO] [stderr]    Compiling toml_datetime v1.1.1+spec-1.1.0
[INFO] [stderr]    Compiling futures-io v0.3.32
[INFO] [stderr]    Compiling scopeguard v1.2.0
[INFO] [stderr]    Compiling lock_api v0.4.14
[INFO] [stderr]    Compiling toml_edit v0.25.11+spec-1.1.0
[INFO] [stderr]    Compiling rstest_macros v0.23.0
[INFO] [stderr]    Compiling parking_lot_core v0.9.12
[INFO] [stderr]    Compiling anstyle v1.0.14
[INFO] [stderr]    Compiling toml_write v0.1.2
[INFO] [stderr]    Compiling serde_derive v1.0.228
[INFO] [stderr]    Compiling zerocopy-derive v0.8.48
[INFO] [stderr]    Compiling futures-macro v0.3.32
[INFO] [stderr]    Compiling tracing-attributes v0.1.31
[INFO] [stderr]    Compiling fastrand v2.4.1
[INFO] [stderr]    Compiling winnow v0.7.15
[INFO] [stderr]    Compiling plotters-backend v0.3.7
[INFO] [stderr]    Compiling futures-util v0.3.32
[INFO] [stderr]    Compiling ciborium-io v0.2.2
[INFO] [stderr]    Compiling clap_lex v1.1.0
[INFO] [stderr]    Compiling tracing v0.1.44
[INFO] [stderr]    Compiling clap_builder v4.6.0
[INFO] [stderr]    Compiling plotters-svg v0.3.7
[INFO] [stderr]    Compiling tempfile v3.27.0
[INFO] [stderr]    Compiling regex v1.12.3
[INFO] [stderr]    Compiling thiserror-impl v2.0.18
[INFO] [stderr]    Compiling rapidhash v4.4.1
[INFO] [stderr]    Compiling proc-macro-crate v3.5.0
[INFO] [stderr]    Compiling itertools v0.10.5
[INFO] [stderr]    Compiling futures-executor v0.3.32
[INFO] [stderr]    Compiling wait-timeout v0.2.1
[INFO] [stderr]    Compiling crossbeam-channel v0.5.15
[INFO] [stderr]    Compiling crossbeam-queue v0.3.12
[INFO] [stderr]    Compiling fnv v1.0.7
[INFO] [stderr]    Compiling hashbrown v0.14.5
[INFO] [stderr]    Compiling quick-error v1.2.3
[INFO] [stderr]    Compiling bit-vec v0.8.0
[INFO] [stderr]    Compiling glob v0.3.3
[INFO] [stderr]    Compiling same-file v1.0.6
[INFO] [stderr]    Compiling lazy_static v1.5.0
[INFO] [stderr]    Compiling toml_datetime v0.6.11
[INFO] [stderr]    Compiling serde_spanned v0.6.9
[INFO] [stderr]    Compiling log v0.4.29
[INFO] [stderr]    Compiling cast v0.3.0
[INFO] [stderr]    Compiling toml_edit v0.22.27
[INFO] [stderr]    Compiling relative-path v1.9.3
[INFO] [stderr]    Compiling tracing-log v0.2.0
[INFO] [stderr]    Compiling dashmap v6.2.1
[INFO] [stderr]    Compiling criterion-plot v0.5.0
[INFO] [stderr]    Compiling sharded-slab v0.1.7
[INFO] [stderr]    Compiling tracing-serde v0.2.0
[INFO] [stderr]    Compiling tinytemplate v1.2.1
[INFO] [stderr]    Compiling walkdir v2.5.0
[INFO] [stderr]    Compiling bit-set v0.8.0
[INFO] [stderr]    Compiling rusty-fork v0.3.1
[INFO] [stderr]    Compiling crossbeam v0.8.4
[INFO] [stderr]    Compiling rayon v1.12.0
[INFO] [stderr]    Compiling futures v0.3.32
[INFO] [stderr]    Compiling thiserror v2.0.18
[INFO] [stderr]    Compiling clap v4.6.1
[INFO] [stderr]    Compiling metrics v0.24.6
[INFO] [stderr]    Compiling plotters v0.3.7
[INFO] [stderr]    Compiling half v2.7.1
[INFO] [stderr]    Compiling ppv-lite86 v0.2.21
[INFO] [stderr]    Compiling ciborium-ll v0.2.2
[INFO] [stderr]    Compiling ciborium v0.2.2
[INFO] [stderr]    Compiling rand_chacha v0.9.0
[INFO] [stderr]    Compiling toml v0.8.23
[INFO] [stderr]    Compiling ahash v0.8.12
[INFO] [stderr]    Compiling matchers v0.2.0
[INFO] [stderr]    Compiling parking_lot v0.12.5
[INFO] [stderr]    Compiling rand_xorshift v0.4.0
[INFO] [stderr]    Compiling rand v0.9.4
[INFO] [stderr]    Compiling is-terminal v0.4.17
[INFO] [stderr]    Compiling thread_local v1.1.9
[INFO] [stderr]    Compiling anes v0.1.6
[INFO] [stderr]    Compiling oorandom v11.1.5
[INFO] [stderr]    Compiling unarray v0.1.4
[INFO] [stderr]    Compiling diff v0.1.13
[INFO] [stderr]    Compiling nu-ansi-term v0.50.3
[INFO] [stderr]    Compiling yansi v1.0.1
[INFO] [stderr]    Compiling futures-timer v3.0.4
[INFO] [stderr]    Compiling proptest v1.11.0
[INFO] [stderr]    Compiling pretty_assertions v1.4.1
[INFO] [stderr]    Compiling tracing-subscriber v0.3.23
[INFO] [stderr]    Compiling meridian-core v0.2.0 (/opt/rustwide/workdir/crates/meridian-core)
[INFO] [stderr]    Compiling rstest v0.23.0
[INFO] [stderr]    Compiling criterion v0.5.1
[INFO] [stderr] warning: unused dependency `ahash`
[INFO] [stderr]   --> crates/meridian-core/Cargo.toml:23:1
[INFO] [stderr]    |
[INFO] [stderr] 23 | ahash                       = { workspace = true }
[INFO] [stderr]    | ^^^^^^^^^^^^^^^^^^^^^^^^^^^^^^^^^^^^^^^^^^^^^^^^^^
[INFO] [stderr]    |
[INFO] [stderr]    = note: `cargo::unused_dependencies` is set to `warn` by default
[INFO] [stderr] help: consider removing the dependency on `ahash`
[INFO] [stderr] warning: unused dependency `crossbeam`
[INFO] [stderr]   --> crates/meridian-core/Cargo.toml:21:1
[INFO] [stderr]    |
[INFO] [stderr] 21 | crossbeam                   = { workspace = true }
[INFO] [stderr]    | ^^^^^^^^^^^^^^^^^^^^^^^^^^^^^^^^^^^^^^^^^^^^^^^^^^
[INFO] [stderr]    |
[INFO] [stderr] help: consider removing the dependency on `crossbeam`
[INFO] [stderr] warning: `meridian-core` (manifest) generated 2 warnings
[INFO] [stderr]     Finished `release` profile [optimized + debuginfo] target(s) in 4m 20s
[INFO] running `Command { std: "docker" "inspect" "98a4ecc112b1882cd97dafe0b0984235c7d55d9835484d0fe51a9a9db97214cf", kill_on_drop: false }`
[INFO] running `Command { std: "docker" "exec" "-e" "SOURCE_DIR=/opt/rustwide/workdir" "-e" "CARGO_HOME=/opt/rustwide/cargo-home" "-e" "RUSTUP_HOME=/opt/rustwide/rustup-home" "-e" "CARGO_TARGET_DIR=/opt/rustwide/target" "-e" "CARGO_INCREMENTAL=0" "-e" "RUST_BACKTRACE=full" "-e" "RUSTFLAGS=--cap-lints=warn" "-e" "RUSTDOCFLAGS=--cap-lints=warn" "-w" "/opt/rustwide/workdir" "--user" "0:0" "98a4ecc112b1882cd97dafe0b0984235c7d55d9835484d0fe51a9a9db97214cf" "/opt/rustwide/cargo-home/bin/cargo" "+1.100.0-beta.1" "test" "--frozen" "--release", kill_on_drop: false }`
[INFO] [stderr] warning: unused workspace dependency `anyhow`
[INFO] [stderr]   --> Cargo.toml:27:1
[INFO] [stderr]    |
[INFO] [stderr] 27 | anyhow = "1.0"
[INFO] [stderr]    | ^^^^^^
[INFO] [stderr]    |
[INFO] [stderr]    = note: `cargo::unused_workspace_dependencies` is set to `warn` by default
[INFO] [stderr] help: consider removing the workspace dependency `anyhow`
[INFO] [stderr] warning: unused workspace dependency `bindgen`
[INFO] [stderr]   --> Cargo.toml:28:1
[INFO] [stderr]    |
[INFO] [stderr] 28 | bindgen = "0.71"
[INFO] [stderr]    | ^^^^^^^
[INFO] [stderr]    |
[INFO] [stderr] help: consider removing the workspace dependency `bindgen`
[INFO] [stderr] warning: unused workspace dependency `cc`
[INFO] [stderr]   --> Cargo.toml:29:1
[INFO] [stderr]    |
[INFO] [stderr] 29 | cc = "1.2"
[INFO] [stderr]    | ^^
[INFO] [stderr]    |
[INFO] [stderr] help: consider removing the workspace dependency `cc`
[INFO] [stderr] warning: workspace (manifest) generated 3 warnings
[INFO] [stderr] warning: `package.homepage` is redundant with `package.repository`
[INFO] [stderr]   --> crates/meridian-core/Cargo.toml:10:17
[INFO] [stderr]    |
[INFO] [stderr]  9 | repository    = { workspace = true }
[INFO] [stderr]    |                 --------------------
[INFO] [stderr] 10 | homepage      = { workspace = true }
[INFO] [stderr]    |                 ^^^^^^^^^^^^^^^^^^^^
[INFO] [stderr]    |
[INFO] [stderr]    = note: `cargo::redundant_homepage` is set to `warn` by default
[INFO] [stderr] help: consider removing `package.homepage`
[INFO] [stderr] warning: `meridian-core` (manifest) generated 1 warning
[INFO] [stderr] warning: unused dependency `ahash`
[INFO] [stderr]   --> crates/meridian-core/Cargo.toml:23:1
[INFO] [stderr]    |
[INFO] [stderr] 23 | ahash                       = { workspace = true }
[INFO] [stderr]    | ^^^^^^^^^^^^^^^^^^^^^^^^^^^^^^^^^^^^^^^^^^^^^^^^^^
[INFO] [stderr]    |
[INFO] [stderr]    = note: `cargo::unused_dependencies` is set to `warn` by default
[INFO] [stderr] help: consider removing the dependency on `ahash`
[INFO] [stderr] warning: unused dependency `crossbeam`
[INFO] [stderr]   --> crates/meridian-core/Cargo.toml:21:1
[INFO] [stderr]    |
[INFO] [stderr] 21 | crossbeam                   = { workspace = true }
[INFO] [stderr]    | ^^^^^^^^^^^^^^^^^^^^^^^^^^^^^^^^^^^^^^^^^^^^^^^^^^
[INFO] [stderr]    |
[INFO] [stderr] help: consider removing the dependency on `crossbeam`
[INFO] [stderr] warning: `meridian-core` (manifest) generated 2 warnings
[INFO] [stderr]     Finished `release` profile [optimized + debuginfo] target(s) in 0.36s
[INFO] [stderr]      Running unittests src/lib.rs (/opt/rustwide/target/release/build/meridian-core/e94744ef6cbf4d12/out/meridian_core-e94744ef6cbf4d12)
[INFO] [stdout] 
[INFO] [stdout] running 86 tests
[INFO] [stdout] test dspark_bridge::confidence_model::tests::ceiling_is_exact_on_the_uniform_distribution ... ok
[INFO] [stdout] test dspark_bridge::confidence_model::tests::bounds_are_monotone_decreasing_in_entropy ... ok
[INFO] [stdout] test dspark_bridge::confidence_model::tests::degenerate_inputs_do_not_panic_or_produce_nan ... ok
[INFO] [stdout] test dspark_bridge::confidence_model::tests::expected_accepted_length_is_monotone_in_both_arguments ... ok
[INFO] [stdout] test dspark_bridge::confidence_model::tests::corollary_5_ceilings_every_deterministic_drafter ... ok
[INFO] [stdout] test dspark_bridge::confidence_model::tests::corollary_2_eat_equals_acceptance_of_a_think_end_drafter ... ok
[INFO] [stdout] test dspark_bridge::confidence_model::tests::expected_accepted_length_matches_closed_forms ... ok
[INFO] [stdout] test dspark_bridge::confidence_model::tests::bounds_from_signal_wires_the_right_fields ... ok
[INFO] [stdout] test dspark_bridge::confidence_model::tests::ceiling_is_exact_on_the_spike_plus_uniform_family ... ok
[INFO] [stdout] test dspark_bridge::confidence_model::tests::tv_is_symmetric ... ok
[INFO] [stdout] test dspark_bridge::confidence_model::tests::tv_of_disjoint_point_masses_is_one ... ok
[INFO] [stdout] test dspark_bridge::confidence_model::tests::tv_of_identical_distributions_is_zero ... ok
[INFO] [stdout] test dspark_bridge::confidence_model::tests::prefix_survival_is_the_cumulative_product ... ok
[INFO] [stdout] test dspark_bridge::confidence_model::tests::uniform_distribution_yields_the_tightest_possible_ceiling ... ok
[INFO] [stdout] test dspark_bridge::hook::tests::a_lower_think_rate_produces_a_shallower_think_draft ... ok
[INFO] [stdout] test dspark_bridge::hook::tests::a_measured_prior_unlocks_upward_adjustment ... ok
[INFO] [stdout] test dspark_bridge::confidence_model::tests::zero_entropy_implies_certain_acceptance_is_possible ... ok
[INFO] [stdout] test dspark_bridge::hook::tests::cycle_cost_grows_with_depth ... ok
[INFO] [stdout] test dspark_bridge::confidence_model::tests::tv_handles_ragged_slices_as_zero_padded ... ok
[INFO] [stdout] test dspark_bridge::confidence_model::tests::proposition_3_eat_ceilings_boundary_supported_drafters ... ok
[INFO] [stdout] test dspark_bridge::hook::tests::default_config_is_valid_and_uncalibrated ... ok
[INFO] [stdout] test dspark_bridge::confidence_model::tests::proposition_4_brackets_the_mode_mass_for_random_distributions ... ok
[INFO] [stdout] test dspark_bridge::confidence_model::tests::proposition_1_point_mass_identity_holds_over_a_sweep ... ok
[INFO] [stdout] test dspark_bridge::hook::tests::high_entropy_shrinks_the_draft_budget ... ok
[INFO] [stdout] test dspark_bridge::hook::tests::invalid_configs_are_rejected_at_construction ... ok
[INFO] [stdout] test dspark_bridge::hook::tests::low_entropy_leaves_the_baseline_alone ... ok
[INFO] [stdout] test dspark_bridge::hook::tests::non_decoding_phases_return_the_baseline_untouched ... ok
[INFO] [stdout] test dspark_bridge::hook::tests::only_decode_phases_run_speculation ... ok
[INFO] [stdout] test dspark_bridge::hook::tests::synthetic_provenance_cannot_build_a_measured_prior ... ok
[INFO] [stdout] test dspark_bridge::hook::tests::proposal_length_is_monotone_non_increasing_in_entropy ... ok
[INFO] [stdout] test dspark_bridge::hook::tests::think_phase_maps_from_the_router_state_machine ... ok
[INFO] [stdout] test dspark_bridge::hook::tests::uncalibrated_hook_with_no_signal_is_a_strict_no_op ... ok
[INFO] [stdout] test dspark_bridge::hook::tests::disabling_the_entropy_ceiling_makes_the_hook_inert_even_with_signals ... ok
[INFO] [stdout] test dspark_bridge::hook::tests::entropy_caps_an_overconfident_measured_prior ... ok
[INFO] [stdout] test dspark_bridge::ledger::tests::a_gap_smaller_than_between_domain_variation_is_not_a_phase_effect ... ok
[INFO] [stdout] test dspark_bridge::ledger::tests::a_measured_report_closes_the_loop_into_a_hook_prior ... ok
[INFO] [stdout] test dspark_bridge::ledger::tests::a_reversed_gap_is_reported_as_such_not_silently_accepted ... ok
[INFO] [stdout] test dspark_bridge::ledger::tests::empty_arms_report_none_rather_than_zero ... ok
[INFO] [stdout] test dspark_bridge::hook::tests::out_of_range_rates_are_rejected ... ok
[INFO] [stdout] test dspark_bridge::hook::tests::phase_gap_reports_the_hypothesis_direction ... ok
[INFO] [stdout] test dspark_bridge::ledger::tests::empty_report_renders_without_panicking ... ok
[INFO] [stdout] test dspark_bridge::ledger::tests::insufficient_data_cannot_become_a_claim ... ok
[INFO] [stdout] test dspark_bridge::ledger::tests::exclude_is_the_default_straddle_policy ... ok
[INFO] [stdout] test dspark_bridge::ledger::tests::identical_arms_yield_no_resolvable_gap ... ok
[INFO] [stdout] test dspark_bridge::ledger::tests::measured_report_with_an_empty_arm_refuses_to_produce_a_prior ... ok
[INFO] [stdout] test dspark_bridge::hook::tests::proposal_length_always_respects_the_configured_bounds ... ok
[INFO] [stdout] test dspark_bridge::hook::tests::throughput_peaks_deeper_as_acceptance_rises ... ok
[INFO] [stdout] test dspark_bridge::ledger::tests::measured_reports_become_claims_and_carry_the_run_description ... ok
[INFO] [stdout] test dspark_bridge::ledger::tests::measured_reports_render_the_run_description ... ok
[INFO] [stdout] test dspark_bridge::ledger::tests::merging_across_provenance_is_refused ... ok
[INFO] [stdout] test dspark_bridge::ledger::tests::a_clear_gap_in_the_predicted_direction_is_supported ... ok
[INFO] [stdout] test dspark_bridge::ledger::tests::provenance_is_reported_before_thin_data ... ok
[INFO] [stdout] test dspark_bridge::ledger::tests::steps_outside_a_decode_phase_are_discarded_not_misfiled ... ok
[INFO] [stdout] test dspark_bridge::ledger::tests::straddle_attribution_policies_route_to_the_named_phase ... ok
[INFO] [stdout] test dspark_bridge::ledger::tests::straddle_rate_is_zero_for_an_empty_ledger ... ok
[INFO] [stdout] test dspark_bridge::ledger::tests::synthetic_reports_cannot_become_claims ... ok
[INFO] [stdout] test dspark_bridge::ledger::tests::synthetic_reports_render_an_unmissable_banner ... ok
[INFO] [stdout] test dspark_bridge::ledger::tests::token_acceptance_rate_matches_deepspec_verify_rate ... ok
[INFO] [stdout] test dspark_bridge::provenance::tests::display_matches_banner ... ok
[INFO] [stdout] test dspark_bridge::provenance::tests::measured_banner_records_the_thinking_mode_flag_in_both_states ... ok
[INFO] [stdout] test dspark_bridge::provenance::tests::synthetic_banner_is_unmissable ... ok
[INFO] [stdout] test dspark_bridge::hook::tests::uncalibrated_hook_never_drafts_deeper_than_baseline ... ok
[INFO] [stdout] test dspark_bridge::provenance::tests::measured_converts_and_preserves_every_field ... ok
[INFO] [stdout] test dspark_bridge::provenance::tests::synthetic_can_never_become_a_measured_claim ... ok
[INFO] [stdout] test dspark_bridge::stats::tests::incomplete_beta_endpoints_and_symmetry ... ok
[INFO] [stdout] test dspark_bridge::provenance::tests::round_trips_through_toml ... ok
[INFO] [stdout] test dspark_bridge::ledger::tests::merging_across_straddle_policies_is_refused ... ok
[INFO] [stdout] test dspark_bridge::ledger::tests::merging_matching_provenance_is_equivalent_to_recording_both ... ok
[INFO] [stdout] test dspark_bridge::ledger::tests::one_sided_data_is_insufficient ... ok
[INFO] [stdout] test dspark_bridge::ledger::tests::records_are_routed_to_the_right_phase ... ok
[INFO] [stdout] test dspark_bridge::stats::tests::t_matches_cauchy_closed_form_at_df_1 ... ok
[INFO] [stdout] test dspark_bridge::stats::tests::ln_gamma_matches_factorials ... ok
[INFO] [stdout] test dspark_bridge::stats::tests::merge_is_equivalent_to_sequential_push ... ok
[INFO] [stdout] test dspark_bridge::stats::tests::merge_with_empty_is_identity_in_both_directions ... ok
[INFO] [stdout] test dspark_bridge::stats::tests::welch_ci_includes_zero_for_identical_samples ... ok
[INFO] [stdout] test dspark_bridge::stats::tests::t_critical_matches_published_tables ... ok
[INFO] [stdout] test dspark_bridge::stats::tests::t_matches_closed_form_at_df_2 ... ok
[INFO] [stdout] test dspark_bridge::stats::tests::welch_rejects_zero_variance_inputs ... ok
[INFO] [stdout] test dspark_bridge::stats::tests::welch_recovers_known_statistic ... ok
[INFO] [stdout] test dspark_bridge::stats::tests::t_converges_to_normal_for_large_df ... ok
[INFO] [stdout] test dspark_bridge::stats::tests::welch_rejects_undersized_samples ... ok
[INFO] [stdout] test dspark_bridge::stats::tests::welch_sign_convention_is_a_minus_b ... ok
[INFO] [stdout] test dspark_bridge::stats::tests::t_is_symmetric_and_monotone ... ok
[INFO] [stdout] test dspark_bridge::stats::tests::welford_matches_textbook_variance ... ok
[INFO] [stdout] test dspark_bridge::stats::tests::variance_undefined_below_two_observations ... ok
[INFO] [stdout] test dspark_bridge::stats::tests::welch_ci_brackets_the_difference_and_excludes_zero_when_separated ... ok
[INFO] [stdout] 
[INFO] [stdout] test result: ok. 86 passed; 0 failed; 0 ignored; 0 measured; 0 filtered out; finished in 0.02s
[INFO] [stdout] 
[INFO] [stderr]      Running tests/block_manager.rs (/opt/rustwide/target/release/build/meridian-core/05c47df3c6c3ae73/out/block_manager-05c47df3c6c3ae73)
[INFO] [stdout] 
[INFO] [stdout] running 14 tests
[INFO] [stdout] test blocks_for_request_enumerates_only_that_request ... ok
[INFO] [stdout] test evict_for_falls_through_tiers_under_pressure ... ok
[INFO] [stdout] test aggressive_eviction_frees_demoted_blocks ... ok
[INFO] [stdout] test evict_for_prefers_lower_tier ... ok
[INFO] [stdout] test free_block_by_id_returns_slot_and_reports_presence ... ok
[INFO] [stdout] test allocate_assigns_unique_ids ... ok
[INFO] [stdout] test free_is_idempotent ... ok
[INFO] [stdout] test allocate_succeeds_after_evicting_completed_think_blocks ... ok
[INFO] [stdout] test allocate_returns_memory_exhausted_when_no_eviction_possible ... ok
[INFO] [stdout] test free_block_by_id_returns_id_to_pool_for_reuse ... ok
[INFO] [stdout] test mla_block_size_drives_accounting ... ok
[INFO] [stdout] test demote_moves_think_active_to_think_complete ... ok
[INFO] [stdout] test free_releases_blocks_and_recycles_ids ... ok
[INFO] [stdout] test evict_for_lru_within_tier ... ok
[INFO] [stdout] 
[INFO] [stdout] test result: ok. 14 passed; 0 failed; 0 ignored; 0 measured; 0 filtered out; finished in 0.01s
[INFO] [stdout] 
[INFO] [stderr]      Running tests/block_manager_proptest.rs (/opt/rustwide/target/release/build/meridian-core/b0cb83b05f57de40/out/block_manager_proptest-b0cb83b05f57de40)
[INFO] [stdout] 
[INFO] [stdout] running 1 test
[INFO] [stdout] test invariants_hold_under_arbitrary_ops ... FAILED
[INFO] [stdout] 
[INFO] [stdout] failures:
[INFO] [stdout] 
[INFO] [stdout] ---- invariants_hold_under_arbitrary_ops stdout ----
[INFO] [stdout] proptest: FileFailurePersistence::SourceParallel set, but failed to find lib.rs or main.rs
[INFO] [stdout] proptest: FileFailurePersistence::SourceParallel set, but failed to find lib.rs or main.rs
[INFO] [stdout] proptest: failed to append to /opt/rustwide/workdir/crates/meridian-core/tests/block_manager_proptest.proptest-regressions: Read-only file system (os error 30)
[INFO] [stdout] 
[INFO] [stdout] thread 'invariants_hold_under_arbitrary_ops' (2901) panicked at crates/meridian-core/tests/block_manager_proptest.rs:41:1:
[INFO] [stdout] Test failed: assertion failed: `(left == right)` 
[INFO] [stdout]   left: `512`,
[INFO] [stdout]  right: `528` at crates/meridian-core/tests/block_manager_proptest.rs:93.
[INFO] [stdout] minimal failing input: ops = [
[INFO] [stdout]     Allocate {
[INFO] [stdout]         req: 0,
[INFO] [stdout]         tier: 0,
[INFO] [stdout]         n: 3,
[INFO] [stdout]     },
[INFO] [stdout]     Allocate {
[INFO] [stdout]         req: 0,
[INFO] [stdout]         tier: 0,
[INFO] [stdout]         n: 1,
[INFO] [stdout]     },
[INFO] [stdout]     Allocate {
[INFO] [stdout]         req: 0,
[INFO] [stdout]         tier: 0,
[INFO] [stdout]         n: 3,
[INFO] [stdout]     },
[INFO] [stdout]     Allocate {
[INFO] [stdout]         req: 0,
[INFO] [stdout]         tier: 0,
[INFO] [stdout]         n: 5,
[INFO] [stdout]     },
[INFO] [stdout]     Allocate {
[INFO] [stdout]         req: 0,
[INFO] [stdout]         tier: 0,
[INFO] [stdout]         n: 4,
[INFO] [stdout]     },
[INFO] [stdout]     Allocate {
[INFO] [stdout]         req: 0,
[INFO] [stdout]         tier: 0,
[INFO] [stdout]         n: 4,
[INFO] [stdout]     },
[INFO] [stdout]     Allocate {
[INFO] [stdout]         req: 0,
[INFO] [stdout]         tier: 0,
[INFO] [stdout]         n: 1,
[INFO] [stdout]     },
[INFO] [stdout]     Allocate {
[INFO] [stdout]         req: 0,
[INFO] [stdout]         tier: 0,
[INFO] [stdout]         n: 4,
[INFO] [stdout]     },
[INFO] [stdout]     Allocate {
[INFO] [stdout]         req: 0,
[INFO] [stdout]         tier: 0,
[INFO] [stdout]         n: 5,
[INFO] [stdout]     },
[INFO] [stdout]     Allocate {
[INFO] [stdout]         req: 0,
[INFO] [stdout]         tier: 0,
[INFO] [stdout]         n: 3,
[INFO] [stdout]     },
[INFO] [stdout] ]
[INFO] [stdout] 	successes: 42
[INFO] [stdout] 	local rejects: 0
[INFO] [stdout] 	global rejects: 0
[INFO] [stdout] 
[INFO] [stdout] stack backtrace:
[INFO] [stdout]    0:     0x62713fdaee06 - <<std[617be2ca0a6fd877]::sys::backtrace::BacktraceLock>::print::DisplayBacktrace as core[a373ad73a504971]::fmt::Display>::fmt
[INFO] [stdout]    1:     0x62713fd4c5ba - core[a373ad73a504971]::fmt::write
[INFO] [stdout]    2:     0x62713fdb45bc - <alloc[2e1b2a31b91974c5]::vec::Vec<u8> as core[a373ad73a504971]::io::write::Write>::write_fmt
[INFO] [stdout]    3:     0x62713fd8b392 - std[617be2ca0a6fd877]::panicking::default_hook::{closure#0}
[INFO] [stdout]    4:     0x62713fda7681 - std[617be2ca0a6fd877]::panicking::default_hook
[INFO] [stdout]    5:     0x62713fda7862 - std[617be2ca0a6fd877]::panicking::panic_with_hook
[INFO] [stdout]    6:     0x62713fd8b442 - std[617be2ca0a6fd877]::panicking::panic_handler::{closure#0}
[INFO] [stdout]    7:     0x62713fd84109 - std[617be2ca0a6fd877]::sys::backtrace::__rust_end_short_backtrace::<std[617be2ca0a6fd877]::panicking::panic_handler::{closure#0}, !>
[INFO] [stdout]    8:     0x62713fd8c05d - __rustc[ea4f61d10b84890b]::rust_begin_unwind
[INFO] [stdout]    9:     0x62713fd4ccdc - core[a373ad73a504971]::panicking::panic_fmt
[INFO] [stdout]   10:     0x62713fd49006 - <block_manager_proptest[c75215912b1aceb6]::invariants_hold_under_arbitrary_ops::{closure#0} as core[a373ad73a504971]::ops::function::FnOnce<()>>::call_once
[INFO] [stdout]   11:     0x62713fdb77fb - test[aada8e7e76ba119b]::__rust_begin_short_backtrace::<core[a373ad73a504971]::result::Result<(), alloc[2e1b2a31b91974c5]::string::String>, fn() -> core[a373ad73a504971]::result::Result<(), alloc[2e1b2a31b91974c5]::string::String>>
[INFO] [stdout]   12:     0x62713fdc56a4 - test[aada8e7e76ba119b]::run_test::{closure#0}
[INFO] [stdout]   13:     0x62713fdbedd4 - std[617be2ca0a6fd877]::sys::backtrace::__rust_begin_short_backtrace::<test[aada8e7e76ba119b]::run_test::{closure#1}, ()>
[INFO] [stdout]   14:     0x62713fdc9462 - <std[617be2ca0a6fd877]::thread::lifecycle::spawn_unchecked<test[aada8e7e76ba119b]::run_test::{closure#1}, ()>::{closure#1} as core[a373ad73a504971]::ops::function::FnOnce<()>>::call_once::{shim:vtable#0}
[INFO] [stdout]   15:     0x62713fdae684 - <std[617be2ca0a6fd877]::sys::thread::unix::Thread>::new::thread_start
[INFO] [stdout]   16:     0x7782ce0dbdfa - <unknown>
[INFO] [stdout]   17:     0x7782ce16f3d4 - clone
[INFO] [stdout]   18:                0x0 - <unknown>
[INFO] [stdout] 
[INFO] [stdout] 
[INFO] [stdout] failures:
[INFO] [stdout]     invariants_hold_under_arbitrary_ops
[INFO] [stdout] 
[INFO] [stdout] test result: FAILED. 0 passed; 1 failed; 0 ignored; 0 measured; 0 filtered out; finished in 0.01s
[INFO] [stdout] 
[INFO] [stderr] error: test failed, to rerun pass `--test block_manager_proptest`
[INFO] running `Command { std: "docker" "inspect" "98a4ecc112b1882cd97dafe0b0984235c7d55d9835484d0fe51a9a9db97214cf", kill_on_drop: false }`
[INFO] running `Command { std: "docker" "rm" "-f" "98a4ecc112b1882cd97dafe0b0984235c7d55d9835484d0fe51a9a9db97214cf", kill_on_drop: false }`
[INFO] [stdout] 98a4ecc112b1882cd97dafe0b0984235c7d55d9835484d0fe51a9a9db97214cf
