[INFO] cloning repository https://github.com/andregs/rust-auth-demo
[INFO] running `Command { std: "git" "-c" "credential.helper=" "-c" "credential.helper=/workspace/cargo-home/bin/git-credential-null" "clone" "--bare" "https://github.com/andregs/rust-auth-demo" "/workspace/cache/git-repos/https%3A%2F%2Fgithub.com%2Fandregs%2Frust-auth-demo", kill_on_drop: false }`
[INFO] [stderr] Cloning into bare repository '/workspace/cache/git-repos/https%3A%2F%2Fgithub.com%2Fandregs%2Frust-auth-demo'...
[INFO] running `Command { std: "git" "rev-parse" "HEAD", kill_on_drop: false }`
[INFO] [stdout] 4db9a9a53f499dc1c4dac3d917069d374a94ffb9
[INFO] testing andregs/rust-auth-demo against 1.99.0-beta.8+cargoflags=--release for beta-release-1.100-2
[INFO] running `Command { std: "git" "clone" "/workspace/cache/git-repos/https%3A%2F%2Fgithub.com%2Fandregs%2Frust-auth-demo" "/workspace/builds/worker-7-tc1/source", kill_on_drop: false }`
[INFO] [stderr] Cloning into '/workspace/builds/worker-7-tc1/source'...
[INFO] [stderr] done.
[INFO] started tweaking git repo https://github.com/andregs/rust-auth-demo
[INFO] finished tweaking git repo https://github.com/andregs/rust-auth-demo
[INFO] tweaked toml for git repo https://github.com/andregs/rust-auth-demo written to /workspace/builds/worker-7-tc1/source/Cargo.toml
[INFO] validating manifest of git repo https://github.com/andregs/rust-auth-demo on toolchain 1.99.0-beta.8
[INFO] running `Command { std: CARGO_HOME="/workspace/cargo-home" RUSTUP_HOME="/workspace/rustup-home" "/workspace/cargo-home/bin/cargo" "+1.99.0-beta.8" "metadata" "--manifest-path" "Cargo.toml" "--no-deps", kill_on_drop: false }`
[INFO] crate git repo https://github.com/andregs/rust-auth-demo already has a lockfile, it will not be regenerated
[INFO] running `Command { std: CARGO_HOME="/workspace/cargo-home" RUSTUP_HOME="/workspace/rustup-home" "/workspace/cargo-home/bin/cargo" "+1.99.0-beta.8" "fetch" "--manifest-path" "Cargo.toml", kill_on_drop: false }`
[INFO] [stderr]     Blocking waiting for file lock on package cache
[INFO] [stderr]     Updating crates.io index
[INFO] [stderr]     Updating git repository `https://github.com/SergioBenitez/Rocket`
[INFO] [stderr]     Blocking waiting for file lock on package cache
[INFO] [stderr]  Downloading crates ...
[INFO] [stderr]   Downloaded sqlx-rt v0.5.11
[INFO] [stderr]   Downloaded sqlx v0.5.11
[INFO] [stderr]   Downloaded sqlx-macros v0.5.11
[INFO] [stderr]   Downloaded uuid-macro-internal v1.0.0-alpha.1
[INFO] [stderr]   Downloaded whoami v1.2.1
[INFO] [stderr]   Downloaded md-5 v0.9.1
[INFO] [stderr]   Downloaded uuid v1.0.0-alpha.1
[INFO] [stderr]   Downloaded crossbeam-queue v0.3.5
[INFO] [stderr]   Downloaded ubyte v0.10.1
[INFO] [stderr]   Downloaded redox_syscall v0.2.12
[INFO] [stderr]   Downloaded futures-intrusive v0.4.0
[INFO] [stderr]   Downloaded state v0.5.2
[INFO] [stderr]   Downloaded loom v0.5.4
[INFO] [stderr]   Downloaded tokio-util v0.7.0
[INFO] [stderr]   Downloaded pear_codegen v0.2.3
[INFO] [stderr]   Downloaded sqlx-core v0.5.11
[INFO] [stderr]   Downloaded uncased v0.9.6
[INFO] [stderr]   Downloaded pear v0.2.3
[INFO] [stderr]   Downloaded generator v0.7.0
[INFO] [stderr]   Downloaded devise_core v0.3.1
[INFO] [stderr]   Downloaded devise_codegen v0.3.1
[INFO] [stderr]   Downloaded hyper v0.14.18
[INFO] [stderr]   Downloaded devise v0.3.1
[INFO] [stderr]   Downloaded spin v0.9.2
[INFO] [stderr]   Downloaded multer v2.0.2
[INFO] [stderr]   Downloaded figment v0.10.6
[INFO] [stderr]   Downloaded redis v0.21.5
[INFO] [stderr]   Downloaded lazy-regex-proc_macros v2.3.0
[INFO] [stderr]   Downloaded encoding_rs v0.8.30
[INFO] [stderr]   Downloaded mockall v0.11.0
[INFO] [stderr]   Downloaded predicates-tree v1.0.5
[INFO] [stderr]   Downloaded predicates-core v1.0.3
[INFO] [stderr]   Downloaded mockall_derive v0.11.0
[INFO] [stderr]   Downloaded fragile v1.1.0
[INFO] [stderr]   Downloaded lazy-regex v2.3.0
[INFO] [stderr]   Downloaded double-checked-cell-async v2.0.2
[INFO] [stderr]   Downloaded termtree v0.2.4
[INFO] [stderr]   Downloaded predicates v2.1.1
[INFO] running `Command { std: "docker" "create" "-v" "/var/lib/crater-agent-workspace/builds/worker-7-tc1/source:/opt/rustwide/workdir:ro,Z" "-v" "/var/lib/crater-agent-workspace/builds/worker-7-tc1/target:/opt/rustwide/target:rw,Z" "-v" "/var/lib/crater-agent-workspace/cargo-home:/opt/rustwide/cargo-home:ro,Z" "-v" "/var/lib/crater-agent-workspace/rustup-home:/opt/rustwide/rustup-home:ro,Z" "-m" "1610612736" "--network" "none" "ghcr.io/rust-lang/crates-build-env/linux@sha256:77db811e55d90add9212f6832c23229e3de5f1c1f9905e8cb07319ea15df73ac" "sleep" "infinity", kill_on_drop: false }`
[INFO] [stdout] e1780d1cc113b94d369bd6c21e264602effa509800fafb25a239adf78a5f7e2a
[INFO] running `Command { std: "docker" "start" "e1780d1cc113b94d369bd6c21e264602effa509800fafb25a239adf78a5f7e2a", kill_on_drop: false }`
[INFO] running `Command { std: "docker" "inspect" "e1780d1cc113b94d369bd6c21e264602effa509800fafb25a239adf78a5f7e2a", kill_on_drop: false }`
[INFO] running `Command { std: "docker" "exec" "-e" "SOURCE_DIR=/opt/rustwide/workdir" "-e" "CARGO_HOME=/opt/rustwide/cargo-home" "-e" "RUSTUP_HOME=/opt/rustwide/rustup-home" "-e" "CARGO_TARGET_DIR=/opt/rustwide/target" "-w" "/opt/rustwide/workdir" "--user" "0:0" "e1780d1cc113b94d369bd6c21e264602effa509800fafb25a239adf78a5f7e2a" "/opt/rustwide/cargo-home/bin/cargo" "+1.99.0-beta.8" "metadata" "--no-deps" "--format-version=1", kill_on_drop: false }`
[INFO] running `Command { std: "docker" "inspect" "e1780d1cc113b94d369bd6c21e264602effa509800fafb25a239adf78a5f7e2a", kill_on_drop: false }`
[INFO] running `Command { std: "docker" "exec" "-e" "SOURCE_DIR=/opt/rustwide/workdir" "-e" "CARGO_HOME=/opt/rustwide/cargo-home" "-e" "RUSTUP_HOME=/opt/rustwide/rustup-home" "-e" "CARGO_TARGET_DIR=/opt/rustwide/target" "-e" "CARGO_INCREMENTAL=0" "-e" "RUST_BACKTRACE=full" "-e" "RUSTFLAGS=--cap-lints=warn" "-e" "RUSTDOCFLAGS=--cap-lints=warn" "-w" "/opt/rustwide/workdir" "--user" "0:0" "e1780d1cc113b94d369bd6c21e264602effa509800fafb25a239adf78a5f7e2a" "/opt/rustwide/cargo-home/bin/cargo" "+1.99.0-beta.8" "build" "--frozen" "--message-format=json" "--release", kill_on_drop: false }`
[INFO] [stderr]    Compiling libc v0.2.121
[INFO] [stderr]    Compiling proc-macro2 v1.0.36
[INFO] [stderr]    Compiling unicode-xid v0.2.2
[INFO] [stderr]    Compiling typenum v1.15.0
[INFO] [stderr]    Compiling syn v1.0.89
[INFO] [stderr]    Compiling generic-array v0.14.5
[INFO] [stderr]    Compiling futures-core v0.3.21
[INFO] [stderr]    Compiling memchr v2.4.1
[INFO] [stderr]    Compiling serde_derive v1.0.136
[INFO] [stderr]    Compiling cc v1.0.73
[INFO] [stderr]    Compiling once_cell v1.10.0
[INFO] [stderr]    Compiling log v0.4.16
[INFO] [stderr]    Compiling futures-channel v0.3.21
[INFO] [stderr]    Compiling pin-project-lite v0.2.8
[INFO] [stderr]    Compiling bytes v1.1.0
[INFO] [stderr]    Compiling serde v1.0.136
[INFO] [stderr]    Compiling subtle v2.4.1
[INFO] [stderr]    Compiling yansi v0.5.1
[INFO] [stderr]    Compiling cpufeatures v0.2.2
[INFO] [stderr]    Compiling futures-sink v0.3.21
[INFO] [stderr]    Compiling opaque-debug v0.3.0
[INFO] [stderr]    Compiling proc-macro2-diagnostics v0.9.1
[INFO] [stderr]    Compiling parking_lot_core v0.8.5
[INFO] [stderr]    Compiling itoa v1.0.1
[INFO] [stderr]    Compiling futures-task v0.3.21
[INFO] [stderr]    Compiling lazy_static v1.4.0
[INFO] [stderr]    Compiling futures-util v0.3.21
[INFO] [stderr]    Compiling httparse v1.6.0
[INFO] [stderr]    Compiling num-traits v0.2.14
[INFO] [stderr]    Compiling crossbeam-utils v0.8.8
[INFO] [stderr]    Compiling slab v0.4.5
[INFO] [stderr]    Compiling spin v0.5.2
[INFO] [stderr]    Compiling futures-io v0.3.21
[INFO] [stderr]    Compiling untrusted v0.7.1
[INFO] [stderr]    Compiling base64 v0.13.0
[INFO] [stderr]    Compiling quote v1.0.17
[INFO] [stderr]    Compiling mio v0.8.2
[INFO] [stderr]    Compiling num_cpus v1.13.1
[INFO] [stderr]    Compiling getrandom v0.2.5
[INFO] [stderr]    Compiling socket2 v0.4.4
[INFO] [stderr]    Compiling signal-hook-registry v1.4.0
[INFO] [stderr]    Compiling ahash v0.7.6
[INFO] [stderr]    Compiling rand_core v0.6.3
[INFO] [stderr]    Compiling ring v0.16.20
[INFO] [stderr]    Compiling smallvec v1.8.0
[INFO] [stderr]    Compiling percent-encoding v2.1.0
[INFO] [stderr]    Compiling ppv-lite86 v0.2.16
[INFO] [stderr]    Compiling serde_json v1.0.79
[INFO] [stderr]    Compiling hashbrown v0.11.2
[INFO] [stderr]    Compiling tokio v1.17.0
[INFO] [stderr]    Compiling rand_chacha v0.3.1
[INFO] [stderr]    Compiling indexmap v1.8.0
[INFO] [stderr]    Compiling cookie v0.16.0
[INFO] [stderr]    Compiling time-macros v0.2.4
[INFO] [stderr]    Compiling crossbeam-queue v0.3.5
[INFO] [stderr]    Compiling ref-cast v1.0.6
[INFO] [stderr]    Compiling tinyvec v1.5.1
[INFO] [stderr]    Compiling rand v0.8.5
[INFO] [stderr]    Compiling crypto-common v0.1.3
[INFO] [stderr]    Compiling block-buffer v0.10.2
[INFO] [stderr]    Compiling universal-hash v0.4.1
[INFO] [stderr]    Compiling cipher v0.3.0
[INFO] [stderr]    Compiling digest v0.9.0
[INFO] [stderr]    Compiling digest v0.10.3
[INFO] [stderr]    Compiling http v0.2.6
[INFO] [stderr]    Compiling lock_api v0.4.6
[INFO] [stderr]    Compiling polyval v0.5.3
[INFO] [stderr]    Compiling block-buffer v0.9.0
[INFO] [stderr]    Compiling unicode-bidi v0.3.7
[INFO] [stderr]    Compiling matches v0.1.9
[INFO] [stderr]    Compiling unicode-normalization v0.1.19
[INFO] [stderr]    Compiling ghash v0.4.4
[INFO] [stderr]    Compiling hmac v0.12.1
[INFO] [stderr]    Compiling aes v0.7.5
[INFO] [stderr]    Compiling ctr v0.8.0
[INFO] [stderr]    Compiling aead v0.4.3
[INFO] [stderr]    Compiling tracing-core v0.1.23
[INFO] [stderr]    Compiling uncased v0.9.6
[INFO] [stderr]    Compiling try-lock v0.2.3
[INFO] [stderr]    Compiling num_threads v0.1.5
[INFO] [stderr]    Compiling want v0.3.0
[INFO] [stderr]    Compiling time v0.3.9
[INFO] [stderr]    Compiling aes-gcm v0.9.4
[INFO] [stderr]    Compiling nom v7.1.1
[INFO] [stderr]    Compiling tracing v0.1.32
[INFO] [stderr]    Compiling idna v0.2.3
[INFO] [stderr]    Compiling hkdf v0.12.3
[INFO] [stderr]    Compiling parking_lot v0.11.2
[INFO] [stderr]    Compiling webpki v0.21.4
[INFO] [stderr]    Compiling sct v0.6.1
[INFO] [stderr]    Compiling form_urlencoded v1.0.1
[INFO] [stderr]    Compiling sha2 v0.10.2
[INFO] [stderr]    Compiling crypto-mac v0.11.1
[INFO] [stderr]    Compiling rustls v0.19.1
[INFO] [stderr]    Compiling dirs-sys v0.3.7
[INFO] [stderr]    Compiling miniz_oxide v0.4.4
[INFO] [stderr]    Compiling ryu v1.0.9
[INFO] [stderr]    Compiling httpdate v1.0.2
[INFO] [stderr]    Compiling parking_lot_core v0.9.1
[INFO] [stderr]    Compiling inlinable_string v0.1.15
[INFO] [stderr]    Compiling async-trait v0.1.53
[INFO] [stderr]    Compiling crc-catalog v1.1.1
[INFO] [stderr]    Compiling tower-service v0.3.1
[INFO] [stderr]    Compiling encoding_rs v0.8.30
[INFO] [stderr]    Compiling paste v1.0.6
[INFO] [stderr]    Compiling http-body v0.4.4
[INFO] [stderr]    Compiling crc v2.1.0
[INFO] [stderr]    Compiling dirs v4.0.0
[INFO] [stderr]    Compiling url v2.2.2
[INFO] [stderr]    Compiling hmac v0.11.0
[INFO] [stderr]    Compiling webpki-roots v0.21.1
[INFO] [stderr]    Compiling tokio-stream v0.1.8
[INFO] [stderr]    Compiling hyper v0.14.18
[INFO] [stderr]    Compiling devise_core v0.3.1
[INFO] [stderr]    Compiling atoi v0.4.0
[INFO] [stderr]    Compiling futures-intrusive v0.4.0
[INFO] [stderr]    Compiling stringprep v0.1.2
[INFO] [stderr]    Compiling md-5 v0.9.1
[INFO] [stderr]    Compiling sha2 v0.9.9
[INFO] [stderr]    Compiling sha-1 v0.9.8
[INFO] [stderr]    Compiling hashlink v0.7.0
[INFO] [stderr]    Compiling backtrace v0.3.64
[INFO] [stderr]    Compiling aho-corasick v0.7.18
[INFO] [stderr]    Compiling stable-pattern v0.1.0
[INFO] [stderr]    Compiling atomic v0.5.1
[INFO] [stderr]    Compiling multer v2.0.2
[INFO] [stderr]    Compiling figment v0.10.6
[INFO] [stderr]    Compiling unicode-segmentation v1.9.0
[INFO] [stderr]    Compiling gimli v0.26.1
[INFO] [stderr]    Compiling whoami v1.2.1
[INFO] [stderr]    Compiling regex-syntax v0.6.25
[INFO] [stderr]    Compiling state v0.5.2
[INFO] [stderr]    Compiling tokio-rustls v0.22.0
[INFO] [stderr]    Compiling sqlx-rt v0.5.11
[INFO] [stderr]    Compiling heck v0.3.3
[INFO] [stderr]    Compiling tokio-macros v1.7.0
[INFO] [stderr]    Compiling pear_codegen v0.2.3
[INFO] [stderr]    Compiling thiserror-impl v1.0.30
[INFO] [stderr]    Compiling ref-cast-impl v1.0.6
[INFO] [stderr]    Compiling devise_codegen v0.3.1
[INFO] [stderr]    Compiling async-stream-impl v0.3.3
[INFO] [stderr]    Compiling pear v0.2.3
[INFO] [stderr]    Compiling regex v1.5.5
[INFO] [stderr]    Compiling devise v0.3.1
[INFO] [stderr]    Compiling thiserror v1.0.30
[INFO] [stderr]    Compiling object v0.27.1
[INFO] [stderr]    Compiling rocket v0.5.0-rc.1 (https://github.com/SergioBenitez/Rocket#ae0ccf43)
[INFO] [stderr]    Compiling sha1_smol v1.0.0
[INFO] [stderr]    Compiling dotenv v0.15.0
[INFO] [stderr]    Compiling rustc-demangle v0.1.21
[INFO] [stderr]    Compiling addr2line v0.17.0
[INFO] [stderr]    Compiling fastrand v1.7.0
[INFO] [stderr]    Compiling remove_dir_all v0.5.3
[INFO] [stderr]    Compiling mime v0.3.16
[INFO] [stderr]    Compiling spin v0.9.2
[INFO] [stderr]    Compiling glob v0.3.0
[INFO] [stderr]    Compiling bitflags v1.3.2
[INFO] [stderr]    Compiling anyhow v1.0.56
[INFO] [stderr]    Compiling tempfile v3.3.0
[INFO] [stderr]    Compiling sha1 v0.6.1
[INFO] [stderr]    Compiling async-stream v0.3.3
[INFO] [stderr]    Compiling parking_lot v0.12.0
[INFO] [stderr]    Compiling uuid-macro-internal v1.0.0-alpha.1
[INFO] [stderr]    Compiling futures v0.3.21
[INFO] [stderr]    Compiling lazy-regex-proc_macros v2.3.0
[INFO] [stderr]    Compiling atty v0.2.14
[INFO] [stderr]    Compiling dtoa v0.4.8
[INFO] [stderr]    Compiling binascii v0.1.4
[INFO] [stderr]    Compiling itoa v0.4.8
[INFO] [stderr]    Compiling uuid v1.0.0-alpha.1
[INFO] [stderr]    Compiling tokio-util v0.6.9
[INFO] [stderr]    Compiling tokio-util v0.7.0
[INFO] [stderr]    Compiling combine v4.6.3
[INFO] [stderr]    Compiling lazy-regex v2.3.0
[INFO] [stderr]    Compiling either v1.6.1
[INFO] [stderr]    Compiling itertools v0.10.3
[INFO] [stderr]    Compiling toml v0.5.8
[INFO] [stderr]    Compiling rocket_http v0.5.0-rc.1 (https://github.com/SergioBenitez/Rocket#ae0ccf43)
[INFO] [stderr]    Compiling ubyte v0.10.1
[INFO] [stderr]    Compiling h2 v0.3.12
[INFO] [stderr]    Compiling sqlformat v0.1.8
[INFO] [stderr]    Compiling rocket_codegen v0.5.0-rc.1 (https://github.com/SergioBenitez/Rocket#ae0ccf43)
[INFO] [stderr]    Compiling sqlx-core v0.5.11
[INFO] [stderr]    Compiling redis v0.21.5
[INFO] [stderr]    Compiling sqlx-macros v0.5.11
[INFO] [stderr]    Compiling sqlx v0.5.11
[INFO] [stderr]    Compiling rust-auth-demo v0.1.0 (/opt/rustwide/workdir)
[INFO] [stdout] warning: unused import: `register`
[INFO] [stdout]   --> src/controller/mod.rs:17:10
[INFO] [stdout]    |
[INFO] [stdout] 17 | async fn register(
[INFO] [stdout]    |          ^^^^^^^^
[INFO] [stdout]    |
[INFO] [stdout]    = note: `#[warn(unused_imports)]` (part of `#[warn(unused)]`) on by default
[INFO] [stdout] 
[INFO] [stdout] 
[INFO] [stdout] warning: unused import: `login`
[INFO] [stdout]   --> src/controller/mod.rs:36:10
[INFO] [stdout]    |
[INFO] [stdout] 36 | async fn login(body: HttpResult<Credentials>, db: &State<Connection>, redis: &State<Client>) -> HttpResult<Json<LoginOk>> {
[INFO] [stdout]    |          ^^^^^
[INFO] [stdout] 
[INFO] [stdout] 
[INFO] [stdout] warning: unused import: `authenticate`
[INFO] [stdout]   --> src/controller/mod.rs:44:10
[INFO] [stdout]    |
[INFO] [stdout] 44 | async fn authenticate(body: Token, db: &State<Connection>, redis: &State<Client>) -> HttpResult<Json<AuthOk>> {
[INFO] [stdout]    |          ^^^^^^^^^^^^
[INFO] [stdout] 
[INFO] [stdout] 
[INFO] [stdout] warning: this function depends on never type fallback being `()`
[INFO] [stdout]   --> src/token_repo/mod.rs:26:5
[INFO] [stdout]    |
[INFO] [stdout] 26 |     async fn save_token(&self, token: &Token, username: &str) -> Result<()> {
[INFO] [stdout]    |     ^^^^^^^^^^^^^^^^^^^
[INFO] [stdout]    |
[INFO] [stdout]    = help: specify the types explicitly
[INFO] [stdout] note: in edition 2024, the requirement `!: FromRedisValue` will fail
[INFO] [stdout]   --> src/token_repo/mod.rs:35:14
[INFO] [stdout]    |
[INFO] [stdout] 35 |         conn.set(key, value).await.context("Unable to store the token")?;
[INFO] [stdout]    |              ^^^
[INFO] [stdout]    = warning: this was previously accepted by the compiler but is being phased out; it will become a hard error in Rust 2024 and in a future release in all editions!
[INFO] [stdout]    = note: for more information, see <https://doc.rust-lang.org/edition-guide/rust-2024/never-type-fallback.html>
[INFO] [stdout]    = note: `#[warn(dependency_on_unit_never_type_fallback)]` (part of `#[warn(rust_2024_compatibility)]`) on by default
[INFO] [stdout] help: use `()` annotations to avoid fallback changes
[INFO] [stdout]    |
[INFO] [stdout] 35 |         conn.set::<_, _, ()>(key, value).await.context("Unable to store the token")?;
[INFO] [stdout]    |                 ++++++++++++
[INFO] [stdout] 
[INFO] [stdout] 
[INFO] [stdout] warning: method `check_credentials_tx` is never used
[INFO] [stdout]   --> src/credential_repo/mod.rs:17:14
[INFO] [stdout]    |
[INFO] [stdout] 11 | pub trait CredentialRepoApi {
[INFO] [stdout]    |           ----------------- method in this trait
[INFO] [stdout] ...
[INFO] [stdout] 17 |     async fn check_credentials_tx(&self, tx: &mut Transaction, credentials: &Credentials) -> Result<bool>;
[INFO] [stdout]    |              ^^^^^^^^^^^^^^^^^^^^
[INFO] [stdout]    |
[INFO] [stdout]    = note: `#[warn(dead_code)]` (part of `#[warn(unused)]`) on by default
[INFO] [stdout] 
[INFO] [stdout] 
[INFO] [stderr]     Finished `release` profile [optimized] target(s) in 3m 29s
[INFO] [stderr] warning: the following packages contain code that will be rejected by a future version of Rust: redis v0.21.5, rust-auth-demo v0.1.0 (/opt/rustwide/workdir), sqlx-core v0.5.11, ubyte v0.10.1
[INFO] [stderr] note: to see what the problems were, use the option `--future-incompat-report`, or run `cargo report future-incompatibilities --id 4`
[INFO] running `Command { std: "docker" "inspect" "e1780d1cc113b94d369bd6c21e264602effa509800fafb25a239adf78a5f7e2a", kill_on_drop: false }`
[INFO] running `Command { std: "docker" "exec" "-e" "SOURCE_DIR=/opt/rustwide/workdir" "-e" "CARGO_HOME=/opt/rustwide/cargo-home" "-e" "RUSTUP_HOME=/opt/rustwide/rustup-home" "-e" "CARGO_TARGET_DIR=/opt/rustwide/target" "-e" "CARGO_INCREMENTAL=0" "-e" "RUST_BACKTRACE=full" "-e" "RUSTFLAGS=--cap-lints=warn" "-e" "RUSTDOCFLAGS=--cap-lints=warn" "-w" "/opt/rustwide/workdir" "--user" "0:0" "e1780d1cc113b94d369bd6c21e264602effa509800fafb25a239adf78a5f7e2a" "/opt/rustwide/cargo-home/bin/cargo" "+1.99.0-beta.8" "test" "--frozen" "--no-run" "--message-format=json" "--release", kill_on_drop: false }`
[INFO] [stderr]    Compiling futures-util v0.3.21
[INFO] [stderr]    Compiling futures-macro v0.3.21
[INFO] [stderr]    Compiling predicates-core v1.0.3
[INFO] [stderr]    Compiling float-cmp v0.9.0
[INFO] [stderr]    Compiling void v1.0.2
[INFO] [stderr]    Compiling normalize-line-endings v0.3.0
[INFO] [stderr]    Compiling termtree v0.2.4
[INFO] [stderr]    Compiling difflib v0.4.0
[INFO] [stderr]    Compiling mockall_derive v0.11.0
[INFO] [stderr]    Compiling fragile v1.1.0
[INFO] [stderr]    Compiling downcast v0.11.0
[INFO] [stderr]    Compiling unreachable v1.0.0
[INFO] [stderr]    Compiling predicates-tree v1.0.5
[INFO] [stderr]    Compiling predicates v2.1.1
[INFO] [stderr]    Compiling mockall v0.11.0
[INFO] [stderr]    Compiling h2 v0.3.12
[INFO] [stderr]    Compiling futures v0.3.21
[INFO] [stderr]    Compiling sqlx-core v0.5.11
[INFO] [stderr]    Compiling multer v2.0.2
[INFO] [stderr]    Compiling redis v0.21.5
[INFO] [stderr]    Compiling double-checked-cell-async v2.0.2
[INFO] [stderr]    Compiling hyper v0.14.18
[INFO] [stderr]    Compiling sqlx v0.5.11
[INFO] [stderr]    Compiling rocket_http v0.5.0-rc.1 (https://github.com/SergioBenitez/Rocket#ae0ccf43)
[INFO] [stderr]    Compiling rocket v0.5.0-rc.1 (https://github.com/SergioBenitez/Rocket#ae0ccf43)
[INFO] [stderr]    Compiling rust-auth-demo v0.1.0 (/opt/rustwide/workdir)
[INFO] [stdout] warning: unused import: `register`
[INFO] [stdout]   --> src/controller/mod.rs:17:10
[INFO] [stdout]    |
[INFO] [stdout] 17 | async fn register(
[INFO] [stdout]    |          ^^^^^^^^
[INFO] [stdout]    |
[INFO] [stdout]    = note: `#[warn(unused_imports)]` (part of `#[warn(unused)]`) on by default
[INFO] [stdout] 
[INFO] [stdout] 
[INFO] [stdout] warning: unused import: `login`
[INFO] [stdout]   --> src/controller/mod.rs:36:10
[INFO] [stdout]    |
[INFO] [stdout] 36 | async fn login(body: HttpResult<Credentials>, db: &State<Connection>, redis: &State<Client>) -> HttpResult<Json<LoginOk>> {
[INFO] [stdout]    |          ^^^^^
[INFO] [stdout] 
[INFO] [stdout] 
[INFO] [stdout] warning: unused import: `authenticate`
[INFO] [stdout]   --> src/controller/mod.rs:44:10
[INFO] [stdout]    |
[INFO] [stdout] 44 | async fn authenticate(body: Token, db: &State<Connection>, redis: &State<Client>) -> HttpResult<Json<AuthOk>> {
[INFO] [stdout]    |          ^^^^^^^^^^^^
[INFO] [stdout] 
[INFO] [stdout] 
[INFO] [stdout] warning: this function depends on never type fallback being `()`
[INFO] [stdout]   --> src/token_repo/mod.rs:26:5
[INFO] [stdout]    |
[INFO] [stdout] 26 |     async fn save_token(&self, token: &Token, username: &str) -> Result<()> {
[INFO] [stdout]    |     ^^^^^^^^^^^^^^^^^^^
[INFO] [stdout]    |
[INFO] [stdout]    = help: specify the types explicitly
[INFO] [stdout] note: in edition 2024, the requirement `!: FromRedisValue` will fail
[INFO] [stdout]   --> src/token_repo/mod.rs:35:14
[INFO] [stdout]    |
[INFO] [stdout] 35 |         conn.set(key, value).await.context("Unable to store the token")?;
[INFO] [stdout]    |              ^^^
[INFO] [stdout]    = warning: this was previously accepted by the compiler but is being phased out; it will become a hard error in Rust 2024 and in a future release in all editions!
[INFO] [stdout]    = note: for more information, see <https://doc.rust-lang.org/edition-guide/rust-2024/never-type-fallback.html>
[INFO] [stdout]    = note: `#[warn(dependency_on_unit_never_type_fallback)]` (part of `#[warn(rust_2024_compatibility)]`) on by default
[INFO] [stdout] help: use `()` annotations to avoid fallback changes
[INFO] [stdout]    |
[INFO] [stdout] 35 |         conn.set::<_, _, ()>(key, value).await.context("Unable to store the token")?;
[INFO] [stdout]    |                 ++++++++++++
[INFO] [stdout] 
[INFO] [stdout] 
[INFO] [stdout] warning: method `check_credentials_tx` is never used
[INFO] [stdout]   --> src/credential_repo/mod.rs:17:14
[INFO] [stdout]    |
[INFO] [stdout] 11 | pub trait CredentialRepoApi {
[INFO] [stdout]    |           ----------------- method in this trait
[INFO] [stdout] ...
[INFO] [stdout] 17 |     async fn check_credentials_tx(&self, tx: &mut Transaction, credentials: &Credentials) -> Result<bool>;
[INFO] [stdout]    |              ^^^^^^^^^^^^^^^^^^^^
[INFO] [stdout]    |
[INFO] [stdout]    = note: `#[warn(dead_code)]` (part of `#[warn(unused)]`) on by default
[INFO] [stdout] 
[INFO] [stdout] 
[INFO] [stdout] warning: unused import: `register`
[INFO] [stdout]   --> src/controller/mod.rs:17:10
[INFO] [stdout]    |
[INFO] [stdout] 17 | async fn register(
[INFO] [stdout]    |          ^^^^^^^^
[INFO] [stdout]    |
[INFO] [stdout]    = note: `#[warn(unused_imports)]` (part of `#[warn(unused)]`) on by default
[INFO] [stdout] 
[INFO] [stdout] 
[INFO] [stdout] warning: unused import: `login`
[INFO] [stdout]   --> src/controller/mod.rs:36:10
[INFO] [stdout]    |
[INFO] [stdout] 36 | async fn login(body: HttpResult<Credentials>, db: &State<Connection>, redis: &State<Client>) -> HttpResult<Json<LoginOk>> {
[INFO] [stdout]    |          ^^^^^
[INFO] [stdout] 
[INFO] [stdout] 
[INFO] [stdout] warning: unused import: `authenticate`
[INFO] [stdout]   --> src/controller/mod.rs:44:10
[INFO] [stdout]    |
[INFO] [stdout] 44 | async fn authenticate(body: Token, db: &State<Connection>, redis: &State<Client>) -> HttpResult<Json<AuthOk>> {
[INFO] [stdout]    |          ^^^^^^^^^^^^
[INFO] [stdout] 
[INFO] [stdout] 
[INFO] [stdout] warning: this function depends on never type fallback being `()`
[INFO] [stdout]   --> src/token_repo/mod.rs:26:5
[INFO] [stdout]    |
[INFO] [stdout] 26 |     async fn save_token(&self, token: &Token, username: &str) -> Result<()> {
[INFO] [stdout]    |     ^^^^^^^^^^^^^^^^^^^
[INFO] [stdout]    |
[INFO] [stdout]    = help: specify the types explicitly
[INFO] [stdout] note: in edition 2024, the requirement `!: FromRedisValue` will fail
[INFO] [stdout]   --> src/token_repo/mod.rs:35:14
[INFO] [stdout]    |
[INFO] [stdout] 35 |         conn.set(key, value).await.context("Unable to store the token")?;
[INFO] [stdout]    |              ^^^
[INFO] [stdout]    = warning: this was previously accepted by the compiler but is being phased out; it will become a hard error in Rust 2024 and in a future release in all editions!
[INFO] [stdout]    = note: for more information, see <https://doc.rust-lang.org/edition-guide/rust-2024/never-type-fallback.html>
[INFO] [stdout]    = note: `#[warn(dependency_on_unit_never_type_fallback)]` (part of `#[warn(rust_2024_compatibility)]`) on by default
[INFO] [stdout] help: use `()` annotations to avoid fallback changes
[INFO] [stdout]    |
[INFO] [stdout] 35 |         conn.set::<_, _, ()>(key, value).await.context("Unable to store the token")?;
[INFO] [stdout]    |                 ++++++++++++
[INFO] [stdout] 
[INFO] [stdout] 
[INFO] [stderr]     Finished `release` profile [optimized] target(s) in 1m 48s
[INFO] [stderr] warning: the following packages contain code that will be rejected by a future version of Rust: redis v0.21.5, rust-auth-demo v0.1.0 (/opt/rustwide/workdir), sqlx-core v0.5.11, ubyte v0.10.1
[INFO] [stderr] note: to see what the problems were, use the option `--future-incompat-report`, or run `cargo report future-incompatibilities --id 5`
[INFO] running `Command { std: "docker" "inspect" "e1780d1cc113b94d369bd6c21e264602effa509800fafb25a239adf78a5f7e2a", kill_on_drop: false }`
[INFO] running `Command { std: "docker" "exec" "-e" "SOURCE_DIR=/opt/rustwide/workdir" "-e" "CARGO_HOME=/opt/rustwide/cargo-home" "-e" "RUSTUP_HOME=/opt/rustwide/rustup-home" "-e" "CARGO_TARGET_DIR=/opt/rustwide/target" "-e" "CARGO_INCREMENTAL=0" "-e" "RUST_BACKTRACE=full" "-e" "RUSTFLAGS=--cap-lints=warn" "-e" "RUSTDOCFLAGS=--cap-lints=warn" "-w" "/opt/rustwide/workdir" "--user" "0:0" "e1780d1cc113b94d369bd6c21e264602effa509800fafb25a239adf78a5f7e2a" "/opt/rustwide/cargo-home/bin/cargo" "+1.99.0-beta.8" "test" "--frozen" "--release", kill_on_drop: false }`
[INFO] [stderr] warning: unused import: `register`
[INFO] [stderr]   --> src/controller/mod.rs:17:10
[INFO] [stderr]    |
[INFO] [stderr] 17 | async fn register(
[INFO] [stderr]    |          ^^^^^^^^
[INFO] [stderr]    |
[INFO] [stderr]    = note: `#[warn(unused_imports)]` (part of `#[warn(unused)]`) on by default
[INFO] [stderr] 
[INFO] [stderr] warning: unused import: `login`
[INFO] [stderr]   --> src/controller/mod.rs:36:10
[INFO] [stderr]    |
[INFO] [stderr] 36 | async fn login(body: HttpResult<Credentials>, db: &State<Connection>, redis: &State<Client>) -> HttpResult<Json<LoginOk>> {
[INFO] [stderr]    |          ^^^^^
[INFO] [stderr] 
[INFO] [stderr] warning: unused import: `authenticate`
[INFO] [stderr]   --> src/controller/mod.rs:44:10
[INFO] [stderr]    |
[INFO] [stderr] 44 | async fn authenticate(body: Token, db: &State<Connection>, redis: &State<Client>) -> HttpResult<Json<AuthOk>> {
[INFO] [stderr]    |          ^^^^^^^^^^^^
[INFO] [stderr] 
[INFO] [stderr] warning: this function depends on never type fallback being `()`
[INFO] [stderr]   --> src/token_repo/mod.rs:26:5
[INFO] [stderr]    |
[INFO] [stderr] 26 |     async fn save_token(&self, token: &Token, username: &str) -> Result<()> {
[INFO] [stderr]    |     ^^^^^^^^^^^^^^^^^^^
[INFO] [stderr]    |
[INFO] [stderr]    = help: specify the types explicitly
[INFO] [stderr] note: in edition 2024, the requirement `!: FromRedisValue` will fail
[INFO] [stderr]   --> src/token_repo/mod.rs:35:14
[INFO] [stderr]    |
[INFO] [stderr] 35 |         conn.set(key, value).await.context("Unable to store the token")?;
[INFO] [stderr]    |              ^^^
[INFO] [stderr]    = warning: this was previously accepted by the compiler but is being phased out; it will become a hard error in Rust 2024 and in a future release in all editions!
[INFO] [stderr]    = note: for more information, see <https://doc.rust-lang.org/edition-guide/rust-2024/never-type-fallback.html>
[INFO] [stderr]    = note: `#[warn(dependency_on_unit_never_type_fallback)]` (part of `#[warn(rust_2024_compatibility)]`) on by default
[INFO] [stderr] help: use `()` annotations to avoid fallback changes
[INFO] [stderr]    |
[INFO] [stderr] 35 |         conn.set::<_, _, ()>(key, value).await.context("Unable to store the token")?;
[INFO] [stderr]    |                 ++++++++++++
[INFO] [stderr] 
[INFO] [stderr] warning: method `check_credentials_tx` is never used
[INFO] [stderr]   --> src/credential_repo/mod.rs:17:14
[INFO] [stderr]    |
[INFO] [stderr] 11 | pub trait CredentialRepoApi {
[INFO] [stderr]    |           ----------------- method in this trait
[INFO] [stderr] ...
[INFO] [stderr] 17 |     async fn check_credentials_tx(&self, tx: &mut Transaction, credentials: &Credentials) -> Result<bool>;
[INFO] [stderr]    |              ^^^^^^^^^^^^^^^^^^^^
[INFO] [stderr]    |
[INFO] [stderr]    = note: `#[warn(dead_code)]` (part of `#[warn(unused)]`) on by default
[INFO] [stderr] 
[INFO] [stderr] warning: `rust-auth-demo` (lib) generated 5 warnings (run `cargo fix --lib -p rust-auth-demo` to apply 1 suggestion)
[INFO] [stderr] warning: `rust-auth-demo` (lib test) generated 4 warnings (4 duplicates)
[INFO] [stderr]     Finished `release` profile [optimized] target(s) in 0.25s
[INFO] [stderr] warning: the following packages contain code that will be rejected by a future version of Rust: redis v0.21.5, rust-auth-demo v0.1.0 (/opt/rustwide/workdir), sqlx-core v0.5.11, ubyte v0.10.1
[INFO] [stderr] note: to see what the problems were, use the option `--future-incompat-report`, or run `cargo report future-incompatibilities --id 5`
[INFO] [stderr]      Running unittests src/lib.rs (/opt/rustwide/target/release/deps/rust_auth_demo-224192612b45d74d)
[INFO] [stdout] 
[INFO] [stdout] running 11 tests
[INFO] [stdout] test token_repo::tests::test_save_and_check ... FAILED
[INFO] [stdout] test credential_repo::tests::check_credentials::it_should_not_find_when_password_is_wrong ... FAILED
[INFO] [stdout] test credential_repo::tests::insert_credentials::it_should_reject_duplicated_username ... FAILED
[INFO] [stdout] test service::tests::register::it_should_return_proper_error_when_registration_fails ... FAILED
[INFO] [stdout] test service::tests::login::it_should_not_return_uuid_token_when_login_fails ... FAILED
[INFO] [stdout] test credential_repo::tests::insert_credentials::it_should_reject_username_too_big ... FAILED
[INFO] [stdout] test credential_repo::tests::check_credentials::it_should_not_find_when_username_is_wrong ... FAILED
[INFO] [stdout] test credential_repo::tests::insert_credentials::it_should_insert_good_credentials ... FAILED
[INFO] [stdout] test credential_repo::tests::check_credentials::it_should_find_valid_credentials ... FAILED
[INFO] [stdout] test service::tests::register::it_should_return_new_id_when_registration_is_ok ... FAILED
[INFO] [stdout] test service::tests::login::it_should_return_uuid_token_when_login_is_ok ... FAILED
[INFO] [stdout] 
[INFO] [stdout] failures:
[INFO] [stdout] 
[INFO] [stdout] ---- token_repo::tests::test_save_and_check stdout ----
[INFO] [stdout] 
[INFO] [stdout] thread 'token_repo::tests::test_save_and_check' (6075) panicked at src/token_repo/tests.rs:15:19:
[INFO] [stdout] unexpected error: Other(Unable to connect to Redis
[INFO] [stdout] 
[INFO] [stdout] Caused by:
[INFO] [stdout]     Connection refused (os error 111)
[INFO] [stdout] 
[INFO] [stdout] Stack backtrace:
[INFO] [stdout]    0: <rust_auth_demo::token_repo::RedisTokenRepo as rust_auth_demo::token_repo::TokenRepoApi>::get_username::{closure#0}
[INFO] [stdout]    1: <std::thread::local::LocalKey<core::cell::Cell<tokio::coop::Budget>>>::with::<tokio::coop::with_budget<core::task::poll::Poll<()>, <tokio::park::thread::CachedParkThread>::block_on<rust_auth_demo::token_repo::tests::test_save_and_check::{closure#0}>::{closure#0}>::{closure#0}, core::task::poll::Poll<()>>
[INFO] [stdout]    2: <tokio::runtime::Runtime>::block_on::<rust_auth_demo::token_repo::tests::test_save_and_check::{closure#0}>
[INFO] [stdout]    3: rocket::async_test::<(), rust_auth_demo::token_repo::tests::test_save_and_check::{closure#0}>
[INFO] [stdout]    4: <rust_auth_demo::token_repo::tests::test_save_and_check::{closure#0} as core::ops::function::FnOnce<()>>::call_once
[INFO] [stdout]    5: test::__rust_begin_short_backtrace::<core::result::Result<(), alloc::string::String>, fn() -> core::result::Result<(), alloc::string::String>>
[INFO] [stdout]    6: test::run_test::{closure#0}
[INFO] [stdout]    7: std::sys::backtrace::__rust_begin_short_backtrace::<test::run_test::{closure#1}, ()>
[INFO] [stdout]    8: <std::thread::lifecycle::spawn_unchecked<test::run_test::{closure#1}, ()>::{closure#1} as core::ops::function::FnOnce<()>>::call_once::{shim:vtable#0}
[INFO] [stdout]    9: <std::sys::thread::unix::Thread>::new::thread_start
[INFO] [stdout]   10: <unknown>
[INFO] [stdout]   11: clone)
[INFO] [stdout] stack backtrace:
[INFO] [stdout]    0:     0x59f6615209a1 - <<std[70759c8f55707aa4]::sys::backtrace::BacktraceLock>::print::DisplayBacktrace as core[df12db4294e9bfd3]::fmt::Display>::fmt
[INFO] [stdout]    1:     0x59f661538c4a - core[df12db4294e9bfd3]::fmt::write
[INFO] [stdout]    2:     0x59f6615254bc - <alloc[2182bb758b4b3781]::vec::Vec<u8> as core[df12db4294e9bfd3]::io::write::Write>::write_fmt
[INFO] [stdout]    3:     0x59f6614fb436 - std[70759c8f55707aa4]::panicking::default_hook::{closure#0}
[INFO] [stdout]    4:     0x59f6615182b9 - std[70759c8f55707aa4]::panicking::default_hook
[INFO] [stdout]    5:     0x59f661316220 - test[9d35eded1c95d3be]::test_main_inner::<test[9d35eded1c95d3be]::test_main_static::{closure#0}>::{closure#0}
[INFO] [stdout]    6:     0x59f6615185e2 - std[70759c8f55707aa4]::panicking::panic_with_hook
[INFO] [stdout]    7:     0x59f6614fb4e2 - std[70759c8f55707aa4]::panicking::panic_handler::{closure#0}
[INFO] [stdout]    8:     0x59f6614f3ff9 - std[70759c8f55707aa4]::sys::backtrace::__rust_end_short_backtrace::<std[70759c8f55707aa4]::panicking::panic_handler::{closure#0}, !>
[INFO] [stdout]    9:     0x59f6614fc2cd - __rustc[8fa7c3cbc660c2b3]::rust_begin_unwind
[INFO] [stdout]   10:     0x59f6615393ac - core[df12db4294e9bfd3]::panicking::panic_fmt
[INFO] [stdout]   11:     0x59f6612e4af3 - <std[70759c8f55707aa4]::thread::local::LocalKey<core[df12db4294e9bfd3]::cell::Cell<tokio[664d73c7f0b62176]::coop::Budget>>>::with::<tokio[664d73c7f0b62176]::coop::with_budget<core[df12db4294e9bfd3]::task::poll::Poll<()>, <tokio[664d73c7f0b62176]::park::thread::CachedParkThread>::block_on<rust_auth_demo[7c60eb363540983f]::token_repo::tests::test_save_and_check::{closure#0}>::{closure#0}>::{closure#0}, core[df12db4294e9bfd3]::task::poll::Poll<()>>
[INFO] [stdout]   12:     0x59f6612b0881 - <tokio[664d73c7f0b62176]::runtime::Runtime>::block_on::<rust_auth_demo[7c60eb363540983f]::token_repo::tests::test_save_and_check::{closure#0}>
[INFO] [stdout]   13:     0x59f6612a10ee - rocket[8378d4ce25be93e5]::async_test::<(), rust_auth_demo[7c60eb363540983f]::token_repo::tests::test_save_and_check::{closure#0}>
[INFO] [stdout]   14:     0x59f6612c68db - <rust_auth_demo[7c60eb363540983f]::token_repo::tests::test_save_and_check::{closure#0} as core[df12db4294e9bfd3]::ops::function::FnOnce<()>>::call_once
[INFO] [stdout]   15:     0x59f66130950b - test[9d35eded1c95d3be]::__rust_begin_short_backtrace::<core[df12db4294e9bfd3]::result::Result<(), alloc[2182bb758b4b3781]::string::String>, fn() -> core[df12db4294e9bfd3]::result::Result<(), alloc[2182bb758b4b3781]::string::String>>
[INFO] [stdout]   16:     0x59f661316b75 - test[9d35eded1c95d3be]::run_test::{closure#0}
[INFO] [stdout]   17:     0x59f661310434 - std[70759c8f55707aa4]::sys::backtrace::__rust_begin_short_backtrace::<test[9d35eded1c95d3be]::run_test::{closure#1}, ()>
[INFO] [stdout]   18:     0x59f661319cd2 - <std[70759c8f55707aa4]::thread::lifecycle::spawn_unchecked<test[9d35eded1c95d3be]::run_test::{closure#1}, ()>::{closure#1} as core[df12db4294e9bfd3]::ops::function::FnOnce<()>>::call_once::{shim:vtable#0}
[INFO] [stdout]   19:     0x59f66151f839 - <std[70759c8f55707aa4]::sys::thread::unix::Thread>::new::thread_start
[INFO] [stdout]   20:     0x729b48facdfa - <unknown>
[INFO] [stdout]   21:     0x729b490403d4 - clone
[INFO] [stdout]   22:                0x0 - <unknown>
[INFO] [stdout] 
[INFO] [stdout] ---- credential_repo::tests::check_credentials::it_should_not_find_when_password_is_wrong stdout ----
[INFO] [stdout] 
[INFO] [stdout] thread 'credential_repo::tests::check_credentials::it_should_not_find_when_password_is_wrong' (6066) panicked at src/config/db.rs:19:10:
[INFO] [stdout] Unable to connect: PoolTimedOut
[INFO] [stdout] stack backtrace:
[INFO] [stdout]    0:     0x59f6615209a1 - <<std[70759c8f55707aa4]::sys::backtrace::BacktraceLock>::print::DisplayBacktrace as core[df12db4294e9bfd3]::fmt::Display>::fmt
[INFO] [stdout]    1:     0x59f661538c4a - core[df12db4294e9bfd3]::fmt::write
[INFO] [stdout]    2:     0x59f6615254bc - <alloc[2182bb758b4b3781]::vec::Vec<u8> as core[df12db4294e9bfd3]::io::write::Write>::write_fmt
[INFO] [stdout]    3:     0x59f6614fb436 - std[70759c8f55707aa4]::panicking::default_hook::{closure#0}
[INFO] [stdout]    4:     0x59f6615182b9 - std[70759c8f55707aa4]::panicking::default_hook
[INFO] [stdout]    5:     0x59f661316220 - test[9d35eded1c95d3be]::test_main_inner::<test[9d35eded1c95d3be]::test_main_static::{closure#0}>::{closure#0}
[INFO] [stdout]    6:     0x59f6615185e2 - std[70759c8f55707aa4]::panicking::panic_with_hook
[INFO] [stdout]    7:     0x59f6614fb4e2 - std[70759c8f55707aa4]::panicking::panic_handler::{closure#0}
[INFO] [stdout]    8:     0x59f6614f3ff9 - std[70759c8f55707aa4]::sys::backtrace::__rust_end_short_backtrace::<std[70759c8f55707aa4]::panicking::panic_handler::{closure#0}, !>
[INFO] [stdout]    9:     0x59f6614fc2cd - __rustc[8fa7c3cbc660c2b3]::rust_begin_unwind
[INFO] [stdout]   10:     0x59f6615393ac - core[df12db4294e9bfd3]::panicking::panic_fmt
[INFO] [stdout]   11:     0x59f661539182 - core[df12db4294e9bfd3]::result::unwrap_failed
[INFO] [stdout]   12:     0x59f6612ed59d - rust_auth_demo[7c60eb363540983f]::config::db::connect::{closure#0}
[INFO] [stdout]   13:     0x59f6612ec44d - rust_auth_demo[7c60eb363540983f]::credential_repo::tests::before_each::{closure#0}
[INFO] [stdout]   14:     0x59f6612e535f - <std[70759c8f55707aa4]::thread::local::LocalKey<core[df12db4294e9bfd3]::cell::Cell<tokio[664d73c7f0b62176]::coop::Budget>>>::with::<tokio[664d73c7f0b62176]::coop::with_budget<core[df12db4294e9bfd3]::task::poll::Poll<()>, <tokio[664d73c7f0b62176]::park::thread::CachedParkThread>::block_on<rust_auth_demo[7c60eb363540983f]::credential_repo::tests::check_credentials::it_should_not_find_when_password_is_wrong::{closure#0}>::{closure#0}>::{closure#0}, core[df12db4294e9bfd3]::task::poll::Poll<()>>
[INFO] [stdout]   15:     0x59f6612b0e05 - <tokio[664d73c7f0b62176]::runtime::Runtime>::block_on::<rust_auth_demo[7c60eb363540983f]::credential_repo::tests::check_credentials::it_should_not_find_when_password_is_wrong::{closure#0}>
[INFO] [stdout]   16:     0x59f6612a140a - rocket[8378d4ce25be93e5]::async_test::<(), rust_auth_demo[7c60eb363540983f]::credential_repo::tests::check_credentials::it_should_not_find_when_password_is_wrong::{closure#0}>
[INFO] [stdout]   17:     0x59f6612c6972 - <rust_auth_demo[7c60eb363540983f]::credential_repo::tests::check_credentials::it_should_not_find_when_password_is_wrong::{closure#0} as core[df12db4294e9bfd3]::ops::function::FnOnce<()>>::call_once
[INFO] [stdout]   18:     0x59f66130950b - test[9d35eded1c95d3be]::__rust_begin_short_backtrace::<core[df12db4294e9bfd3]::result::Result<(), alloc[2182bb758b4b3781]::string::String>, fn() -> core[df12db4294e9bfd3]::result::Result<(), alloc[2182bb758b4b3781]::string::String>>
[INFO] [stdout]   19:     0x59f661316b75 - test[9d35eded1c95d3be]::run_test::{closure#0}
[INFO] [stdout]   20:     0x59f661310434 - std[70759c8f55707aa4]::sys::backtrace::__rust_begin_short_backtrace::<test[9d35eded1c95d3be]::run_test::{closure#1}, ()>
[INFO] [stdout]   21:     0x59f661319cd2 - <std[70759c8f55707aa4]::thread::lifecycle::spawn_unchecked<test[9d35eded1c95d3be]::run_test::{closure#1}, ()>::{closure#1} as core[df12db4294e9bfd3]::ops::function::FnOnce<()>>::call_once::{shim:vtable#0}
[INFO] [stdout]   22:     0x59f66151f839 - <std[70759c8f55707aa4]::sys::thread::unix::Thread>::new::thread_start
[INFO] [stdout]   23:     0x729b48facdfa - <unknown>
[INFO] [stdout]   24:     0x729b490403d4 - clone
[INFO] [stdout]   25:                0x0 - <unknown>
[INFO] [stdout] 
[INFO] [stdout] ---- credential_repo::tests::insert_credentials::it_should_reject_duplicated_username stdout ----
[INFO] [stdout] 
[INFO] [stdout] thread 'credential_repo::tests::insert_credentials::it_should_reject_duplicated_username' (6069) panicked at src/config/db.rs:19:10:
[INFO] [stdout] Unable to connect: PoolTimedOut
[INFO] [stdout] stack backtrace:
[INFO] [stdout]    0:     0x59f6615209a1 - <<std[70759c8f55707aa4]::sys::backtrace::BacktraceLock>::print::DisplayBacktrace as core[df12db4294e9bfd3]::fmt::Display>::fmt
[INFO] [stdout]    1:     0x59f661538c4a - core[df12db4294e9bfd3]::fmt::write
[INFO] [stdout]    2:     0x59f6615254bc - <alloc[2182bb758b4b3781]::vec::Vec<u8> as core[df12db4294e9bfd3]::io::write::Write>::write_fmt
[INFO] [stdout]    3:     0x59f6614fb436 - std[70759c8f55707aa4]::panicking::default_hook::{closure#0}
[INFO] [stdout]    4:     0x59f6615182b9 - std[70759c8f55707aa4]::panicking::default_hook
[INFO] [stdout]    5:     0x59f661316220 - test[9d35eded1c95d3be]::test_main_inner::<test[9d35eded1c95d3be]::test_main_static::{closure#0}>::{closure#0}
[INFO] [stdout]    6:     0x59f6615185e2 - std[70759c8f55707aa4]::panicking::panic_with_hook
[INFO] [stdout]    7:     0x59f6614fb4e2 - std[70759c8f55707aa4]::panicking::panic_handler::{closure#0}
[INFO] [stdout]    8:     0x59f6614f3ff9 - std[70759c8f55707aa4]::sys::backtrace::__rust_end_short_backtrace::<std[70759c8f55707aa4]::panicking::panic_handler::{closure#0}, !>
[INFO] [stdout]    9:     0x59f6614fc2cd - __rustc[8fa7c3cbc660c2b3]::rust_begin_unwind
[INFO] [stdout]   10:     0x59f6615393ac - core[df12db4294e9bfd3]::panicking::panic_fmt
[INFO] [stdout]   11:     0x59f661539182 - core[df12db4294e9bfd3]::result::unwrap_failed
[INFO] [stdout]   12:     0x59f6612ed59d - rust_auth_demo[7c60eb363540983f]::config::db::connect::{closure#0}
[INFO] [stdout]   13:     0x59f6612ec44d - rust_auth_demo[7c60eb363540983f]::credential_repo::tests::before_each::{closure#0}
[INFO] [stdout]   14:     0x59f6612e659f - <std[70759c8f55707aa4]::thread::local::LocalKey<core[df12db4294e9bfd3]::cell::Cell<tokio[664d73c7f0b62176]::coop::Budget>>>::with::<tokio[664d73c7f0b62176]::coop::with_budget<core[df12db4294e9bfd3]::task::poll::Poll<()>, <tokio[664d73c7f0b62176]::park::thread::CachedParkThread>::block_on<rust_auth_demo[7c60eb363540983f]::credential_repo::tests::insert_credentials::it_should_reject_duplicated_username::{closure#0}>::{closure#0}>::{closure#0}, core[df12db4294e9bfd3]::task::poll::Poll<()>>
[INFO] [stdout]   15:     0x59f6612b1915 - <tokio[664d73c7f0b62176]::runtime::Runtime>::block_on::<rust_auth_demo[7c60eb363540983f]::credential_repo::tests::insert_credentials::it_should_reject_duplicated_username::{closure#0}>
[INFO] [stdout]   16:     0x59f6612a1a4a - rocket[8378d4ce25be93e5]::async_test::<(), rust_auth_demo[7c60eb363540983f]::credential_repo::tests::insert_credentials::it_should_reject_duplicated_username::{closure#0}>
[INFO] [stdout]   17:     0x59f6612c6a82 - <rust_auth_demo[7c60eb363540983f]::credential_repo::tests::insert_credentials::it_should_reject_duplicated_username::{closure#0} as core[df12db4294e9bfd3]::ops::function::FnOnce<()>>::call_once
[INFO] [stdout]   18:     0x59f66130950b - test[9d35eded1c95d3be]::__rust_begin_short_backtrace::<core[df12db4294e9bfd3]::result::Result<(), alloc[2182bb758b4b3781]::string::String>, fn() -> core[df12db4294e9bfd3]::result::Result<(), alloc[2182bb758b4b3781]::string::String>>
[INFO] [stdout]   19:     0x59f661316b75 - test[9d35eded1c95d3be]::run_test::{closure#0}
[INFO] [stdout]   20:     0x59f661310434 - std[70759c8f55707aa4]::sys::backtrace::__rust_begin_short_backtrace::<test[9d35eded1c95d3be]::run_test::{closure#1}, ()>
[INFO] [stdout]   21:     0x59f661319cd2 - <std[70759c8f55707aa4]::thread::lifecycle::spawn_unchecked<test[9d35eded1c95d3be]::run_test::{closure#1}, ()>::{closure#1} as core[df12db4294e9bfd3]::ops::function::FnOnce<()>>::call_once::{shim:vtable#0}
[INFO] [stdout]   22:     0x59f66151f839 - <std[70759c8f55707aa4]::sys::thread::unix::Thread>::new::thread_start
[INFO] [stdout]   23:     0x729b48facdfa - <unknown>
[INFO] [stdout]   24:     0x729b490403d4 - clone
[INFO] [stdout]   25:                0x0 - <unknown>
[INFO] [stdout] 
[INFO] [stdout] ---- service::tests::register::it_should_return_proper_error_when_registration_fails stdout ----
[INFO] [stdout] 
[INFO] [stdout] thread 'service::tests::register::it_should_return_proper_error_when_registration_fails' (6074) panicked at src/config/db.rs:19:10:
[INFO] [stdout] Unable to connect: PoolTimedOut
[INFO] [stdout] stack backtrace:
[INFO] [stdout]    0:     0x59f6615209a1 - <<std[70759c8f55707aa4]::sys::backtrace::BacktraceLock>::print::DisplayBacktrace as core[df12db4294e9bfd3]::fmt::Display>::fmt
[INFO] [stdout]    1:     0x59f661538c4a - core[df12db4294e9bfd3]::fmt::write
[INFO] [stdout]    2:     0x59f6615254bc - <alloc[2182bb758b4b3781]::vec::Vec<u8> as core[df12db4294e9bfd3]::io::write::Write>::write_fmt
[INFO] [stdout]    3:     0x59f6614fb436 - std[70759c8f55707aa4]::panicking::default_hook::{closure#0}
[INFO] [stdout]    4:     0x59f6615182b9 - std[70759c8f55707aa4]::panicking::default_hook
[INFO] [stdout]    5:     0x59f661316220 - test[9d35eded1c95d3be]::test_main_inner::<test[9d35eded1c95d3be]::test_main_static::{closure#0}>::{closure#0}
[INFO] [stdout]    6:     0x59f6615185e2 - std[70759c8f55707aa4]::panicking::panic_with_hook
[INFO] [stdout]    7:     0x59f6614fb4e2 - std[70759c8f55707aa4]::panicking::panic_handler::{closure#0}
[INFO] [stdout]    8:     0x59f6614f3ff9 - std[70759c8f55707aa4]::sys::backtrace::__rust_end_short_backtrace::<std[70759c8f55707aa4]::panicking::panic_handler::{closure#0}, !>
[INFO] [stdout]    9:     0x59f6614fc2cd - __rustc[8fa7c3cbc660c2b3]::rust_begin_unwind
[INFO] [stdout]   10:     0x59f6615393ac - core[df12db4294e9bfd3]::panicking::panic_fmt
[INFO] [stdout]   11:     0x59f661539182 - core[df12db4294e9bfd3]::result::unwrap_failed
[INFO] [stdout]   12:     0x59f6612ed59d - rust_auth_demo[7c60eb363540983f]::config::db::connect::{closure#0}
[INFO] [stdout]   13:     0x59f6612ee892 - rust_auth_demo[7c60eb363540983f]::service::tests::before_each::{closure#0}
[INFO] [stdout]   14:     0x59f6612e83db - <std[70759c8f55707aa4]::thread::local::LocalKey<core[df12db4294e9bfd3]::cell::Cell<tokio[664d73c7f0b62176]::coop::Budget>>>::with::<tokio[664d73c7f0b62176]::coop::with_budget<core[df12db4294e9bfd3]::task::poll::Poll<()>, <tokio[664d73c7f0b62176]::park::thread::CachedParkThread>::block_on<rust_auth_demo[7c60eb363540983f]::service::tests::register::it_should_return_proper_error_when_registration_fails::{closure#0}>::{closure#0}>::{closure#0}, core[df12db4294e9bfd3]::task::poll::Poll<()>>
[INFO] [stdout]   15:     0x59f6612b23d5 - <tokio[664d73c7f0b62176]::runtime::Runtime>::block_on::<rust_auth_demo[7c60eb363540983f]::service::tests::register::it_should_return_proper_error_when_registration_fails::{closure#0}>
[INFO] [stdout]   16:     0x59f6612a204b - rocket[8378d4ce25be93e5]::async_test::<(), rust_auth_demo[7c60eb363540983f]::service::tests::register::it_should_return_proper_error_when_registration_fails::{closure#0}>
[INFO] [stdout]   17:     0x59f6612c6b83 - <rust_auth_demo[7c60eb363540983f]::service::tests::register::it_should_return_proper_error_when_registration_fails::{closure#0} as core[df12db4294e9bfd3]::ops::function::FnOnce<()>>::call_once
[INFO] [stdout]   18:     0x59f66130950b - test[9d35eded1c95d3be]::__rust_begin_short_backtrace::<core[df12db4294e9bfd3]::result::Result<(), alloc[2182bb758b4b3781]::string::String>, fn() -> core[df12db4294e9bfd3]::result::Result<(), alloc[2182bb758b4b3781]::string::String>>
[INFO] [stdout]   19:     0x59f661316b75 - test[9d35eded1c95d3be]::run_test::{closure#0}
[INFO] [stdout]   20:     0x59f661310434 - std[70759c8f55707aa4]::sys::backtrace::__rust_begin_short_backtrace::<test[9d35eded1c95d3be]::run_test::{closure#1}, ()>
[INFO] [stdout]   21:     0x59f661319cd2 - <std[70759c8f55707aa4]::thread::lifecycle::spawn_unchecked<test[9d35eded1c95d3be]::run_test::{closure#1}, ()>::{closure#1} as core[df12db4294e9bfd3]::ops::function::FnOnce<()>>::call_once::{shim:vtable#0}
[INFO] [stdout]   22:     0x59f66151f839 - <std[70759c8f55707aa4]::sys::thread::unix::Thread>::new::thread_start
[INFO] [stdout]   23:     0x729b48facdfa - <unknown>
[INFO] [stdout]   24:     0x729b490403d4 - clone
[INFO] [stdout]   25:                0x0 - <unknown>
[INFO] [stdout] 
[INFO] [stdout] ---- service::tests::login::it_should_not_return_uuid_token_when_login_fails stdout ----
[INFO] [stdout] 
[INFO] [stdout] thread 'service::tests::login::it_should_not_return_uuid_token_when_login_fails' (6071) panicked at src/config/db.rs:19:10:
[INFO] [stdout] Unable to connect: PoolTimedOut
[INFO] [stdout] stack backtrace:
[INFO] [stdout]    0:     0x59f6615209a1 - <<std[70759c8f55707aa4]::sys::backtrace::BacktraceLock>::print::DisplayBacktrace as core[df12db4294e9bfd3]::fmt::Display>::fmt
[INFO] [stdout]    1:     0x59f661538c4a - core[df12db4294e9bfd3]::fmt::write
[INFO] [stdout]    2:     0x59f6615254bc - <alloc[2182bb758b4b3781]::vec::Vec<u8> as core[df12db4294e9bfd3]::io::write::Write>::write_fmt
[INFO] [stdout]    3:     0x59f6614fb436 - std[70759c8f55707aa4]::panicking::default_hook::{closure#0}
[INFO] [stdout]    4:     0x59f6615182b9 - std[70759c8f55707aa4]::panicking::default_hook
[INFO] [stdout]    5:     0x59f661316220 - test[9d35eded1c95d3be]::test_main_inner::<test[9d35eded1c95d3be]::test_main_static::{closure#0}>::{closure#0}
[INFO] [stdout]    6:     0x59f6615185e2 - std[70759c8f55707aa4]::panicking::panic_with_hook
[INFO] [stdout]    7:     0x59f6614fb4e2 - std[70759c8f55707aa4]::panicking::panic_handler::{closure#0}
[INFO] [stdout]    8:     0x59f6614f3ff9 - std[70759c8f55707aa4]::sys::backtrace::__rust_end_short_backtrace::<std[70759c8f55707aa4]::panicking::panic_handler::{closure#0}, !>
[INFO] [stdout]    9:     0x59f6614fc2cd - __rustc[8fa7c3cbc660c2b3]::rust_begin_unwind
[INFO] [stdout]   10:     0x59f6615393ac - core[df12db4294e9bfd3]::panicking::panic_fmt
[INFO] [stdout]   11:     0x59f661539182 - core[df12db4294e9bfd3]::result::unwrap_failed
[INFO] [stdout]   12:     0x59f6612ed59d - rust_auth_demo[7c60eb363540983f]::config::db::connect::{closure#0}
[INFO] [stdout]   13:     0x59f6612ee892 - rust_auth_demo[7c60eb363540983f]::service::tests::before_each::{closure#0}
[INFO] [stdout]   14:     0x59f6612e73f1 - <std[70759c8f55707aa4]::thread::local::LocalKey<core[df12db4294e9bfd3]::cell::Cell<tokio[664d73c7f0b62176]::coop::Budget>>>::with::<tokio[664d73c7f0b62176]::coop::with_budget<core[df12db4294e9bfd3]::task::poll::Poll<()>, <tokio[664d73c7f0b62176]::park::thread::CachedParkThread>::block_on<rust_auth_demo[7c60eb363540983f]::service::tests::login::it_should_not_return_uuid_token_when_login_fails::{closure#0}>::{closure#0}>::{closure#0}, core[df12db4294e9bfd3]::task::poll::Poll<()>>
[INFO] [stdout]   15:     0x59f6612b1e75 - <tokio[664d73c7f0b62176]::runtime::Runtime>::block_on::<rust_auth_demo[7c60eb363540983f]::service::tests::login::it_should_not_return_uuid_token_when_login_fails::{closure#0}>
[INFO] [stdout]   16:     0x59f6612a1d4b - rocket[8378d4ce25be93e5]::async_test::<(), rust_auth_demo[7c60eb363540983f]::service::tests::login::it_should_not_return_uuid_token_when_login_fails::{closure#0}>
[INFO] [stdout]   17:     0x59f6612c6b03 - <rust_auth_demo[7c60eb363540983f]::service::tests::login::it_should_not_return_uuid_token_when_login_fails::{closure#0} as core[df12db4294e9bfd3]::ops::function::FnOnce<()>>::call_once
[INFO] [stdout]   18:     0x59f66130950b - test[9d35eded1c95d3be]::__rust_begin_short_backtrace::<core[df12db4294e9bfd3]::result::Result<(), alloc[2182bb758b4b3781]::string::String>, fn() -> core[df12db4294e9bfd3]::result::Result<(), alloc[2182bb758b4b3781]::string::String>>
[INFO] [stdout]   19:     0x59f661316b75 - test[9d35eded1c95d3be]::run_test::{closure#0}
[INFO] [stdout]   20:     0x59f661310434 - std[70759c8f55707aa4]::sys::backtrace::__rust_begin_short_backtrace::<test[9d35eded1c95d3be]::run_test::{closure#1}, ()>
[INFO] [stdout]   21:     0x59f661319cd2 - <std[70759c8f55707aa4]::thread::lifecycle::spawn_unchecked<test[9d35eded1c95d3be]::run_test::{closure#1}, ()>::{closure#1} as core[df12db4294e9bfd3]::ops::function::FnOnce<()>>::call_once::{shim:vtable#0}
[INFO] [stdout]   22:     0x59f66151f839 - <std[70759c8f55707aa4]::sys::thread::unix::Thread>::new::thread_start
[INFO] [stdout]   23:     0x729b48facdfa - <unknown>
[INFO] [stdout]   24:     0x729b490403d4 - clone
[INFO] [stdout]   25:                0x0 - <unknown>
[INFO] [stdout] 
[INFO] [stdout] ---- credential_repo::tests::insert_credentials::it_should_reject_username_too_big stdout ----
[INFO] [stdout] 
[INFO] [stdout] thread 'credential_repo::tests::insert_credentials::it_should_reject_username_too_big' (6070) panicked at src/config/db.rs:19:10:
[INFO] [stdout] Unable to connect: PoolTimedOut
[INFO] [stdout] stack backtrace:
[INFO] [stdout]    0:     0x59f6615209a1 - <<std[70759c8f55707aa4]::sys::backtrace::BacktraceLock>::print::DisplayBacktrace as core[df12db4294e9bfd3]::fmt::Display>::fmt
[INFO] [stdout]    1:     0x59f661538c4a - core[df12db4294e9bfd3]::fmt::write
[INFO] [stdout]    2:     0x59f6615254bc - <alloc[2182bb758b4b3781]::vec::Vec<u8> as core[df12db4294e9bfd3]::io::write::Write>::write_fmt
[INFO] [stdout]    3:     0x59f6614fb436 - std[70759c8f55707aa4]::panicking::default_hook::{closure#0}
[INFO] [stdout]    4:     0x59f6615182b9 - std[70759c8f55707aa4]::panicking::default_hook
[INFO] [stdout]    5:     0x59f661316220 - test[9d35eded1c95d3be]::test_main_inner::<test[9d35eded1c95d3be]::test_main_static::{closure#0}>::{closure#0}
[INFO] [stdout]    6:     0x59f6615185e2 - std[70759c8f55707aa4]::panicking::panic_with_hook
[INFO] [stdout]    7:     0x59f6614fb4e2 - std[70759c8f55707aa4]::panicking::panic_handler::{closure#0}
[INFO] [stdout]    8:     0x59f6614f3ff9 - std[70759c8f55707aa4]::sys::backtrace::__rust_end_short_backtrace::<std[70759c8f55707aa4]::panicking::panic_handler::{closure#0}, !>
[INFO] [stdout]    9:     0x59f6614fc2cd - __rustc[8fa7c3cbc660c2b3]::rust_begin_unwind
[INFO] [stdout]   10:     0x59f6615393ac - core[df12db4294e9bfd3]::panicking::panic_fmt
[INFO] [stdout]   11:     0x59f661539182 - core[df12db4294e9bfd3]::result::unwrap_failed
[INFO] [stdout]   12:     0x59f6612ed59d - rust_auth_demo[7c60eb363540983f]::config::db::connect::{closure#0}
[INFO] [stdout]   13:     0x59f6612ec44d - rust_auth_demo[7c60eb363540983f]::credential_repo::tests::before_each::{closure#0}
[INFO] [stdout]   14:     0x59f6612e618b - <std[70759c8f55707aa4]::thread::local::LocalKey<core[df12db4294e9bfd3]::cell::Cell<tokio[664d73c7f0b62176]::coop::Budget>>>::with::<tokio[664d73c7f0b62176]::coop::with_budget<core[df12db4294e9bfd3]::task::poll::Poll<()>, <tokio[664d73c7f0b62176]::park::thread::CachedParkThread>::block_on<rust_auth_demo[7c60eb363540983f]::credential_repo::tests::insert_credentials::it_should_reject_username_too_big::{closure#0}>::{closure#0}>::{closure#0}, core[df12db4294e9bfd3]::task::poll::Poll<()>>
[INFO] [stdout]   15:     0x59f6612b1645 - <tokio[664d73c7f0b62176]::runtime::Runtime>::block_on::<rust_auth_demo[7c60eb363540983f]::credential_repo::tests::insert_credentials::it_should_reject_username_too_big::{closure#0}>
[INFO] [stdout]   16:     0x59f6612a18ba - rocket[8378d4ce25be93e5]::async_test::<(), rust_auth_demo[7c60eb363540983f]::credential_repo::tests::insert_credentials::it_should_reject_username_too_big::{closure#0}>
[INFO] [stdout]   17:     0x59f6612c6a3e - <rust_auth_demo[7c60eb363540983f]::credential_repo::tests::insert_credentials::it_should_reject_username_too_big::{closure#0} as core[df12db4294e9bfd3]::ops::function::FnOnce<()>>::call_once
[INFO] [stdout]   18:     0x59f66130950b - test[9d35eded1c95d3be]::__rust_begin_short_backtrace::<core[df12db4294e9bfd3]::result::Result<(), alloc[2182bb758b4b3781]::string::String>, fn() -> core[df12db4294e9bfd3]::result::Result<(), alloc[2182bb758b4b3781]::string::String>>
[INFO] [stdout]   19:     0x59f661316b75 - test[9d35eded1c95d3be]::run_test::{closure#0}
[INFO] [stdout]   20:     0x59f661310434 - std[70759c8f55707aa4]::sys::backtrace::__rust_begin_short_backtrace::<test[9d35eded1c95d3be]::run_test::{closure#1}, ()>
[INFO] [stdout]   21:     0x59f661319cd2 - <std[70759c8f55707aa4]::thread::lifecycle::spawn_unchecked<test[9d35eded1c95d3be]::run_test::{closure#1}, ()>::{closure#1} as core[df12db4294e9bfd3]::ops::function::FnOnce<()>>::call_once::{shim:vtable#0}
[INFO] [stdout]   22:     0x59f66151f839 - <std[70759c8f55707aa4]::sys::thread::unix::Thread>::new::thread_start
[INFO] [stdout]   23:     0x729b48facdfa - <unknown>
[INFO] [stdout]   24:     0x729b490403d4 - clone
[INFO] [stdout]   25:                0x0 - <unknown>
[INFO] [stdout] 
[INFO] [stdout] ---- credential_repo::tests::check_credentials::it_should_not_find_when_username_is_wrong stdout ----
[INFO] [stdout] 
[INFO] [stdout] thread 'credential_repo::tests::check_credentials::it_should_not_find_when_username_is_wrong' (6067) panicked at src/config/db.rs:19:10:
[INFO] [stdout] Unable to connect: PoolTimedOut
[INFO] [stdout] stack backtrace:
[INFO] [stdout]    0:     0x59f6615209a1 - <<std[70759c8f55707aa4]::sys::backtrace::BacktraceLock>::print::DisplayBacktrace as core[df12db4294e9bfd3]::fmt::Display>::fmt
[INFO] [stdout]    1:     0x59f661538c4a - core[df12db4294e9bfd3]::fmt::write
[INFO] [stdout]    2:     0x59f6615254bc - <alloc[2182bb758b4b3781]::vec::Vec<u8> as core[df12db4294e9bfd3]::io::write::Write>::write_fmt
[INFO] [stdout]    3:     0x59f6614fb436 - std[70759c8f55707aa4]::panicking::default_hook::{closure#0}
[INFO] [stdout]    4:     0x59f6615182b9 - std[70759c8f55707aa4]::panicking::default_hook
[INFO] [stdout]    5:     0x59f661316220 - test[9d35eded1c95d3be]::test_main_inner::<test[9d35eded1c95d3be]::test_main_static::{closure#0}>::{closure#0}
[INFO] [stdout]    6:     0x59f6615185e2 - std[70759c8f55707aa4]::panicking::panic_with_hook
[INFO] [stdout]    7:     0x59f6614fb4e2 - std[70759c8f55707aa4]::panicking::panic_handler::{closure#0}
[INFO] [stdout]    8:     0x59f6614f3ff9 - std[70759c8f55707aa4]::sys::backtrace::__rust_end_short_backtrace::<std[70759c8f55707aa4]::panicking::panic_handler::{closure#0}, !>
[INFO] [stdout]    9:     0x59f6614fc2cd - __rustc[8fa7c3cbc660c2b3]::rust_begin_unwind
[INFO] [stdout]   10:     0x59f6615393ac - core[df12db4294e9bfd3]::panicking::panic_fmt
[INFO] [stdout]   11:     0x59f661539182 - core[df12db4294e9bfd3]::result::unwrap_failed
[INFO] [stdout]   12:     0x59f6612ed59d - rust_auth_demo[7c60eb363540983f]::config::db::connect::{closure#0}
[INFO] [stdout]   13:     0x59f6612ec44d - rust_auth_demo[7c60eb363540983f]::credential_repo::tests::before_each::{closure#0}
[INFO] [stdout]   14:     0x59f6612e59ab - <std[70759c8f55707aa4]::thread::local::LocalKey<core[df12db4294e9bfd3]::cell::Cell<tokio[664d73c7f0b62176]::coop::Budget>>>::with::<tokio[664d73c7f0b62176]::coop::with_budget<core[df12db4294e9bfd3]::task::poll::Poll<()>, <tokio[664d73c7f0b62176]::park::thread::CachedParkThread>::block_on<rust_auth_demo[7c60eb363540983f]::credential_repo::tests::check_credentials::it_should_not_find_when_username_is_wrong::{closure#0}>::{closure#0}>::{closure#0}, core[df12db4294e9bfd3]::task::poll::Poll<()>>
[INFO] [stdout]   15:     0x59f6612b10c5 - <tokio[664d73c7f0b62176]::runtime::Runtime>::block_on::<rust_auth_demo[7c60eb363540983f]::credential_repo::tests::check_credentials::it_should_not_find_when_username_is_wrong::{closure#0}>
[INFO] [stdout]   16:     0x59f6612a159a - rocket[8378d4ce25be93e5]::async_test::<(), rust_auth_demo[7c60eb363540983f]::credential_repo::tests::check_credentials::it_should_not_find_when_username_is_wrong::{closure#0}>
[INFO] [stdout]   17:     0x59f6612c69be - <rust_auth_demo[7c60eb363540983f]::credential_repo::tests::check_credentials::it_should_not_find_when_username_is_wrong::{closure#0} as core[df12db4294e9bfd3]::ops::function::FnOnce<()>>::call_once
[INFO] [stdout]   18:     0x59f66130950b - test[9d35eded1c95d3be]::__rust_begin_short_backtrace::<core[df12db4294e9bfd3]::result::Result<(), alloc[2182bb758b4b3781]::string::String>, fn() -> core[df12db4294e9bfd3]::result::Result<(), alloc[2182bb758b4b3781]::string::String>>
[INFO] [stdout]   19:     0x59f661316b75 - test[9d35eded1c95d3be]::run_test::{closure#0}
[INFO] [stdout]   20:     0x59f661310434 - std[70759c8f55707aa4]::sys::backtrace::__rust_begin_short_backtrace::<test[9d35eded1c95d3be]::run_test::{closure#1}, ()>
[INFO] [stdout]   21:     0x59f661319cd2 - <std[70759c8f55707aa4]::thread::lifecycle::spawn_unchecked<test[9d35eded1c95d3be]::run_test::{closure#1}, ()>::{closure#1} as core[df12db4294e9bfd3]::ops::function::FnOnce<()>>::call_once::{shim:vtable#0}
[INFO] [stdout]   22:     0x59f66151f839 - <std[70759c8f55707aa4]::sys::thread::unix::Thread>::new::thread_start
[INFO] [stdout]   23:     0x729b48facdfa - <unknown>
[INFO] [stdout]   24:     0x729b490403d4 - clone
[INFO] [stdout]   25:                0x0 - <unknown>
[INFO] [stdout] 
[INFO] [stdout] ---- credential_repo::tests::insert_credentials::it_should_insert_good_credentials stdout ----
[INFO] [stdout] 
[INFO] [stdout] thread 'credential_repo::tests::insert_credentials::it_should_insert_good_credentials' (6068) panicked at src/config/db.rs:19:10:
[INFO] [stdout] Unable to connect: PoolTimedOut
[INFO] [stdout] stack backtrace:
[INFO] [stdout]    0:     0x59f6615209a1 - <<std[70759c8f55707aa4]::sys::backtrace::BacktraceLock>::print::DisplayBacktrace as core[df12db4294e9bfd3]::fmt::Display>::fmt
[INFO] [stdout]    1:     0x59f661538c4a - core[df12db4294e9bfd3]::fmt::write
[INFO] [stdout]    2:     0x59f6615254bc - <alloc[2182bb758b4b3781]::vec::Vec<u8> as core[df12db4294e9bfd3]::io::write::Write>::write_fmt
[INFO] [stdout]    3:     0x59f6614fb436 - std[70759c8f55707aa4]::panicking::default_hook::{closure#0}
[INFO] [stdout]    4:     0x59f6615182b9 - std[70759c8f55707aa4]::panicking::default_hook
[INFO] [stdout]    5:     0x59f661316220 - test[9d35eded1c95d3be]::test_main_inner::<test[9d35eded1c95d3be]::test_main_static::{closure#0}>::{closure#0}
[INFO] [stdout]    6:     0x59f6615185e2 - std[70759c8f55707aa4]::panicking::panic_with_hook
[INFO] [stdout]    7:     0x59f6614fb4e2 - std[70759c8f55707aa4]::panicking::panic_handler::{closure#0}
[INFO] [stdout]    8:     0x59f6614f3ff9 - std[70759c8f55707aa4]::sys::backtrace::__rust_end_short_backtrace::<std[70759c8f55707aa4]::panicking::panic_handler::{closure#0}, !>
[INFO] [stdout]    9:     0x59f6614fc2cd - __rustc[8fa7c3cbc660c2b3]::rust_begin_unwind
[INFO] [stdout]   10:     0x59f6615393ac - core[df12db4294e9bfd3]::panicking::panic_fmt
[INFO] [stdout]   11:     0x59f661539182 - core[df12db4294e9bfd3]::result::unwrap_failed
[INFO] [stdout]   12:     0x59f6612ed59d - rust_auth_demo[7c60eb363540983f]::config::db::connect::{closure#0}
[INFO] [stdout]   13:     0x59f6612ec44d - rust_auth_demo[7c60eb363540983f]::credential_repo::tests::before_each::{closure#0}
[INFO] [stdout]   14:     0x59f6612e5e0f - <std[70759c8f55707aa4]::thread::local::LocalKey<core[df12db4294e9bfd3]::cell::Cell<tokio[664d73c7f0b62176]::coop::Budget>>>::with::<tokio[664d73c7f0b62176]::coop::with_budget<core[df12db4294e9bfd3]::task::poll::Poll<()>, <tokio[664d73c7f0b62176]::park::thread::CachedParkThread>::block_on<rust_auth_demo[7c60eb363540983f]::credential_repo::tests::insert_credentials::it_should_insert_good_credentials::{closure#0}>::{closure#0}>::{closure#0}, core[df12db4294e9bfd3]::task::poll::Poll<()>>
[INFO] [stdout]   15:     0x59f6612b1385 - <tokio[664d73c7f0b62176]::runtime::Runtime>::block_on::<rust_auth_demo[7c60eb363540983f]::credential_repo::tests::insert_credentials::it_should_insert_good_credentials::{closure#0}>
[INFO] [stdout]   16:     0x59f6612a172a - rocket[8378d4ce25be93e5]::async_test::<(), rust_auth_demo[7c60eb363540983f]::credential_repo::tests::insert_credentials::it_should_insert_good_credentials::{closure#0}>
[INFO] [stdout]   17:     0x59f6612c69fe - <rust_auth_demo[7c60eb363540983f]::credential_repo::tests::insert_credentials::it_should_insert_good_credentials::{closure#0} as core[df12db4294e9bfd3]::ops::function::FnOnce<()>>::call_once
[INFO] [stdout]   18:     0x59f66130950b - test[9d35eded1c95d3be]::__rust_begin_short_backtrace::<core[df12db4294e9bfd3]::result::Result<(), alloc[2182bb758b4b3781]::string::String>, fn() -> core[df12db4294e9bfd3]::result::Result<(), alloc[2182bb758b4b3781]::string::String>>
[INFO] [stdout]   19:     0x59f661316b75 - test[9d35eded1c95d3be]::run_test::{closure#0}
[INFO] [stdout]   20:     0x59f661310434 - std[70759c8f55707aa4]::sys::backtrace::__rust_begin_short_backtrace::<test[9d35eded1c95d3be]::run_test::{closure#1}, ()>
[INFO] [stdout]   21:     0x59f661319cd2 - <std[70759c8f55707aa4]::thread::lifecycle::spawn_unchecked<test[9d35eded1c95d3be]::run_test::{closure#1}, ()>::{closure#1} as core[df12db4294e9bfd3]::ops::function::FnOnce<()>>::call_once::{shim:vtable#0}
[INFO] [stdout]   22:     0x59f66151f839 - <std[70759c8f55707aa4]::sys::thread::unix::Thread>::new::thread_start
[INFO] [stdout]   23:     0x729b48facdfa - <unknown>
[INFO] [stdout]   24:     0x729b490403d4 - clone
[INFO] [stdout]   25:                0x0 - <unknown>
[INFO] [stdout] 
[INFO] [stdout] ---- credential_repo::tests::check_credentials::it_should_find_valid_credentials stdout ----
[INFO] [stdout] 
[INFO] [stdout] thread 'credential_repo::tests::check_credentials::it_should_find_valid_credentials' (6065) panicked at src/config/db.rs:19:10:
[INFO] [stdout] Unable to connect: PoolTimedOut
[INFO] [stdout] stack backtrace:
[INFO] [stdout]    0:     0x59f6615209a1 - <<std[70759c8f55707aa4]::sys::backtrace::BacktraceLock>::print::DisplayBacktrace as core[df12db4294e9bfd3]::fmt::Display>::fmt
[INFO] [stdout]    1:     0x59f661538c4a - core[df12db4294e9bfd3]::fmt::write
[INFO] [stdout]    2:     0x59f6615254bc - <alloc[2182bb758b4b3781]::vec::Vec<u8> as core[df12db4294e9bfd3]::io::write::Write>::write_fmt
[INFO] [stdout]    3:     0x59f6614fb436 - std[70759c8f55707aa4]::panicking::default_hook::{closure#0}
[INFO] [stdout]    4:     0x59f6615182b9 - std[70759c8f55707aa4]::panicking::default_hook
[INFO] [stdout]    5:     0x59f661316220 - test[9d35eded1c95d3be]::test_main_inner::<test[9d35eded1c95d3be]::test_main_static::{closure#0}>::{closure#0}
[INFO] [stdout]    6:     0x59f6615185e2 - std[70759c8f55707aa4]::panicking::panic_with_hook
[INFO] [stdout]    7:     0x59f6614fb4e2 - std[70759c8f55707aa4]::panicking::panic_handler::{closure#0}
[INFO] [stdout]    8:     0x59f6614f3ff9 - std[70759c8f55707aa4]::sys::backtrace::__rust_end_short_backtrace::<std[70759c8f55707aa4]::panicking::panic_handler::{closure#0}, !>
[INFO] [stdout]    9:     0x59f6614fc2cd - __rustc[8fa7c3cbc660c2b3]::rust_begin_unwind
[INFO] [stdout]   10:     0x59f6615393ac - core[df12db4294e9bfd3]::panicking::panic_fmt
[INFO] [stdout]   11:     0x59f661539182 - core[df12db4294e9bfd3]::result::unwrap_failed
[INFO] [stdout]   12:     0x59f6612ed59d - rust_auth_demo[7c60eb363540983f]::config::db::connect::{closure#0}
[INFO] [stdout]   13:     0x59f6612ec44d - rust_auth_demo[7c60eb363540983f]::credential_repo::tests::before_each::{closure#0}
[INFO] [stdout]   14:     0x59f6612e4d9f - <std[70759c8f55707aa4]::thread::local::LocalKey<core[df12db4294e9bfd3]::cell::Cell<tokio[664d73c7f0b62176]::coop::Budget>>>::with::<tokio[664d73c7f0b62176]::coop::with_budget<core[df12db4294e9bfd3]::task::poll::Poll<()>, <tokio[664d73c7f0b62176]::park::thread::CachedParkThread>::block_on<rust_auth_demo[7c60eb363540983f]::credential_repo::tests::check_credentials::it_should_find_valid_credentials::{closure#0}>::{closure#0}>::{closure#0}, core[df12db4294e9bfd3]::task::poll::Poll<()>>
[INFO] [stdout]   15:     0x59f6612b0b35 - <tokio[664d73c7f0b62176]::runtime::Runtime>::block_on::<rust_auth_demo[7c60eb363540983f]::credential_repo::tests::check_credentials::it_should_find_valid_credentials::{closure#0}>
[INFO] [stdout]   16:     0x59f6612a127a - rocket[8378d4ce25be93e5]::async_test::<(), rust_auth_demo[7c60eb363540983f]::credential_repo::tests::check_credentials::it_should_find_valid_credentials::{closure#0}>
[INFO] [stdout]   17:     0x59f6612c6922 - <rust_auth_demo[7c60eb363540983f]::credential_repo::tests::check_credentials::it_should_find_valid_credentials::{closure#0} as core[df12db4294e9bfd3]::ops::function::FnOnce<()>>::call_once
[INFO] [stdout]   18:     0x59f66130950b - test[9d35eded1c95d3be]::__rust_begin_short_backtrace::<core[df12db4294e9bfd3]::result::Result<(), alloc[2182bb758b4b3781]::string::String>, fn() -> core[df12db4294e9bfd3]::result::Result<(), alloc[2182bb758b4b3781]::string::String>>
[INFO] [stdout]   19:     0x59f661316b75 - test[9d35eded1c95d3be]::run_test::{closure#0}
[INFO] [stdout]   20:     0x59f661310434 - std[70759c8f55707aa4]::sys::backtrace::__rust_begin_short_backtrace::<test[9d35eded1c95d3be]::run_test::{closure#1}, ()>
[INFO] [stdout]   21:     0x59f661319cd2 - <std[70759c8f55707aa4]::thread::lifecycle::spawn_unchecked<test[9d35eded1c95d3be]::run_test::{closure#1}, ()>::{closure#1} as core[df12db4294e9bfd3]::ops::function::FnOnce<()>>::call_once::{shim:vtable#0}
[INFO] [stdout]   22:     0x59f66151f839 - <std[70759c8f55707aa4]::sys::thread::unix::Thread>::new::thread_start
[INFO] [stdout]   23:     0x729b48facdfa - <unknown>
[INFO] [stdout]   24:     0x729b490403d4 - clone
[INFO] [stdout]   25:                0x0 - <unknown>
[INFO] [stdout] 
[INFO] [stdout] ---- service::tests::register::it_should_return_new_id_when_registration_is_ok stdout ----
[INFO] [stdout] 
[INFO] [stdout] thread 'service::tests::register::it_should_return_new_id_when_registration_is_ok' (6073) panicked at src/config/db.rs:19:10:
[INFO] [stdout] Unable to connect: PoolTimedOut
[INFO] [stdout] stack backtrace:
[INFO] [stdout]    0:     0x59f6615209a1 - <<std[70759c8f55707aa4]::sys::backtrace::BacktraceLock>::print::DisplayBacktrace as core[df12db4294e9bfd3]::fmt::Display>::fmt
[INFO] [stdout]    1:     0x59f661538c4a - core[df12db4294e9bfd3]::fmt::write
[INFO] [stdout]    2:     0x59f6615254bc - <alloc[2182bb758b4b3781]::vec::Vec<u8> as core[df12db4294e9bfd3]::io::write::Write>::write_fmt
[INFO] [stdout]    3:     0x59f6614fb436 - std[70759c8f55707aa4]::panicking::default_hook::{closure#0}
[INFO] [stdout]    4:     0x59f6615182b9 - std[70759c8f55707aa4]::panicking::default_hook
[INFO] [stdout]    5:     0x59f661316220 - test[9d35eded1c95d3be]::test_main_inner::<test[9d35eded1c95d3be]::test_main_static::{closure#0}>::{closure#0}
[INFO] [stdout]    6:     0x59f6615185e2 - std[70759c8f55707aa4]::panicking::panic_with_hook
[INFO] [stdout]    7:     0x59f6614fb4e2 - std[70759c8f55707aa4]::panicking::panic_handler::{closure#0}
[INFO] [stdout]    8:     0x59f6614f3ff9 - std[70759c8f55707aa4]::sys::backtrace::__rust_end_short_backtrace::<std[70759c8f55707aa4]::panicking::panic_handler::{closure#0}, !>
[INFO] [stdout]    9:     0x59f6614fc2cd - __rustc[8fa7c3cbc660c2b3]::rust_begin_unwind
[INFO] [stdout]   10:     0x59f6615393ac - core[df12db4294e9bfd3]::panicking::panic_fmt
[INFO] [stdout]   11:     0x59f661539182 - core[df12db4294e9bfd3]::result::unwrap_failed
[INFO] [stdout]   12:     0x59f6612ed59d - rust_auth_demo[7c60eb363540983f]::config::db::connect::{closure#0}
[INFO] [stdout]   13:     0x59f6612ee892 - rust_auth_demo[7c60eb363540983f]::service::tests::before_each::{closure#0}
[INFO] [stdout]   14:     0x59f6612e7c77 - <std[70759c8f55707aa4]::thread::local::LocalKey<core[df12db4294e9bfd3]::cell::Cell<tokio[664d73c7f0b62176]::coop::Budget>>>::with::<tokio[664d73c7f0b62176]::coop::with_budget<core[df12db4294e9bfd3]::task::poll::Poll<()>, <tokio[664d73c7f0b62176]::park::thread::CachedParkThread>::block_on<rust_auth_demo[7c60eb363540983f]::service::tests::register::it_should_return_new_id_when_registration_is_ok::{closure#0}>::{closure#0}>::{closure#0}, core[df12db4294e9bfd3]::task::poll::Poll<()>>
[INFO] [stdout]   15:     0x59f6612b2125 - <tokio[664d73c7f0b62176]::runtime::Runtime>::block_on::<rust_auth_demo[7c60eb363540983f]::service::tests::register::it_should_return_new_id_when_registration_is_ok::{closure#0}>
[INFO] [stdout]   16:     0x59f6612a1ecb - rocket[8378d4ce25be93e5]::async_test::<(), rust_auth_demo[7c60eb363540983f]::service::tests::register::it_should_return_new_id_when_registration_is_ok::{closure#0}>
[INFO] [stdout]   17:     0x59f6612c6b43 - <rust_auth_demo[7c60eb363540983f]::service::tests::register::it_should_return_new_id_when_registration_is_ok::{closure#0} as core[df12db4294e9bfd3]::ops::function::FnOnce<()>>::call_once
[INFO] [stdout]   18:     0x59f66130950b - test[9d35eded1c95d3be]::__rust_begin_short_backtrace::<core[df12db4294e9bfd3]::result::Result<(), alloc[2182bb758b4b3781]::string::String>, fn() -> core[df12db4294e9bfd3]::result::Result<(), alloc[2182bb758b4b3781]::string::String>>
[INFO] [stdout]   19:     0x59f661316b75 - test[9d35eded1c95d3be]::run_test::{closure#0}
[INFO] [stdout]   20:     0x59f661310434 - std[70759c8f55707aa4]::sys::backtrace::__rust_begin_short_backtrace::<test[9d35eded1c95d3be]::run_test::{closure#1}, ()>
[INFO] [stdout]   21:     0x59f661319cd2 - <std[70759c8f55707aa4]::thread::lifecycle::spawn_unchecked<test[9d35eded1c95d3be]::run_test::{closure#1}, ()>::{closure#1} as core[df12db4294e9bfd3]::ops::function::FnOnce<()>>::call_once::{shim:vtable#0}
[INFO] [stdout]   22:     0x59f66151f839 - <std[70759c8f55707aa4]::sys::thread::unix::Thread>::new::thread_start
[INFO] [stdout]   23:     0x729b48facdfa - <unknown>
[INFO] [stdout]   24:     0x729b490403d4 - clone
[INFO] [stdout]   25:                0x0 - <unknown>
[INFO] [stdout] 
[INFO] [stdout] ---- service::tests::login::it_should_return_uuid_token_when_login_is_ok stdout ----
[INFO] [stdout] 
[INFO] [stdout] thread 'service::tests::login::it_should_return_uuid_token_when_login_is_ok' (6072) panicked at src/config/db.rs:19:10:
[INFO] [stdout] Unable to connect: PoolTimedOut
[INFO] [stdout] stack backtrace:
[INFO] [stdout]    0:     0x59f6615209a1 - <<std[70759c8f55707aa4]::sys::backtrace::BacktraceLock>::print::DisplayBacktrace as core[df12db4294e9bfd3]::fmt::Display>::fmt
[INFO] [stdout]    1:     0x59f661538c4a - core[df12db4294e9bfd3]::fmt::write
[INFO] [stdout]    2:     0x59f6615254bc - <alloc[2182bb758b4b3781]::vec::Vec<u8> as core[df12db4294e9bfd3]::io::write::Write>::write_fmt
[INFO] [stdout]    3:     0x59f6614fb436 - std[70759c8f55707aa4]::panicking::default_hook::{closure#0}
[INFO] [stdout]    4:     0x59f6615182b9 - std[70759c8f55707aa4]::panicking::default_hook
[INFO] [stdout]    5:     0x59f661316220 - test[9d35eded1c95d3be]::test_main_inner::<test[9d35eded1c95d3be]::test_main_static::{closure#0}>::{closure#0}
[INFO] [stdout]    6:     0x59f6615185e2 - std[70759c8f55707aa4]::panicking::panic_with_hook
[INFO] [stdout]    7:     0x59f6614fb4e2 - std[70759c8f55707aa4]::panicking::panic_handler::{closure#0}
[INFO] [stdout]    8:     0x59f6614f3ff9 - std[70759c8f55707aa4]::sys::backtrace::__rust_end_short_backtrace::<std[70759c8f55707aa4]::panicking::panic_handler::{closure#0}, !>
[INFO] [stdout]    9:     0x59f6614fc2cd - __rustc[8fa7c3cbc660c2b3]::rust_begin_unwind
[INFO] [stdout]   10:     0x59f6615393ac - core[df12db4294e9bfd3]::panicking::panic_fmt
[INFO] [stdout]   11:     0x59f661539182 - core[df12db4294e9bfd3]::result::unwrap_failed
[INFO] [stdout]   12:     0x59f6612ed59d - rust_auth_demo[7c60eb363540983f]::config::db::connect::{closure#0}
[INFO] [stdout]   13:     0x59f6612ee892 - rust_auth_demo[7c60eb363540983f]::service::tests::before_each::{closure#0}
[INFO] [stdout]   14:     0x59f6612e6b0c - <std[70759c8f55707aa4]::thread::local::LocalKey<core[df12db4294e9bfd3]::cell::Cell<tokio[664d73c7f0b62176]::coop::Budget>>>::with::<tokio[664d73c7f0b62176]::coop::with_budget<core[df12db4294e9bfd3]::task::poll::Poll<()>, <tokio[664d73c7f0b62176]::park::thread::CachedParkThread>::block_on<rust_auth_demo[7c60eb363540983f]::service::tests::login::it_should_return_uuid_token_when_login_is_ok::{closure#0}>::{closure#0}>::{closure#0}, core[df12db4294e9bfd3]::task::poll::Poll<()>>
[INFO] [stdout]   15:     0x59f6612b1bc5 - <tokio[664d73c7f0b62176]::runtime::Runtime>::block_on::<rust_auth_demo[7c60eb363540983f]::service::tests::login::it_should_return_uuid_token_when_login_is_ok::{closure#0}>
[INFO] [stdout]   16:     0x59f6612a1bcb - rocket[8378d4ce25be93e5]::async_test::<(), rust_auth_demo[7c60eb363540983f]::service::tests::login::it_should_return_uuid_token_when_login_is_ok::{closure#0}>
[INFO] [stdout]   17:     0x59f6612c6ac3 - <rust_auth_demo[7c60eb363540983f]::service::tests::login::it_should_return_uuid_token_when_login_is_ok::{closure#0} as core[df12db4294e9bfd3]::ops::function::FnOnce<()>>::call_once
[INFO] [stdout]   18:     0x59f66130950b - test[9d35eded1c95d3be]::__rust_begin_short_backtrace::<core[df12db4294e9bfd3]::result::Result<(), alloc[2182bb758b4b3781]::string::String>, fn() -> core[df12db4294e9bfd3]::result::Result<(), alloc[2182bb758b4b3781]::string::String>>
[INFO] [stdout]   19:     0x59f661316b75 - test[9d35eded1c95d3be]::run_test::{closure#0}
[INFO] [stdout]   20:     0x59f661310434 - std[70759c8f55707aa4]::sys::backtrace::__rust_begin_short_backtrace::<test[9d35eded1c95d3be]::run_test::{closure#1}, ()>
[INFO] [stdout]   21:     0x59f661319cd2 - <std[70759c8f55707aa4]::thread::lifecycle::spawn_unchecked<test[9d35eded1c95d3be]::run_test::{closure#1}, ()>::{closure#1} as core[df12db4294e9bfd3]::ops::function::FnOnce<()>>::call_once::{shim:vtable#0}
[INFO] [stdout]   22:     0x59f66151f839 - <std[70759c8f55707aa4]::sys::thread::unix::Thread>::new::thread_start
[INFO] [stdout]   23:     0x729b48facdfa - <unknown>
[INFO] [stdout]   24:     0x729b490403d4 - clone
[INFO] [stdout]   25:                0x0 - <unknown>
[INFO] [stdout] 
[INFO] [stdout] 
[INFO] [stdout] failures:
[INFO] [stdout]     credential_repo::tests::check_credentials::it_should_find_valid_credentials
[INFO] [stdout]     credential_repo::tests::check_credentials::it_should_not_find_when_password_is_wrong
[INFO] [stdout]     credential_repo::tests::check_credentials::it_should_not_find_when_username_is_wrong
[INFO] [stdout]     credential_repo::tests::insert_credentials::it_should_insert_good_credentials
[INFO] [stdout]     credential_repo::tests::insert_credentials::it_should_reject_duplicated_username
[INFO] [stdout]     credential_repo::tests::insert_credentials::it_should_reject_username_too_big
[INFO] [stdout]     service::tests::login::it_should_not_return_uuid_token_when_login_fails
[INFO] [stdout]     service::tests::login::it_should_return_uuid_token_when_login_is_ok
[INFO] [stdout]     service::tests::register::it_should_return_new_id_when_registration_is_ok
[INFO] [stdout]     service::tests::register::it_should_return_proper_error_when_registration_fails
[INFO] [stdout]     token_repo::tests::test_save_and_check
[INFO] [stdout] 
[INFO] [stdout] test result: FAILED. 0 passed; 11 failed; 0 ignored; 0 measured; 0 filtered out; finished in 34.29s
[INFO] [stdout] 
[INFO] [stderr] error: test failed, to rerun pass `--lib`
[INFO] running `Command { std: "docker" "inspect" "e1780d1cc113b94d369bd6c21e264602effa509800fafb25a239adf78a5f7e2a", kill_on_drop: false }`
[INFO] running `Command { std: "docker" "rm" "-f" "e1780d1cc113b94d369bd6c21e264602effa509800fafb25a239adf78a5f7e2a", kill_on_drop: false }`
[INFO] [stdout] e1780d1cc113b94d369bd6c21e264602effa509800fafb25a239adf78a5f7e2a
