[INFO] cloning repository https://github.com/amidukr/match-variants
[INFO] running `Command { std: "git" "-c" "credential.helper=" "-c" "credential.helper=/workspace/cargo-home/bin/git-credential-null" "clone" "--bare" "https://github.com/amidukr/match-variants" "/workspace/cache/git-repos/https%3A%2F%2Fgithub.com%2Famidukr%2Fmatch-variants", kill_on_drop: false }`
[INFO] [stderr] Cloning into bare repository '/workspace/cache/git-repos/https%3A%2F%2Fgithub.com%2Famidukr%2Fmatch-variants'...
[INFO] running `Command { std: "git" "rev-parse" "HEAD", kill_on_drop: false }`
[INFO] [stdout] f17dc96a2829542aa94be15a2072e010f52b33c4
[INFO] testing amidukr/match-variants against 1.100.0-beta.1+cargoflags=--release for beta-release-1.100-2
[INFO] running `Command { std: "git" "clone" "/workspace/cache/git-repos/https%3A%2F%2Fgithub.com%2Famidukr%2Fmatch-variants" "/workspace/builds/worker-5-tc2/source", kill_on_drop: false }`
[INFO] [stderr] Cloning into '/workspace/builds/worker-5-tc2/source'...
[INFO] [stderr] done.
[INFO] started tweaking git repo https://github.com/amidukr/match-variants
[INFO] finished tweaking git repo https://github.com/amidukr/match-variants
[INFO] tweaked toml for git repo https://github.com/amidukr/match-variants written to /workspace/builds/worker-5-tc2/source/Cargo.toml
[INFO] validating manifest of git repo https://github.com/amidukr/match-variants on toolchain 1.100.0-beta.1
[INFO] running `Command { std: CARGO_HOME="/workspace/cargo-home" RUSTUP_HOME="/workspace/rustup-home" "/workspace/cargo-home/bin/cargo" "+1.100.0-beta.1" "metadata" "--manifest-path" "Cargo.toml" "--no-deps", kill_on_drop: false }`
[INFO] crate git repo https://github.com/amidukr/match-variants already has a lockfile, it will not be regenerated
[INFO] running `Command { std: CARGO_HOME="/workspace/cargo-home" RUSTUP_HOME="/workspace/rustup-home" "/workspace/cargo-home/bin/cargo" "+1.100.0-beta.1" "fetch" "--manifest-path" "Cargo.toml", kill_on_drop: false }`
[INFO] running `Command { std: "docker" "create" "-v" "/var/lib/crater-agent-workspace/builds/worker-5-tc2/source:/opt/rustwide/workdir:ro,Z" "-v" "/var/lib/crater-agent-workspace/builds/worker-5-tc2/target:/opt/rustwide/target:rw,Z" "-v" "/var/lib/crater-agent-workspace/cargo-home:/opt/rustwide/cargo-home:ro,Z" "-v" "/var/lib/crater-agent-workspace/rustup-home:/opt/rustwide/rustup-home:ro,Z" "-m" "1610612736" "--network" "none" "ghcr.io/rust-lang/crates-build-env/linux@sha256:77db811e55d90add9212f6832c23229e3de5f1c1f9905e8cb07319ea15df73ac" "sleep" "infinity", kill_on_drop: false }`
[INFO] [stdout] ad5ffbeba7a1d7e5e753cd7876b6a381a60ba10ae1573fb18ac1a40abf8c2b95
[INFO] running `Command { std: "docker" "start" "ad5ffbeba7a1d7e5e753cd7876b6a381a60ba10ae1573fb18ac1a40abf8c2b95", kill_on_drop: false }`
[INFO] running `Command { std: "docker" "inspect" "ad5ffbeba7a1d7e5e753cd7876b6a381a60ba10ae1573fb18ac1a40abf8c2b95", kill_on_drop: false }`
[INFO] running `Command { std: "docker" "exec" "-e" "SOURCE_DIR=/opt/rustwide/workdir" "-e" "CARGO_HOME=/opt/rustwide/cargo-home" "-e" "RUSTUP_HOME=/opt/rustwide/rustup-home" "-e" "CARGO_TARGET_DIR=/opt/rustwide/target" "-w" "/opt/rustwide/workdir" "--user" "0:0" "ad5ffbeba7a1d7e5e753cd7876b6a381a60ba10ae1573fb18ac1a40abf8c2b95" "/opt/rustwide/cargo-home/bin/cargo" "+1.100.0-beta.1" "metadata" "--no-deps" "--format-version=1", kill_on_drop: false }`
[INFO] running `Command { std: "docker" "inspect" "ad5ffbeba7a1d7e5e753cd7876b6a381a60ba10ae1573fb18ac1a40abf8c2b95", kill_on_drop: false }`
[INFO] running `Command { std: "docker" "exec" "-e" "SOURCE_DIR=/opt/rustwide/workdir" "-e" "CARGO_HOME=/opt/rustwide/cargo-home" "-e" "RUSTUP_HOME=/opt/rustwide/rustup-home" "-e" "CARGO_TARGET_DIR=/opt/rustwide/target" "-e" "CARGO_INCREMENTAL=0" "-e" "RUST_BACKTRACE=full" "-e" "RUSTFLAGS=--cap-lints=warn" "-e" "RUSTDOCFLAGS=--cap-lints=warn" "-w" "/opt/rustwide/workdir" "--user" "0:0" "ad5ffbeba7a1d7e5e753cd7876b6a381a60ba10ae1573fb18ac1a40abf8c2b95" "/opt/rustwide/cargo-home/bin/cargo" "+1.100.0-beta.1" "build" "--frozen" "--message-format=json" "--release", kill_on_drop: false }`
[INFO] [stderr]    Compiling match-variants v0.7.0 (/opt/rustwide/workdir)
[INFO] [stderr]     Finished `release` profile [optimized] target(s) in 6.91s
[INFO] running `Command { std: "docker" "inspect" "ad5ffbeba7a1d7e5e753cd7876b6a381a60ba10ae1573fb18ac1a40abf8c2b95", kill_on_drop: false }`
[INFO] running `Command { std: "docker" "exec" "-e" "SOURCE_DIR=/opt/rustwide/workdir" "-e" "CARGO_HOME=/opt/rustwide/cargo-home" "-e" "RUSTUP_HOME=/opt/rustwide/rustup-home" "-e" "CARGO_TARGET_DIR=/opt/rustwide/target" "-e" "CARGO_INCREMENTAL=0" "-e" "RUST_BACKTRACE=full" "-e" "RUSTFLAGS=--cap-lints=warn" "-e" "RUSTDOCFLAGS=--cap-lints=warn" "-w" "/opt/rustwide/workdir" "--user" "0:0" "ad5ffbeba7a1d7e5e753cd7876b6a381a60ba10ae1573fb18ac1a40abf8c2b95" "/opt/rustwide/cargo-home/bin/cargo" "+1.100.0-beta.1" "test" "--frozen" "--no-run" "--message-format=json" "--release", kill_on_drop: false }`
[INFO] [stderr]    Compiling serde_core v1.0.229
[INFO] [stderr]    Compiling serde v1.0.229
[INFO] [stderr]    Compiling target-triple v1.0.1
[INFO] [stderr]    Compiling proc-macro2 v1.0.107
[INFO] [stderr]    Compiling unicode-ident v1.0.24
[INFO] [stderr]    Compiling winnow v1.0.4
[INFO] [stderr]    Compiling quote v1.0.47
[INFO] [stderr]    Compiling toml_writer v1.1.2+spec-1.1.0
[INFO] [stderr]    Compiling match-variants v0.7.0 (/opt/rustwide/workdir)
[INFO] [stderr]    Compiling glob v0.3.4
[INFO] [stderr]    Compiling termcolor v1.4.1
[INFO] [stderr]    Compiling zmij v1.0.23
[INFO] [stderr]    Compiling toml_parser v1.1.3+spec-1.1.0
[INFO] [stderr]    Compiling serde_json v1.0.151
[INFO] [stderr]    Compiling syn v3.0.5
[INFO] [stderr]    Compiling memchr v2.8.3
[INFO] [stderr]    Compiling itoa v1.0.18
[INFO] [stderr]    Compiling toml_datetime v1.1.1+spec-1.1.0
[INFO] [stderr]    Compiling serde_spanned v1.1.1
[INFO] [stderr]    Compiling toml v1.1.5+spec-1.1.0
[INFO] [stderr]    Compiling trybuild v1.0.120
[INFO] [stderr]     Finished `release` profile [optimized] target(s) in 1m 21s
[INFO] running `Command { std: "docker" "inspect" "ad5ffbeba7a1d7e5e753cd7876b6a381a60ba10ae1573fb18ac1a40abf8c2b95", kill_on_drop: false }`
[INFO] running `Command { std: "docker" "exec" "-e" "SOURCE_DIR=/opt/rustwide/workdir" "-e" "CARGO_HOME=/opt/rustwide/cargo-home" "-e" "RUSTUP_HOME=/opt/rustwide/rustup-home" "-e" "CARGO_TARGET_DIR=/opt/rustwide/target" "-e" "CARGO_INCREMENTAL=0" "-e" "RUST_BACKTRACE=full" "-e" "RUSTFLAGS=--cap-lints=warn" "-e" "RUSTDOCFLAGS=--cap-lints=warn" "-w" "/opt/rustwide/workdir" "--user" "0:0" "ad5ffbeba7a1d7e5e753cd7876b6a381a60ba10ae1573fb18ac1a40abf8c2b95" "/opt/rustwide/cargo-home/bin/cargo" "+1.100.0-beta.1" "test" "--frozen" "--release", kill_on_drop: false }`
[INFO] [stderr]     Finished `release` profile [optimized] target(s) in 0.11s
[INFO] [stderr]      Running unittests src/lib.rs (/opt/rustwide/target/release/build/match-variants/26616e79a732cb05/out/match_variants-26616e79a732cb05)
[INFO] [stdout] 
[INFO] [stdout] running 0 tests
[INFO] [stdout] 
[INFO] [stdout] test result: ok. 0 passed; 0 failed; 0 ignored; 0 measured; 0 filtered out; finished in 0.00s
[INFO] [stdout] 
[INFO] [stderr]      Running tests/empty.rs (/opt/rustwide/target/release/build/match-variants/9c69cffc914b8dc5/out/empty-9c69cffc914b8dc5)
[INFO] [stdout] 
[INFO] [stdout] running 1 test
[INFO] [stdout] test supports_empty_enum ... ok
[INFO] [stdout] 
[INFO] [stdout] test result: ok. 1 passed; 0 failed; 0 ignored; 0 measured; 0 filtered out; finished in 0.00s
[INFO] [stdout] 
[INFO] [stderr]      Running tests/generic_enum.rs (/opt/rustwide/target/release/build/match-variants/c8e4ffcf8581a30d/out/generic_enum-c8e4ffcf8581a30d)
[INFO] [stdout] 
[INFO] [stdout] running 2 tests
[INFO] [stdout] test supports_lifetime_generic_enum_payloads ... ok
[INFO] [stderr]      Running tests/heterogeneous.rs (/opt/rustwide/target/release/build/match-variants/2a98de4961d27900/out/heterogeneous-2a98de4961d27900)
[INFO] [stdout] test supports_generic_enum_payloads ... ok
[INFO] [stdout] 
[INFO] [stdout] test result: ok. 2 passed; 0 failed; 0 ignored; 0 measured; 0 filtered out; finished in 0.00s
[INFO] [stdout] 
[INFO] [stdout] 
[INFO] [stdout] running 1 test
[INFO] [stdout] test same_body_can_compile_for_different_concrete_types ... ok
[INFO] [stdout] 
[INFO] [stdout] test result: ok. 1 passed; 0 failed; 0 ignored; 0 measured; 0 filtered out; finished in 0.00s
[INFO] [stdout] 
[INFO] [stderr]      Running tests/homogeneous.rs (/opt/rustwide/target/release/build/match-variants/2b48f73a2ffba83b/out/homogeneous-2b48f73a2ffba83b)
[INFO] [stdout] 
[INFO] [stdout] running 1 test
[INFO] [stdout] test supports_heterogeneous_payload_types ... ok
[INFO] [stdout] 
[INFO] [stdout] test result: ok. 1 passed; 0 failed; 0 ignored; 0 measured; 0 filtered out; finished in 0.00s
[INFO] [stdout] 
[INFO] [stderr]      Running tests/modules.rs (/opt/rustwide/target/release/build/match-variants/f2219edf68ad3576/out/modules-f2219edf68ad3576)
[INFO] [stdout] 
[INFO] [stdout] running 2 tests
[INFO] [stdout] test named_enum_can_be_matched_from_another_module ... ok
[INFO] [stdout] test tuple_enum_can_be_matched_from_another_module ... ok
[INFO] [stdout] 
[INFO] [stdout] test result: ok. 2 passed; 0 failed; 0 ignored; 0 measured; 0 filtered out; finished in 0.01s
[INFO] [stdout] 
[INFO] [stderr]      Running tests/named.rs (/opt/rustwide/target/release/build/match-variants/9015c33605202d43/out/named-9015c33605202d43)
[INFO] [stdout] 
[INFO] [stdout] running 4 tests
[INFO] [stdout] test empty_named_variants_can_be_matched_without_binding_payload ... ok
[INFO] [stdout] test named_variants_can_be_matched_without_binding_payload ... ok
[INFO] [stdout] test named_multiple_fields_are_bound ... ok
[INFO] [stdout] test named_single_field_supports_heterogeneous_types ... ok
[INFO] [stdout] 
[INFO] [stdout] test result: ok. 4 passed; 0 failed; 0 ignored; 0 measured; 0 filtered out; finished in 0.00s
[INFO] [stdout] 
[INFO] [stderr]      Running tests/path_crate.rs (/opt/rustwide/target/release/build/match-variants/e19bd7bede019c6f/out/path_crate-e19bd7bede019c6f)
[INFO] [stdout] 
[INFO] [stdout] running 2 tests
[INFO] [stdout] test supports_two_segment_local_module_enum_path ... ok
[INFO] [stdout] test supports_crate_qualified_enum_path ... ok
[INFO] [stdout] 
[INFO] [stdout] test result: ok. 2 passed; 0 failed; 0 ignored; 0 measured; 0 filtered out; finished in 0.00s
[INFO] [stdout] 
[INFO] [stderr]      Running tests/path_nested.rs (/opt/rustwide/target/release/build/match-variants/0032678444009be3/out/path_nested-0032678444009be3)
[INFO] [stdout] 
[INFO] [stdout] running 1 test
[INFO] [stdout] test supports_nested_crate_qualified_enum_path ... ok
[INFO] [stdout] 
[INFO] [stdout] test result: ok. 1 passed; 0 failed; 0 ignored; 0 measured; 0 filtered out; finished in 0.01s
[INFO] [stdout] 
[INFO] [stderr]      Running tests/patterns.rs (/opt/rustwide/target/release/build/match-variants/98f150edd1bd4726/out/patterns-98f150edd1bd4726)
[INFO] [stdout] 
[INFO] [stdout] running 3 tests
[INFO] [stdout] test tuple_patterns_support_ref_mut_nested_and_trailing_commas ... ok
[INFO] [stdout] test tuple_patterns_support_wildcards_and_at_bindings ... ok
[INFO] [stdout] test named_patterns_support_ref_at_wildcards_and_trailing_commas ... ok
[INFO] [stdout] 
[INFO] [stdout] test result: ok. 3 passed; 0 failed; 0 ignored; 0 measured; 0 filtered out; finished in 0.01s
[INFO] [stdout] 
[INFO] [stderr]      Running tests/readme_examples.rs (/opt/rustwide/target/release/build/match-variants/5a9d3c83d5e12d7e/out/readme_examples-5a9d3c83d5e12d7e)
[INFO] [stdout] 
[INFO] [stdout] running 5 tests
[INFO] [stdout] test module_example::works ... ok
[INFO] [stdout] test intro::works ... ok
[INFO] [stdout] test tuple_variant_type_payload::works ... ok
[INFO] [stderr]      Running tests/tuple.rs (/opt/rustwide/target/release/build/match-variants/02dd839967a44146/out/tuple-02dd839967a44146)
[INFO] [stdout] test named_variant_type_payload::works ... ok
[INFO] [stdout] test generic_type_binding::works ... ok
[INFO] [stdout] 
[INFO] [stdout] test result: ok. 5 passed; 0 failed; 0 ignored; 0 measured; 0 filtered out; finished in 0.01s
[INFO] [stdout] 
[INFO] [stdout] 
[INFO] [stdout] running 5 tests
[INFO] [stderr]      Running tests/type_binding_generics.rs (/opt/rustwide/target/release/build/match-variants/2694ec291af964aa/out/type_binding_generics-2694ec291af964aa)
[INFO] [stdout] test empty_tuple_variants_can_be_matched_without_binding_payload ... ok
[INFO] [stdout] test applies_expression_to_all_variants ... ok
[INFO] [stdout] test tuple_variants_can_be_matched_without_binding_payload ... ok
[INFO] [stdout] test empty_tuple_variants_accept_empty_tuple_pattern ... ok
[INFO] [stdout] test tuple_multiple_fields_are_bound ... ok
[INFO] [stdout] 
[INFO] [stdout] test result: ok. 5 passed; 0 failed; 0 ignored; 0 measured; 0 filtered out; finished in 0.00s
[INFO] [stdout] 
[INFO] [stdout] 
[INFO] [stdout] running 1 test
[INFO] [stdout] test supports_generic_type_binding_with_constraint ... ok
[INFO] [stdout] 
[INFO] [stderr]      Running tests/unit.rs (/opt/rustwide/target/release/build/match-variants/aa361af3e76c1615/out/unit-aa361af3e76c1615)
[INFO] [stdout] test result: ok. 1 passed; 0 failed; 0 ignored; 0 measured; 0 filtered out; finished in 0.01s
[INFO] [stdout] 
[INFO] [stdout] 
[INFO] [stdout] running 1 test
[INFO] [stdout] test supports_unit_variants ... ok
[INFO] [stdout] 
[INFO] [stdout] test result: ok. 1 passed; 0 failed; 0 ignored; 0 measured; 0 filtered out; finished in 0.00s
[INFO] [stdout] 
[INFO] [stderr]      Running tests/variant_type.rs (/opt/rustwide/target/release/build/match-variants/5049a3330fea765f/out/variant_type-5049a3330fea765f)
[INFO] [stdout] 
[INFO] [stdout] running 3 tests
[INFO] [stdout] test works_with_complete_metadata_and_type_binding ... ok
[INFO] [stdout] test works_without_metadata_and_without_type_binding ... ok
[INFO] [stdout] test works_with_complete_metadata_without_type_binding ... ok
[INFO] [stdout] 
[INFO] [stdout] test result: ok. 3 passed; 0 failed; 0 ignored; 0 measured; 0 filtered out; finished in 0.00s
[INFO] [stdout] 
[INFO] [stderr]      Running tests/variant_type_compile_fail.rs (/opt/rustwide/target/release/build/match-variants/2d0e1f62c8ad6358/out/variant_type_compile_fail-2d0e1f62c8ad6358)
[INFO] [stdout] 
[INFO] [stdout] running 1 test
[INFO] [stderr]    Compiling proc-macro2 v1.0.107
[INFO] [stderr]    Compiling quote v1.0.47
[INFO] [stderr]    Compiling unicode-ident v1.0.24
[INFO] [stderr]     Checking syn v3.0.5
[INFO] [stderr]    Compiling match-variants v0.7.0 (/opt/rustwide/workdir)
[INFO] [stderr]     Checking match-variants-tests v0.0.0 (/opt/rustwide/target/tests/trybuild/match-variants)
[INFO] [stderr]     Finished `dev` profile [unoptimized + debuginfo] target(s) in 10.15s
[INFO] [stderr] 
[INFO] [stderr] 
[INFO] [stderr] test tests/ui/empty_with_pattern.rs ... mismatch
[INFO] [stderr] 
[INFO] [stderr] EXPECTED:
[INFO] [stderr] ┈┈┈┈┈┈┈┈┈┈┈┈┈┈┈┈┈┈┈┈┈┈┈┈┈┈┈┈┈┈┈┈┈┈┈┈┈┈┈┈┈┈┈┈┈┈┈┈┈┈┈┈┈┈┈┈┈┈┈┈
[INFO] [stderr] error: cannot use a variant pattern with an empty enum
[INFO] [stderr]   --> tests/ui/empty_with_pattern.rs:3:10
[INFO] [stderr]    |
[INFO] [stderr]  3 |   #[derive(MatchVariants)]
[INFO] [stderr]    |            ^^^^^^^^^^^^^
[INFO] [stderr] ...
[INFO] [stderr]  7 | /     match_variants!(Empty, value, (x), {
[INFO] [stderr]  8 | |         let _ = x;
[INFO] [stderr]  9 | |         42
[INFO] [stderr] 10 | |     })
[INFO] [stderr]    | |______- in this macro invocation
[INFO] [stderr]    |
[INFO] [stderr]    = note: this error originates in the macro `match_variants_for_Empty` which comes from the expansion of the macro `match_variants` (in Nightly builds, run with -Z macro-backtrace for more info)
[INFO] [stderr] ┈┈┈┈┈┈┈┈┈┈┈┈┈┈┈┈┈┈┈┈┈┈┈┈┈┈┈┈┈┈┈┈┈┈┈┈┈┈┈┈┈┈┈┈┈┈┈┈┈┈┈┈┈┈┈┈┈┈┈┈
[INFO] [stderr] 
[INFO] [stderr] ACTUAL OUTPUT:
[INFO] [stderr] ┈┈┈┈┈┈┈┈┈┈┈┈┈┈┈┈┈┈┈┈┈┈┈┈┈┈┈┈┈┈┈┈┈┈┈┈┈┈┈┈┈┈┈┈┈┈┈┈┈┈┈┈┈┈┈┈┈┈┈┈
[INFO] [stderr] error: cannot use a variant pattern with an empty enum
[INFO] [stderr]   --> tests/ui/empty_with_pattern.rs:3:10
[INFO] [stderr]    |
[INFO] [stderr]  3 |   #[derive(MatchVariants)]
[INFO] [stderr]    |            ^^^^^^^^^^^^^
[INFO] [stderr] ...
[INFO] [stderr]  7 | /     match_variants!(Empty, value, (x), {
[INFO] [stderr]  8 | |         let _ = x;
[INFO] [stderr]  9 | |         42
[INFO] [stderr] 10 | |     })
[INFO] [stderr]    | |______- in this macro invocation
[INFO] [stderr] ┈┈┈┈┈┈┈┈┈┈┈┈┈┈┈┈┈┈┈┈┈┈┈┈┈┈┈┈┈┈┈┈┈┈┈┈┈┈┈┈┈┈┈┈┈┈┈┈┈┈┈┈┈┈┈┈┈┈┈┈
[INFO] [stderr] note: If the actual output is the correct output you can bless it by rerunning
[INFO] [stderr]       your test with the environment variable TRYBUILD=overwrite
[INFO] [stderr] 
[INFO] [stderr] test tests/ui/non_enum.rs ... ok
[INFO] [stderr] test tests/ui/unit_with_pattern.rs ... mismatch
[INFO] [stderr] 
[INFO] [stderr] EXPECTED:
[INFO] [stderr] ┈┈┈┈┈┈┈┈┈┈┈┈┈┈┈┈┈┈┈┈┈┈┈┈┈┈┈┈┈┈┈┈┈┈┈┈┈┈┈┈┈┈┈┈┈┈┈┈┈┈┈┈┈┈┈┈┈┈┈┈
[INFO] [stderr] error: cannot use a variant pattern with unit variants
[INFO] [stderr]   --> tests/ui/unit_with_pattern.rs:3:10
[INFO] [stderr]    |
[INFO] [stderr]  3 |   #[derive(MatchVariants)]
[INFO] [stderr]    |            ^^^^^^^^^^^^^
[INFO] [stderr] ...
[INFO] [stderr] 10 | /     match_variants!(Value, value, (x), {
[INFO] [stderr] 11 | |         let _ = x;
[INFO] [stderr] 12 | |         42
[INFO] [stderr] 13 | |     })
[INFO] [stderr]    | |______- in this macro invocation
[INFO] [stderr]    |
[INFO] [stderr]    = note: this error originates in the macro `match_variants_for_Value` which comes from the expansion of the macro `match_variants` (in Nightly builds, run with -Z macro-backtrace for more info)
[INFO] [stderr] ┈┈┈┈┈┈┈┈┈┈┈┈┈┈┈┈┈┈┈┈┈┈┈┈┈┈┈┈┈┈┈┈┈┈┈┈┈┈┈┈┈┈┈┈┈┈┈┈┈┈┈┈┈┈┈┈┈┈┈┈
[INFO] [stderr] 
[INFO] [stderr] ACTUAL OUTPUT:
[INFO] [stderr] ┈┈┈┈┈┈┈┈┈┈┈┈┈┈┈┈┈┈┈┈┈┈┈┈┈┈┈┈┈┈┈┈┈┈┈┈┈┈┈┈┈┈┈┈┈┈┈┈┈┈┈┈┈┈┈┈┈┈┈┈
[INFO] [stderr] error: cannot use a variant pattern with unit variants
[INFO] [stderr]   --> tests/ui/unit_with_pattern.rs:3:10
[INFO] [stderr]    |
[INFO] [stderr]  3 |   #[derive(MatchVariants)]
[INFO] [stderr]    |            ^^^^^^^^^^^^^
[INFO] [stderr] ...
[INFO] [stderr] 10 | /     match_variants!(Value, value, (x), {
[INFO] [stderr] 11 | |         let _ = x;
[INFO] [stderr] 12 | |         42
[INFO] [stderr] 13 | |     })
[INFO] [stderr]    | |______- in this macro invocation
[INFO] [stderr] ┈┈┈┈┈┈┈┈┈┈┈┈┈┈┈┈┈┈┈┈┈┈┈┈┈┈┈┈┈┈┈┈┈┈┈┈┈┈┈┈┈┈┈┈┈┈┈┈┈┈┈┈┈┈┈┈┈┈┈┈
[INFO] [stderr] note: If the actual output is the correct output you can bless it by rerunning
[INFO] [stderr]       your test with the environment variable TRYBUILD=overwrite
[INFO] [stderr] 
[INFO] [stderr] test tests/ui/mixed_variant_kinds.rs ... ok
[INFO] [stderr] test tests/ui/match_variants_invalid_named_pattern.rs ... ok
[INFO] [stderr] test tests/ui/match_variants_invalid_tuple_pattern.rs ... ok
[INFO] [stderr] test tests/ui/match_variants_empty_named_pattern.rs ... mismatch
[INFO] [stderr] 
[INFO] [stderr] EXPECTED:
[INFO] [stderr] ┈┈┈┈┈┈┈┈┈┈┈┈┈┈┈┈┈┈┈┈┈┈┈┈┈┈┈┈┈┈┈┈┈┈┈┈┈┈┈┈┈┈┈┈┈┈┈┈┈┈┈┈┈┈┈┈┈┈┈┈
[INFO] [stderr] error: expected identifier, found `,`
[INFO] [stderr]   --> tests/ui/match_variants_empty_named_pattern.rs:3:10
[INFO] [stderr]    |
[INFO] [stderr]  3 | #[derive(MatchVariants)]
[INFO] [stderr]    |          ^^^^^^^^^^^^^ expected identifier
[INFO] [stderr]  4 | enum Value {
[INFO] [stderr]  5 |     Foo {},
[INFO] [stderr]    |     --- while parsing the fields for this pattern
[INFO] [stderr] ...
[INFO] [stderr] 12 |     let _ = match_variants!(Value, value, {}, 42);
[INFO] [stderr]    |             ------------------------------------- in this macro invocation
[INFO] [stderr]    |
[INFO] [stderr]    = note: this error originates in the macro `match_variants_for_Value` which comes from the expansion of the macro `match_variants` (in Nightly builds, run with -Z macro-backtrace for more info)
[INFO] [stderr] 
[INFO] [stderr] error: expected identifier, found `,`
[INFO] [stderr]   --> tests/ui/match_variants_empty_named_pattern.rs:3:10
[INFO] [stderr]    |
[INFO] [stderr]  3 | #[derive(MatchVariants)]
[INFO] [stderr]    |          ^^^^^^^^^^^^^ expected identifier
[INFO] [stderr] ...
[INFO] [stderr]  6 |     Bar {},
[INFO] [stderr]    |     --- while parsing the fields for this pattern
[INFO] [stderr] ...
[INFO] [stderr] 12 |     let _ = match_variants!(Value, value, {}, 42);
[INFO] [stderr]    |             ------------------------------------- in this macro invocation
[INFO] [stderr]    |
[INFO] [stderr]    = note: this error originates in the macro `match_variants_for_Value` which comes from the expansion of the macro `match_variants` (in Nightly builds, run with -Z macro-backtrace for more info)
[INFO] [stderr] ┈┈┈┈┈┈┈┈┈┈┈┈┈┈┈┈┈┈┈┈┈┈┈┈┈┈┈┈┈┈┈┈┈┈┈┈┈┈┈┈┈┈┈┈┈┈┈┈┈┈┈┈┈┈┈┈┈┈┈┈
[INFO] [stderr] 
[INFO] [stderr] ACTUAL OUTPUT:
[INFO] [stderr] ┈┈┈┈┈┈┈┈┈┈┈┈┈┈┈┈┈┈┈┈┈┈┈┈┈┈┈┈┈┈┈┈┈┈┈┈┈┈┈┈┈┈┈┈┈┈┈┈┈┈┈┈┈┈┈┈┈┈┈┈
[INFO] [stderr] error: expected identifier, found `,`
[INFO] [stderr]   --> tests/ui/match_variants_empty_named_pattern.rs:3:10
[INFO] [stderr]    |
[INFO] [stderr]  3 | #[derive(MatchVariants)]
[INFO] [stderr]    |          ^^^^^^^^^^^^^ expected identifier
[INFO] [stderr]  4 | enum Value {
[INFO] [stderr]  5 |     Foo {},
[INFO] [stderr]    |     --- while parsing the fields for this pattern
[INFO] [stderr] ...
[INFO] [stderr] 12 |     let _ = match_variants!(Value, value, {}, 42);
[INFO] [stderr]    |             ------------------------------------- in this macro invocation
[INFO] [stderr] 
[INFO] [stderr] error: expected identifier, found `,`
[INFO] [stderr]   --> tests/ui/match_variants_empty_named_pattern.rs:3:10
[INFO] [stderr]    |
[INFO] [stderr]  3 | #[derive(MatchVariants)]
[INFO] [stderr]    |          ^^^^^^^^^^^^^ expected identifier
[INFO] [stderr] ...
[INFO] [stderr]  6 |     Bar {},
[INFO] [stderr]    |     --- while parsing the fields for this pattern
[INFO] [stderr] ...
[INFO] [stderr] 12 |     let _ = match_variants!(Value, value, {}, 42);
[INFO] [stderr]    |             ------------------------------------- in this macro invocation
[INFO] [stderr] ┈┈┈┈┈┈┈┈┈┈┈┈┈┈┈┈┈┈┈┈┈┈┈┈┈┈┈┈┈┈┈┈┈┈┈┈┈┈┈┈┈┈┈┈┈┈┈┈┈┈┈┈┈┈┈┈┈┈┈┈
[INFO] [stderr] note: If the actual output is the correct output you can bless it by rerunning
[INFO] [stderr]       your test with the environment variable TRYBUILD=overwrite
[INFO] [stderr] 
[INFO] [stderr] test tests/ui/match_variants_type_missing_comma.rs ... ok
[INFO] [stderr] test tests/ui/empty_variant_type_missing.rs ... mismatch
[INFO] [stderr] 
[INFO] [stderr] EXPECTED:
[INFO] [stderr] ┈┈┈┈┈┈┈┈┈┈┈┈┈┈┈┈┈┈┈┈┈┈┈┈┈┈┈┈┈┈┈┈┈┈┈┈┈┈┈┈┈┈┈┈┈┈┈┈┈┈┈┈┈┈┈┈┈┈┈┈
[INFO] [stderr] error: `type` binding requires #[variant_type(...)] on every enum variant
[INFO] [stderr]   --> tests/ui/empty_variant_type_missing.rs:3:10
[INFO] [stderr]    |
[INFO] [stderr]  3 |   #[derive(MatchVariants)]
[INFO] [stderr]    |            ^^^^^^^^^^^^^
[INFO] [stderr] ...
[INFO] [stderr] 11 | /     match_variants!(Empty, value, type T, {
[INFO] [stderr] 12 | |         process::<T>()
[INFO] [stderr] 13 | |     })
[INFO] [stderr]    | |______- in this macro invocation
[INFO] [stderr]    |
[INFO] [stderr]    = note: this error originates in the macro `match_variants_for_Empty` which comes from the expansion of the macro `match_variants` (in Nightly builds, run with -Z macro-backtrace for more info)
[INFO] [stderr] ┈┈┈┈┈┈┈┈┈┈┈┈┈┈┈┈┈┈┈┈┈┈┈┈┈┈┈┈┈┈┈┈┈┈┈┈┈┈┈┈┈┈┈┈┈┈┈┈┈┈┈┈┈┈┈┈┈┈┈┈
[INFO] [stderr] 
[INFO] [stderr] ACTUAL OUTPUT:
[INFO] [stderr] ┈┈┈┈┈┈┈┈┈┈┈┈┈┈┈┈┈┈┈┈┈┈┈┈┈┈┈┈┈┈┈┈┈┈┈┈┈┈┈┈┈┈┈┈┈┈┈┈┈┈┈┈┈┈┈┈┈┈┈┈
[INFO] [stderr] error: `type` binding requires #[variant_type(...)] on every enum variant
[INFO] [stderr]   --> tests/ui/empty_variant_type_missing.rs:3:10
[INFO] [stderr]    |
[INFO] [stderr]  3 |   #[derive(MatchVariants)]
[INFO] [stderr]    |            ^^^^^^^^^^^^^
[INFO] [stderr] ...
[INFO] [stderr] 11 | /     match_variants!(Empty, value, type T, {
[INFO] [stderr] 12 | |         process::<T>()
[INFO] [stderr] 13 | |     })
[INFO] [stderr]    | |______- in this macro invocation
[INFO] [stderr] ┈┈┈┈┈┈┈┈┈┈┈┈┈┈┈┈┈┈┈┈┈┈┈┈┈┈┈┈┈┈┈┈┈┈┈┈┈┈┈┈┈┈┈┈┈┈┈┈┈┈┈┈┈┈┈┈┈┈┈┈
[INFO] [stderr] note: If the actual output is the correct output you can bless it by rerunning
[INFO] [stderr]       your test with the environment variable TRYBUILD=overwrite
[INFO] [stderr] 
[INFO] [stderr] test tests/ui/variant_type_duplicate.rs ... ok
[INFO] [stderr] test tests/ui/variant_type_invalid.rs ... ok
[INFO] [stderr] test tests/ui/variant_type_generic_param.rs ... ok
[INFO] [stderr] test tests/ui/variant_type_missing.rs ... mismatch
[INFO] [stderr] 
[INFO] [stderr] EXPECTED:
[INFO] [stderr] ┈┈┈┈┈┈┈┈┈┈┈┈┈┈┈┈┈┈┈┈┈┈┈┈┈┈┈┈┈┈┈┈┈┈┈┈┈┈┈┈┈┈┈┈┈┈┈┈┈┈┈┈┈┈┈┈┈┈┈┈
[INFO] [stderr] error: `type` binding requires #[variant_type(...)] on every enum variant
[INFO] [stderr]   --> tests/ui/variant_type_missing.rs:3:10
[INFO] [stderr]    |
[INFO] [stderr]  3 |   #[derive(MatchVariants)]
[INFO] [stderr]    |            ^^^^^^^^^^^^^
[INFO] [stderr] ...
[INFO] [stderr] 16 |       let _ = match_variants!(
[INFO] [stderr]    |  _____________-
[INFO] [stderr] 17 | |         Value,
[INFO] [stderr] 18 | |         value,
[INFO] [stderr] 19 | |         type T,
[INFO] [stderr] ...  |
[INFO] [stderr] 24 | |     );
[INFO] [stderr]    | |_____- in this macro invocation
[INFO] [stderr]    |
[INFO] [stderr]    = note: this error originates in the macro `match_variants_for_Value` which comes from the expansion of the macro `match_variants` (in Nightly builds, run with -Z macro-backtrace for more info)
[INFO] [stderr] ┈┈┈┈┈┈┈┈┈┈┈┈┈┈┈┈┈┈┈┈┈┈┈┈┈┈┈┈┈┈┈┈┈┈┈┈┈┈┈┈┈┈┈┈┈┈┈┈┈┈┈┈┈┈┈┈┈┈┈┈
[INFO] [stderr] 
[INFO] [stderr] ACTUAL OUTPUT:
[INFO] [stderr] ┈┈┈┈┈┈┈┈┈┈┈┈┈┈┈┈┈┈┈┈┈┈┈┈┈┈┈┈┈┈┈┈┈┈┈┈┈┈┈┈┈┈┈┈┈┈┈┈┈┈┈┈┈┈┈┈┈┈┈┈
[INFO] [stderr] error: `type` binding requires #[variant_type(...)] on every enum variant
[INFO] [stderr]   --> tests/ui/variant_type_missing.rs:3:10
[INFO] [stderr]    |
[INFO] [stderr]  3 |   #[derive(MatchVariants)]
[INFO] [stderr]    |            ^^^^^^^^^^^^^
[INFO] [stderr] ...
[INFO] [stderr] 16 |       let _ = match_variants!(
[INFO] [stderr]    |  _____________-
[INFO] [stderr] 17 | |         Value,
[INFO] [stderr] 18 | |         value,
[INFO] [stderr] 19 | |         type T,
[INFO] [stderr] ...  |
[INFO] [stderr] 24 | |     );
[INFO] [stderr]    | |_____- in this macro invocation
[INFO] [stderr] ┈┈┈┈┈┈┈┈┈┈┈┈┈┈┈┈┈┈┈┈┈┈┈┈┈┈┈┈┈┈┈┈┈┈┈┈┈┈┈┈┈┈┈┈┈┈┈┈┈┈┈┈┈┈┈┈┈┈┈┈
[INFO] [stderr] note: If the actual output is the correct output you can bless it by rerunning
[INFO] [stderr]       your test with the environment variable TRYBUILD=overwrite
[INFO] [stderr] 
[INFO] [stderr] test tests/ui/variant_type_partial.rs ... ok
[INFO] [stderr] test tests/ui/unit_variant_type_missing.rs ... mismatch
[INFO] [stderr] 
[INFO] [stderr] EXPECTED:
[INFO] [stderr] ┈┈┈┈┈┈┈┈┈┈┈┈┈┈┈┈┈┈┈┈┈┈┈┈┈┈┈┈┈┈┈┈┈┈┈┈┈┈┈┈┈┈┈┈┈┈┈┈┈┈┈┈┈┈┈┈┈┈┈┈
[INFO] [stderr] error: `type` binding requires #[variant_type(...)] on every enum variant
[INFO] [stderr]   --> tests/ui/unit_variant_type_missing.rs:3:10
[INFO] [stderr]    |
[INFO] [stderr]  3 |   #[derive(MatchVariants)]
[INFO] [stderr]    |            ^^^^^^^^^^^^^
[INFO] [stderr] ...
[INFO] [stderr] 10 | /     match_variants!(Value, value, type T, {
[INFO] [stderr] 11 | |         let _: Option<T> = None;
[INFO] [stderr] 12 | |     })
[INFO] [stderr]    | |______- in this macro invocation
[INFO] [stderr]    |
[INFO] [stderr]    = note: this error originates in the macro `match_variants_for_Value` which comes from the expansion of the macro `match_variants` (in Nightly builds, run with -Z macro-backtrace for more info)
[INFO] [stderr] ┈┈┈┈┈┈┈┈┈┈┈┈┈┈┈┈┈┈┈┈┈┈┈┈┈┈┈┈┈┈┈┈┈┈┈┈┈┈┈┈┈┈┈┈┈┈┈┈┈┈┈┈┈┈┈┈┈┈┈┈
[INFO] [stderr] 
[INFO] [stderr] ACTUAL OUTPUT:
[INFO] [stderr] ┈┈┈┈┈┈┈┈┈┈┈┈┈┈┈┈┈┈┈┈┈┈┈┈┈┈┈┈┈┈┈┈┈┈┈┈┈┈┈┈┈┈┈┈┈┈┈┈┈┈┈┈┈┈┈┈┈┈┈┈
[INFO] [stderr] error: `type` binding requires #[variant_type(...)] on every enum variant
[INFO] [stderr]   --> tests/ui/unit_variant_type_missing.rs:3:10
[INFO] [stderr]    |
[INFO] [stderr]  3 |   #[derive(MatchVariants)]
[INFO] [stderr]    |            ^^^^^^^^^^^^^
[INFO] [stderr] ...
[INFO] [stderr] 10 | /     match_variants!(Value, value, type T, {
[INFO] [stderr] 11 | |         let _: Option<T> = None;
[INFO] [stderr] 12 | |     })
[INFO] [stderr]    | |______- in this macro invocation
[INFO] [stderr] ┈┈┈┈┈┈┈┈┈┈┈┈┈┈┈┈┈┈┈┈┈┈┈┈┈┈┈┈┈┈┈┈┈┈┈┈┈┈┈┈┈┈┈┈┈┈┈┈┈┈┈┈┈┈┈┈┈┈┈┈
[INFO] [stderr] note: If the actual output is the correct output you can bless it by rerunning
[INFO] [stderr]       your test with the environment variable TRYBUILD=overwrite
[INFO] [stderr] 
[INFO] [stderr] 
[INFO] [stderr] 
[INFO] [stdout] test variant_type_compile_failures ... FAILED
[INFO] [stdout] 
[INFO] [stdout] failures:
[INFO] [stdout] 
[INFO] [stdout] ---- variant_type_compile_failures stdout ----
[INFO] [stdout] 
[INFO] [stdout] thread 'variant_type_compile_failures' (1116) panicked at /opt/rustwide/cargo-home/registry/src/index.crates.io-1949cf8c6b5b557f/trybuild-1.0.120/src/run.rs:103:13:
[INFO] [stdout] 6 of 15 tests failed
[INFO] [stdout] stack backtrace:
[INFO] [stdout]    0:     0x5df84780b131 - <<std[617be2ca0a6fd877]::sys::backtrace::BacktraceLock>::print::DisplayBacktrace as core[a373ad73a504971]::fmt::Display>::fmt
[INFO] [stdout]    1:     0x5df84782141a - core[a373ad73a504971]::fmt::write
[INFO] [stdout]    2:     0x5df84780f97c - <alloc[2e1b2a31b91974c5]::vec::Vec<u8> as core[a373ad73a504971]::io::write::Write>::write_fmt
[INFO] [stdout]    3:     0x5df8477e4596 - std[617be2ca0a6fd877]::panicking::default_hook::{closure#0}
[INFO] [stdout]    4:     0x5df8478026d9 - std[617be2ca0a6fd877]::panicking::default_hook
[INFO] [stdout]    5:     0x5df84779bce0 - test[aada8e7e76ba119b]::test_main_inner::{closure#0}
[INFO] [stdout]    6:     0x5df847802892 - std[617be2ca0a6fd877]::panicking::panic_with_hook
[INFO] [stdout]    7:     0x5df8477e4642 - std[617be2ca0a6fd877]::panicking::panic_handler::{closure#0}
[INFO] [stdout]    8:     0x5df8477dce99 - std[617be2ca0a6fd877]::sys::backtrace::__rust_end_short_backtrace::<std[617be2ca0a6fd877]::panicking::panic_handler::{closure#0}, !>
[INFO] [stdout]    9:     0x5df8477e524d - __rustc[ea4f61d10b84890b]::rust_begin_unwind
[INFO] [stdout]   10:     0x5df847821b8c - core[a373ad73a504971]::panicking::panic_fmt
[INFO] [stdout]   11:     0x5df8476ef888 - <trybuild[b96e021179563774]::Runner>::run
[INFO] [stdout]   12:     0x5df8476f2af0 - <trybuild[b96e021179563774]::TestCases as core[a373ad73a504971]::ops::drop::Drop>::drop
[INFO] [stdout]   13:     0x5df8476e92be - <variant_type_compile_fail[5657914cd34b358a]::variant_type_compile_failures::{closure#0} as core[a373ad73a504971]::ops::function::FnOnce<()>>::call_once
[INFO] [stdout]   14:     0x5df84778f12b - test[aada8e7e76ba119b]::__rust_begin_short_backtrace::<core[a373ad73a504971]::result::Result<(), alloc[2e1b2a31b91974c5]::string::String>, fn() -> core[a373ad73a504971]::result::Result<(), alloc[2e1b2a31b91974c5]::string::String>>
[INFO] [stdout]   15:     0x5df84779c305 - test[aada8e7e76ba119b]::run_test::{closure#0}
[INFO] [stdout]   16:     0x5df847795bf4 - std[617be2ca0a6fd877]::sys::backtrace::__rust_begin_short_backtrace::<test[aada8e7e76ba119b]::run_test::{closure#1}, ()>
[INFO] [stdout]   17:     0x5df84779f392 - <std[617be2ca0a6fd877]::thread::lifecycle::spawn_unchecked<test[aada8e7e76ba119b]::run_test::{closure#1}, ()>::{closure#1} as core[a373ad73a504971]::ops::function::FnOnce<()>>::call_once::{shim:vtable#0}
[INFO] [stdout]   18:     0x5df84780a38f - <std[617be2ca0a6fd877]::sys::thread::unix::Thread>::new::thread_start
[INFO] [stdout]   19:     0x76c802d0edfa - <unknown>
[INFO] [stdout]   20:     0x76c802da23d4 - clone
[INFO] [stdout]   21:                0x0 - <unknown>
[INFO] [stdout] 
[INFO] [stdout] 
[INFO] [stdout] failures:
[INFO] [stdout]     variant_type_compile_failures
[INFO] [stdout] 
[INFO] [stdout] test result: FAILED. 0 passed; 1 failed; 0 ignored; 0 measured; 0 filtered out; finished in 13.69s
[INFO] [stdout] 
[INFO] [stderr] error: test failed, to rerun pass `--test variant_type_compile_fail`
[INFO] running `Command { std: "docker" "inspect" "ad5ffbeba7a1d7e5e753cd7876b6a381a60ba10ae1573fb18ac1a40abf8c2b95", kill_on_drop: false }`
[INFO] running `Command { std: "docker" "rm" "-f" "ad5ffbeba7a1d7e5e753cd7876b6a381a60ba10ae1573fb18ac1a40abf8c2b95", kill_on_drop: false }`
[INFO] [stdout] ad5ffbeba7a1d7e5e753cd7876b6a381a60ba10ae1573fb18ac1a40abf8c2b95
