[INFO] cloning repository https://github.com/alphonsasooter/RateLimiter
[INFO] running `Command { std: "git" "-c" "credential.helper=" "-c" "credential.helper=/workspace/cargo-home/bin/git-credential-null" "clone" "--bare" "https://github.com/alphonsasooter/RateLimiter" "/workspace/cache/git-repos/https%3A%2F%2Fgithub.com%2Falphonsasooter%2FRateLimiter", kill_on_drop: false }`
[INFO] [stderr] Cloning into bare repository '/workspace/cache/git-repos/https%3A%2F%2Fgithub.com%2Falphonsasooter%2FRateLimiter'...
[INFO] running `Command { std: "git" "rev-parse" "HEAD", kill_on_drop: false }`
[INFO] [stdout] f5ad1f797237051063c322fcf450c0a6caf832e8
[INFO] testing alphonsasooter/RateLimiter against 1.99.0-beta.8+cargoflags=--release for beta-release-1.100-2
[INFO] running `Command { std: "git" "clone" "/workspace/cache/git-repos/https%3A%2F%2Fgithub.com%2Falphonsasooter%2FRateLimiter" "/workspace/builds/worker-1-tc1/source", kill_on_drop: false }`
[INFO] [stderr] Cloning into '/workspace/builds/worker-1-tc1/source'...
[INFO] [stderr] done.
[INFO] started tweaking git repo https://github.com/alphonsasooter/RateLimiter
[INFO] finished tweaking git repo https://github.com/alphonsasooter/RateLimiter
[INFO] tweaked toml for git repo https://github.com/alphonsasooter/RateLimiter written to /workspace/builds/worker-1-tc1/source/Cargo.toml
[INFO] validating manifest of git repo https://github.com/alphonsasooter/RateLimiter on toolchain 1.99.0-beta.8
[INFO] running `Command { std: CARGO_HOME="/workspace/cargo-home" RUSTUP_HOME="/workspace/rustup-home" "/workspace/cargo-home/bin/cargo" "+1.99.0-beta.8" "metadata" "--manifest-path" "Cargo.toml" "--no-deps", kill_on_drop: false }`
[INFO] crate git repo https://github.com/alphonsasooter/RateLimiter already has a lockfile, it will not be regenerated
[INFO] running `Command { std: CARGO_HOME="/workspace/cargo-home" RUSTUP_HOME="/workspace/rustup-home" "/workspace/cargo-home/bin/cargo" "+1.99.0-beta.8" "fetch" "--manifest-path" "Cargo.toml", kill_on_drop: false }`
[INFO] [stderr]  Downloading crates ...
[INFO] [stderr]   Downloaded iri-string v0.7.11
[INFO] [stderr]   Downloaded redis v0.25.4
[INFO] [stderr]   Downloaded rustls v0.23.37
[INFO] running `Command { std: "docker" "create" "-v" "/var/lib/crater-agent-workspace/builds/worker-1-tc1/source:/opt/rustwide/workdir:ro,Z" "-v" "/var/lib/crater-agent-workspace/builds/worker-1-tc1/target:/opt/rustwide/target:rw,Z" "-v" "/var/lib/crater-agent-workspace/cargo-home:/opt/rustwide/cargo-home:ro,Z" "-v" "/var/lib/crater-agent-workspace/rustup-home:/opt/rustwide/rustup-home:ro,Z" "-m" "1610612736" "--network" "none" "ghcr.io/rust-lang/crates-build-env/linux@sha256:77db811e55d90add9212f6832c23229e3de5f1c1f9905e8cb07319ea15df73ac" "sleep" "infinity", kill_on_drop: false }`
[INFO] [stdout] 2f698c3b3022aaf62072a93b115a2ad856df4af91c703448ebb67bf7b863d9ce
[INFO] running `Command { std: "docker" "start" "2f698c3b3022aaf62072a93b115a2ad856df4af91c703448ebb67bf7b863d9ce", kill_on_drop: false }`
[INFO] running `Command { std: "docker" "inspect" "2f698c3b3022aaf62072a93b115a2ad856df4af91c703448ebb67bf7b863d9ce", kill_on_drop: false }`
[INFO] running `Command { std: "docker" "exec" "-e" "SOURCE_DIR=/opt/rustwide/workdir" "-e" "CARGO_HOME=/opt/rustwide/cargo-home" "-e" "RUSTUP_HOME=/opt/rustwide/rustup-home" "-e" "CARGO_TARGET_DIR=/opt/rustwide/target" "-w" "/opt/rustwide/workdir" "--user" "0:0" "2f698c3b3022aaf62072a93b115a2ad856df4af91c703448ebb67bf7b863d9ce" "/opt/rustwide/cargo-home/bin/cargo" "+1.99.0-beta.8" "metadata" "--no-deps" "--format-version=1", kill_on_drop: false }`
[INFO] running `Command { std: "docker" "inspect" "2f698c3b3022aaf62072a93b115a2ad856df4af91c703448ebb67bf7b863d9ce", kill_on_drop: false }`
[INFO] running `Command { std: "docker" "exec" "-e" "SOURCE_DIR=/opt/rustwide/workdir" "-e" "CARGO_HOME=/opt/rustwide/cargo-home" "-e" "RUSTUP_HOME=/opt/rustwide/rustup-home" "-e" "CARGO_TARGET_DIR=/opt/rustwide/target" "-e" "CARGO_INCREMENTAL=0" "-e" "RUST_BACKTRACE=full" "-e" "RUSTFLAGS=--cap-lints=warn" "-e" "RUSTDOCFLAGS=--cap-lints=warn" "-w" "/opt/rustwide/workdir" "--user" "0:0" "2f698c3b3022aaf62072a93b115a2ad856df4af91c703448ebb67bf7b863d9ce" "/opt/rustwide/cargo-home/bin/cargo" "+1.99.0-beta.8" "build" "--frozen" "--message-format=json" "--release", kill_on_drop: false }`
[INFO] [stderr]    Compiling smallvec v1.15.1
[INFO] [stderr]    Compiling stable_deref_trait v1.2.1
[INFO] [stderr]    Compiling http v1.4.0
[INFO] [stderr]    Compiling litemap v0.8.1
[INFO] [stderr]    Compiling cc v1.2.58
[INFO] [stderr]    Compiling writeable v0.6.2
[INFO] [stderr]    Compiling futures-task v0.3.32
[INFO] [stderr]    Compiling hashbrown v0.16.1
[INFO] [stderr]    Compiling syn v2.0.117
[INFO] [stderr]    Compiling socket2 v0.6.3
[INFO] [stderr]    Compiling mio v1.1.1
[INFO] [stderr]    Compiling serde_core v1.0.228
[INFO] [stderr]    Compiling icu_properties_data v2.1.2
[INFO] [stderr]    Compiling icu_normalizer_data v2.1.1
[INFO] [stderr]    Compiling tower-layer v0.3.3
[INFO] [stderr]    Compiling openssl v0.10.76
[INFO] [stderr]    Compiling futures-channel v0.3.32
[INFO] [stderr]    Compiling sync_wrapper v1.0.2
[INFO] [stderr]    Compiling native-tls v0.2.18
[INFO] [stderr]    Compiling serde_json v1.0.149
[INFO] [stderr]    Compiling ipnet v2.12.0
[INFO] [stderr]    Compiling futures-util v0.3.32
[INFO] [stderr]    Compiling parking_lot_core v0.9.12
[INFO] [stderr]    Compiling openssl-probe v0.2.1
[INFO] [stderr]    Compiling iri-string v0.7.11
[INFO] [stderr]    Compiling rustls-pki-types v1.14.0
[INFO] [stderr]    Compiling sharded-slab v0.1.7
[INFO] [stderr]    Compiling parking_lot v0.12.5
[INFO] [stderr]    Compiling socket2 v0.5.10
[INFO] [stderr]    Compiling tracing-log v0.2.0
[INFO] [stderr]    Compiling indexmap v2.13.0
[INFO] [stderr]    Compiling encoding_rs v0.8.35
[INFO] [stderr]    Compiling sha1_smol v1.0.1
[INFO] [stderr]    Compiling nu-ansi-term v0.50.3
[INFO] [stderr]    Compiling unsafe-libyaml v0.2.11
[INFO] [stderr]    Compiling matchit v0.7.3
[INFO] [stderr]    Compiling uuid v1.22.0
[INFO] [stderr]    Compiling http-body v1.0.1
[INFO] [stderr]    Compiling http-body-util v0.1.3
[INFO] [stderr]    Compiling tracing-subscriber v0.3.23
[INFO] [stderr]    Compiling openssl-sys v0.9.112
[INFO] [stderr]    Compiling tower-http v0.5.2
[INFO] [stderr]    Compiling serde_path_to_error v0.1.20
[INFO] [stderr]    Compiling synstructure v0.13.2
[INFO] [stderr]    Compiling zerovec-derive v0.11.2
[INFO] [stderr]    Compiling tokio-macros v2.6.1
[INFO] [stderr]    Compiling displaydoc v0.2.5
[INFO] [stderr]    Compiling tracing-attributes v0.1.31
[INFO] [stderr]    Compiling serde_derive v1.0.228
[INFO] [stderr]    Compiling openssl-macros v0.1.1
[INFO] [stderr]    Compiling async-trait v0.1.89
[INFO] [stderr]    Compiling thiserror-impl v1.0.69
[INFO] [stderr]    Compiling zerofrom-derive v0.1.6
[INFO] [stderr]    Compiling yoke-derive v0.8.1
[INFO] [stderr]    Compiling tokio v1.50.0
[INFO] [stderr]    Compiling tracing v0.1.44
[INFO] [stderr]    Compiling axum-core v0.4.5
[INFO] [stderr]    Compiling zerofrom v0.1.6
[INFO] [stderr]    Compiling thiserror v1.0.69
[INFO] [stderr]    Compiling yoke v0.8.1
[INFO] [stderr]    Compiling zerovec v0.11.5
[INFO] [stderr]    Compiling zerotrie v0.2.3
[INFO] [stderr]    Compiling tinystr v0.8.2
[INFO] [stderr]    Compiling potential_utf v0.1.4
[INFO] [stderr]    Compiling icu_collections v2.1.1
[INFO] [stderr]    Compiling icu_locale_core v2.1.1
[INFO] [stderr]    Compiling serde v1.0.228
[INFO] [stderr]    Compiling icu_provider v2.1.1
[INFO] [stderr]    Compiling serde_urlencoded v0.7.1
[INFO] [stderr]    Compiling serde_yaml v0.9.34+deprecated
[INFO] [stderr]    Compiling icu_normalizer v2.1.1
[INFO] [stderr]    Compiling icu_properties v2.1.2
[INFO] [stderr]    Compiling idna_adapter v1.2.1
[INFO] [stderr]    Compiling idna v1.1.0
[INFO] [stderr]    Compiling url v2.5.8
[INFO] [stderr]    Compiling tokio-util v0.7.18
[INFO] [stderr]    Compiling tower v0.5.3
[INFO] [stderr]    Compiling tokio-native-tls v0.3.1
[INFO] [stderr]    Compiling tower-http v0.6.8
[INFO] [stderr]    Compiling h2 v0.4.13
[INFO] [stderr]    Compiling combine v4.6.7
[INFO] [stderr]    Compiling redis v0.25.4
[INFO] [stderr]    Compiling hyper v1.8.1
[INFO] [stderr]    Compiling hyper-util v0.1.20
[INFO] [stderr]    Compiling hyper-tls v0.6.0
[INFO] [stderr]    Compiling axum v0.7.9
[INFO] [stderr]    Compiling reqwest v0.12.28
[INFO] [stderr]    Compiling rate-limiter v0.1.0 (/opt/rustwide/workdir)
[INFO] [stdout] warning: unused import: `RateLimiterError`
[INFO] [stdout]  --> src/algorithms/token_bucket.rs:2:29
[INFO] [stdout]   |
[INFO] [stdout] 2 | use crate::errors::{Result, RateLimiterError};
[INFO] [stdout]   |                             ^^^^^^^^^^^^^^^^
[INFO] [stdout]   |
[INFO] [stdout]   = note: `#[warn(unused_imports)]` (part of `#[warn(unused)]`) on by default
[INFO] [stdout] 
[INFO] [stdout] 
[INFO] [stdout] warning: unused import: `RateLimiterError`
[INFO] [stdout]  --> src/algorithms/token_bucket.rs:2:29
[INFO] [stdout]   |
[INFO] [stdout] 2 | use crate::errors::{Result, RateLimiterError};
[INFO] [stdout]   |                             ^^^^^^^^^^^^^^^^
[INFO] [stdout]   |
[INFO] [stdout]   = note: `#[warn(unused_imports)]` (part of `#[warn(unused)]`) on by default
[INFO] [stdout] 
[INFO] [stdout] 
[INFO] [stdout] warning: struct `FixedWindow` is never constructed
[INFO] [stdout]  --> src/algorithms/fixed_window.rs:6:12
[INFO] [stdout]   |
[INFO] [stdout] 6 | pub struct FixedWindow {
[INFO] [stdout]   |            ^^^^^^^^^^^
[INFO] [stdout]   |
[INFO] [stdout]   = note: `#[warn(dead_code)]` (part of `#[warn(unused)]`) on by default
[INFO] [stdout] 
[INFO] [stdout] 
[INFO] [stdout] warning: associated function `new` is never used
[INFO] [stdout]   --> src/algorithms/fixed_window.rs:11:12
[INFO] [stdout]    |
[INFO] [stdout] 10 | impl FixedWindow {
[INFO] [stdout]    | ---------------- associated function in this implementation
[INFO] [stdout] 11 |     pub fn new(store: RedisStore) -> Self {
[INFO] [stdout]    |            ^^^
[INFO] [stdout] 
[INFO] [stdout] 
[INFO] [stdout] warning: struct `RateLimitState` is never constructed
[INFO] [stdout]   --> src/api/middleware.rs:14:12
[INFO] [stdout]    |
[INFO] [stdout] 14 | pub struct RateLimitState {
[INFO] [stdout]    |            ^^^^^^^^^^^^^^
[INFO] [stdout] 
[INFO] [stdout] 
[INFO] [stdout] warning: function `rate_limit_middleware` is never used
[INFO] [stdout]   --> src/api/middleware.rs:20:14
[INFO] [stdout]    |
[INFO] [stdout] 20 | pub async fn rate_limit_middleware(
[INFO] [stdout]    |              ^^^^^^^^^^^^^^^^^^^^^
[INFO] [stdout] 
[INFO] [stdout] 
[INFO] [stdout] warning: variants `RateLimitExceeded`, `RuleNotFound`, and `InvalidConfig` are never constructed
[INFO] [stdout]   --> src/errors.rs:9:5
[INFO] [stdout]    |
[INFO] [stdout]  4 | pub enum RateLimiterError {
[INFO] [stdout]    |          ---------------- variants in this enum
[INFO] [stdout] ...
[INFO] [stdout]  9 |     RateLimitExceeded(String),
[INFO] [stdout]    |     ^^^^^^^^^^^^^^^^^
[INFO] [stdout] ...
[INFO] [stdout] 12 |     RuleNotFound(String),
[INFO] [stdout]    |     ^^^^^^^^^^^^
[INFO] [stdout] ...
[INFO] [stdout] 15 |     InvalidConfig(String),
[INFO] [stdout]    |     ^^^^^^^^^^^^^
[INFO] [stdout]    |
[INFO] [stdout]    = note: `RateLimiterError` has a derived impl for the trait `Debug`, but this is intentionally ignored during dead code analysis
[INFO] [stdout] 
[INFO] [stdout] 
[INFO] [stdout] warning: methods `delete_pattern`, `get`, and `set_with_expiry` are never used
[INFO] [stdout]   --> src/store/redis_store.rs:44:18
[INFO] [stdout]    |
[INFO] [stdout]  9 | impl RedisStore {
[INFO] [stdout]    | --------------- methods in this implementation
[INFO] [stdout] ...
[INFO] [stdout] 44 |     pub async fn delete_pattern(&self, pattern: &str) -> Result<()> {
[INFO] [stdout]    |                  ^^^^^^^^^^^^^^
[INFO] [stdout] ...
[INFO] [stdout] 56 |     pub async fn get(&self, key: &str) -> Result<Option<String>> {
[INFO] [stdout]    |                  ^^^
[INFO] [stdout] ...
[INFO] [stdout] 62 |     pub async fn set_with_expiry(&self, key: &str, value: &str, ttl_secs: u64) -> Result<()> {
[INFO] [stdout]    |                  ^^^^^^^^^^^^^^^
[INFO] [stdout] 
[INFO] [stdout] 
[INFO] [stderr]     Finished `release` profile [optimized] target(s) in 1m 40s
[INFO] [stderr] warning: the following packages contain code that will be rejected by a future version of Rust: redis v0.25.4
[INFO] [stderr] note: to see what the problems were, use the option `--future-incompat-report`, or run `cargo report future-incompatibilities --id 3`
[INFO] running `Command { std: "docker" "inspect" "2f698c3b3022aaf62072a93b115a2ad856df4af91c703448ebb67bf7b863d9ce", kill_on_drop: false }`
[INFO] running `Command { std: "docker" "exec" "-e" "SOURCE_DIR=/opt/rustwide/workdir" "-e" "CARGO_HOME=/opt/rustwide/cargo-home" "-e" "RUSTUP_HOME=/opt/rustwide/rustup-home" "-e" "CARGO_TARGET_DIR=/opt/rustwide/target" "-e" "CARGO_INCREMENTAL=0" "-e" "RUST_BACKTRACE=full" "-e" "RUSTFLAGS=--cap-lints=warn" "-e" "RUSTDOCFLAGS=--cap-lints=warn" "-w" "/opt/rustwide/workdir" "--user" "0:0" "2f698c3b3022aaf62072a93b115a2ad856df4af91c703448ebb67bf7b863d9ce" "/opt/rustwide/cargo-home/bin/cargo" "+1.99.0-beta.8" "test" "--frozen" "--no-run" "--message-format=json" "--release", kill_on_drop: false }`
[INFO] [stderr]    Compiling tokio v1.50.0
[INFO] [stderr]    Compiling tokio-util v0.7.18
[INFO] [stderr]    Compiling tower v0.5.3
[INFO] [stderr]    Compiling tokio-native-tls v0.3.1
[INFO] [stderr]    Compiling tokio-stream v0.1.18
[INFO] [stderr]    Compiling tokio-test v0.4.5
[INFO] [stderr]    Compiling h2 v0.4.13
[INFO] [stderr]    Compiling tower-http v0.6.8
[INFO] [stderr]    Compiling combine v4.6.7
[INFO] [stderr]    Compiling hyper v1.8.1
[INFO] [stderr]    Compiling redis v0.25.4
[INFO] [stderr]    Compiling hyper-util v0.1.20
[INFO] [stderr]    Compiling hyper-tls v0.6.0
[INFO] [stderr]    Compiling axum v0.7.9
[INFO] [stderr]    Compiling reqwest v0.12.28
[INFO] [stderr]    Compiling rate-limiter v0.1.0 (/opt/rustwide/workdir)
[INFO] [stdout] warning: unused import: `RateLimiterError`
[INFO] [stdout]  --> src/algorithms/token_bucket.rs:2:29
[INFO] [stdout]   |
[INFO] [stdout] 2 | use crate::errors::{Result, RateLimiterError};
[INFO] [stdout]   |                             ^^^^^^^^^^^^^^^^
[INFO] [stdout]   |
[INFO] [stdout]   = note: `#[warn(unused_imports)]` (part of `#[warn(unused)]`) on by default
[INFO] [stdout] 
[INFO] [stdout] 
[INFO] [stdout] warning: unused import: `RateLimiterError`
[INFO] [stdout]  --> src/algorithms/token_bucket.rs:2:29
[INFO] [stdout]   |
[INFO] [stdout] 2 | use crate::errors::{Result, RateLimiterError};
[INFO] [stdout]   |                             ^^^^^^^^^^^^^^^^
[INFO] [stdout]   |
[INFO] [stdout]   = note: `#[warn(unused_imports)]` (part of `#[warn(unused)]`) on by default
[INFO] [stdout] 
[INFO] [stdout] 
[INFO] [stdout] warning: unused import: `std::sync::Arc`
[INFO] [stdout]  --> tests/token_bucket_test.rs:3:9
[INFO] [stdout]   |
[INFO] [stdout] 3 |     use std::sync::Arc;
[INFO] [stdout]   |         ^^^^^^^^^^^^^^
[INFO] [stdout]   |
[INFO] [stdout]   = note: `#[warn(unused_imports)]` (part of `#[warn(unused)]`) on by default
[INFO] [stdout] 
[INFO] [stdout] 
[INFO] [stdout] warning: unused import: `RateLimiterError`
[INFO] [stdout]  --> src/algorithms/token_bucket.rs:2:29
[INFO] [stdout]   |
[INFO] [stdout] 2 | use crate::errors::{Result, RateLimiterError};
[INFO] [stdout]   |                             ^^^^^^^^^^^^^^^^
[INFO] [stdout]   |
[INFO] [stdout]   = note: `#[warn(unused_imports)]` (part of `#[warn(unused)]`) on by default
[INFO] [stdout] 
[INFO] [stdout] 
[INFO] [stdout] warning: unused import: `RateLimiterError`
[INFO] [stdout]  --> src/algorithms/token_bucket.rs:2:29
[INFO] [stdout]   |
[INFO] [stdout] 2 | use crate::errors::{Result, RateLimiterError};
[INFO] [stdout]   |                             ^^^^^^^^^^^^^^^^
[INFO] [stdout]   |
[INFO] [stdout]   = note: `#[warn(unused_imports)]` (part of `#[warn(unused)]`) on by default
[INFO] [stdout] 
[INFO] [stdout] 
[INFO] [stdout] warning: struct `FixedWindow` is never constructed
[INFO] [stdout]  --> src/algorithms/fixed_window.rs:6:12
[INFO] [stdout]   |
[INFO] [stdout] 6 | pub struct FixedWindow {
[INFO] [stdout]   |            ^^^^^^^^^^^
[INFO] [stdout]   |
[INFO] [stdout]   = note: `#[warn(dead_code)]` (part of `#[warn(unused)]`) on by default
[INFO] [stdout] 
[INFO] [stdout] 
[INFO] [stdout] warning: associated function `new` is never used
[INFO] [stdout]   --> src/algorithms/fixed_window.rs:11:12
[INFO] [stdout]    |
[INFO] [stdout] 10 | impl FixedWindow {
[INFO] [stdout]    | ---------------- associated function in this implementation
[INFO] [stdout] 11 |     pub fn new(store: RedisStore) -> Self {
[INFO] [stdout]    |            ^^^
[INFO] [stdout] 
[INFO] [stdout] 
[INFO] [stdout] warning: struct `RateLimitState` is never constructed
[INFO] [stdout]   --> src/api/middleware.rs:14:12
[INFO] [stdout]    |
[INFO] [stdout] 14 | pub struct RateLimitState {
[INFO] [stdout]    |            ^^^^^^^^^^^^^^
[INFO] [stdout] 
[INFO] [stdout] 
[INFO] [stdout] warning: function `rate_limit_middleware` is never used
[INFO] [stdout]   --> src/api/middleware.rs:20:14
[INFO] [stdout]    |
[INFO] [stdout] 20 | pub async fn rate_limit_middleware(
[INFO] [stdout]    |              ^^^^^^^^^^^^^^^^^^^^^
[INFO] [stdout] 
[INFO] [stdout] 
[INFO] [stdout] warning: variants `RateLimitExceeded`, `RuleNotFound`, and `InvalidConfig` are never constructed
[INFO] [stdout]   --> src/errors.rs:9:5
[INFO] [stdout]    |
[INFO] [stdout]  4 | pub enum RateLimiterError {
[INFO] [stdout]    |          ---------------- variants in this enum
[INFO] [stdout] ...
[INFO] [stdout]  9 |     RateLimitExceeded(String),
[INFO] [stdout]    |     ^^^^^^^^^^^^^^^^^
[INFO] [stdout] ...
[INFO] [stdout] 12 |     RuleNotFound(String),
[INFO] [stdout]    |     ^^^^^^^^^^^^
[INFO] [stdout] ...
[INFO] [stdout] 15 |     InvalidConfig(String),
[INFO] [stdout]    |     ^^^^^^^^^^^^^
[INFO] [stdout]    |
[INFO] [stdout]    = note: `RateLimiterError` has a derived impl for the trait `Debug`, but this is intentionally ignored during dead code analysis
[INFO] [stdout] 
[INFO] [stdout] 
[INFO] [stdout] warning: methods `delete_pattern`, `get`, and `set_with_expiry` are never used
[INFO] [stdout]   --> src/store/redis_store.rs:44:18
[INFO] [stdout]    |
[INFO] [stdout]  9 | impl RedisStore {
[INFO] [stdout]    | --------------- methods in this implementation
[INFO] [stdout] ...
[INFO] [stdout] 44 |     pub async fn delete_pattern(&self, pattern: &str) -> Result<()> {
[INFO] [stdout]    |                  ^^^^^^^^^^^^^^
[INFO] [stdout] ...
[INFO] [stdout] 56 |     pub async fn get(&self, key: &str) -> Result<Option<String>> {
[INFO] [stdout]    |                  ^^^
[INFO] [stdout] ...
[INFO] [stdout] 62 |     pub async fn set_with_expiry(&self, key: &str, value: &str, ttl_secs: u64) -> Result<()> {
[INFO] [stdout]    |                  ^^^^^^^^^^^^^^^
[INFO] [stdout] 
[INFO] [stdout] 
[INFO] [stdout] warning: struct `FixedWindow` is never constructed
[INFO] [stdout]  --> src/algorithms/fixed_window.rs:6:12
[INFO] [stdout]   |
[INFO] [stdout] 6 | pub struct FixedWindow {
[INFO] [stdout]   |            ^^^^^^^^^^^
[INFO] [stdout]   |
[INFO] [stdout]   = note: `#[warn(dead_code)]` (part of `#[warn(unused)]`) on by default
[INFO] [stdout] 
[INFO] [stdout] 
[INFO] [stdout] warning: associated function `new` is never used
[INFO] [stdout]   --> src/algorithms/fixed_window.rs:11:12
[INFO] [stdout]    |
[INFO] [stdout] 10 | impl FixedWindow {
[INFO] [stdout]    | ---------------- associated function in this implementation
[INFO] [stdout] 11 |     pub fn new(store: RedisStore) -> Self {
[INFO] [stdout]    |            ^^^
[INFO] [stdout] 
[INFO] [stdout] 
[INFO] [stdout] warning: struct `RateLimitState` is never constructed
[INFO] [stdout]   --> src/api/middleware.rs:14:12
[INFO] [stdout]    |
[INFO] [stdout] 14 | pub struct RateLimitState {
[INFO] [stdout]    |            ^^^^^^^^^^^^^^
[INFO] [stdout] 
[INFO] [stdout] 
[INFO] [stdout] warning: function `rate_limit_middleware` is never used
[INFO] [stdout]   --> src/api/middleware.rs:20:14
[INFO] [stdout]    |
[INFO] [stdout] 20 | pub async fn rate_limit_middleware(
[INFO] [stdout]    |              ^^^^^^^^^^^^^^^^^^^^^
[INFO] [stdout] 
[INFO] [stdout] 
[INFO] [stdout] warning: variants `RateLimitExceeded`, `RuleNotFound`, and `InvalidConfig` are never constructed
[INFO] [stdout]   --> src/errors.rs:9:5
[INFO] [stdout]    |
[INFO] [stdout]  4 | pub enum RateLimiterError {
[INFO] [stdout]    |          ---------------- variants in this enum
[INFO] [stdout] ...
[INFO] [stdout]  9 |     RateLimitExceeded(String),
[INFO] [stdout]    |     ^^^^^^^^^^^^^^^^^
[INFO] [stdout] ...
[INFO] [stdout] 12 |     RuleNotFound(String),
[INFO] [stdout]    |     ^^^^^^^^^^^^
[INFO] [stdout] ...
[INFO] [stdout] 15 |     InvalidConfig(String),
[INFO] [stdout]    |     ^^^^^^^^^^^^^
[INFO] [stdout]    |
[INFO] [stdout]    = note: `RateLimiterError` has a derived impl for the trait `Debug`, but this is intentionally ignored during dead code analysis
[INFO] [stdout] 
[INFO] [stdout] 
[INFO] [stdout] warning: methods `delete_pattern`, `get`, and `set_with_expiry` are never used
[INFO] [stdout]   --> src/store/redis_store.rs:44:18
[INFO] [stdout]    |
[INFO] [stdout]  9 | impl RedisStore {
[INFO] [stdout]    | --------------- methods in this implementation
[INFO] [stdout] ...
[INFO] [stdout] 44 |     pub async fn delete_pattern(&self, pattern: &str) -> Result<()> {
[INFO] [stdout]    |                  ^^^^^^^^^^^^^^
[INFO] [stdout] ...
[INFO] [stdout] 56 |     pub async fn get(&self, key: &str) -> Result<Option<String>> {
[INFO] [stdout]    |                  ^^^
[INFO] [stdout] ...
[INFO] [stdout] 62 |     pub async fn set_with_expiry(&self, key: &str, value: &str, ttl_secs: u64) -> Result<()> {
[INFO] [stdout]    |                  ^^^^^^^^^^^^^^^
[INFO] [stdout] 
[INFO] [stdout] 
[INFO] [stderr]     Finished `release` profile [optimized] target(s) in 56.83s
[INFO] [stderr] warning: the following packages contain code that will be rejected by a future version of Rust: redis v0.25.4
[INFO] [stderr] note: to see what the problems were, use the option `--future-incompat-report`, or run `cargo report future-incompatibilities --id 3`
[INFO] running `Command { std: "docker" "inspect" "2f698c3b3022aaf62072a93b115a2ad856df4af91c703448ebb67bf7b863d9ce", kill_on_drop: false }`
[INFO] running `Command { std: "docker" "exec" "-e" "SOURCE_DIR=/opt/rustwide/workdir" "-e" "CARGO_HOME=/opt/rustwide/cargo-home" "-e" "RUSTUP_HOME=/opt/rustwide/rustup-home" "-e" "CARGO_TARGET_DIR=/opt/rustwide/target" "-e" "CARGO_INCREMENTAL=0" "-e" "RUST_BACKTRACE=full" "-e" "RUSTFLAGS=--cap-lints=warn" "-e" "RUSTDOCFLAGS=--cap-lints=warn" "-w" "/opt/rustwide/workdir" "--user" "0:0" "2f698c3b3022aaf62072a93b115a2ad856df4af91c703448ebb67bf7b863d9ce" "/opt/rustwide/cargo-home/bin/cargo" "+1.99.0-beta.8" "test" "--frozen" "--release", kill_on_drop: false }`
[INFO] [stderr] warning: unused import: `RateLimiterError`
[INFO] [stderr]  --> src/algorithms/token_bucket.rs:2:29
[INFO] [stderr]   |
[INFO] [stderr] 2 | use crate::errors::{Result, RateLimiterError};
[INFO] [stderr]   |                             ^^^^^^^^^^^^^^^^
[INFO] [stderr]   |
[INFO] [stderr]   = note: `#[warn(unused_imports)]` (part of `#[warn(unused)]`) on by default
[INFO] [stderr] 
[INFO] [stderr] warning: `rate-limiter` (lib) generated 1 warning (run `cargo fix --lib -p rate-limiter` to apply 1 suggestion)
[INFO] [stderr] warning: `rate-limiter` (lib test) generated 1 warning (1 duplicate)
[INFO] [stderr] warning: struct `FixedWindow` is never constructed
[INFO] [stderr]  --> src/algorithms/fixed_window.rs:6:12
[INFO] [stderr]   |
[INFO] [stderr] 6 | pub struct FixedWindow {
[INFO] [stderr]   |            ^^^^^^^^^^^
[INFO] [stderr]   |
[INFO] [stderr]   = note: `#[warn(dead_code)]` (part of `#[warn(unused)]`) on by default
[INFO] [stderr] 
[INFO] [stderr] warning: associated function `new` is never used
[INFO] [stderr]   --> src/algorithms/fixed_window.rs:11:12
[INFO] [stderr]    |
[INFO] [stderr] 10 | impl FixedWindow {
[INFO] [stderr]    | ---------------- associated function in this implementation
[INFO] [stderr] 11 |     pub fn new(store: RedisStore) -> Self {
[INFO] [stderr]    |            ^^^
[INFO] [stderr] 
[INFO] [stderr] warning: struct `RateLimitState` is never constructed
[INFO] [stderr]   --> src/api/middleware.rs:14:12
[INFO] [stderr]    |
[INFO] [stderr] 14 | pub struct RateLimitState {
[INFO] [stderr]    |            ^^^^^^^^^^^^^^
[INFO] [stderr] 
[INFO] [stderr] warning: function `rate_limit_middleware` is never used
[INFO] [stderr]   --> src/api/middleware.rs:20:14
[INFO] [stderr]    |
[INFO] [stderr] 20 | pub async fn rate_limit_middleware(
[INFO] [stderr]    |              ^^^^^^^^^^^^^^^^^^^^^
[INFO] [stderr] 
[INFO] [stderr] warning: variants `RateLimitExceeded`, `RuleNotFound`, and `InvalidConfig` are never constructed
[INFO] [stderr]   --> src/errors.rs:9:5
[INFO] [stderr]    |
[INFO] [stderr]  4 | pub enum RateLimiterError {
[INFO] [stderr]    |          ---------------- variants in this enum
[INFO] [stderr] ...
[INFO] [stderr]  9 |     RateLimitExceeded(String),
[INFO] [stderr]    |     ^^^^^^^^^^^^^^^^^
[INFO] [stderr] ...
[INFO] [stderr] 12 |     RuleNotFound(String),
[INFO] [stderr]    |     ^^^^^^^^^^^^
[INFO] [stderr] ...
[INFO] [stderr] 15 |     InvalidConfig(String),
[INFO] [stderr]    |     ^^^^^^^^^^^^^
[INFO] [stderr]    |
[INFO] [stderr]    = note: `RateLimiterError` has a derived impl for the trait `Debug`, but this is intentionally ignored during dead code analysis
[INFO] [stderr] 
[INFO] [stderr] warning: methods `delete_pattern`, `get`, and `set_with_expiry` are never used
[INFO] [stderr]   --> src/store/redis_store.rs:44:18
[INFO] [stderr]    |
[INFO] [stderr]  9 | impl RedisStore {
[INFO] [stderr]    | --------------- methods in this implementation
[INFO] [stderr] ...
[INFO] [stderr] 44 |     pub async fn delete_pattern(&self, pattern: &str) -> Result<()> {
[INFO] [stderr]    |                  ^^^^^^^^^^^^^^
[INFO] [stderr] ...
[INFO] [stderr] 56 |     pub async fn get(&self, key: &str) -> Result<Option<String>> {
[INFO] [stderr]    |                  ^^^
[INFO] [stderr] ...
[INFO] [stderr] 62 |     pub async fn set_with_expiry(&self, key: &str, value: &str, ttl_secs: u64) -> Result<()> {
[INFO] [stderr]    |                  ^^^^^^^^^^^^^^^
[INFO] [stderr] 
[INFO] [stderr] warning: unused import: `std::sync::Arc`
[INFO] [stderr]  --> tests/token_bucket_test.rs:3:9
[INFO] [stderr]   |
[INFO] [stderr] 3 |     use std::sync::Arc;
[INFO] [stderr]   |         ^^^^^^^^^^^^^^
[INFO] [stderr]   |
[INFO] [stderr]   = note: `#[warn(unused_imports)]` (part of `#[warn(unused)]`) on by default
[INFO] [stderr] 
[INFO] [stderr] warning: `rate-limiter` (bin "rate-limiter") generated 7 warnings (1 duplicate)
[INFO] [stderr] warning: `rate-limiter` (bin "rate-limiter" test) generated 7 warnings (7 duplicates)
[INFO] [stderr] warning: `rate-limiter` (test "token_bucket_test") generated 1 warning (run `cargo fix --test "token_bucket_test" -p rate-limiter` to apply 1 suggestion)
[INFO] [stderr]     Finished `release` profile [optimized] target(s) in 0.21s
[INFO] [stderr] warning: the following packages contain code that will be rejected by a future version of Rust: redis v0.25.4
[INFO] [stderr] note: to see what the problems were, use the option `--future-incompat-report`, or run `cargo report future-incompatibilities --id 3`
[INFO] [stderr]      Running unittests src/lib.rs (/opt/rustwide/target/release/deps/rate_limiter-5cbc7758221c71d4)
[INFO] [stderr]      Running unittests src/bin/benchmark.rs (/opt/rustwide/target/release/deps/benchmark-675364074ecba8c2)
[INFO] [stdout] 
[INFO] [stdout] running 0 tests
[INFO] [stdout] 
[INFO] [stdout] test result: ok. 0 passed; 0 failed; 0 ignored; 0 measured; 0 filtered out; finished in 0.00s
[INFO] [stdout] 
[INFO] [stdout] 
[INFO] [stdout] running 0 tests
[INFO] [stdout] 
[INFO] [stdout] test result: ok. 0 passed; 0 failed; 0 ignored; 0 measured; 0 filtered out; finished in 0.00s
[INFO] [stdout] 
[INFO] [stderr]      Running unittests src/main.rs (/opt/rustwide/target/release/deps/rate_limiter-a1e60e6ce2b6bc58)
[INFO] [stdout] 
[INFO] [stdout] running 0 tests
[INFO] [stdout] 
[INFO] [stdout] test result: ok. 0 passed; 0 failed; 0 ignored; 0 measured; 0 filtered out; finished in 0.00s
[INFO] [stdout] 
[INFO] [stderr]      Running tests/fixed_window_test.rs (/opt/rustwide/target/release/deps/fixed_window_test-a5d6da1b3689b6df)
[INFO] [stdout] 
[INFO] [stdout] running 7 tests
[INFO] [stdout] test tests::test_allows_within_window ... FAILED
[INFO] [stdout] test tests::test_blocks_over_limit ... FAILED
[INFO] [stdout] test tests::test_reset_clears_counter ... FAILED
[INFO] [stdout] test tests::test_keys_are_isolated ... FAILED
[INFO] [stdout] test tests::test_remaining_reaches_zero ... FAILED
[INFO] [stdout] test tests::test_boundary_condition ... FAILED
[INFO] [stdout] test tests::test_retry_after_on_block ... FAILED
[INFO] [stdout] 
[INFO] [stdout] failures:
[INFO] [stdout] 
[INFO] [stdout] ---- tests::test_allows_within_window stdout ----
[INFO] [stdout] 
[INFO] [stdout] thread 'tests::test_allows_within_window' (2424) panicked at tests/fixed_window_test.rs:27:40:
[INFO] [stdout] called `Result::unwrap()` on an `Err` value: RedisError(Connection refused (os error 111))
[INFO] [stdout] stack backtrace:
[INFO] [stdout]    0:     0x641853bb71f1 - <<std[70759c8f55707aa4]::sys::backtrace::BacktraceLock>::print::DisplayBacktrace as core[df12db4294e9bfd3]::fmt::Display>::fmt
[INFO] [stdout]    1:     0x641853bcc96a - core[df12db4294e9bfd3]::fmt::write
[INFO] [stdout]    2:     0x641853bbbd5c - <alloc[2182bb758b4b3781]::vec::Vec<u8> as core[df12db4294e9bfd3]::io::write::Write>::write_fmt
[INFO] [stdout]    3:     0x641853b92a06 - std[70759c8f55707aa4]::panicking::default_hook::{closure#0}
[INFO] [stdout]    4:     0x641853baf259 - std[70759c8f55707aa4]::panicking::default_hook
[INFO] [stdout]    5:     0x641853adb6e0 - test[9d35eded1c95d3be]::test_main_inner::<test[9d35eded1c95d3be]::test_main_static::{closure#0}>::{closure#0}
[INFO] [stdout]    6:     0x641853baf582 - std[70759c8f55707aa4]::panicking::panic_with_hook
[INFO] [stdout]    7:     0x641853b92ab2 - std[70759c8f55707aa4]::panicking::panic_handler::{closure#0}
[INFO] [stdout]    8:     0x641853b8b759 - std[70759c8f55707aa4]::sys::backtrace::__rust_end_short_backtrace::<std[70759c8f55707aa4]::panicking::panic_handler::{closure#0}, !>
[INFO] [stdout]    9:     0x641853b9389d - __rustc[8fa7c3cbc660c2b3]::rust_begin_unwind
[INFO] [stdout]   10:     0x641853bcd0cc - core[df12db4294e9bfd3]::panicking::panic_fmt
[INFO] [stdout]   11:     0x641853bccea2 - core[df12db4294e9bfd3]::result::unwrap_failed
[INFO] [stdout]   12:     0x641853acb124 - fixed_window_test[39c395757e8a408]::tests::test_allows_within_window::{closure#0}
[INFO] [stdout]   13:     0x641853acddc3 - <tokio[521fe8f449762428]::runtime::scheduler::current_thread::Context>::enter::<core[df12db4294e9bfd3]::task::poll::Poll<()>, <tokio[521fe8f449762428]::runtime::scheduler::current_thread::CoreGuard>::block_on<core[df12db4294e9bfd3]::pin::Pin<&mut core[df12db4294e9bfd3]::pin::Pin<&mut dyn core[df12db4294e9bfd3]::future::future::Future<Output = ()>>>>::{closure#0}::{closure#0}>
[INFO] [stdout]   14:     0x641853ac72fc - <tokio[521fe8f449762428]::runtime::context::scoped::Scoped<tokio[521fe8f449762428]::runtime::scheduler::Context>>::set::<<tokio[521fe8f449762428]::runtime::scheduler::current_thread::CoreGuard>::enter<<tokio[521fe8f449762428]::runtime::scheduler::current_thread::CoreGuard>::block_on<core[df12db4294e9bfd3]::pin::Pin<&mut core[df12db4294e9bfd3]::pin::Pin<&mut dyn core[df12db4294e9bfd3]::future::future::Future<Output = ()>>>>::{closure#0}, core[df12db4294e9bfd3]::option::Option<()>>::{closure#0}, (alloc[2182bb758b4b3781]::boxed::Box<tokio[521fe8f449762428]::runtime::scheduler::current_thread::Core>, core[df12db4294e9bfd3]::option::Option<()>)>
[INFO] [stdout]   15:     0x641853acdabd - <tokio[521fe8f449762428]::runtime::scheduler::current_thread::CurrentThread>::block_on::<core[df12db4294e9bfd3]::pin::Pin<&mut dyn core[df12db4294e9bfd3]::future::future::Future<Output = ()>>>
[INFO] [stdout]   16:     0x641853ac71e2 - <tokio[521fe8f449762428]::runtime::runtime::Runtime>::block_on::<core[df12db4294e9bfd3]::pin::Pin<&mut dyn core[df12db4294e9bfd3]::future::future::Future<Output = ()>>>
[INFO] [stdout]   17:     0x641853acd1ab - fixed_window_test[39c395757e8a408]::tests::test_allows_within_window
[INFO] [stdout]   18:     0x641853ac7ee9 - <fixed_window_test[39c395757e8a408]::tests::test_allows_within_window::{closure#0} as core[df12db4294e9bfd3]::ops::function::FnOnce<()>>::call_once
[INFO] [stdout]   19:     0x641853ace9cb - test[9d35eded1c95d3be]::__rust_begin_short_backtrace::<core[df12db4294e9bfd3]::result::Result<(), alloc[2182bb758b4b3781]::string::String>, fn() -> core[df12db4294e9bfd3]::result::Result<(), alloc[2182bb758b4b3781]::string::String>>
[INFO] [stdout]   20:     0x641853adc035 - test[9d35eded1c95d3be]::run_test::{closure#0}
[INFO] [stdout]   21:     0x641853ad58f4 - std[70759c8f55707aa4]::sys::backtrace::__rust_begin_short_backtrace::<test[9d35eded1c95d3be]::run_test::{closure#1}, ()>
[INFO] [stdout]   22:     0x641853adf192 - <std[70759c8f55707aa4]::thread::lifecycle::spawn_unchecked<test[9d35eded1c95d3be]::run_test::{closure#1}, ()>::{closure#1} as core[df12db4294e9bfd3]::ops::function::FnOnce<()>>::call_once::{shim:vtable#0}
[INFO] [stdout]   23:     0x641853bb6749 - <std[70759c8f55707aa4]::sys::thread::unix::Thread>::new::thread_start
[INFO] [stdout]   24:     0x7ccf2f527dfa - <unknown>
[INFO] [stdout]   25:     0x7ccf2f5bb3d4 - clone
[INFO] [stdout]   26:                0x0 - <unknown>
[INFO] [stdout] 
[INFO] [stdout] ---- tests::test_blocks_over_limit stdout ----
[INFO] [stdout] 
[INFO] [stdout] thread 'tests::test_blocks_over_limit' (2425) panicked at tests/fixed_window_test.rs:41:40:
[INFO] [stdout] called `Result::unwrap()` on an `Err` value: RedisError(Connection refused (os error 111))
[INFO] [stdout] stack backtrace:
[INFO] [stdout]    0:     0x641853bb71f1 - <<std[70759c8f55707aa4]::sys::backtrace::BacktraceLock>::print::DisplayBacktrace as core[df12db4294e9bfd3]::fmt::Display>::fmt
[INFO] [stdout]    1:     0x641853bcc96a - core[df12db4294e9bfd3]::fmt::write
[INFO] [stdout]    2:     0x641853bbbd5c - <alloc[2182bb758b4b3781]::vec::Vec<u8> as core[df12db4294e9bfd3]::io::write::Write>::write_fmt
[INFO] [stdout]    3:     0x641853b92a06 - std[70759c8f55707aa4]::panicking::default_hook::{closure#0}
[INFO] [stdout]    4:     0x641853baf259 - std[70759c8f55707aa4]::panicking::default_hook
[INFO] [stdout]    5:     0x641853adb6e0 - test[9d35eded1c95d3be]::test_main_inner::<test[9d35eded1c95d3be]::test_main_static::{closure#0}>::{closure#0}
[INFO] [stdout]    6:     0x641853baf582 - std[70759c8f55707aa4]::panicking::panic_with_hook
[INFO] [stdout]    7:     0x641853b92ab2 - std[70759c8f55707aa4]::panicking::panic_handler::{closure#0}
[INFO] [stdout]    8:     0x641853b8b759 - std[70759c8f55707aa4]::sys::backtrace::__rust_end_short_backtrace::<std[70759c8f55707aa4]::panicking::panic_handler::{closure#0}, !>
[INFO] [stdout]    9:     0x641853b9389d - __rustc[8fa7c3cbc660c2b3]::rust_begin_unwind
[INFO] [stdout]   10:     0x641853bcd0cc - core[df12db4294e9bfd3]::panicking::panic_fmt
[INFO] [stdout]   11:     0x641853bccea2 - core[df12db4294e9bfd3]::result::unwrap_failed
[INFO] [stdout]   12:     0x641853ac9557 - fixed_window_test[39c395757e8a408]::tests::test_blocks_over_limit::{closure#0}
[INFO] [stdout]   13:     0x641853acddc3 - <tokio[521fe8f449762428]::runtime::scheduler::current_thread::Context>::enter::<core[df12db4294e9bfd3]::task::poll::Poll<()>, <tokio[521fe8f449762428]::runtime::scheduler::current_thread::CoreGuard>::block_on<core[df12db4294e9bfd3]::pin::Pin<&mut core[df12db4294e9bfd3]::pin::Pin<&mut dyn core[df12db4294e9bfd3]::future::future::Future<Output = ()>>>>::{closure#0}::{closure#0}>
[INFO] [stdout]   14:     0x641853ac72fc - <tokio[521fe8f449762428]::runtime::context::scoped::Scoped<tokio[521fe8f449762428]::runtime::scheduler::Context>>::set::<<tokio[521fe8f449762428]::runtime::scheduler::current_thread::CoreGuard>::enter<<tokio[521fe8f449762428]::runtime::scheduler::current_thread::CoreGuard>::block_on<core[df12db4294e9bfd3]::pin::Pin<&mut core[df12db4294e9bfd3]::pin::Pin<&mut dyn core[df12db4294e9bfd3]::future::future::Future<Output = ()>>>>::{closure#0}, core[df12db4294e9bfd3]::option::Option<()>>::{closure#0}, (alloc[2182bb758b4b3781]::boxed::Box<tokio[521fe8f449762428]::runtime::scheduler::current_thread::Core>, core[df12db4294e9bfd3]::option::Option<()>)>
[INFO] [stdout]   15:     0x641853acdabd - <tokio[521fe8f449762428]::runtime::scheduler::current_thread::CurrentThread>::block_on::<core[df12db4294e9bfd3]::pin::Pin<&mut dyn core[df12db4294e9bfd3]::future::future::Future<Output = ()>>>
[INFO] [stdout]   16:     0x641853ac71e2 - <tokio[521fe8f449762428]::runtime::runtime::Runtime>::block_on::<core[df12db4294e9bfd3]::pin::Pin<&mut dyn core[df12db4294e9bfd3]::future::future::Future<Output = ()>>>
[INFO] [stdout]   17:     0x641853accdbb - fixed_window_test[39c395757e8a408]::tests::test_blocks_over_limit
[INFO] [stdout]   18:     0x641853ac7e89 - <fixed_window_test[39c395757e8a408]::tests::test_blocks_over_limit::{closure#0} as core[df12db4294e9bfd3]::ops::function::FnOnce<()>>::call_once
[INFO] [stdout]   19:     0x641853ace9cb - test[9d35eded1c95d3be]::__rust_begin_short_backtrace::<core[df12db4294e9bfd3]::result::Result<(), alloc[2182bb758b4b3781]::string::String>, fn() -> core[df12db4294e9bfd3]::result::Result<(), alloc[2182bb758b4b3781]::string::String>>
[INFO] [stdout]   20:     0x641853adc035 - test[9d35eded1c95d3be]::run_test::{closure#0}
[INFO] [stdout]   21:     0x641853ad58f4 - std[70759c8f55707aa4]::sys::backtrace::__rust_begin_short_backtrace::<test[9d35eded1c95d3be]::run_test::{closure#1}, ()>
[INFO] [stdout]   22:     0x641853adf192 - <std[70759c8f55707aa4]::thread::lifecycle::spawn_unchecked<test[9d35eded1c95d3be]::run_test::{closure#1}, ()>::{closure#1} as core[df12db4294e9bfd3]::ops::function::FnOnce<()>>::call_once::{shim:vtable#0}
[INFO] [stdout]   23:     0x641853bb6749 - <std[70759c8f55707aa4]::sys::thread::unix::Thread>::new::thread_start
[INFO] [stdout]   24:     0x7ccf2f527dfa - <unknown>
[INFO] [stdout]   25:     0x7ccf2f5bb3d4 - clone
[INFO] [stdout]   26:                0x0 - <unknown>
[INFO] [stdout] 
[INFO] [stdout] ---- tests::test_reset_clears_counter stdout ----
[INFO] [stdout] 
[INFO] [stdout] thread 'tests::test_reset_clears_counter' (2429) panicked at tests/fixed_window_test.rs:91:40:
[INFO] [stdout] called `Result::unwrap()` on an `Err` value: RedisError(Connection refused (os error 111))
[INFO] [stdout] stack backtrace:
[INFO] [stdout]    0:     0x641853bb71f1 - <<std[70759c8f55707aa4]::sys::backtrace::BacktraceLock>::print::DisplayBacktrace as core[df12db4294e9bfd3]::fmt::Display>::fmt
[INFO] [stdout]    1:     0x641853bcc96a - core[df12db4294e9bfd3]::fmt::write
[INFO] [stdout]    2:     0x641853bbbd5c - <alloc[2182bb758b4b3781]::vec::Vec<u8> as core[df12db4294e9bfd3]::io::write::Write>::write_fmt
[INFO] [stdout]    3:     0x641853b92a06 - std[70759c8f55707aa4]::panicking::default_hook::{closure#0}
[INFO] [stdout]    4:     0x641853baf259 - std[70759c8f55707aa4]::panicking::default_hook
[INFO] [stdout]    5:     0x641853adb6e0 - test[9d35eded1c95d3be]::test_main_inner::<test[9d35eded1c95d3be]::test_main_static::{closure#0}>::{closure#0}
[INFO] [stdout]    6:     0x641853baf582 - std[70759c8f55707aa4]::panicking::panic_with_hook
[INFO] [stdout]    7:     0x641853b92ab2 - std[70759c8f55707aa4]::panicking::panic_handler::{closure#0}
[INFO] [stdout]    8:     0x641853b8b759 - std[70759c8f55707aa4]::sys::backtrace::__rust_end_short_backtrace::<std[70759c8f55707aa4]::panicking::panic_handler::{closure#0}, !>
[INFO] [stdout]    9:     0x641853b9389d - __rustc[8fa7c3cbc660c2b3]::rust_begin_unwind
[INFO] [stdout]   10:     0x641853bcd0cc - core[df12db4294e9bfd3]::panicking::panic_fmt
[INFO] [stdout]   11:     0x641853bccea2 - core[df12db4294e9bfd3]::result::unwrap_failed
[INFO] [stdout]   12:     0x641853acbb54 - fixed_window_test[39c395757e8a408]::tests::test_reset_clears_counter::{closure#0}
[INFO] [stdout]   13:     0x641853acddc3 - <tokio[521fe8f449762428]::runtime::scheduler::current_thread::Context>::enter::<core[df12db4294e9bfd3]::task::poll::Poll<()>, <tokio[521fe8f449762428]::runtime::scheduler::current_thread::CoreGuard>::block_on<core[df12db4294e9bfd3]::pin::Pin<&mut core[df12db4294e9bfd3]::pin::Pin<&mut dyn core[df12db4294e9bfd3]::future::future::Future<Output = ()>>>>::{closure#0}::{closure#0}>
[INFO] [stdout]   14:     0x641853ac72fc - <tokio[521fe8f449762428]::runtime::context::scoped::Scoped<tokio[521fe8f449762428]::runtime::scheduler::Context>>::set::<<tokio[521fe8f449762428]::runtime::scheduler::current_thread::CoreGuard>::enter<<tokio[521fe8f449762428]::runtime::scheduler::current_thread::CoreGuard>::block_on<core[df12db4294e9bfd3]::pin::Pin<&mut core[df12db4294e9bfd3]::pin::Pin<&mut dyn core[df12db4294e9bfd3]::future::future::Future<Output = ()>>>>::{closure#0}, core[df12db4294e9bfd3]::option::Option<()>>::{closure#0}, (alloc[2182bb758b4b3781]::boxed::Box<tokio[521fe8f449762428]::runtime::scheduler::current_thread::Core>, core[df12db4294e9bfd3]::option::Option<()>)>
[INFO] [stdout]   15:     0x641853acdabd - <tokio[521fe8f449762428]::runtime::scheduler::current_thread::CurrentThread>::block_on::<core[df12db4294e9bfd3]::pin::Pin<&mut dyn core[df12db4294e9bfd3]::future::future::Future<Output = ()>>>
[INFO] [stdout]   16:     0x641853ac71e2 - <tokio[521fe8f449762428]::runtime::runtime::Runtime>::block_on::<core[df12db4294e9bfd3]::pin::Pin<&mut dyn core[df12db4294e9bfd3]::future::future::Future<Output = ()>>>
[INFO] [stdout]   17:     0x641853acd2fb - fixed_window_test[39c395757e8a408]::tests::test_reset_clears_counter
[INFO] [stdout]   18:     0x641853ac7f09 - <fixed_window_test[39c395757e8a408]::tests::test_reset_clears_counter::{closure#0} as core[df12db4294e9bfd3]::ops::function::FnOnce<()>>::call_once
[INFO] [stdout]   19:     0x641853ace9cb - test[9d35eded1c95d3be]::__rust_begin_short_backtrace::<core[df12db4294e9bfd3]::result::Result<(), alloc[2182bb758b4b3781]::string::String>, fn() -> core[df12db4294e9bfd3]::result::Result<(), alloc[2182bb758b4b3781]::string::String>>
[INFO] [stdout]   20:     0x641853adc035 - test[9d35eded1c95d3be]::run_test::{closure#0}
[INFO] [stdout]   21:     0x641853ad58f4 - std[70759c8f55707aa4]::sys::backtrace::__rust_begin_short_backtrace::<test[9d35eded1c95d3be]::run_test::{closure#1}, ()>
[INFO] [stdout]   22:     0x641853adf192 - <std[70759c8f55707aa4]::thread::lifecycle::spawn_unchecked<test[9d35eded1c95d3be]::run_test::{closure#1}, ()>::{closure#1} as core[df12db4294e9bfd3]::ops::function::FnOnce<()>>::call_once::{shim:vtable#0}
[INFO] [stdout]   23:     0x641853bb6749 - <std[70759c8f55707aa4]::sys::thread::unix::Thread>::new::thread_start
[INFO] [stdout]   24:     0x7ccf2f527dfa - <unknown>
[INFO] [stdout]   25:     0x7ccf2f5bb3d4 - clone
[INFO] [stdout]   26:                0x0 - <unknown>
[INFO] [stdout] 
[INFO] [stdout] ---- tests::test_keys_are_isolated stdout ----
[INFO] [stdout] 
[INFO] [stdout] thread 'tests::test_keys_are_isolated' (2427) panicked at tests/fixed_window_test.rs:112:42:
[INFO] [stdout] called `Result::unwrap()` on an `Err` value: RedisError(Connection refused (os error 111))
[INFO] [stdout] stack backtrace:
[INFO] [stdout]    0:     0x641853bb71f1 - <<std[70759c8f55707aa4]::sys::backtrace::BacktraceLock>::print::DisplayBacktrace as core[df12db4294e9bfd3]::fmt::Display>::fmt
[INFO] [stdout]    1:     0x641853bcc96a - core[df12db4294e9bfd3]::fmt::write
[INFO] [stdout]    2:     0x641853bbbd5c - <alloc[2182bb758b4b3781]::vec::Vec<u8> as core[df12db4294e9bfd3]::io::write::Write>::write_fmt
[INFO] [stdout]    3:     0x641853b92a06 - std[70759c8f55707aa4]::panicking::default_hook::{closure#0}
[INFO] [stdout]    4:     0x641853baf259 - std[70759c8f55707aa4]::panicking::default_hook
[INFO] [stdout]    5:     0x641853adb6e0 - test[9d35eded1c95d3be]::test_main_inner::<test[9d35eded1c95d3be]::test_main_static::{closure#0}>::{closure#0}
[INFO] [stdout]    6:     0x641853baf582 - std[70759c8f55707aa4]::panicking::panic_with_hook
[INFO] [stdout]    7:     0x641853b92ab2 - std[70759c8f55707aa4]::panicking::panic_handler::{closure#0}
[INFO] [stdout]    8:     0x641853b8b759 - std[70759c8f55707aa4]::sys::backtrace::__rust_end_short_backtrace::<std[70759c8f55707aa4]::panicking::panic_handler::{closure#0}, !>
[INFO] [stdout]    9:     0x641853b9389d - __rustc[8fa7c3cbc660c2b3]::rust_begin_unwind
[INFO] [stdout]   10:     0x641853bcd0cc - core[df12db4294e9bfd3]::panicking::panic_fmt
[INFO] [stdout]   11:     0x641853bccea2 - core[df12db4294e9bfd3]::result::unwrap_failed
[INFO] [stdout]   12:     0x641853aca0ff - fixed_window_test[39c395757e8a408]::tests::test_keys_are_isolated::{closure#0}
[INFO] [stdout]   13:     0x641853acddc3 - <tokio[521fe8f449762428]::runtime::scheduler::current_thread::Context>::enter::<core[df12db4294e9bfd3]::task::poll::Poll<()>, <tokio[521fe8f449762428]::runtime::scheduler::current_thread::CoreGuard>::block_on<core[df12db4294e9bfd3]::pin::Pin<&mut core[df12db4294e9bfd3]::pin::Pin<&mut dyn core[df12db4294e9bfd3]::future::future::Future<Output = ()>>>>::{closure#0}::{closure#0}>
[INFO] [stdout]   14:     0x641853ac72fc - <tokio[521fe8f449762428]::runtime::context::scoped::Scoped<tokio[521fe8f449762428]::runtime::scheduler::Context>>::set::<<tokio[521fe8f449762428]::runtime::scheduler::current_thread::CoreGuard>::enter<<tokio[521fe8f449762428]::runtime::scheduler::current_thread::CoreGuard>::block_on<core[df12db4294e9bfd3]::pin::Pin<&mut core[df12db4294e9bfd3]::pin::Pin<&mut dyn core[df12db4294e9bfd3]::future::future::Future<Output = ()>>>>::{closure#0}, core[df12db4294e9bfd3]::option::Option<()>>::{closure#0}, (alloc[2182bb758b4b3781]::boxed::Box<tokio[521fe8f449762428]::runtime::scheduler::current_thread::Core>, core[df12db4294e9bfd3]::option::Option<()>)>
[INFO] [stdout]   15:     0x641853acdabd - <tokio[521fe8f449762428]::runtime::scheduler::current_thread::CurrentThread>::block_on::<core[df12db4294e9bfd3]::pin::Pin<&mut dyn core[df12db4294e9bfd3]::future::future::Future<Output = ()>>>
[INFO] [stdout]   16:     0x641853ac71e2 - <tokio[521fe8f449762428]::runtime::runtime::Runtime>::block_on::<core[df12db4294e9bfd3]::pin::Pin<&mut dyn core[df12db4294e9bfd3]::future::future::Future<Output = ()>>>
[INFO] [stdout]   17:     0x641853accf0b - fixed_window_test[39c395757e8a408]::tests::test_keys_are_isolated
[INFO] [stdout]   18:     0x641853ac7ea9 - <fixed_window_test[39c395757e8a408]::tests::test_keys_are_isolated::{closure#0} as core[df12db4294e9bfd3]::ops::function::FnOnce<()>>::call_once
[INFO] [stdout]   19:     0x641853ace9cb - test[9d35eded1c95d3be]::__rust_begin_short_backtrace::<core[df12db4294e9bfd3]::result::Result<(), alloc[2182bb758b4b3781]::string::String>, fn() -> core[df12db4294e9bfd3]::result::Result<(), alloc[2182bb758b4b3781]::string::String>>
[INFO] [stdout]   20:     0x641853adc035 - test[9d35eded1c95d3be]::run_test::{closure#0}
[INFO] [stdout]   21:     0x641853ad58f4 - std[70759c8f55707aa4]::sys::backtrace::__rust_begin_short_backtrace::<test[9d35eded1c95d3be]::run_test::{closure#1}, ()>
[INFO] [stdout]   22:     0x641853adf192 - <std[70759c8f55707aa4]::thread::lifecycle::spawn_unchecked<test[9d35eded1c95d3be]::run_test::{closure#1}, ()>::{closure#1} as core[df12db4294e9bfd3]::ops::function::FnOnce<()>>::call_once::{shim:vtable#0}
[INFO] [stdout]   23:     0x641853bb6749 - <std[70759c8f55707aa4]::sys::thread::unix::Thread>::new::thread_start
[INFO] [stdout]   24:     0x7ccf2f527dfa - <unknown>
[INFO] [stdout]   25:     0x7ccf2f5bb3d4 - clone
[INFO] [stdout]   26:                0x0 - <unknown>
[INFO] [stdout] 
[INFO] [stdout] ---- tests::test_remaining_reaches_zero stdout ----
[INFO] [stdout] 
[INFO] [stdout] thread 'tests::test_remaining_reaches_zero' (2428) panicked at tests/fixed_window_test.rs:58:40:
[INFO] [stdout] called `Result::unwrap()` on an `Err` value: RedisError(Connection refused (os error 111))
[INFO] [stdout] stack backtrace:
[INFO] [stdout]    0:     0x641853bb71f1 - <<std[70759c8f55707aa4]::sys::backtrace::BacktraceLock>::print::DisplayBacktrace as core[df12db4294e9bfd3]::fmt::Display>::fmt
[INFO] [stdout]    1:     0x641853bcc96a - core[df12db4294e9bfd3]::fmt::write
[INFO] [stdout]    2:     0x641853bbbd5c - <alloc[2182bb758b4b3781]::vec::Vec<u8> as core[df12db4294e9bfd3]::io::write::Write>::write_fmt
[INFO] [stdout]    3:     0x641853b92a06 - std[70759c8f55707aa4]::panicking::default_hook::{closure#0}
[INFO] [stdout]    4:     0x641853baf259 - std[70759c8f55707aa4]::panicking::default_hook
[INFO] [stdout]    5:     0x641853adb6e0 - test[9d35eded1c95d3be]::test_main_inner::<test[9d35eded1c95d3be]::test_main_static::{closure#0}>::{closure#0}
[INFO] [stdout]    6:     0x641853baf582 - std[70759c8f55707aa4]::panicking::panic_with_hook
[INFO] [stdout]    7:     0x641853b92ab2 - std[70759c8f55707aa4]::panicking::panic_handler::{closure#0}
[INFO] [stdout]    8:     0x641853b8b759 - std[70759c8f55707aa4]::sys::backtrace::__rust_end_short_backtrace::<std[70759c8f55707aa4]::panicking::panic_handler::{closure#0}, !>
[INFO] [stdout]    9:     0x641853b9389d - __rustc[8fa7c3cbc660c2b3]::rust_begin_unwind
[INFO] [stdout]   10:     0x641853bcd0cc - core[df12db4294e9bfd3]::panicking::panic_fmt
[INFO] [stdout]   11:     0x641853bccea2 - core[df12db4294e9bfd3]::result::unwrap_failed
[INFO] [stdout]   12:     0x641853acca51 - fixed_window_test[39c395757e8a408]::tests::test_remaining_reaches_zero::{closure#0}
[INFO] [stdout]   13:     0x641853acddc3 - <tokio[521fe8f449762428]::runtime::scheduler::current_thread::Context>::enter::<core[df12db4294e9bfd3]::task::poll::Poll<()>, <tokio[521fe8f449762428]::runtime::scheduler::current_thread::CoreGuard>::block_on<core[df12db4294e9bfd3]::pin::Pin<&mut core[df12db4294e9bfd3]::pin::Pin<&mut dyn core[df12db4294e9bfd3]::future::future::Future<Output = ()>>>>::{closure#0}::{closure#0}>
[INFO] [stdout]   14:     0x641853ac72fc - <tokio[521fe8f449762428]::runtime::context::scoped::Scoped<tokio[521fe8f449762428]::runtime::scheduler::Context>>::set::<<tokio[521fe8f449762428]::runtime::scheduler::current_thread::CoreGuard>::enter<<tokio[521fe8f449762428]::runtime::scheduler::current_thread::CoreGuard>::block_on<core[df12db4294e9bfd3]::pin::Pin<&mut core[df12db4294e9bfd3]::pin::Pin<&mut dyn core[df12db4294e9bfd3]::future::future::Future<Output = ()>>>>::{closure#0}, core[df12db4294e9bfd3]::option::Option<()>>::{closure#0}, (alloc[2182bb758b4b3781]::boxed::Box<tokio[521fe8f449762428]::runtime::scheduler::current_thread::Core>, core[df12db4294e9bfd3]::option::Option<()>)>
[INFO] [stdout]   15:     0x641853acdabd - <tokio[521fe8f449762428]::runtime::scheduler::current_thread::CurrentThread>::block_on::<core[df12db4294e9bfd3]::pin::Pin<&mut dyn core[df12db4294e9bfd3]::future::future::Future<Output = ()>>>
[INFO] [stdout]   16:     0x641853ac71e2 - <tokio[521fe8f449762428]::runtime::runtime::Runtime>::block_on::<core[df12db4294e9bfd3]::pin::Pin<&mut dyn core[df12db4294e9bfd3]::future::future::Future<Output = ()>>>
[INFO] [stdout]   17:     0x641853acd59b - fixed_window_test[39c395757e8a408]::tests::test_remaining_reaches_zero
[INFO] [stdout]   18:     0x641853ac7f49 - <fixed_window_test[39c395757e8a408]::tests::test_remaining_reaches_zero::{closure#0} as core[df12db4294e9bfd3]::ops::function::FnOnce<()>>::call_once
[INFO] [stdout]   19:     0x641853ace9cb - test[9d35eded1c95d3be]::__rust_begin_short_backtrace::<core[df12db4294e9bfd3]::result::Result<(), alloc[2182bb758b4b3781]::string::String>, fn() -> core[df12db4294e9bfd3]::result::Result<(), alloc[2182bb758b4b3781]::string::String>>
[INFO] [stdout]   20:     0x641853adc035 - test[9d35eded1c95d3be]::run_test::{closure#0}
[INFO] [stdout]   21:     0x641853ad58f4 - std[70759c8f55707aa4]::sys::backtrace::__rust_begin_short_backtrace::<test[9d35eded1c95d3be]::run_test::{closure#1}, ()>
[INFO] [stdout]   22:     0x641853adf192 - <std[70759c8f55707aa4]::thread::lifecycle::spawn_unchecked<test[9d35eded1c95d3be]::run_test::{closure#1}, ()>::{closure#1} as core[df12db4294e9bfd3]::ops::function::FnOnce<()>>::call_once::{shim:vtable#0}
[INFO] [stdout]   23:     0x641853bb6749 - <std[70759c8f55707aa4]::sys::thread::unix::Thread>::new::thread_start
[INFO] [stdout]   24:     0x7ccf2f527dfa - <unknown>
[INFO] [stdout]   25:     0x7ccf2f5bb3d4 - clone
[INFO] [stdout]   26:                0x0 - <unknown>
[INFO] [stdout] 
[INFO] [stdout] ---- tests::test_boundary_condition stdout ----
[INFO] [stdout] 
[INFO] [stdout] thread 'tests::test_boundary_condition' (2426) panicked at tests/fixed_window_test.rs:131:40:
[INFO] [stdout] called `Result::unwrap()` on an `Err` value: RedisError(Connection refused (os error 111))
[INFO] [stdout] stack backtrace:
[INFO] [stdout]    0:     0x641853bb71f1 - <<std[70759c8f55707aa4]::sys::backtrace::BacktraceLock>::print::DisplayBacktrace as core[df12db4294e9bfd3]::fmt::Display>::fmt
[INFO] [stdout]    1:     0x641853bcc96a - core[df12db4294e9bfd3]::fmt::write
[INFO] [stdout]    2:     0x641853bbbd5c - <alloc[2182bb758b4b3781]::vec::Vec<u8> as core[df12db4294e9bfd3]::io::write::Write>::write_fmt
[INFO] [stdout]    3:     0x641853b92a06 - std[70759c8f55707aa4]::panicking::default_hook::{closure#0}
[INFO] [stdout]    4:     0x641853baf259 - std[70759c8f55707aa4]::panicking::default_hook
[INFO] [stdout]    5:     0x641853adb6e0 - test[9d35eded1c95d3be]::test_main_inner::<test[9d35eded1c95d3be]::test_main_static::{closure#0}>::{closure#0}
[INFO] [stdout]    6:     0x641853baf582 - std[70759c8f55707aa4]::panicking::panic_with_hook
[INFO] [stdout]    7:     0x641853b92ab2 - std[70759c8f55707aa4]::panicking::panic_handler::{closure#0}
[INFO] [stdout]    8:     0x641853b8b759 - std[70759c8f55707aa4]::sys::backtrace::__rust_end_short_backtrace::<std[70759c8f55707aa4]::panicking::panic_handler::{closure#0}, !>
[INFO] [stdout]    9:     0x641853b9389d - __rustc[8fa7c3cbc660c2b3]::rust_begin_unwind
[INFO] [stdout]   10:     0x641853bcd0cc - core[df12db4294e9bfd3]::panicking::panic_fmt
[INFO] [stdout]   11:     0x641853bccea2 - core[df12db4294e9bfd3]::result::unwrap_failed
[INFO] [stdout]   12:     0x641853aca7bd - fixed_window_test[39c395757e8a408]::tests::test_boundary_condition::{closure#0}
[INFO] [stdout]   13:     0x641853acddc3 - <tokio[521fe8f449762428]::runtime::scheduler::current_thread::Context>::enter::<core[df12db4294e9bfd3]::task::poll::Poll<()>, <tokio[521fe8f449762428]::runtime::scheduler::current_thread::CoreGuard>::block_on<core[df12db4294e9bfd3]::pin::Pin<&mut core[df12db4294e9bfd3]::pin::Pin<&mut dyn core[df12db4294e9bfd3]::future::future::Future<Output = ()>>>>::{closure#0}::{closure#0}>
[INFO] [stdout]   14:     0x641853ac72fc - <tokio[521fe8f449762428]::runtime::context::scoped::Scoped<tokio[521fe8f449762428]::runtime::scheduler::Context>>::set::<<tokio[521fe8f449762428]::runtime::scheduler::current_thread::CoreGuard>::enter<<tokio[521fe8f449762428]::runtime::scheduler::current_thread::CoreGuard>::block_on<core[df12db4294e9bfd3]::pin::Pin<&mut core[df12db4294e9bfd3]::pin::Pin<&mut dyn core[df12db4294e9bfd3]::future::future::Future<Output = ()>>>>::{closure#0}, core[df12db4294e9bfd3]::option::Option<()>>::{closure#0}, (alloc[2182bb758b4b3781]::boxed::Box<tokio[521fe8f449762428]::runtime::scheduler::current_thread::Core>, core[df12db4294e9bfd3]::option::Option<()>)>
[INFO] [stdout]   15:     0x641853acdabd - <tokio[521fe8f449762428]::runtime::scheduler::current_thread::CurrentThread>::block_on::<core[df12db4294e9bfd3]::pin::Pin<&mut dyn core[df12db4294e9bfd3]::future::future::Future<Output = ()>>>
[INFO] [stdout]   16:     0x641853ac71e2 - <tokio[521fe8f449762428]::runtime::runtime::Runtime>::block_on::<core[df12db4294e9bfd3]::pin::Pin<&mut dyn core[df12db4294e9bfd3]::future::future::Future<Output = ()>>>
[INFO] [stdout]   17:     0x641853acd05b - fixed_window_test[39c395757e8a408]::tests::test_boundary_condition
[INFO] [stdout]   18:     0x641853ac7ec9 - <fixed_window_test[39c395757e8a408]::tests::test_boundary_condition::{closure#0} as core[df12db4294e9bfd3]::ops::function::FnOnce<()>>::call_once
[INFO] [stdout]   19:     0x641853ace9cb - test[9d35eded1c95d3be]::__rust_begin_short_backtrace::<core[df12db4294e9bfd3]::result::Result<(), alloc[2182bb758b4b3781]::string::String>, fn() -> core[df12db4294e9bfd3]::result::Result<(), alloc[2182bb758b4b3781]::string::String>>
[INFO] [stdout]   20:     0x641853adc035 - test[9d35eded1c95d3be]::run_test::{closure#0}
[INFO] [stdout]   21:     0x641853ad58f4 - std[70759c8f55707aa4]::sys::backtrace::__rust_begin_short_backtrace::<test[9d35eded1c95d3be]::run_test::{closure#1}, ()>
[INFO] [stdout]   22:     0x641853adf192 - <std[70759c8f55707aa4]::thread::lifecycle::spawn_unchecked<test[9d35eded1c95d3be]::run_test::{closure#1}, ()>::{closure#1} as core[df12db4294e9bfd3]::ops::function::FnOnce<()>>::call_once::{shim:vtable#0}
[INFO] [stdout]   23:     0x641853bb6749 - <std[70759c8f55707aa4]::sys::thread::unix::Thread>::new::thread_start
[INFO] [stdout]   24:     0x7ccf2f527dfa - <unknown>
[INFO] [stdout]   25:     0x7ccf2f5bb3d4 - clone
[INFO] [stdout]   26:                0x0 - <unknown>
[INFO] [stdout] 
[INFO] [stdout] ---- tests::test_retry_after_on_block stdout ----
[INFO] [stdout] 
[INFO] [stdout] thread 'tests::test_retry_after_on_block' (2430) panicked at tests/fixed_window_test.rs:75:40:
[INFO] [stdout] called `Result::unwrap()` on an `Err` value: RedisError(Connection refused (os error 111))
[INFO] [stdout] stack backtrace:
[INFO] [stdout]    0:     0x641853bb71f1 - <<std[70759c8f55707aa4]::sys::backtrace::BacktraceLock>::print::DisplayBacktrace as core[df12db4294e9bfd3]::fmt::Display>::fmt
[INFO] [stdout]    1:     0x641853bcc96a - core[df12db4294e9bfd3]::fmt::write
[INFO] [stdout]    2:     0x641853bbbd5c - <alloc[2182bb758b4b3781]::vec::Vec<u8> as core[df12db4294e9bfd3]::io::write::Write>::write_fmt
[INFO] [stdout]    3:     0x641853b92a06 - std[70759c8f55707aa4]::panicking::default_hook::{closure#0}
[INFO] [stdout]    4:     0x641853baf259 - std[70759c8f55707aa4]::panicking::default_hook
[INFO] [stdout]    5:     0x641853adb6e0 - test[9d35eded1c95d3be]::test_main_inner::<test[9d35eded1c95d3be]::test_main_static::{closure#0}>::{closure#0}
[INFO] [stdout]    6:     0x641853baf582 - std[70759c8f55707aa4]::panicking::panic_with_hook
[INFO] [stdout]    7:     0x641853b92ab2 - std[70759c8f55707aa4]::panicking::panic_handler::{closure#0}
[INFO] [stdout]    8:     0x641853b8b759 - std[70759c8f55707aa4]::sys::backtrace::__rust_end_short_backtrace::<std[70759c8f55707aa4]::panicking::panic_handler::{closure#0}, !>
[INFO] [stdout]    9:     0x641853b9389d - __rustc[8fa7c3cbc660c2b3]::rust_begin_unwind
[INFO] [stdout]   10:     0x641853bcd0cc - core[df12db4294e9bfd3]::panicking::panic_fmt
[INFO] [stdout]   11:     0x641853bccea2 - core[df12db4294e9bfd3]::result::unwrap_failed
[INFO] [stdout]   12:     0x641853acc474 - fixed_window_test[39c395757e8a408]::tests::test_retry_after_on_block::{closure#0}
[INFO] [stdout]   13:     0x641853acddc3 - <tokio[521fe8f449762428]::runtime::scheduler::current_thread::Context>::enter::<core[df12db4294e9bfd3]::task::poll::Poll<()>, <tokio[521fe8f449762428]::runtime::scheduler::current_thread::CoreGuard>::block_on<core[df12db4294e9bfd3]::pin::Pin<&mut core[df12db4294e9bfd3]::pin::Pin<&mut dyn core[df12db4294e9bfd3]::future::future::Future<Output = ()>>>>::{closure#0}::{closure#0}>
[INFO] [stdout]   14:     0x641853ac72fc - <tokio[521fe8f449762428]::runtime::context::scoped::Scoped<tokio[521fe8f449762428]::runtime::scheduler::Context>>::set::<<tokio[521fe8f449762428]::runtime::scheduler::current_thread::CoreGuard>::enter<<tokio[521fe8f449762428]::runtime::scheduler::current_thread::CoreGuard>::block_on<core[df12db4294e9bfd3]::pin::Pin<&mut core[df12db4294e9bfd3]::pin::Pin<&mut dyn core[df12db4294e9bfd3]::future::future::Future<Output = ()>>>>::{closure#0}, core[df12db4294e9bfd3]::option::Option<()>>::{closure#0}, (alloc[2182bb758b4b3781]::boxed::Box<tokio[521fe8f449762428]::runtime::scheduler::current_thread::Core>, core[df12db4294e9bfd3]::option::Option<()>)>
[INFO] [stdout]   15:     0x641853acdabd - <tokio[521fe8f449762428]::runtime::scheduler::current_thread::CurrentThread>::block_on::<core[df12db4294e9bfd3]::pin::Pin<&mut dyn core[df12db4294e9bfd3]::future::future::Future<Output = ()>>>
[INFO] [stdout]   16:     0x641853ac71e2 - <tokio[521fe8f449762428]::runtime::runtime::Runtime>::block_on::<core[df12db4294e9bfd3]::pin::Pin<&mut dyn core[df12db4294e9bfd3]::future::future::Future<Output = ()>>>
[INFO] [stdout]   17:     0x641853acd44b - fixed_window_test[39c395757e8a408]::tests::test_retry_after_on_block
[INFO] [stdout]   18:     0x641853ac7f29 - <fixed_window_test[39c395757e8a408]::tests::test_retry_after_on_block::{closure#0} as core[df12db4294e9bfd3]::ops::function::FnOnce<()>>::call_once
[INFO] [stdout]   19:     0x641853ace9cb - test[9d35eded1c95d3be]::__rust_begin_short_backtrace::<core[df12db4294e9bfd3]::result::Result<(), alloc[2182bb758b4b3781]::string::String>, fn() -> core[df12db4294e9bfd3]::result::Result<(), alloc[2182bb758b4b3781]::string::String>>
[INFO] [stdout]   20:     0x641853adc035 - test[9d35eded1c95d3be]::run_test::{closure#0}
[INFO] [stdout]   21:     0x641853ad58f4 - std[70759c8f55707aa4]::sys::backtrace::__rust_begin_short_backtrace::<test[9d35eded1c95d3be]::run_test::{closure#1}, ()>
[INFO] [stdout]   22:     0x641853adf192 - <std[70759c8f55707aa4]::thread::lifecycle::spawn_unchecked<test[9d35eded1c95d3be]::run_test::{closure#1}, ()>::{closure#1} as core[df12db4294e9bfd3]::ops::function::FnOnce<()>>::call_once::{shim:vtable#0}
[INFO] [stdout]   23:     0x641853bb6749 - <std[70759c8f55707aa4]::sys::thread::unix::Thread>::new::thread_start
[INFO] [stdout]   24:     0x7ccf2f527dfa - <unknown>
[INFO] [stdout]   25:     0x7ccf2f5bb3d4 - clone
[INFO] [stdout]   26:                0x0 - <unknown>
[INFO] [stdout] 
[INFO] [stdout] 
[INFO] [stdout] failures:
[INFO] [stdout]     tests::test_allows_within_window
[INFO] [stdout]     tests::test_blocks_over_limit
[INFO] [stdout]     tests::test_boundary_condition
[INFO] [stdout]     tests::test_keys_are_isolated
[INFO] [stdout]     tests::test_remaining_reaches_zero
[INFO] [stdout]     tests::test_reset_clears_counter
[INFO] [stdout]     tests::test_retry_after_on_block
[INFO] [stdout] 
[INFO] [stdout] test result: FAILED. 0 passed; 7 failed; 0 ignored; 0 measured; 0 filtered out; finished in 0.02s
[INFO] [stdout] 
[INFO] [stderr] error: test failed, to rerun pass `--test fixed_window_test`
[INFO] running `Command { std: "docker" "inspect" "2f698c3b3022aaf62072a93b115a2ad856df4af91c703448ebb67bf7b863d9ce", kill_on_drop: false }`
[INFO] running `Command { std: "docker" "rm" "-f" "2f698c3b3022aaf62072a93b115a2ad856df4af91c703448ebb67bf7b863d9ce", kill_on_drop: false }`
[INFO] [stdout] 2f698c3b3022aaf62072a93b115a2ad856df4af91c703448ebb67bf7b863d9ce
