[INFO] cloning repository https://github.com/alexsbryan/canon
[INFO] running `Command { std: "git" "-c" "credential.helper=" "-c" "credential.helper=/workspace/cargo-home/bin/git-credential-null" "clone" "--bare" "https://github.com/alexsbryan/canon" "/workspace/cache/git-repos/https%3A%2F%2Fgithub.com%2Falexsbryan%2Fcanon", kill_on_drop: false }`
[INFO] [stderr] Cloning into bare repository '/workspace/cache/git-repos/https%3A%2F%2Fgithub.com%2Falexsbryan%2Fcanon'...
[INFO] running `Command { std: "git" "rev-parse" "HEAD", kill_on_drop: false }`
[INFO] [stdout] f31d4d534f01b305bd42a3485e11c7fca0611d4b
[INFO] testing alexsbryan/canon/f31d4d534f01b305bd42a3485e11c7fca0611d4b against 1.100.0-beta.1+cargoflags=--release for beta-release-1.100-2
[INFO] running `Command { std: "git" "clone" "/workspace/cache/git-repos/https%3A%2F%2Fgithub.com%2Falexsbryan%2Fcanon" "/workspace/builds/worker-4-tc2/source", kill_on_drop: false }`
[INFO] [stderr] Cloning into '/workspace/builds/worker-4-tc2/source'...
[INFO] [stderr] done.
[INFO] removed /workspace/builds/worker-4-tc2/source/rust-toolchain.toml
[INFO] started tweaking git repo https://github.com/alexsbryan/canon
[INFO] finished tweaking git repo https://github.com/alexsbryan/canon
[INFO] tweaked toml for git repo https://github.com/alexsbryan/canon written to /workspace/builds/worker-4-tc2/source/Cargo.toml
[INFO] validating manifest of git repo https://github.com/alexsbryan/canon on toolchain 1.100.0-beta.1
[INFO] running `Command { std: CARGO_HOME="/workspace/cargo-home" RUSTUP_HOME="/workspace/rustup-home" "/workspace/cargo-home/bin/cargo" "+1.100.0-beta.1" "metadata" "--manifest-path" "Cargo.toml" "--no-deps", kill_on_drop: false }`
[INFO] crate git repo https://github.com/alexsbryan/canon already has a lockfile, it will not be regenerated
[INFO] running `Command { std: CARGO_HOME="/workspace/cargo-home" RUSTUP_HOME="/workspace/rustup-home" "/workspace/cargo-home/bin/cargo" "+1.100.0-beta.1" "fetch" "--manifest-path" "Cargo.toml", kill_on_drop: false }`
[INFO] running `Command { std: "docker" "create" "-v" "/var/lib/crater-agent-workspace/builds/worker-4-tc2/source:/opt/rustwide/workdir:ro,Z" "-v" "/var/lib/crater-agent-workspace/builds/worker-4-tc2/target:/opt/rustwide/target:rw,Z" "-v" "/var/lib/crater-agent-workspace/cargo-home:/opt/rustwide/cargo-home:ro,Z" "-v" "/var/lib/crater-agent-workspace/rustup-home:/opt/rustwide/rustup-home:ro,Z" "-m" "1610612736" "--network" "none" "ghcr.io/rust-lang/crates-build-env/linux@sha256:77db811e55d90add9212f6832c23229e3de5f1c1f9905e8cb07319ea15df73ac" "sleep" "infinity", kill_on_drop: false }`
[INFO] [stdout] 33b993235ae2561cbc1541073d7de5b79fe934929e77544ee030a32294176ebd
[INFO] running `Command { std: "docker" "start" "33b993235ae2561cbc1541073d7de5b79fe934929e77544ee030a32294176ebd", kill_on_drop: false }`
[INFO] running `Command { std: "docker" "inspect" "33b993235ae2561cbc1541073d7de5b79fe934929e77544ee030a32294176ebd", kill_on_drop: false }`
[INFO] running `Command { std: "docker" "exec" "-e" "SOURCE_DIR=/opt/rustwide/workdir" "-e" "CARGO_HOME=/opt/rustwide/cargo-home" "-e" "RUSTUP_HOME=/opt/rustwide/rustup-home" "-e" "CARGO_TARGET_DIR=/opt/rustwide/target" "-w" "/opt/rustwide/workdir" "--user" "0:0" "33b993235ae2561cbc1541073d7de5b79fe934929e77544ee030a32294176ebd" "/opt/rustwide/cargo-home/bin/cargo" "+1.100.0-beta.1" "metadata" "--no-deps" "--format-version=1", kill_on_drop: false }`
[INFO] running `Command { std: "docker" "inspect" "33b993235ae2561cbc1541073d7de5b79fe934929e77544ee030a32294176ebd", kill_on_drop: false }`
[INFO] running `Command { std: "docker" "exec" "-e" "SOURCE_DIR=/opt/rustwide/workdir" "-e" "CARGO_HOME=/opt/rustwide/cargo-home" "-e" "RUSTUP_HOME=/opt/rustwide/rustup-home" "-e" "CARGO_TARGET_DIR=/opt/rustwide/target" "-e" "CARGO_INCREMENTAL=0" "-e" "RUST_BACKTRACE=full" "-e" "RUSTFLAGS=--cap-lints=warn" "-e" "RUSTDOCFLAGS=--cap-lints=warn" "-w" "/opt/rustwide/workdir" "--user" "0:0" "33b993235ae2561cbc1541073d7de5b79fe934929e77544ee030a32294176ebd" "/opt/rustwide/cargo-home/bin/cargo" "+1.100.0-beta.1" "build" "--frozen" "--message-format=json" "--release", kill_on_drop: false }`
[INFO] [stderr]    Compiling litemap v0.8.3
[INFO] [stderr]    Compiling writeable v0.6.4
[INFO] [stderr]    Compiling find-msvc-tools v0.1.11
[INFO] [stderr]    Compiling libc v0.2.189
[INFO] [stderr]    Compiling shlex v2.0.1
[INFO] [stderr]    Compiling icu_normalizer_data v2.3.0
[INFO] [stderr]    Compiling icu_properties_data v2.3.0
[INFO] [stderr]    Compiling typenum v1.20.1
[INFO] [stderr]    Compiling zeroize v1.9.0
[INFO] [stderr]    Compiling serde_core v1.0.229
[INFO] [stderr]    Compiling crossbeam-utils v0.8.22
[INFO] [stderr]    Compiling smallvec v1.15.2
[INFO] [stderr]    Compiling crossbeam-epoch v0.9.20
[INFO] [stderr]    Compiling syn v2.0.119
[INFO] [stderr]    Compiling syn v3.0.3
[INFO] [stderr]    Compiling generic-array v0.14.7
[INFO] [stderr]    Compiling proc-macro2 v1.0.107
[INFO] [stderr]    Compiling rustls-pki-types v1.15.1
[INFO] [stderr]    Compiling serde_json v1.0.151
[INFO] [stderr]    Compiling cc v1.4.4
[INFO] [stderr]    Compiling aho-corasick v1.1.5
[INFO] [stderr]    Compiling crossbeam-deque v0.8.7
[INFO] [stderr]    Compiling rustls v0.23.43
[INFO] [stderr]    Compiling simd-adler32 v0.3.10
[INFO] [stderr]    Compiling regex-syntax v0.8.11
[INFO] [stderr]    Compiling serde v1.0.229
[INFO] [stderr]    Compiling bstr v1.13.1
[INFO] [stderr]    Compiling quote v1.0.47
[INFO] [stderr]    Compiling clap_builder v4.6.6
[INFO] [stderr]    Compiling walkdir v2.5.0
[INFO] [stderr]    Compiling miniz_oxide v0.8.9
[INFO] [stderr]    Compiling webpki-roots v1.0.9
[INFO] [stderr]    Compiling flate2 v1.1.9
[INFO] [stderr]    Compiling webpki-roots v0.26.11
[INFO] [stderr]    Compiling ed25519-compact v2.6.0
[INFO] [stderr]    Compiling getrandom v0.2.17
[INFO] [stderr]    Compiling getrandom v0.3.4
[INFO] [stderr]    Compiling ring v0.17.14
[INFO] [stderr]    Compiling block-buffer v0.10.4
[INFO] [stderr]    Compiling crypto-common v0.1.7
[INFO] [stderr]    Compiling digest v0.10.7
[INFO] [stderr]    Compiling sha2 v0.10.9
[INFO] [stderr]    Compiling regex-automata v0.4.18
[INFO] [stderr]    Compiling synstructure v0.13.2
[INFO] [stderr]    Compiling zerofrom-derive v0.1.7
[INFO] [stderr]    Compiling yoke-derive v0.8.2
[INFO] [stderr]    Compiling zerovec-derive v0.11.6
[INFO] [stderr]    Compiling displaydoc v0.2.7
[INFO] [stderr]    Compiling serde_derive v1.0.229
[INFO] [stderr]    Compiling clap v4.6.6
[INFO] [stderr]    Compiling zerofrom v0.1.8
[INFO] [stderr]    Compiling yoke v0.8.3
[INFO] [stderr]    Compiling zerotrie v0.2.5
[INFO] [stderr]    Compiling zerovec v0.11.8
[INFO] [stderr]    Compiling globset v0.4.20
[INFO] [stderr]    Compiling ignore v0.4.33
[INFO] [stderr]    Compiling tinystr v0.8.4
[INFO] [stderr]    Compiling potential_utf v0.1.6
[INFO] [stderr]    Compiling icu_locale_core v2.3.0
[INFO] [stderr]    Compiling icu_collections v2.3.0
[INFO] [stderr]    Compiling icu_provider v2.3.1
[INFO] [stderr]    Compiling icu_properties v2.3.0
[INFO] [stderr]    Compiling icu_normalizer v2.3.0
[INFO] [stderr]    Compiling canon-core v0.5.0 (/opt/rustwide/workdir/crates/canon-core)
[INFO] [stderr]    Compiling idna_adapter v1.2.2
[INFO] [stderr]    Compiling idna v1.1.0
[INFO] [stderr]    Compiling url v2.5.8
[INFO] [stderr]    Compiling canon-contract v0.5.0 (/opt/rustwide/workdir/crates/canon-contract)
[INFO] [stderr]    Compiling rustls-webpki v0.103.15
[INFO] [stderr]    Compiling ureq v2.12.1
[INFO] [stderr]    Compiling canon-cli v0.5.0 (/opt/rustwide/workdir/crates/canon-cli)
[INFO] [stderr]     Finished `release` profile [optimized] target(s) in 2m 14s
[INFO] running `Command { std: "docker" "inspect" "33b993235ae2561cbc1541073d7de5b79fe934929e77544ee030a32294176ebd", kill_on_drop: false }`
[INFO] running `Command { std: "docker" "exec" "-e" "SOURCE_DIR=/opt/rustwide/workdir" "-e" "CARGO_HOME=/opt/rustwide/cargo-home" "-e" "RUSTUP_HOME=/opt/rustwide/rustup-home" "-e" "CARGO_TARGET_DIR=/opt/rustwide/target" "-e" "CARGO_INCREMENTAL=0" "-e" "RUST_BACKTRACE=full" "-e" "RUSTFLAGS=--cap-lints=warn" "-e" "RUSTDOCFLAGS=--cap-lints=warn" "-w" "/opt/rustwide/workdir" "--user" "0:0" "33b993235ae2561cbc1541073d7de5b79fe934929e77544ee030a32294176ebd" "/opt/rustwide/cargo-home/bin/cargo" "+1.100.0-beta.1" "test" "--frozen" "--no-run" "--message-format=json" "--release", kill_on_drop: false }`
[INFO] [stderr]    Compiling getrandom v0.3.4
[INFO] [stderr]    Compiling regex-automata v0.4.18
[INFO] [stderr]    Compiling zerocopy v0.8.59
[INFO] [stderr]    Compiling num-traits v0.2.19
[INFO] [stderr]    Compiling bitflags v2.13.2
[INFO] [stderr]    Compiling canon-contract v0.5.0 (/opt/rustwide/workdir/crates/canon-contract)
[INFO] [stderr]    Compiling rand_core v0.9.5
[INFO] [stderr]    Compiling rand v0.9.5
[INFO] [stderr]    Compiling rand_xorshift v0.4.0
[INFO] [stderr]    Compiling globset v0.4.20
[INFO] [stderr]    Compiling ignore v0.4.33
[INFO] [stderr]    Compiling ppv-lite86 v0.2.21
[INFO] [stderr]    Compiling rand_chacha v0.9.0
[INFO] [stderr]    Compiling proptest v1.11.0
[INFO] [stderr]    Compiling canon-cli v0.5.0 (/opt/rustwide/workdir/crates/canon-cli)
[INFO] [stderr]    Compiling canon-core v0.5.0 (/opt/rustwide/workdir/crates/canon-core)
[INFO] [stderr]     Finished `release` profile [optimized] target(s) in 2m 11s
[INFO] running `Command { std: "docker" "inspect" "33b993235ae2561cbc1541073d7de5b79fe934929e77544ee030a32294176ebd", kill_on_drop: false }`
[INFO] running `Command { std: "docker" "exec" "-e" "SOURCE_DIR=/opt/rustwide/workdir" "-e" "CARGO_HOME=/opt/rustwide/cargo-home" "-e" "RUSTUP_HOME=/opt/rustwide/rustup-home" "-e" "CARGO_TARGET_DIR=/opt/rustwide/target" "-e" "CARGO_INCREMENTAL=0" "-e" "RUST_BACKTRACE=full" "-e" "RUSTFLAGS=--cap-lints=warn" "-e" "RUSTDOCFLAGS=--cap-lints=warn" "-w" "/opt/rustwide/workdir" "--user" "0:0" "33b993235ae2561cbc1541073d7de5b79fe934929e77544ee030a32294176ebd" "/opt/rustwide/cargo-home/bin/cargo" "+1.100.0-beta.1" "test" "--frozen" "--release", kill_on_drop: false }`
[INFO] [stderr]     Finished `release` profile [optimized] target(s) in 0.17s
[INFO] [stderr]      Running unittests src/main.rs (/opt/rustwide/target/release/build/canon-cli/b6a071a3d597d705/out/canon-b6a071a3d597d705)
[INFO] [stdout] 
[INFO] [stdout] running 342 tests
[INFO] [stdout] test check::tests::a_subject_left_unwritten_on_purpose_is_not_reported_as_a_gap ... ok
[INFO] [stdout] test check::tests::a_bearing_naming_a_commitment_that_does_not_exist_is_refused ... ok
[INFO] [stdout] test check::tests::adopting_a_rule_makes_the_ladder_appear_and_keeps_it_visible ... ok
[INFO] [stdout] test check::tests::the_personal_profile_never_returns_exit_one ... ok
[INFO] [stdout] test cli::tests::a_flag_left_empty_says_what_it_was_waiting_for ... ok
[INFO] [stdout] test cli::tests::a_refusal_nobody_anticipated_keeps_claps_words ... ok
[INFO] [stdout] test cli::tests::a_refused_argument_speaks_the_way_the_rest_of_the_tool_does ... ok
[INFO] [stdout] test cli::tests::a_verb_this_table_does_not_know_passes_through ... ok
[INFO] [stdout] test cli::tests::from_still_takes_every_path_and_a_bare_dash ... ok
[INFO] [stdout] test cli::tests::the_equals_form_reaches_the_handler ... ok
[INFO] [stdout] test cli::tests::the_four_ways_the_parser_used_to_fail_open ... ok
[INFO] [stdout] test check::tests::the_personal_profile_still_renders_no_verdict_under_any_policy ... ok
[INFO] [stdout] test config::tests::a_line_without_an_equals_is_an_error ... ok
[INFO] [stdout] test config::tests::an_unknown_key_is_an_error_not_a_skipped_line ... ok
[INFO] [stdout] test config::tests::an_api_key_is_not_a_line_in_the_file ... ok
[INFO] [stdout] test config::tests::config_round_trips_through_its_rendering ... ok
[INFO] [stdout] test config::tests::every_key_round_trips_through_its_string ... ok
[INFO] [stdout] test draft::tests::a_checkpoint_never_leaks_its_marker_into_the_artifact ... ok
[INFO] [stdout] test draft::tests::a_chunk_cites_the_lines_it_came_from ... ok
[INFO] [stdout] test config::tests::a_blank_api_key_is_no_key ... ok
[INFO] [stdout] test draft::tests::a_chat_passage_keeps_its_source_clock_in_the_run_not_the_quote ... ok
[INFO] [stdout] test check::tests::the_canon_own_policy_decides_the_check_and_not_what_shipped ... ok
[INFO] [stdout] test check::tests::an_unreadable_pull_is_dropped_rather_than_guessed ... ok
[INFO] [stdout] test draft::tests::a_citation_that_merely_contains_another_is_a_different_finding ... ok
[INFO] [stdout] test check::tests::nothing_bearing_on_a_proposal_is_unaddressed_not_approval ... ok
[INFO] [stdout] test check::tests::the_personal_profile_never_renders_a_verdict_on_either_surface ... ok
[INFO] [stdout] test cli::tests::every_command_line_in_the_documentation_still_parses ... ok
[INFO] [stdout] test check::tests::a_bearing_with_no_reason_is_refused_and_reported ... ok
[INFO] [stdout] test check::tests::a_position_a_person_took_is_rendered_and_not_silently_dropped ... ok
[INFO] [stdout] test draft::tests::a_citation_keeps_the_line_breaks_the_passage_had ... ok
[INFO] [stdout] test draft::tests::a_finished_run_carries_no_failure_marker ... ok
[INFO] [stdout] test draft::tests::a_finding_two_readings_agree_on_survives_a_majority_fold ... ok
[INFO] [stdout] test draft::tests::a_candidate_already_declined_is_never_offered_again ... ok
[INFO] [stdout] test cli::tests::every_flag_the_code_reads_is_declared ... ok
[INFO] [stdout] test check::tests::a_carried_contradiction_is_shown_rather_than_relitigated ... ok
[INFO] [stdout] test draft::tests::a_finding_only_one_reading_saw_falls_out_at_k_two_and_stands_at_k_one ... ok
[INFO] [stdout] test check::tests::the_house_profile_says_which_act_the_proposal_needs ... ok
[INFO] [stdout] test draft::tests::a_directory_is_read_in_a_stable_order ... ok
[INFO] [stdout] test draft::tests::a_group_of_one_is_not_reported_as_a_fold ... ok
[INFO] [stdout] test draft::tests::a_finished_run_removes_its_checkpoint ... ok
[INFO] [stdout] test draft::tests::a_prompt_nobody_can_answer_is_never_asked ... ok
[INFO] [stdout] test draft::tests::a_folder_of_scraps_says_it_was_the_passages_not_the_folder ... ok
[INFO] [stdout] test draft::tests::a_cited_sentence_too_short_to_be_evidence_is_refused ... ok
[INFO] [stdout] test draft::tests::a_killed_run_leaves_its_work_in_a_checkpoint ... ok
[INFO] [stdout] test draft::tests::a_passage_with_no_heading_is_sent_plain ... ok
[INFO] [stdout] test draft::tests::a_passage_yields_the_three_kinds_it_actually_records ... ok
[INFO] [stdout] test check::tests::the_code_profile_names_the_rule_it_conflicts_with ... ok
[INFO] [stdout] test draft::tests::a_position_the_passage_does_not_have_drops_the_candidate ... ok
[INFO] [stdout] test draft::tests::a_genuine_reword_still_folds ... ok
[INFO] [stdout] test draft::tests::a_group_naming_a_position_that_does_not_exist_is_dropped_not_wrapped ... ok
[INFO] [stdout] test draft::tests::a_cut_needs_something_on_both_sides_unless_the_run_was_killed ... ok
[INFO] [stdout] test check::tests::a_canon_that_adopted_no_rule_is_not_told_about_the_ladder ... ok
[INFO] [stdout] test draft::tests::an_empty_folder_is_a_different_mistake_from_no_folder ... ok
[INFO] [stdout] test draft::tests::a_run_written_before_samples_existed_reads_as_one_reading ... ok
[INFO] [stdout] test draft::tests::chunking_never_merges_across_a_heading ... ok
[INFO] [stdout] test draft::tests::a_rule_spanning_two_sentences_cites_both ... ok
[INFO] [stdout] test draft::tests::a_stage_that_fails_writes_what_ran_before_it ... ok
[INFO] [stdout] test draft::tests::an_abandoned_run_supersedes_its_checkpoint ... ok
[INFO] [stdout] test draft::tests::an_unreadable_kind_is_a_rule_and_not_a_way_past_the_guards ... ok
[INFO] [stdout] test draft::tests::a_number_worded_differently_from_its_citation_survives ... ok
[INFO] [stdout] test draft::tests::from_with_no_paths_does_not_answer_with_the_command_just_run ... ok
[INFO] [stdout] test draft::tests::a_subject_the_model_did_not_name_refuses_the_fold ... ok
[INFO] [stdout] test draft::tests::a_record_is_read_as_a_record_and_not_as_a_rule ... ok
[INFO] [stdout] test draft::tests::majority_is_more_than_half_the_readings ... ok
[INFO] [stdout] test draft::tests::a_recording_with_a_hole_in_it_is_refused_rather_than_replayed ... ok
[INFO] [stdout] test draft::tests::a_recital_still_may_not_cite_the_whole_passage ... ok
[INFO] [stdout] test draft::tests::nothing_extracted_asks_the_model_nothing ... ok
[INFO] [stdout] test draft::tests::questions_and_silences_do_not_go_through_the_quantity_guard ... ok
[INFO] [stdout] test draft::tests::a_unit_nobody_listed_is_still_checked_against_the_citation ... ok
[INFO] [stdout] test draft::tests::one_git_commit_time_marks_its_passage_but_does_not_backdate_an_act ... ok
[INFO] [stdout] test draft::tests::one_reading_saying_it_twice_is_one_vote_not_two ... ok
[INFO] [stdout] test draft::tests::a_second_checkpoint_replaces_the_first ... ok
[INFO] [stdout] test draft::tests::refold_rewrites_kept_at_the_k_it_was_asked_for_and_calls_no_model ... ok
[INFO] [stdout] test draft::tests::refold_refuses_a_k_no_fold_could_reach ... ok
[INFO] [stdout] test draft::tests::review_context_is_the_recorded_passage_only_when_the_quote_still_fits ... ok
[INFO] [stdout] test draft::tests::refold_without_a_k_is_refused_rather_than_defaulted ... ok
[INFO] [stdout] test draft::tests::a_recital_may_cite_a_paragraph_where_a_rule_may_not ... ok
[INFO] [stdout] test draft::tests::a_silence_with_no_stated_reason_is_refused ... ok
[INFO] [stdout] test draft::tests::a_rule_stating_a_number_its_citation_does_not_is_dropped ... ok
[INFO] [stdout] test draft::tests::resume_offers_every_finished_run_oldest_first_and_never_a_checkpoint ... ok
[INFO] [stdout] test draft::tests::resuming_offers_only_what_is_not_already_in_the_canon ... ok
[INFO] [stdout] test draft::tests::continue_refuses_a_run_that_finished ... ok
[INFO] [stdout] test draft::tests::emphasis_comes_out_of_the_text_and_symbols_stay_whole ... ok
[INFO] [stdout] test draft::tests::from_takes_every_path_a_shell_expanded ... ok
[INFO] [stdout] test draft::tests::only_kinds_that_can_be_breached_are_compared ... ok
[INFO] [stdout] test draft::tests::one_line_longer_than_the_target_is_left_whole ... ok
[INFO] [stdout] test draft::tests::the_citation_is_cut_from_the_passage_not_taken_from_the_reply ... ok
[INFO] [stdout] test draft::tests::text_with_no_blank_line_still_chunks ... ok
[INFO] [stdout] test draft::tests::the_same_words_in_two_passages_are_two_findings ... ok
[INFO] [stdout] test draft::tests::the_extraction_asks_for_the_voice_the_canon_is_written_in ... ok
[INFO] [stdout] test draft::tests::continue_finishes_a_failed_run_without_reading_a_passage_again ... ok
[INFO] [stdout] test draft::tests::the_survivor_is_the_earliest_reading_not_the_wordiest ... ok
[INFO] [stdout] test draft::tests::two_kinds_over_one_sentence_are_two_findings ... ok
[INFO] [stdout] test draft::tests::unstructured_prose_still_chunks_and_still_cites ... ok
[INFO] [stdout] test explain::tests::a_name_loses_its_prefix_and_a_personal_scope_keeps_it ... ok
[INFO] [stdout] test draft::tests::whitespace_and_case_do_not_split_one_finding_in_two ... ok
[INFO] [stdout] test explain::answered_question_tests::a_rule_that_answered_a_question_names_the_question_it_answered ... ok
[INFO] [stdout] test draft::tests::the_surviving_rules_carry_their_own_reading_forward ... ok
[INFO] [stdout] test explain::tests::a_superseded_commitment_reports_the_reason_it_was_replaced ... ok
[INFO] [stdout] test draft::tests::the_section_title_reaches_the_model_as_context_with_no_position_to_cite ... ok
[INFO] [stdout] test explain::tests::a_superseding_commitment_reports_the_reason_it_exists ... ok
[INFO] [stdout] test explain::tests::an_ambiguous_prefix_is_an_error_not_a_guess ... ok
[INFO] [stdout] test guard::tests::a_late_offline_append_inside_the_slack_is_forgiven ... ok
[INFO] [stdout] test draft::tests::two_rules_with_different_times_are_never_duplicates ... ok
[INFO] [stdout] test lineage::tests::a_generation_is_split_off_a_url_without_eating_an_scp_style_host ... ok
[INFO] [stdout] test guard::tests::a_first_commit_has_nothing_to_be_earlier_than ... ok
[INFO] [stdout] test lineage::tests::a_url_becomes_a_stable_and_unambiguous_cache_directory_name ... ok
[INFO] [stdout] test lineage::tests::the_driver_refuses_a_corrupt_side_rather_than_silently_dropping_it ... ok
[INFO] [stdout] test lineage::tests::merge_driver_with_no_arguments_prints_its_own_setup ... ok
[INFO] [stdout] test guard::tests::a_removed_or_edited_line_is_seen_and_so_is_the_future ... ok
[INFO] [stdout] test guard::tests::an_honest_append_is_clean_and_a_backdated_self_grant_is_not ... ok
[INFO] [stdout] test lineage::tests::the_merge_driver_unions_two_divergent_appends ... ok
[INFO] [stdout] test lineage::tests::the_driver_survives_the_empty_base_git_passes_for_a_file_added_on_both_sides ... ok
[INFO] [stdout] test locate::tests::a_backwards_span_is_refused_rather_than_swapped ... ok
[INFO] [stdout] test locate::tests::a_citation_wider_than_the_cap_is_refused ... ok
[INFO] [stdout] test locate::tests::a_line_too_short_to_be_evidence_is_still_refused ... ok
[INFO] [stdout] test locate::tests::a_sentence_ending_in_a_number_still_ends ... ok
[INFO] [stdout] test locate::tests::a_decimal_point_ends_nothing ... ok
[INFO] [stdout] test locate::tests::every_citation_is_a_slice_of_its_passage ... ok
[INFO] [stdout] test locate::tests::a_passage_with_no_prose_structure_is_cited_by_line ... ok
[INFO] [stdout] test locate::tests::a_passage_with_no_sentence_break_is_one_position ... ok
[INFO] [stdout] test locate::tests::a_sentence_wrapped_by_the_pdf_extractor_stays_one_sentence ... ok
[INFO] [stdout] test locate::tests::prose_is_still_read_as_prose ... ok
[INFO] [stdout] test lineage::tests::the_merged_file_is_byte_identical_whichever_side_ran_the_merge ... ok
[INFO] [stdout] test locate::tests::an_index_the_passage_does_not_have_is_refused ... ok
[INFO] [stdout] test locate::tests::prose_with_no_markers_still_splits ... ok
[INFO] [stdout] test locate::tests::spans_ascend_and_never_overlap ... ok
[INFO] [stdout] test locate::tests::a_span_carries_the_document_between_its_sentences ... ok
[INFO] [stdout] test locate::tests::a_span_too_short_to_be_evidence_is_refused ... ok
[INFO] [stdout] test locate::tests::an_abbreviation_does_not_end_a_sentence ... ok
[INFO] [stdout] test locate::tests::an_enumerator_stays_with_the_item_it_labels ... ok
[INFO] [stdout] test locate::tests::one_long_line_is_one_unit_and_stays_that_way ... ok
[INFO] [stdout] test locate::tests::the_documents_own_numbering_starts_a_sentence ... ok
[INFO] [stdout] test locate::tests::the_model_is_shown_the_positions_the_code_copies_from ... ok
[INFO] [stdout] test mcp::tests::an_unknown_method_is_a_jsonrpc_error ... ok
[INFO] [stdout] test locate::tests::a_table_row_is_a_position_of_its_own ... ok
[INFO] [stdout] test mcp::tests::an_unknown_tool_is_recoverable_not_fatal ... ok
[INFO] [stdout] test mcp::tests::every_advertised_tool_declares_a_schema ... ok
[INFO] [stdout] test mcp::tests::canon_why_without_an_id_is_an_error_the_agent_can_read ... ok
[INFO] [stdout] test mcp::tests::initialize_echoes_a_protocol_it_supports ... ok
[INFO] [stdout] test mcp::tests::initialize_falls_back_when_asked_for_an_unknown_protocol ... ok
[INFO] [stdout] test mcp::tests::ping_answers ... ok
[INFO] [stdout] test mcp::tests::small_canons_still_list_their_rules_and_large_canons_show_an_index ... ok
[INFO] [stdout] test mcp::tests::the_surface_is_read_only ... ok
[INFO] [stdout] test model::tests::a_busy_host_is_told_apart_from_one_that_declined ... ok
[INFO] [stdout] test locate::tests::a_wrapped_line_starting_with_a_short_word_is_not_a_marker ... ok
[INFO] [stdout] test model::tests::a_fenced_answer_inside_a_thought_decodes ... ok
[INFO] [stdout] test mcp::tests::a_notification_gets_no_reply ... ok
[INFO] [stdout] test mcp::tests::a_string_id_survives_the_round_trip ... ok
[INFO] [stdout] test model::tests::a_messages_refusal_and_a_cut_reply_are_named_for_what_they_are ... ok
[INFO] [stdout] test model::tests::a_missing_endpoint_is_reported_not_guessed_at ... ok
[INFO] [stdout] test model::tests::a_messages_tape_replays_in_the_shape_it_was_recorded_in ... ok
[INFO] [stdout] test model::tests::a_fenced_object_decodes_because_the_fence_is_transport_not_prose ... ok
[INFO] [stdout] test model::tests::a_refusal_that_is_not_backpressure_is_never_retried ... ok
[INFO] [stdout] test model::tests::a_declining_model_is_a_refusal_not_a_malformed_reply ... ok
[INFO] [stdout] test model::tests::a_recording_keeps_what_the_server_said_in_order ... ok
[INFO] [stdout] test model::tests::a_reply_that_thinks_before_answering_still_decodes ... ok
[INFO] [stdout] test model::tests::a_reply_that_closes_a_thought_after_answering_still_decodes ... ok
[INFO] [stdout] test model::tests::a_refusal_that_is_not_about_the_schema_does_not_burn_a_second_call ... ok
[INFO] [stdout] test model::tests::a_sentinel_position_is_refused_and_not_fatal ... ok
[INFO] [stdout] test model::tests::a_messages_schema_refusal_climbs_down_to_the_schema_in_the_prompt ... ok
[INFO] [stdout] test model::tests::a_schema_answer_comes_back_as_typed_data_in_one_call ... ok
[INFO] [stdout] test model::tests::a_tape_that_runs_out_refuses_rather_than_inventing_a_reply ... ok
[INFO] [stdout] test model::tests::a_tape_whose_calls_went_elsewhere_refuses ... ok
[INFO] [stdout] test model::tests::an_omitted_position_is_not_the_first_one ... ok
[INFO] [stdout] test model::tests::anthropics_host_and_only_it_is_spoken_to_in_messages ... ok
[INFO] [stdout] test model::tests::backoff_grows_then_caps_then_gives_up ... ok
[INFO] [stdout] test model::tests::a_tape_cut_at_a_stage_plays_above_it_and_goes_live_from_it ... ok
[INFO] [stdout] test model::tests::every_schema_is_json ... ok
[INFO] [stdout] test model::tests::locality_is_decided_conservatively ... ok
[INFO] [stdout] test model::tests::a_key_goes_over_the_wire_as_a_bearer_token_on_every_call ... ok
[INFO] [stdout] test model::tests::prose_with_no_json_in_it_is_still_malformed ... ok
[INFO] [stdout] test model::tests::the_other_channel_names_decode_too ... ok
[INFO] [stdout] test model::tests::a_stage_label_that_disagrees_with_the_recording_refuses ... ok
[INFO] [stdout] test model::tests::a_schema_goes_over_the_wire_in_the_order_it_was_written ... ok
[INFO] [stdout] test profile::tests::a_corrupt_profile_is_an_error_not_a_silent_default ... ok
[INFO] [stdout] test profile::tests::an_unknown_profile_is_an_error_not_a_default ... ok
[INFO] [stdout] test profile::tests::a_canon_with_no_profile_file_reads_as_personal ... ok
[INFO] [stdout] test model::tests::an_unreachable_endpoint_is_a_transport_error_naming_the_url ... ok
[INFO] [stdout] test profile::tests::every_profile_round_trips_through_its_string ... ok
[INFO] [stdout] test quantify::tests::a_citation_may_state_more_than_the_rule_it_supports ... ok
[INFO] [stdout] test model::tests::the_tape_records_a_refusal_so_a_replay_stays_in_step ... ok
[INFO] [stdout] test profile::tests::each_profile_names_the_thing_the_way_its_readers_do ... ok
[INFO] [stdout] test model::tests::no_key_sends_no_authorization_header ... ok
[INFO] [stdout] test quantify::tests::a_number_the_citation_never_states_is_unsupported ... ok
[INFO] [stdout] test quantify::tests::a_citation_stating_no_number_cannot_support_one_that_does ... ok
[INFO] [stdout] test quantify::tests::a_quantity_the_citation_states_verbatim_is_not_refused ... ok
[INFO] [stdout] test quantify::tests::a_quantity_the_rule_never_states_is_not_refused ... ok
[INFO] [stdout] test model::tests::a_replay_answers_from_the_tape_and_never_reaches_the_endpoint ... ok
[INFO] [stdout] test model::tests::a_schema_refusal_degrades_exactly_once_and_states_the_schema_in_the_prompt ... ok
[INFO] [stdout] test model::tests::prose_is_never_parsed_as_a_fallback ... ok
[INFO] [stdout] test quantify::tests::a_reading_with_no_canonical_form_is_not_judged_either_way ... ok
[INFO] [stdout] test quantify::tests::a_rule_stating_no_quantity_can_still_be_a_duplicate ... ok
[INFO] [stdout] test quantify::tests::a_unit_nobody_listed_still_separates_two_limits ... ok
[INFO] [stdout] test quantify::tests::a_host_that_refuses_is_not_narrowed_into_unread_pairs ... ok
[INFO] [stdout] test quantify::tests::a_universal_quantifier_is_not_a_number_the_citation_must_state ... ok
[INFO] [stdout] test quantify::tests::a_real_number_the_citation_lacks_is_still_refused ... ok
[INFO] [stdout] test quantify::tests::an_answer_naming_a_rule_that_was_not_offered_is_dropped_not_misfiled ... ok
[INFO] [stdout] test quantify::tests::the_same_limit_worded_differently_is_not_a_difference ... ok
[INFO] [stdout] test quantify::tests::the_reading_prompt_forbids_normalising_the_units_away ... ok
[INFO] [stdout] test quantify::tests::independent_pairs_are_read_in_batches ... ok
[INFO] [stdout] test quantify::tests::two_numbers_about_different_things_do_not_disagree ... ok
[INFO] [stdout] test quantify::tests::what_a_number_counts_is_not_compared ... ok
[INFO] [stdout] test rebase::tests::a_change_the_model_said_nothing_about_is_reported_unmapped_not_counted_as_passing ... ok
[INFO] [stdout] test rebase::tests::a_divergence_becomes_one_change_per_thing_the_holder_actually_did ... ok
[INFO] [stdout] test rebase::tests::a_conflict_is_marked_and_gets_no_command ... ok
[INFO] [stdout] test quantify::tests::a_rule_stating_no_number_is_supported_by_any_citation ... ok
[INFO] [stdout] test quantify::tests::an_answer_with_no_number_in_it_is_not_a_quantity ... ok
[INFO] [stdout] test rebase::tests::a_mapping_pointing_at_a_rule_that_does_not_exist_is_dropped_not_aimed_nearby ... ok
[INFO] [stdout] test rebase::tests::a_carried_change_names_the_exact_command_against_the_new_base ... ok
[INFO] [stdout] test render::tests::list_json_carries_scope_and_rank_on_each_commitment ... ok
[INFO] [stdout] test rebase::tests::an_unreadable_fate_is_dropped_rather_than_guessed ... ok
[INFO] [stdout] test render::tests::rules_are_grouped_by_scope_with_ranked_ones_first ... ok
[INFO] [stdout] test rebase::tests::an_added_rule_can_never_come_back_orphaned ... ok
[INFO] [stdout] test rebase::tests::an_edit_can_still_be_orphaned ... ok
[INFO] [stdout] test replay::tests::a_canon_on_disk_and_a_fixture_are_both_read_with_no_flag ... ok
[INFO] [stdout] test replay::tests::a_canon_that_records_no_argument_derives_no_decision ... ok
[INFO] [stdout] test replay::tests::a_second_on_a_question_never_becomes_a_derived_decision ... ok
[INFO] [stdout] test replay::tests::the_derived_clock_never_lands_before_the_last_act ... ok
[INFO] [stdout] test quantify::tests::a_reading_cut_short_is_asked_again_one_pair_at_a_time ... ok
[INFO] [stdout] test replay::tests::a_derived_scenario_asks_about_what_people_actually_argued_over ... ok
[INFO] [stdout] test resolver::tests::an_answer_naming_something_that_was_not_offered_is_dropped_and_never_clamped ... ok
[INFO] [stdout] test resolver::tests::an_empty_offer_accepts_nothing ... ok
[INFO] [stdout] test resolver::tests::flattening_is_for_the_prompt_and_not_for_the_evidence ... ok
[INFO] [stdout] test resolver::tests::the_numbering_the_model_sees_is_the_numbering_that_is_checked ... ok
[INFO] [stdout] test review::tests::a_proposal_reads_as_what_it_would_change ... ok
[INFO] [stdout] test quantify::tests::a_pair_no_reading_comes_back_for_is_unread_and_the_rest_still_count ... ok
[INFO] [stdout] test review::tests::a_proposal_waits_on_whoever_holds_its_room_and_nobody_else ... ok
[INFO] [stdout] test review::tests::a_short_rule_reads_as_it_always_did ... ok
[INFO] [stdout] test review::tests::a_source_is_quoted_only_from_inside_the_canons_folder ... ok
[INFO] [stdout] test review::tests::ago_says_it_the_way_a_person_does ... ok
[INFO] [stdout] test review::tests::a_long_proposal_shows_twenty_lines_and_a_count_and_view_pages_all_of_it ... ok
[INFO] [stdout] test review::tests::a_pager_that_cannot_run_says_why_and_shows_it_all_anyway ... ok
[INFO] [stdout] test review::tests::approving_writes_the_approval_and_the_rule_is_in_force ... ok
[INFO] [stdout] test review::tests::declining_standing_skips_that_scope_and_writes_nothing ... ok
[INFO] [stdout] test review::tests::objecting_asks_for_the_reason_and_will_not_take_a_bare_no ... ok
[INFO] [stdout] test review::tests::once_you_have_answered_it_is_not_waiting_on_you ... ok
[INFO] [stdout] test draft::tests::there_is_no_accept_all ... ok
[INFO] [stdout] test review::tests::an_act_that_cannot_be_written_is_counted_and_exits_one ... ok
[INFO] [stdout] test review::tests::an_agent_is_refused_before_anything_is_shown_or_written ... ok
[INFO] [stdout] test review::tests::quitting_midway_keeps_what_was_decided_and_asks_nothing_more ... ok
[INFO] [stdout] test model::tests::a_leg_shares_the_runs_tape_rather_than_starting_its_own ... ok
[INFO] [stdout] test draft::tests::the_reduce_step_keeps_the_first_of_each_group_with_its_citation ... ok
[INFO] [stdout] test review::tests::skipping_writes_nothing_and_leaves_it_waiting ... ok
[INFO] [stdout] test draft::tests::the_same_measure_stated_differently_still_folds ... ok
[INFO] [stdout] test seen::tests::a_corrupt_line_costs_that_line_and_nothing_else ... ok
[INFO] [stdout] test seen::tests::a_declined_candidate_is_not_offered_again ... ok
[INFO] [stdout] test seen::tests::a_gitignore_the_group_edited_is_left_alone ... ok
[INFO] [stdout] test review::tests::scopes_are_walked_one_at_a_time_and_scope_narrows_the_walk ... ok
[INFO] [stdout] test seen::tests::a_preview_reads_the_set_and_never_adds_to_it ... ok
[INFO] [stdout] test review::tests::taking_standing_over_a_scope_nobody_holds_is_the_grant_and_then_the_question ... ok
[INFO] [stdout] test review::tests::without_a_terminal_it_is_refused_before_anything_is_shown_or_written ... ok
[INFO] [stdout] test seen::tests::a_passage_already_read_is_not_read_again ... ok
[INFO] [stdout] test sources::tests::a_folder_that_is_not_a_repo_withholds_nothing ... ok
[INFO] [stdout] test seen::tests::the_file_says_deleting_it_is_safe ... ok
[INFO] [stdout] test sources::tests::a_file_that_was_not_read_is_reported_and_counted ... ok
[INFO] [stdout] test seen::tests::per_machine_state_is_kept_out_of_a_shared_canon ... ok
[INFO] [stdout] test sources::tests::a_link_is_the_only_way_to_some_content_and_still_works ... ok
[INFO] [stdout] test seen::tests::recording_twice_writes_one_line ... ok
[INFO] [stdout] test sources::tests::a_byte_order_mark_does_not_lead_the_first_citation ... ok
[INFO] [stdout] test sources::tests::a_device_named_directly_is_refused_rather_than_read_forever ... ok
[INFO] [stdout] test sources::tests::a_gap_in_the_conversation_becomes_a_chunk_boundary ... ok
[INFO] [stdout] test sources::tests::a_link_inside_the_folder_is_still_followed ... ok
[INFO] [stdout] test sources::tests::a_slack_export_becomes_text_with_who_said_it ... ok
[INFO] [stdout] test sources::tests::an_empty_chat_file_is_unread_not_a_source_that_said_nothing ... ok
[INFO] [stdout] test sources::tests::a_named_file_that_is_not_text_says_so ... ok
[INFO] [stdout] test sources::tests::an_undated_message_cannot_make_a_mixed_span_look_dated ... ok
[INFO] [stdout] test model::tests::a_messages_call_carries_the_schema_its_key_and_no_temperature ... ok
[INFO] [stdout] test draft::tests::the_same_limit_about_a_different_permit_is_never_a_duplicate ... ok
[INFO] [stdout] test sources::tests::bytes_with_no_mark_are_reported_as_what_they_look_like ... ok
[INFO] [stdout] test sources::tests::chat_dates_follow_the_original_lines_without_entering_the_quote ... ok
[INFO] [stdout] test sources::tests::chat_is_recognised_by_its_content_not_its_name ... ok
[INFO] [stdout] test sources::tests::markdown_that_opens_with_a_bracket_is_still_markdown ... ok
[INFO] [stdout] test sources::tests::hidden_directories_are_not_read_and_are_not_reported_as_skipped ... ok
[INFO] [stdout] test sources::tests::sources_are_named_relative_to_what_was_pointed_at ... ok
[INFO] [stdout] test sources::tests::the_other_export_shapes_read_too ... ok
[INFO] [stdout] test sources::tests::the_same_file_reached_twice_is_read_once ... ok
[INFO] [stdout] test sources::tests::two_roots_cannot_produce_one_citation ... ok
[INFO] [stdout] test sources::tests::one_unreadable_folder_does_not_end_the_walk ... ok
[INFO] [stdout] test quantify::tests::a_pair_is_never_split_across_two_calls ... ok
[INFO] [stdout] test render::tests::a_canon_with_no_scopes_is_one_list_with_no_heading_over_it ... ok
[INFO] [stdout] test sources::tests::a_path_that_is_not_there_says_so ... ok
[INFO] [stdout] test render::tests::the_render_has_no_clock_in_it ... ok
[INFO] [stdout] test sources::tests::a_link_out_of_the_folder_is_not_followed ... ok
[INFO] [stdout] test quantify::tests::a_quantity_is_asked_for_in_the_order_the_prompt_lists_its_fields ... ok
[INFO] [stdout] test sources::tests::a_name_that_does_not_clash_keeps_its_short_form ... ok
[INFO] [stdout] test sources::tests::something_too_big_to_be_writing_is_reported_not_read ... ok
[INFO] [stdout] test store::tests::dates_come_from_the_one_calendar ... ok
[INFO] [stdout] test subject::tests::a_position_that_was_never_offered_is_dropped ... ok
[INFO] [stdout] test replay::tests::every_ledger_here_reads_and_renders_as_it_did_before_v4 ... ok
[INFO] [stdout] test subject::tests::a_representative_naming_a_later_rule_is_refused ... ok
[INFO] [stdout] test subject::tests::a_representative_past_the_end_is_refused_not_wrapped ... ok
[INFO] [stdout] test subject::tests::a_group_too_small_to_fold_costs_no_call ... ok
[INFO] [stdout] test subject::tests::a_rule_the_model_skipped_represents_only_itself ... ok
[INFO] [stdout] test tensions::tests::a_canon_too_small_to_split_needs_no_schedule ... ok
[INFO] [stdout] test subject::tests::each_group_gets_its_own_call ... ok
[INFO] [stdout] test subject::tests::rules_governing_one_thing_share_a_representative ... ok
[INFO] [stdout] test subject::tests::no_groups_means_no_call_at_all ... ok
[INFO] [stdout] test subject::tests::rules_governing_different_things_keep_their_own ... ok
[INFO] [stdout] test tensions::tests::a_small_list_is_one_comparison ... ok
[INFO] [stdout] test tensions::tests::a_position_outside_the_pass_is_dropped_not_mapped ... ok
[INFO] [stdout] test tensions::tests::a_pass_answers_in_its_own_numbering_and_is_mapped_back ... ok
[INFO] [stdout] test tensions::tests::asking_for_more_looks_costs_more_passes_and_never_fewer ... ok
[INFO] [stdout] test tensions::tests::a_pass_that_produces_no_answer_costs_coverage_not_the_run ... ok
[INFO] [stdout] test tensions::tests::every_pass_failing_is_an_error_not_an_empty_answer ... ok
[INFO] [stdout] test tensions::tests::every_pair_is_examined_by_some_pass ... ok
[INFO] [stdout] test tensions::tests::the_same_pair_noticed_in_two_passes_is_one_tension ... ok
[INFO] [stdout] test sources::tests::a_named_file_is_read_whatever_it_is ... ok
[INFO] [stdout] test tests::every_verb_the_dispatcher_knows_is_documented_somewhere ... ok
[INFO] [stdout] test tests::the_short_help_stays_short_and_stays_plain ... ok
[INFO] [stdout] test sources::tests::structured_data_is_not_writing ... ok
[INFO] [stdout] test term::tests::a_log_gets_plain_lines_and_a_terminal_gets_overwriting_ones ... ok
[INFO] [stdout] test ui::tests::a_request_larger_than_a_form_is_refused ... ok
[INFO] [stdout] test tensions::tests::a_block_holds_between_two_and_batch_commitments ... ok
[INFO] [stdout] test store::tests::init_ignores_what_this_repository_ignores ... ok
[INFO] [stdout] test sources::tests::what_windows_calls_unicode_is_read ... ok
[INFO] [stdout] test ui::tests::a_decision_from_anywhere_but_the_page_is_refused_and_writes_nothing ... ok
[INFO] [stdout] test ui::tests::an_objection_needs_its_reason ... ok
[INFO] [stdout] test sources::tests::a_pipe_in_the_folder_does_not_stop_the_walk_forever ... ok
[INFO] [stdout] test ui::tests::an_amendment_strikes_what_goes_and_writes_in_what_comes ... ok
[INFO] [stdout] test sources::tests::whatever_it_is_called_it_gets_read ... ok
[INFO] [stdout] test ui::tests::a_rule_can_be_proposed_changed_and_taken_away_from_the_page ... ok
[INFO] [stdout] test ui::tests::a_form_from_the_page_keeps_its_origin_and_a_null_one_is_refused ... ok
[INFO] [stdout] test ui::tests::only_what_waits_on_you_can_be_decided_here ... ok
[INFO] [stdout] test ui::tests::every_write_goes_through_the_same_door ... ok
[INFO] [stdout] test tensions::tests::two_runs_over_one_canon_schedule_identically ... ok
[INFO] [stdout] test sources::tests::a_gitignored_folder_takes_its_contents_with_it ... ok
[INFO] [stdout] test ui::tests::the_page_answers_only_at_its_own_address ... ok
[INFO] [stdout] test ui::tests::something_left_unwritten_needs_its_reason_and_can_be_lifted ... ok
[INFO] [stdout] test sources::tests::what_the_project_calls_generated_is_skipped_and_can_be_read_anyway ... ok
[INFO] [stdout] test ui::tests::approving_writes_a_position_and_says_where_it_stands ... ok
[INFO] [stdout] test wrap::tests::a_short_line_is_untouched ... ok
[INFO] [stdout] test ui::tests::ids_in_a_history_become_links_and_nothing_else_does ... ok
[INFO] [stdout] test ui::tests::what_people_wrote_is_shown_and_never_run ... ok
[INFO] [stdout] test ui::tests::the_printed_address_is_the_only_way_in ... ok
[INFO] [stdout] test tensions::tests::no_pair_is_left_on_a_single_look ... ok
[INFO] [stdout] test wrap::tests::a_word_wider_than_the_screen_stays_whole ... ok
[INFO] [stdout] test store::tests::two_writers_at_once_cannot_corrupt_the_record ... ok
[INFO] [stdout] test wrap::tests::continuation_lines_sit_under_the_text ... ok
[INFO] [stdout] test ui::tests::identify_takes_only_a_key_the_page_offered ... ok
[INFO] [stdout] test tensions::tests::every_pair_is_weighed_at_least_the_number_of_times_asked_for ... ok
[INFO] [stderr]      Running tests/adequacy_bar.rs (/opt/rustwide/target/release/build/canon-cli/e0bcc9939a75d35f/out/adequacy_bar-e0bcc9939a75d35f)
[INFO] [stdout] test model::tests::a_busy_host_is_waited_out_rather_than_counted_as_a_failure ... ok
[INFO] [stdout] 
[INFO] [stdout] test result: ok. 342 passed; 0 failed; 0 ignored; 0 measured; 0 filtered out; finished in 2.06s
[INFO] [stdout] 
[INFO] [stdout] 
[INFO] [stdout] running 4 tests
[INFO] [stderr]      Running tests/draft_bar.rs (/opt/rustwide/target/release/build/canon-cli/6bfde31a1abe83ce/out/draft_bar-6bfde31a1abe83ce)
[INFO] [stdout] test a_technology_marked_built_composes_from_ops_that_exist ... ok
[INFO] [stdout] test every_op_is_in_the_census_and_the_census_invents_none ... ok
[INFO] [stdout] test no_op_exists_that_no_technology_needs ... ok
[INFO] [stdout] test the_frontier_is_written_down_rather_than_implied ... ok
[INFO] [stdout] 
[INFO] [stdout] test result: ok. 4 passed; 0 failed; 0 ignored; 0 measured; 0 filtered out; finished in 0.00s
[INFO] [stdout] 
[INFO] [stdout] 
[INFO] [stdout] running 12 tests
[INFO] [stdout] test an_ordinance_heading_keys_by_ordinance_not_by_its_date ... ok
[INFO] [stdout] test a_charter_article_and_a_dated_decision_still_key_as_they_did ... ok
[INFO] [stdout] test every_key_the_founding_manifest_names_is_a_heading_in_the_corpus ... ok
[INFO] [stdout] test a_codified_section_and_its_amended_reading_are_different_keys ... ok
[INFO] [stdout] test extraction_coverage ... ignored, needs draft runs: ./scripts/draft-bar.sh 3
[INFO] [stdout] test governance_bar ... ignored, needs draft runs: ./scripts/draft-bar.sh 3
[INFO] [stdout] test a_run_that_barely_compared_anything_is_not_a_measurement ... ok
[INFO] [stdout] test two_up_upper_bound ... ignored, makes 17 live model calls: CANON_BAR_RUNS=fixtures/founding/runs/qwen-27b CANON_BAR_TRUTH=fixtures/founding/truth.json CANON_BAR_ANCHORS=fixtures/founding/extraction-anchors.json cargo test --test draft_bar -- --ignored two_up --nocapture
[INFO] [stdout] test every_labeled_pair_in_the_manifest_maps_to_a_heading_in_the_document ... ok
[INFO] [stderr]      Running tests/draft_context.rs (/opt/rustwide/target/release/build/canon-cli/865c031b3b5c340f/out/draft_context-865c031b3b5c340f)
[INFO] [stdout] test the_manifest_and_the_document_agree_on_key_shape ... ok
[INFO] [stdout] test section_keys_parse_out_of_the_documents_own_headings ... ok
[INFO] [stdout] test a_side_resolves_to_the_one_candidate_that_carries_the_whole_anchor ... ok
[INFO] [stdout] 
[INFO] [stdout] test result: ok. 9 passed; 0 failed; 3 ignored; 0 measured; 0 filtered out; finished in 0.01s
[INFO] [stdout] 
[INFO] [stdout] 
[INFO] [stdout] running 1 test
[INFO] [stderr]      Running tests/founding_bar.rs (/opt/rustwide/target/release/build/canon-cli/4c2c7953089d248b/out/founding_bar-4c2c7953089d248b)
[INFO] [stdout] test a_reviewer_can_open_context_and_then_quit_without_writing_an_act ... ok
[INFO] [stdout] 
[INFO] [stdout] test result: ok. 1 passed; 0 failed; 0 ignored; 0 measured; 0 filtered out; finished in 0.03s
[INFO] [stdout] 
[INFO] [stdout] 
[INFO] [stdout] running 6 tests
[INFO] [stdout] test an_agents_first_write_in_a_fresh_canon_is_a_proposal ... ok
[INFO] [stdout] test every_verb_says_what_it_does_when_asked ... ok
[INFO] [stdout] test adoption_can_leave_rules_behind_and_name_them_by_upstream_id ... ok
[INFO] [stdout] test the_canon_as_a_whole_is_named_by_the_scopes_that_hold_it ... ok
[INFO] [stdout] test the_canon_renders_to_a_file_and_says_when_the_file_is_stale ... ok
[INFO] [stdout] test a_ratified_founding_warns_by_kind_not_by_thirty_ids ... ok
[INFO] [stdout] 
[INFO] [stdout] test result: ok. 6 passed; 0 failed; 0 ignored; 0 measured; 0 filtered out; finished in 1.17s
[INFO] [stdout] 
[INFO] [stderr]      Running tests/governance_bar.rs (/opt/rustwide/target/release/build/canon-cli/05b61090acf756a9/out/governance_bar-05b61090acf756a9)
[INFO] [stdout] 
[INFO] [stdout] running 3 tests
[INFO] [stdout] test the_case_studies_never_reach_an_endpoint ... ok
[INFO] [stdout] test ostrom_bar ... ok
[INFO] [stdout] test a_forced_policy_re_decides_the_whole_history ... ok
[INFO] [stdout] 
[INFO] [stdout] test result: ok. 3 passed; 0 failed; 0 ignored; 0 measured; 0 filtered out; finished in 0.06s
[INFO] [stdout] 
[INFO] [stderr]      Running tests/kitchen_bar.rs (/opt/rustwide/target/release/build/canon-cli/8c6ca02b6243f5d8/out/kitchen_bar-8c6ca02b6243f5d8)
[INFO] [stdout] 
[INFO] [stdout] running 3 tests
[INFO] [stdout] test every_kitchen_step_is_asserted ... ok
[INFO] [stdout] test kitchen_scenario_meets_its_expectations ... ok
[INFO] [stderr]      Running tests/knobs_bar.rs (/opt/rustwide/target/release/build/canon-cli/b305e924b99655b3/out/knobs_bar-b305e924b99655b3)
[INFO] [stdout] test the_fernwood_bar_is_unchanged ... ok
[INFO] [stdout] 
[INFO] [stdout] test result: ok. 3 passed; 0 failed; 0 ignored; 0 measured; 0 filtered out; finished in 0.02s
[INFO] [stdout] 
[INFO] [stdout] 
[INFO] [stdout] running 10 tests
[INFO] [stdout] test personal_cannot_be_set_for_one_scope ... ok
[INFO] [stdout] test second_refuses_a_non_question ... ok
[INFO] [stdout] test policy_set_graduated_defaults_to_cited_and_repair ... ok
[INFO] [stdout] test second_refuses_an_agent ... ok
[INFO] [stdout] test ratification_set_writes_the_batteries_and_carries_them_forward ... ok
[INFO] [stdout] test decide_citing_writes_v4 ... ok
[INFO] [stdout] test second_writes_anonymous_toward_seconded ... ok
[INFO] [stdout] test init_founds_the_canon_with_the_knobs_on_and_plain_without ... ok
[INFO] [stdout] test open_shows_seconds ... ok
[INFO] [stdout] test a_policy_set_under_governs_all_says_it_is_proposed_and_can_be_objected_to ... ok
[INFO] [stdout] 
[INFO] [stdout] test result: ok. 10 passed; 0 failed; 0 ignored; 0 measured; 0 filtered out; finished in 2.23s
[INFO] [stdout] 
[INFO] [stderr]      Running tests/refusal_bar.rs (/opt/rustwide/target/release/build/canon-cli/e60fac1d89565490/out/refusal_bar-e60fac1d89565490)
[INFO] [stdout] 
[INFO] [stdout] running 7 tests
[INFO] [stdout] test a_grant_names_its_granter_and_says_when_it_leaves_you_out ... ok
[INFO] [stdout] test who_names_both_rules_by_name ... ok
[INFO] [stdout] test an_act_that_took_while_open_says_so ... ok
[INFO] [stdout] test a_retraction_without_standing_is_a_proposal_the_holder_approves ... ok
[INFO] [stdout] test review_refuses_without_a_terminal_and_for_an_agent ... ok
[INFO] [stdout] test a_refused_act_leads_with_not_applied_on_every_gated_verb ... ok
[INFO] [stdout] test a_change_to_how_a_scope_decides_can_be_approved_by_name ... ok
[INFO] [stdout] 
[INFO] [stdout] test result: ok. 7 passed; 0 failed; 0 ignored; 0 measured; 0 filtered out; finished in 2.23s
[INFO] [stdout] 
[INFO] [stderr]      Running tests/reinterpretation_bar.rs (/opt/rustwide/target/release/build/canon-cli/9bb74280c03e7877/out/reinterpretation_bar-9bb74280c03e7877)
[INFO] [stdout] 
[INFO] [stdout] running 2 tests
[INFO] [stdout] test this_repositorys_own_record_reads_as_it_did_before_signing ... ok
[INFO] [stdout] test every_fixture_mints_and_reads_as_it_did_before_signing ... ok
[INFO] [stdout] 
[INFO] [stdout] test result: ok. 2 passed; 0 failed; 0 ignored; 0 measured; 0 filtered out; finished in 0.18s
[INFO] [stdout] 
[INFO] [stderr]      Running tests/signing_bar.rs (/opt/rustwide/target/release/build/canon-cli/c9f6f82d3fddf6d3/out/signing_bar-c9f6f82d3fddf6d3)
[INFO] [stdout] 
[INFO] [stdout] running 6 tests
[INFO] [stdout] test a_line_written_into_the_file_by_hand_does_not_count_and_says_why ... ok
[INFO] [stdout] test the_env_var_alone_no_longer_writes_as_a_bound_name ... ok
[INFO] [stdout] test a_signed_line_verifies_with_ssh_keygen_and_no_canon ... ok
[INFO] [stdout] test identify_refuses_what_it_cannot_do_honestly ... ok
[INFO] [stdout] test on_another_machine_the_key_is_found_where_ssh_keeps_it ... ok
[INFO] [stdout] test identify_founds_a_canon_and_needs_nothing_configured ... ok
[INFO] [stdout] 
[INFO] [stdout] test result: ok. 6 passed; 0 failed; 0 ignored; 0 measured; 0 filtered out; finished in 0.25s
[INFO] [stdout] 
[INFO] [stdout] 
[INFO] [stdout] running 2 tests
[INFO] [stderr]      Running tests/transfer_bar.rs (/opt/rustwide/target/release/build/canon-cli/8f40381e3e81a11e/out/transfer_bar-8f40381e3e81a11e)
[INFO] [stdout] test transfer_bar ... ok
[INFO] [stdout] test the_counterfactual_is_identical_across_institutions ... ok
[INFO] [stdout] 
[INFO] [stdout] test result: ok. 2 passed; 0 failed; 0 ignored; 0 measured; 0 filtered out; finished in 0.83s
[INFO] [stderr]      Running tests/ui_bar.rs (/opt/rustwide/target/release/build/canon-cli/41441ea214e30a2e/out/ui_bar-41441ea214e30a2e)
[INFO] [stdout] 
[INFO] [stdout] 
[INFO] [stdout] running 2 tests
[INFO] [stdout] test the_page_lets_in_its_own_address_and_is_not_held_by_an_idle_socket ... FAILED
[INFO] [stderr] error: test failed, to rerun pass `-p canon-cli --test ui_bar`
[INFO] [stdout] test a_person_can_identify_and_then_write_signed_from_the_page ... ok
[INFO] [stdout] 
[INFO] [stdout] failures:
[INFO] [stdout] 
[INFO] [stdout] ---- the_page_lets_in_its_own_address_and_is_not_held_by_an_idle_socket stdout ----
[INFO] [stdout] 
[INFO] [stdout] thread 'the_page_lets_in_its_own_address_and_is_not_held_by_an_idle_socket' (3711) panicked at crates/canon-cli/tests/ui_bar.rs:26:32:
[INFO] [stdout] called `Result::unwrap()` on an `Err` value: Os { code: 104, kind: ConnectionReset, message: "Connection reset by peer" }
[INFO] [stdout] stack backtrace:
[INFO] [stdout]    0:     0x61a24bfed3b1 - <<std[617be2ca0a6fd877]::sys::backtrace::BacktraceLock>::print::DisplayBacktrace as core[a373ad73a504971]::fmt::Display>::fmt
[INFO] [stdout]    1:     0x61a24c001d8a - core[a373ad73a504971]::fmt::write
[INFO] [stdout]    2:     0x61a24bff1aec - <alloc[2e1b2a31b91974c5]::vec::Vec<u8> as core[a373ad73a504971]::io::write::Write>::write_fmt
[INFO] [stdout]    3:     0x61a24bfc6f56 - std[617be2ca0a6fd877]::panicking::default_hook::{closure#0}
[INFO] [stdout]    4:     0x61a24bfe4ae9 - std[617be2ca0a6fd877]::panicking::default_hook
[INFO] [stdout]    5:     0x61a24bf7e7f0 - test[aada8e7e76ba119b]::test_main_inner::{closure#0}
[INFO] [stdout]    6:     0x61a24bfe4ca2 - std[617be2ca0a6fd877]::panicking::panic_with_hook
[INFO] [stdout]    7:     0x61a24bfc7002 - std[617be2ca0a6fd877]::panicking::panic_handler::{closure#0}
[INFO] [stdout]    8:     0x61a24bfbf9b9 - std[617be2ca0a6fd877]::sys::backtrace::__rust_end_short_backtrace::<std[617be2ca0a6fd877]::panicking::panic_handler::{closure#0}, !>
[INFO] [stdout]    9:     0x61a24bfc7dfd - __rustc[ea4f61d10b84890b]::rust_begin_unwind
[INFO] [stdout]   10:     0x61a24c0024bc - core[a373ad73a504971]::panicking::panic_fmt
[INFO] [stdout]   11:     0x61a24c002292 - core[a373ad73a504971]::result::unwrap_failed
[INFO] [stdout]   12:     0x61a24bf6c34c - ui_bar[f9ebb1bf6e2e0b7f]::exchange
[INFO] [stdout]   13:     0x61a24bf6f78f - <ui_bar[f9ebb1bf6e2e0b7f]::the_page_lets_in_its_own_address_and_is_not_held_by_an_idle_socket::{closure#0} as core[a373ad73a504971]::ops::function::FnOnce<()>>::call_once
[INFO] [stdout]   14:     0x61a24bf71c3b - test[aada8e7e76ba119b]::__rust_begin_short_backtrace::<core[a373ad73a504971]::result::Result<(), alloc[2e1b2a31b91974c5]::string::String>, fn() -> core[a373ad73a504971]::result::Result<(), alloc[2e1b2a31b91974c5]::string::String>>
[INFO] [stdout]   15:     0x61a24bf7ee15 - test[aada8e7e76ba119b]::run_test::{closure#0}
[INFO] [stdout]   16:     0x61a24bf78704 - std[617be2ca0a6fd877]::sys::backtrace::__rust_begin_short_backtrace::<test[aada8e7e76ba119b]::run_test::{closure#1}, ()>
[INFO] [stdout]   17:     0x61a24bf81ea2 - <std[617be2ca0a6fd877]::thread::lifecycle::spawn_unchecked<test[aada8e7e76ba119b]::run_test::{closure#1}, ()>::{closure#1} as core[a373ad73a504971]::ops::function::FnOnce<()>>::call_once::{shim:vtable#0}
[INFO] [stdout]   18:     0x61a24bfec38f - <std[617be2ca0a6fd877]::sys::thread::unix::Thread>::new::thread_start
[INFO] [stdout]   19:     0x74d9cde0fdfa - <unknown>
[INFO] [stdout]   20:     0x74d9cdea33d4 - clone
[INFO] [stdout]   21:                0x0 - <unknown>
[INFO] [stdout] 
[INFO] [stdout] 
[INFO] [stdout] failures:
[INFO] [stdout]     the_page_lets_in_its_own_address_and_is_not_held_by_an_idle_socket
[INFO] [stdout] 
[INFO] [stdout] test result: FAILED. 1 passed; 1 failed; 0 ignored; 0 measured; 0 filtered out; finished in 0.19s
[INFO] [stdout] 
[INFO] running `Command { std: "docker" "inspect" "33b993235ae2561cbc1541073d7de5b79fe934929e77544ee030a32294176ebd", kill_on_drop: false }`
[INFO] running `Command { std: "docker" "rm" "-f" "33b993235ae2561cbc1541073d7de5b79fe934929e77544ee030a32294176ebd", kill_on_drop: false }`
[INFO] [stdout] 33b993235ae2561cbc1541073d7de5b79fe934929e77544ee030a32294176ebd
